d0klZHWjwyqxhI7cXM07MFhVQFRG\\\\\\/5aPIBsUByd2SNkYU43GvM9suZ8r5Yp6bWl\\\\\\/dVnbbTRtdtznoVEoqC9yFkl\\\\\\/eqLVLXbS2jb0XUdBoMkLY4YySKJTtSSQLEFXajMCY+DvWKTlgd3Xq51001az1lbte7tr21\\\\\\/D1OiNWK6qNl16dNrHU2eko3yKojOzIEnyjaM4IKgg+YS4fAA2YBA4rjlKTbn8N+vrr1\\\\\\/MipirOKU+a72jv8A8H+tiG50pbVzJsEbrIH3hAsPC7U8xVChgDwFOMDBzmnCUm9dtf8Ah\\\\\\/vOuGKjJxg1faLj1u1fma2138n6lNBuISRmYeazPFGgSVnKnyy7nJ5O0Ag7So4OK64y2el+3O16q3T9DuVdQg7deVRemvftvv8AL0KEsU827cAwBcbf9WkiqdrO6x7D5gGUbqHJ2lhjbXZCso8r5uWT8+u7\\\\\\/p2vudcK0afKot6pScv5XJa+Uv8A231PrP8AZo8OLDLrGoGICSd9PscsTgeSr3EkTjaqqvmSbdig4I+bpmvFz3EucKEXO+kpeqkuX9Lfh5H5d4jZlUxVbA4RS5qdChWxEtb\\\\\\/AL2rLkhK\\\\\\/d0qaf3WP0a8P2qoqbVJRtucHccqBt+7jGT8q45x94mvz2tPn3ad9vS+\\\\\\/wB3\\\\\\/AW5+PV5X1vbf3rXcvO\\\\\\/2d\\\\\\/8j0C3iYAZChQxVt7EY6hVKgEZBPX0xXOc3PZ7yl13v+Oz9epx3iwulvIV\\\\\\/hQ7HDZwrAIQ3Yg7eQ2CVwRUXd7efl\\\\\\/Wx7OW2dSKcd\\\\\\/+H9NO\\\\\\/kfLHie6d5Zhyq\\\\\\/MZstkK+dolBbClFQghGOWDgBh5e2u+lDSMra2SXfb7+1v+GPtqEYwjZdEnG\\\\\\/SP29vPr\\\\\\/wx8x+ORIsM00jogBfarHKR5UktsyCQSglWT5Rnht2a9zBxd4JR6a6W+f6+R0utaNt20tPVX3t\\\\\\/wAH5Hz9LeNb3aIMtuEqBcZ2JsQu08JBgIcEPCBjflwRtDCvchGyfR2V3+f9fMmKi9WrK9kl0l\\\\\\/d2tb7Wm\\\\\\/pc4Px9OZF06VFybe9jBKSBzApBJnjR1dwY5l8uUS\\\\\\/6psxTLiWOQ\\\\\\/dcD839sYRfz1X5fDCf\\\\\\/D+vofY8K0HUzHLaT0dbMcDHT3fixdGPKn3lzcyl\\\\\\/Lr9kw2kTJKSSSCQh3LSgYlH9wbRt4AZxj5Mlc1+\\\\\\/qV1zNa35V5\\\\\\/wBenU\\\\\\/0FppR0k0nH3Vaz57XV9bJ33974k+Vdhp2A5ATJ+Z2jKrnb1QspJVU3BiSd4J3LgHjRX66Pqu3\\\\\\/DHZHmaXRWXd9nzXb0tZx3B5WOBIpRsu5C4jZzgAsFJ3MNxbLu2ezDJxTOiMbtJL\\\\\\/gL+vvHLKpyX2oyhFcYTgnBwqjlW4VgAOeQvzOaDdQaty+dr2t6ztvf7Nlp1LHm4OcqPMbYTgBdhBIUBmIXJHykKEDbQx3dQtczkr7ctte\\\\\\/nb016a6dSVnGFQJjp86YbKhsYIBA3EjIYAlBxkmgbT95qTb5XZed\\\\\\/d+6Onn8ldVuI3ZN0isgJQxljlx1KKDj5jjYGbCsPu8YpGtnZ8qs9bPy6aaXJA6Ju2gLEx+WMgbhnA2KBgDnqwYt3xTJfvLVWkla92rtfE777WfLK8OkrqxJtLgcFcFQm07wynK7ckbwpwN3AOE+XK\\\\\\/KyErx07v3vne+mltfJvv8AzK0pwey5QhG+UcFvnDNnYrZBZcAZA5pkPpo37\\\\\\/vLzt7stUntZ+73vqWVIY4VPmVXAAXkH\\\\\\/loCc7ecfwjI696DGSUdXL3JcnNzt\\\\\\/C9IKP2\\\\\\/S+mvqPiYZVlcDdyUIPBAIkYBsbtq8YJXH8OcUEzXxRcU0o76bJ+7t\\\\\\/N8Por7FhJHG0lip+7GVXqCOnz4IAHdht+fYtBnKMbu0bu96i31f2vdvu7vXW8LvUnjmTy2CqwxyhO0AMRgglQdnmDqF7r9DQZSg+ZSm4qV3zXbuo7xvd620l6vuW0L5XOWyEGCCQDgkffYKWwPmPJI6jPFG177\\\\\\/1c5pctpbXu7bd3b4ddu\\\\\\/kTqdoK4fbI+AwboV2n7vG0H75CkZUAkCmk2m+39emm5la7i\\\\\\/dvBX163Ut\\\\\\/wCf\\\\\\/C\\\\\\/h2fUnibB+YNu+faWO7BUsGAALAYzlRySSSe9IicdF6xctOjV1rb75PaOi6WndmBXC4LIcqrLkOB8rcYXaoO4uDvJ6DBoe7vvfX+vUxgrp3d7O15J2tpePva76Jbaa3kRsynaARnaMHaAWIzuL4HByu0HAX+MjcaDSKa5m1ZXdk5OyV9FG+tlfTeVtFdakTBeFbG0kjyxgAseAzOeQGbAMY7jB+\\\\\\/QWm7XXl70vfi01oktrW0UvnbTUVWUgKSx3dWKlc\\\\\\/eC7jwSpP3trY6MrLg0ClNO90lpZxWz5vd0S\\\\\\/mat0+RZkRsKO\\\\\\/JJXBO5RtJYHqud2G\\\\\\/iHA4HIZU5Ru7PyS7KWqW3a366hhvLOcZI4CkEhWG3apwAeN29QNxABLZ5oByTnZaWu25X5br3vee6V3Dlk\\\\\\/dS0S6CRq5znAUEj58Z3DoZADldqgjeWxnrt+8QJySasm5W+y0vdd7pNrW901CK\\\\\\/BDVVjJ3APzndtJK5Jbao5YkjhQMHpxvxQVKUeTvppZO+1ld7xfvLfVf9ujpFYONuMjABLDy8DJUDP3SpOcHBHQih2u7bXFCUHFvWz392V237u6XvX+G6FkRsKOhwS23BIZRtJYHgrndhuNw4GAOQVOUW3r5LfaWq0tddP11DDeWc4yRwFIJCsNu1TgA8bt6gbiACWzzQDknOy0tdtyvy3Xve890ruHLJ+6lol0EjVznOAoJHz4zuHQyAHK7VBG8tjPXb94gTkk1ZNyt9lpe673SbWt7pqEV+CGqrGTuAfnO7aSVyS21RyxJHCgYPTjfigqUo8nfTSyd9rK73i\\\\\\/eW+q\\\\\\/wC3R0isHG3GRgAlh5eBkqBn7pUnODgjoRQ7XdtrihKDi3rZ7+7K7b93dL3r\\\\\\/DdCyI2FHQ4JbbgkMo2ksDwVzuw3G4cDAHIKnKLb18lvtLVaWuun66hhvLOcZI4CkEhWG3apwAeN29QNxABLZ5oByTnZaWu25X5br3vee6V3Dlk\\\\\\/dS0S6CRq5znAUEj58Z3DoZADldqgjeWxnrt+8QJySasm5W+y0vdd7pNrW901CK\\\\\\/BDVVjJ3APzndtJK5Jbao5YkjhQMHpxvxQVKUeTvppZO+1ld7xfvLfVf8Abo6RWDjbjIwASw8vAyVAz90qTnBwR0Iodru21xQlBxb1s9\\\\\\/dldt+7ul71\\\\\\/huhZEbCjocEttwSGUbSWB4K53YbjcOBgDkFTlFt6+S32lqtLXXT9dQw3lnOMkcBSCQrDbtU4APG7eoG4gAls80A5JzstLXbcr8t173vPdK7hyyfupaJdBI1c5zgKCR8+M7h0MgByu1QRvLYz12\\\\\\/eIE5JNWTcrfZaXuu90m1re6ahFfghqqxk7gH5zu2klckttUcsSRwoGD0434oKlKPJ300snfayu94v3lvqv+3R0isHG3GRgAlh5eBkqBn7pUnODgjoRQ7XdtrihKDi3rZ7+7K7b93dL3r\\\\\\/DdCyI2FHQ4JbbgkMo2ksDwVzuw3G4cDAHIKnKLb18lvtLVaWuun66hhvLOcZI4CkEhWG3apwAeN29QNxABLZ5oByTnZaWu25X5br3vee6V3Dlk\\\\\\/dS0S6CRq5znAUEj58Z3DoZADldqgjeWxnrt+8QJySasm5W+y0vdd7pNrW901CK\\\\\\/BDVVjJ3APzndtJK5Jbao5YkjhQMHpxvxQVKUeTvppZO+1ld7xfvLfVf9ujpFYONuMjABLDy8DJUDP3SpOcHBHQih2u7bXFCUHFvWz392V237u6XvX+G6FkRsKOhwS23BIZRtJYHgrndhuNw4GAOQVOUW3r5LfaWq0tddP11DDeWc4yRwFIJCsNu1TgA8bt6gbiACWzzQDknOy0tdtyvy3Xve890ruHLJ+6lol0EjVznOAoJHz4zuHQyAHK7VBG8tjPXb94gTkk1ZNyt9lpe673SbWt7pqEV+CGqrGTuAfnO7aSVyS21RyxJHCgYPTjfigqUo8nfTSyd9rK73i\\\\\\/eW+q\\\\\\/7dHSKwcbcZGACWHl4GSoGfulSc4OCOhFDtd22uKEoOLetnv7srtv3d0vev8N0LIjYUdDgltuCQyjaSwPBXO7DcbhwMAcgqcotvXyW+0tVpa66frqGG8s5xkjgKQSFYbdqnAB43b1A3EAEtnmgHJOdlpa7blfluve957pXcOWT91LRLoJGrnOcBQSPnxncOhkAOV2qCN5bGeu37xAnJJqyblb7LS913uk2tb3TUIr8ENVWMncA\\\\\\/Od20krkltqjliSOFAwenG\\\\\\/FBUpR5O+mlk77WV3vF+8t9V\\\\\\/26OkVg424yMAEsPLwMlQM\\\\\\/dKk5wcEdCKHa7ttcUJQcW9bPf3ZXbfu7pe9f4boWRGwo6HBLbcEhlG0lgeCud2G43DgYA5BU5Rbevkt9parS110\\\\\\/XUMN5ZzjJHAUgkKw27VOADxu3qBuIAJbPNAOSc7LS123K\\\\\\/Lde97z3Su4csn7qWiXQSNXOc4CgkfPjO4dDIAcrtUEby2M9dv3iBOSTVk3K32Wl7rvdJta3umoRX4IaqsZO4B+c7tpJXJLbVHLEkcKBg9ON+KCpSjyd9NLJ32srveL95b6r\\\\\\/t0dIrBxtxkYAJYeXgZKgZ+6VJzg4I6EUO13ba4oSg4t62e\\\\\\/uyu2\\\\\\/d3S96\\\\\\/wAN0LIjYUdDgltuCQyjaSwPBXO7DcbhwMAcgqcotvXyW+0tVpa66frqf0u\\\\\\/8E+8\\\\\\/wDDIfwjzjOPHnQgjH\\\\\\/CzfGeBkAA4GM8Zz1JOSfewX+7Uv8At\\\\\\/8A9OTP8U\\\\\\/pcf8AKQviC9dXwo9b9eCeG+\\\\\\/Tt0ta2h9l11H83hQAUAFABQAUAFABQAUAFABQAUAFABQAUAFABQAUAFABQAUAFABQAUAFABQAUAFABQAUAFABQAUAFABQAUAFABQAUAFABQAUAFABQAUAFABQAUAFABQAUAFABQAUAFABQAUAFABQAUAFABQAUAFABQAUAFABQAUAFABQAUAFABQAUAFABQAUAFABQAUAFABQAUAFABQAUAFABQAUAFABQAUAfyMOzYZeuH+7kEBjgEnoQNwK\\\\\\/wAQ5\\\\\\/iHNeAf9B0Yr3ZW5VZ9N1sr7a2u+pC+0jy\\\\\\/MPzbumABjjqBjjopYgBW3jrmkXG6vJR+FRir31T22V79fdv\\\\\\/AHkR\\\\\\/IcHA5RhtVjtZD3PXJwAUDZ9ATQaO+q2tKLcmlv1SS9WunloIPmZ1kwzYAyAeFXLqFAO7KY3bOXPXpQJuyi4+7dtL+8\\\\\\/tfF7vv6x\\\\\\/l7iE4y24qQrE4PJXAA3dQNvBIGAfegpadFJaadX1stt9hOuRn7nUhRyc7clR6AMVyVJUsSBQG1n3vpzarzvp+Gi+HoJvLFioZdhALEcRgnJ2nB3DqSQOP7x60Bycqjs+az5f5lL00ja\\\\\\/XVtajCcr1GFKlAW3KR\\\\\\/CzH8BnHzEehzQXopK123dSsuWz6qLXZOz+z5WsQksUUqTFiXBzjGRxnDjClzyE6g7M9BkNIxjGTUvf8AduknfmutFdae73WnyIjuLgJuAVpMkAbi2RvOc44wArnZtIKjcOoaLlS993lKMH3SVlyK1n6ONpc3xPl6REIWLMVRCELvHkFoyCdzKf4mI+QKNxYkqu00zRSaSS5pS9\\\\\\/ljO7tOMuVqH91K+u3LbUaAjsGKZCkMXBO1V287lbCuW6N8uSeBy6UDlzQja7jdcig9XL3rpRd\\\\\\/c5brrp5qGtYxiMKyHIK5Gfu5YnlkP3VXGEALSEYJZelBspubkpXvGTW2tk+j6t2bm\\\\\\/PbqI6cDDBowhJIXeduMmQgf3W+Xj8Kfre+lu3z+Ww1O2lrO+nvWT3SS9fi38ivk5YDbuHCqG2kIx5LnHG\\\\\\/wCb5c4K4GKWvz8zWyduZy5ZPWT1UpR2cf8ABs7epVkDpu2lcKSoJB3EgYU9flIGRuC8csBUOSi7eV\\\\\\/nrp8\\\\\\/68uiEoydpc3M0naOkf8AC5dbu7t8L+FttFN32HcUALgEMGO4gnO85PBUHJbGMnisnJtK\\\\\\/T+v0OmKUnyc9+Xoo9vs\\\\\\/Pf831KE7yL82MLuAPU5Vd2CWOTnADDIB3E7uKk6qSg3y\\\\\\/aSvdrd\\\\\\/wDA7fqZU8jFSBgDfyQzFMk5IIODuztyf4fnbvyzupQ5ZXdtVon8Wn2lvp2KEq7txCFTsV2DnCsTniNiAXzjgEnHTNBunZcrqX6K2skl37uy103uZkgVjwQoALBT82wqwyE4IyCc4J+UucUClrFJvmu+u+\\\\\\/ZK91t7qvfdWuc1eb9+4ENkYySeSQSdqNjcm0gvkqA2cZ7l2tm16GkbpW7Xdu3l1Wm2hlS5CHjlXKtt3FAARhiQu8GQDhcYD8ZxzTjfnT12k3+H47ivfXa6\\\\\\/yNfTBKjaFMGZwl5q8UoVcMttOsDWoIclpFkuY281F+VWiR5OS4b4rjWnz5ZGS+ziKb7fFSm7\\\\\\/O6b6\\\\\\/M\\\\\\/kHx3pOnxDhq\\\\\\/LHlxOEw9ONVz3lRt7RtbL2Kmvf1avy9D698FwyTQQb2GHZUDBUhkljU5TfGF+WFFAO7JdxuY7mJUfz5i7KpN2VtfRy6\\\\\\/8Ab19\\\\\\/M\\\\\\/mXMGp1Jct3UXO2r88Lp3dltzN+73021Po3w7bMjRphWRH\\\\\\/AHeN2xVIXYq85Lk8I558gnPJxXi4hqXfXe+99b9F3Pm5TtHmfuttpxas33v\\\\\\/AC7\\\\\\/AD7Ht+kRYCPlW6AyLuy2ME7Fwdqk\\\\\\/Kzn\\\\\\/WEbDzXk4nRW0\\\\\\/Xp+Mfi+f38rk7Naq99Nn5q19LX\\\\\\/wC3X7ytfX3Tw+6eVGQdj4GAV+YgDbggldm0n5cAjIOM5rzVdS96Ppfqvz\\\\\\/C2nU8XE03NzirXUr\\\\\\/ACs2vwt5HbTIPLbGDvUBmA2nOMgjjkHGCO3QVUpxcHdSTu9tlZtW01S6X0R40Yq9o9NIeSXxX6aWc1tvfseXeJrLczuVHzE\\\\\\/MfmAUk7twUqdp+U55O3HJopytKL9NPXuexhXKMEtui\\\\\\/Tb+9fc+Gv2lfhx\\\\\\/wnXgLxHoyxlriazN\\\\\\/p77EkMep6Y63enzKGHyCR4pbSR2+ZTNndkk19hkON+rYyjV5rQ5vZ1Lp+9CranN\\\\\\/9ucynt9nbU+ryHMf7OxuCxN1aNb97GHxSoSpunVj6xjONRf34vyPxds\\\\\\/BsUx2myRhtIaBkiEqtA5L+YduVaOTcu1yTk9fkev06piVF+9K\\\\\\/urm89Pd+\\\\\\/Te\\\\\\/wAz93dSNnK7taPLN6NJrRxlBXSta3XT1Z21r8PJGRPstxeoiBVRYbu4HlvGGyVjaVVjRW+VovLVFBwpZQK5ZZgtOdPnWnvQ5k4rROMr3jdbdfzMKsqdTmU1GtJL\\\\\\/l+lVbjy6Wk7uzWqu79yyPCeuaXIJ1ub0SxKyRp5juqM3ZY5o5IXQsN5kAABIKgvk0ljoSWnIl0Wui6dPy0PLxGVZTiqb9pg8PzNbUGoVLv7MuWd7y3ei67dNTTINfs7kXdrrFxBexSJOTOrS3UTnlmSRnaSJ1Ybh5SokgXByAaTx1tJUoTg+94pr+83e\\\\\\/eL6+W54WL4QyPF0\\\\\\/Z1aFRRav7s7S9p0vdvmsm9W231vuvZ4vHfxH1HS5bDVY\\\\\\/D+tRzeWL2WdJLHVb1IohDGJdUhjeXz3t2IEyjPllEG3yxh4PM6WX4tYvDUYxr05+0j7Rc1OV09JRXLFqO0XK97JvqzlyzhDB5NjMNjcDicV\\\\\\/ss5uhh6rjUpU41m+fkjO6XJNaK65Kl3pcYuo67FZvpOkeF\\\\\\/DPhDTy2dmmiW+nmhlUBhPc6gS925I\\\\\\/ektvmDb2T5MVpjs+xuYVVWxOIlXlb3KduSjQ\\\\\\/mVGkm4rs229t3uetmmHqZ1VjiczzDG4qsna8qihSkr\\\\\\/AAqCvGCS+FLRPRPQdBpWu3oKXmqandxnypfJUlI4xAMRRxKwXdDBtUqDjYm4IPmryamYTd1zciu18ltsrLb9eiMaeCwOG5FDD0l7Ncq5r1b+dpXTk+iXTv16TTfB9u77pYVMjv5u+4LvIW2nahdiznEmZRlhwR8tefUxM5O+sldq\\\\\\/wBrR7vf3de23kaSqqNoU1BJJWslCmktEoQWmi2itjpIvDsaqE8oHbkDEjMUwCVR5VI3Zdy52lSqkA7655VmvtXT1aWy62+XS5zVJykr663aurNJ+XR7aa2NuHQ4osRtySMgCMD5lZWALAhnJB+VOhXnb2rGVRybd+mi39Pu2XQzUpaSVukZNO2r9x6\\\\\\/Z23eszftNIVi0YjYF2KjaANrqxMbgbeHVRgKvJVsnvWTberf6fd67mVau048stNbq1tf5bdLvVrTQ00sSi8KqybwHUqDFucbG5XG4l8DBwcN8ny0jhqTbveU3ppb8Lfy\\\\\\/wB3rKWu7MO60xmfcpRSFKNEOQrF8FhkMCwwpzkbVIfvW0JqKiut\\\\\\/wBfy1+ZEJp3V9knt0avf+tTz7WNK8t2wxHzsqorlXR1GWO4DA2MSuOjBu+RXXFxlfpJ6+r6vz\\\\\\/PudcKrdtrW09P0E0+wZikkQw+4biFXlerMittCMT0UMShydoziiXwtX0tf52u\\\\\\/wDIxqTtJ3el193T+vL0Rsi0VNp38527hHIJk2s2MqABIUAzg\\\\\\/dC+1cM78z+Vvu\\\\\\/zKUm9ldb9jufDbo0kSNIJEVmbA+XPygB2LOuGBGGyAxOdm4GsKiVn89\\\\\\/w+ZFRSs7WTasvJ2Oh8U2rHTlmjQoCq\\\\\\/vEYKzKT84OMYBxwf4QRx8+K5JR5tee6W6\\\\\\/l8u2j0v06+fJQuqkqcpXt06K2nxdbfy9Op5ppg+0MQpUneSOWKhlG3nbjLfMBjBcEYBIropprW2n8tttfi+e\\\\\\/p20NKz5X8Dty27fdv3\\\\\\/wAjpktWAIPzKMAjadvIwT5hwMFsnL9BxitG0k9Obv8A8Dv\\\\\\/AFuc9OcXJNtq1rJ9P+G+7z7wy2j52uWRwPMVwMHaT90knhGU5AB5wAw5qU046R5f66Ho8y5b+7+tv8zBvEW3bdiUHCsH+XeWU\\\\\\/KxGCQW5JUbQASOKqN0kmr6MIS59N1bbT+mb2mbnh3jBIwchQVL7QSGIZWAJPRgyp1J2bScpc3RWXZbrbT\\\\\\/AIboJqzs9G72Ry\\\\\\/iB3OMbmILDaikREnAClj97aMDqTkEk55p0kne\\\\\\/wDW3\\\\\\/BOuio8rbsrX177Puv8vJnOWtltQuQybHLMCCzBNpC+YCQTuGNyrwBxXSo80rdlf7\\\\\\/6\\\\\\/Q5q7vUk422Sj56WfybvfyM2+tg03lrGeSqu7EDbwRiPaCVdgoyucYZ+aTXNeXMk7\\\\\\/D3\\\\\\/r+tLmN0l9\\\\\\/4dzf0\\\\\\/SoVh3RxkfcUTFi5HXJQDCqQMKMnaB0GKHd2v0WnocDq+9K8pu7fux6dlL+7b8Fsb32DAVCm\\\\\\/GWCgIFXheJZAO4JJwfm7cGg3pSXdp91r\\\\\\/27TjraN92tbfemLa5YjjGcLnIMmAfvdFC\\\\\\/Nnc3IXGPZHUtNVddddWr9C6NI2xgg4bYzSnAkXLYwAGPBZCECgjIbLlH6v8ALpc2hV15pe9ypKK+G1ttVv8A8FMbFpLNuARcAhAoO5WQHdINvyMu\\\\\\/wDi3bAvA57jlf5KxtOs9ZR0bu+9m3svTz1fkWBosbMweM4VmJXaAQ6jaCpAUo5baqYzHxySaIzttbXuQsTPRe7ZpX+e7f36oqS6KjFYwgVo1P7sq5cNIOWdiOFZl27FC7lAJZutX7R+X3f8E7oYjkinK1raT7dod3by09FsyPRLdwgmTyFSVlI4ZNxVhtC8kvnc6qFAGeTwKXPLv+CFVxE3ZRvKLUZNL4uR2vy3W3N8Xbq7MzrrwvZxgkpuWYsxVowJZUjIKMzrztkztRFACE7umKuFWV9ZaWt00\\\\\\/CxtDESdrqLtpJp6Rf2remvyMGfQYckNEuNyMqsoeNRtBJAAVXkY8FmZcMCWcrgVq6r\\\\\\/mVtNrflr\\\\\\/XY6Y1lupW\\\\\\/D5r18um5NF4Z8yWOMKrLtB8yEAsVB3GJXfCIox80uDlwdq8irVWyT69726b99e1jT22nNzXXxN3b20udBY+D38yZ1gzuVVSRhvKhmABjlO0JtByZFG\\\\\\/cCB8tY1a7kleX4bf8Hp10MKmJirK6d9PXl07XdtP1OosvB0EcTMtvJNNt+dd4SNSq7hGoZtnLAsjljnG4\\\\\\/KgrB1G3vo9br\\\\\\/P7v8zD67zyblPljpFvf53\\\\\\/AA+\\\\\\/cli0B1gCeUFfzMSKkmcyMQVHmBlMiqgwgAZQfu5NF7O6fRfd\\\\\\/X5XNKmLp0+qkraO17ro+W2l97kY0CJJJQyKAQzkqMkAEmGN1XOws299ysD8u3csZAqXO6WrbsvT+vzM\\\\\\/rymo8qSStd31l3lGXXk+GSfW\\\\\\/mRQ6OVLSHKFESTc6nefNIxgsMCNgMkLlUCgsGJDE5\\\\\\/dtfr\\\\\\/wAA0+s3mrJSvKUVayTV9LJ\\\\\\/CtrX+J\\\\\\/Ac\\\\\\/qgRl+xxZ2ln3FvuggkBsjJGMMVAPzdTnJNa0k3eT20W2huqqg4y2s1o09+1t\\\\\\/vOLeEwSNGyMXl4+7gmNjgfMzNycZDgBcE5wcCuxTi1ur9fJ\\\\\\/M9mlW9rFVOb3Va7vzdH7luluit+ho2UKSSHzY9wRsNtVo\\\\\\/KYfxszHJYOuzb8quecYNKbXLe9uqs7X2+exdbEcqbguW9nFbe9bbyTXveXmff8A8EdC+w6BZN5P7y5JuZEZNv7y5\\\\\\/eLwMjKxFBuyfmGScGvk83ruUppySaik+m27X4a\\\\\\/dqfjnEeLdfHYmfPeKfs6b\\\\\\/6d0b0427pyjN7WPsHQYj5aFV2sSFG0jDEkgHd\\\\\\/fxnAXgDrzXyjd5d9N\\\\\\/TQ+KraR13WrfnfX9TuY4QqO\\\\\\/l8LvQEjlCwyeBgORjkKCccnvQttbf8DzONzUmveSb1suqf6eeqPN\\\\\\/GEjLDIMgKEfoMqen94jdjGG443DihJX03b0+Z7+WRV4uMU7yjJ+qjy362\\\\\\/z7Hyp4kjaaa4aPKltwKsFbO9GR1ILAbQuMsOcbT\\\\\\/BXrUNKafLreN799N\\\\\\/K+q8u1z7GlOUIxi7K0Ulff3Pe\\\\\\/XX7j5l8elpRLEhyQBGCSimQOiRlH3ht2EDgkEK33SQw3V7WETdVX2V3+v8AXzNJPl1WnV8r0vveMuvnH5X2PAtQgMMYboA0CTEgbv3j\\\\\\/Md43NJAyqWVFHChtvzAh\\\\\\/WWtn5bd\\\\\\/MuhUbmouMd6jVtNHFW0tpft6JM8p8SXUsWsaZbpIZLd9ShiIYkbgA4kjRnHKCAtJI6liEVXMSgOR+i8BU+fN8O0uRQp1qn\\\\\\/gNOSf6+eh9\\\\\\/wfDmzjK4rkjJ5jg5Rbfu3hXjVjL\\\\\\/ABKUeV23ZmySkbouPleREZQ2AI8jcq5UsXzk5JCsSf3gDrX7pGyjfuk2+9\\\\\\/60\\\\\\/zP78pU3UjGpK\\\\\\/vwpzfR3nFSfe1r9fi\\\\\\/EkNywjdlUFvLGY0PcAMCZAoZgoUs4UZZSGIB4qlqk\\\\\\/md8IKTguzfTze3ayv+Qi3Cm34afAGFL8nL4+USkExq45VlUsTw200zpVO0re6lKy11bULdt72u9x8UzbHAVR8ykkkZ+QfOpUZKgDje7\\\\\\/J1wc0Gqim1Z7uSW2vM+b\\\\\\/AIbyLSyR4YFQ8YUDaflUZBkOM\\\\\\/KqE4w6\\\\\\/wB3mkWtlunvfy\\\\\\/uu\\\\\\/vN\\\\\\/aj9lkmG2n962zch3cKQ0iqBGwX5DlMZZGBI6kffoLfTS717ff21\\\\\\/vf9uki7UaIF84DPF0OSOfMLsCqum5QE3bwgDE5PDEru6V\\\\\\/NXcV5xS3cXu5PRS90l3BcDfsZiDu+dvkLr8vyBsEkfxEM64UfKMUWdr20+7r\\\\\\/AJ\\\\\\/iUlfo520s1Z7fE0tn3W19Nizv2qHDEcKCi8KQzAnlfRRgFfuscHkJSIsm+2un6EqOThyVEbDKAHAbnOXXdkDLYXB5HQCjbTsOUV0Tb6y8lrZf4deYmDMQh2ESNwyxtgbS3QAYYhBgSHgk\\\\\\/gKZi4r3ryjypLlqON9f711tJ\\\\\\/DZP\\\\\\/t0mVlD7ACQVBB6hgTjbGc9jyS3I6UE8t43at5W2tbRq77WcU9d99VKjSLhSPlz1JKhs5woY8KoAIbcQCcjrxQZtRk5PrZ6J89v+nlr9OyWnyLquzZVBtTBQkEgB8hmAJHQDgswLY4VmU5oOblUbSk7vSVnZLlS5VGSt1XvLZK6LsMjAqzPtztzj5uX+UFQDgKo+ViOn3x15RhVhGV1GLkrvftD3rSVvtX5o7Xbj8pgS6HOQcsjAKBg5AyhzlWfG5h2UAUGTVmkkpXSkm3Z2auozXVR05drlgsMDEbLgD5XZcY4+YZ4wSCTgAnP3qZmlq25xe791P3vXtb16P3dh25SSjNsIAOFyeTnKll6AKMgZPl5zzQRZ25k5SV7c197X22V310SfZCFskFmCDnGzJLgDOw4JBZhyDjnn1zQVZ69V1vtHu\\\\\\/Rdf7o0nO8svJyxUk7x6KAPpyx4PX6IaurWey3XXz76j4BsGQM7gdqMSxHfovXdndlTgYyRjNMmbcrXbjbeWl382n2+1zb6WLDYKqS33XAOfXGNinOG29eeDt4oM1e7tGycXortv3vjutY33fLqm9XuL99XBbYWDELggIMEb+oIPGeTgYxnjNAno4tK9na+l3d7aaa7\\\\\\/pcFYEAdFHGV6uSOFznawHdui9G+boBKOrt70r3cdVZX3\\\\\\/mj6bTd2rK9mDIYgEfeJLDJKAHPDEkDbnGHBJ\\\\\\/2TQPTlXblVk7KMtLX0Vremi3tbdWOGBB3FlGE5JwCfmK56tnnB+XbzQEV7rWsLN+8rJXvqo36LZXVrfD0FbG1ctna4BJ+hGxTnDBfvc8Hbx7gK93aNlKL0Sbk9b8ze8b7vlXMm\\\\\\/e6i\\\\\\/fVwW2FgxC4ICDBG\\\\\\/qCDxnk4GMZ4zQJ6OLSvZ2vpd3e2mmu\\\\\\/6XBWBAHRRxlerkjhc52sB3bovRvm6ASjq7e9K93HVWV9\\\\\\/5o+m03dqyvZgyGIBH3iSwySgBzwxJA25xhwSf9k0D05V25VZOyjLS19Fa3pot7W3VjhgQdxZRhOScAn5iuerZ5wfl280BFe61rCzfvKyV76qN+i2V1a3w9BWxtXLZ2uASfoRsU5wwX73PB28e4Cvd2jZSi9Em5PW\\\\\\/M3vG+75VzJv3uov31cFthYMQuCAgwRv6gg8Z5OBjGeM0Ceji0r2dr6Xd3tpprv8ApcFYEAdFHGV6uSOFznawHdui9G+boBKOrt70r3cdVZX3\\\\\\/mj6bTd2rK9mDIYgEfeJLDJKAHPDEkDbnGHBJ\\\\\\/2TQPTlXblVk7KMtLX0Vremi3tbdWOGBB3FlGE5JwCfmK56tnnB+XbzQEV7rWsLN+8rJXvqo36LZXVrfD0FbG1ctna4BJ+hGxTnDBfvc8Hbx7gK93aNlKL0Sbk9b8ze8b7vlXMm\\\\\\/e6i\\\\\\/fVwW2FgxC4ICDBG\\\\\\/qCDxnk4GMZ4zQJ6OLSvZ2vpd3e2mmu\\\\\\/6XBWBAHRRxlerkjhc52sB3bovRvm6ASjq7e9K93HVWV9\\\\\\/wCaPptN3asr2YMhiAR94ksMkoAc8MSQNucYcEn\\\\\\/AGTQPTlXblVk7KMtLX0Vremi3tbdWOGBB3FlGE5JwCfmK56tnnB+XbzQEV7rWsLN+8rJXvqo36LZXVrfD0FbG1ctna4BJ+hGxTnDBfvc8Hbx7gK93aNlKL0Sbk9b8ze8b7vlXMm\\\\\\/e6i\\\\\\/fVwW2FgxC4ICDBG\\\\\\/qCDxnk4GMZ4zQJ6OLSvZ2vpd3e2mmu\\\\\\/6XBWBAHRRxlerkjhc52sB3bovRvm6ASjq7e9K93HVWV9\\\\\\/5o+m03dqyvZgyGIBH3iSwySgBzwxJA25xhwSf9k0D05V25VZOyjLS19Fa3pot7W3VjhgQdxZRhOScAn5iuerZ5wfl280BFe61rCzfvKyV76qN+i2V1a3w9BWxtXLZ2uASfoRsU5wwX73PB28e4Cvd2jZSi9Em5PW\\\\\\/M3vG+75VzJv3uov31cFthYMQuCAgwRv6gg8Z5OBjGeM0Ceji0r2dr6Xd3tpprv+lwVgQB0UcZXq5I4XOdrAd26L0b5ugEo6u3vSvdx1Vlff+aPptN3asr2YMhiAR94ksMkoAc8MSQNucYcEn\\\\\\/ZNA9OVduVWTsoy0tfRWt6aLe1t1Y4YEHcWUYTknAJ+Yrnq2ecH5dvNARXutaws37ysle+qjfotldWt8PQVsbVy2drgEn6EbFOcMF+9zwdvHuAr3do2UovRJuT1vzN7xvu+Vcyb97qL99XBbYWDELggIMEb+oIPGeTgYxnjNAno4tK9na+l3d7aaa7\\\\\\/AKXBWBAHRRxlerkjhc52sB3bovRvm6ASjq7e9K93HVWV9\\\\\\/5o+m03dqyvZgyGIBH3iSwySgBzwxJA25xhwSf9k0D05V25VZOyjLS19Fa3pot7W3VjhgQdxZRhOScAn5iuerZ5wfl280BFe61rCzfvKyV76qN+i2V1a3w9BWxtXLZ2uASfoRsU5wwX73PB28e4Cvd2jZSi9Em5PW\\\\\\/M3vG+75VzJv3uov31cFthYMQuCAgwRv6gg8Z5OBjGeM0Ceji0r2dr6Xd3tpprv+lwVgQB0UcZXq5I4XOdrAd26L0b5ugEo6u3vSvdx1Vlff8Amj6bTd2rK9mDIYgEfeJLDJKAHPDEkDbnGHBJ\\\\\\/wBk0D05V25VZOyjLS19Fa3pot7W3VjhgQdxZRhOScAn5iuerZ5wfl280BFe61rCzfvKyV76qN+i2V1a3w9BWxtXLZ2uASfoRsU5wwX73PB28e4Cvd2jZSi9Em5PW\\\\\\/M3vG+75VzJv3up\\\\\\/S\\\\\\/\\\\\\/AME\\\\\\/Dn9kT4SEjbn\\\\\\/AIT3jkY\\\\\\/4ud407HkfTt0r3sF\\\\\\/u1L\\\\\\/t\\\\\\/\\\\\\/ANOTP8UfpcafSF8Qev8AySmrtr\\\\\\/xhHDWumh9lV1H83hQAUAFABQAUAFABQAUAFABQAUAFABQAUAFABQAUAFABQAUAFABQAUAFABQAUAFABQAUAFABQAUAFABQAUAFABQAUAFABQAUAFABQAUAFABQAUAFABQAUAFABQAUAFABQAUAFABQAUAFABQAUAFABQAUAFABQAUAFABQAUAFABQAUAFABQAUAFABQAUAFABQAUAFABQAUAFABQAUAFABQAUAfyKtyxJHI6jn5ucDcQTucY6MMn7vbj58\\\\\\/6EFZK19JXWu3bRfy9VZ7Mgkl3DaefNP3mDDBA+7kjjglST0AAXFBpCFrNNe59lNdf7u7t8Vtd7sgUsRu+QCQbGDvj5ckKVPPztnPPbnHag0lyq0bSvH958FuW2lrdLdLEgypGRubG0Kh4I9Ru42qfmaQEHGBgdKCfivL4Ut5S69lda6\\\\\\/Zj3uthGUEg8rzu5AJ3H5dxA4J+b58ZyOQc9QpS310tZW2stVFdklG0VbRjGzIVCN5aoSWYFtzfwgH5SGRsZIxx64oGrQvzJSbilGPSCa33+JL+k1zNSAFHSPcMZJPlgkkZHHBPOGY8PxzzQSnra7nJa\\\\\\/3rRVtfK3yt2IH+UHMgYSAhiUwBtHJOD80gXj5QAxycY4oNoK8opQ5fZ3cVGWt3ttpyp\\\\\\/zdO5Ghxh12eURhN4J+RQM\\\\\\/KwAI4zn7y\\\\\\/8ALT5cYC3Gy5Xfnu3Nwtu7296OsX2t8X2ffuMlSIN8o4bCqwG4BSTltvoGOcl\\\\\\/mB2gDBoLhKo11bjq03Z83q+tvs7R33YFzHlWUFAVVyAH3DCuQCSMgsM5XlTsVqqzab6L+vuX4ISSm+ZSlGT97VciT1gm99lov+39SDLFSAE+b5CqgopA+bjnBAJIYjGDwC3WkbWimm+e9tG3ztX01Xmv62GGRY0GFdVaM5HG12wEBU8tsX5lPygOfnx8mKNX+Q+V1G\\\\\\/ej7sm9PiXqtr6fLb7TIDGCScFHY5UDhNjZIBCnaAoOdxAIk4YYwKDVT0SWsU7Nfb5lvfre+yb+H8akpjRgjbt3zHh8HOOkhIzgfeYcnvz0ovyta2b2+f\\\\\\/AA50w5pJyXJZWT9y+3WG\\\\\\/vfyvqrED7vvFhyp4Zh8w3YIB3fw\\\\\\/wALFW+UdFzUX5pNSV+3ptfTq9F5eTNY22inpLV+967L+bayflroUpWKhjtUMD1Y7w2SR8uMZwe3\\\\\\/wBbOL0bXZ\\\\\\/kdUFdr4n5LS3ld7dNWtNrGZKQCrhiNmC2JGwxbJJ27iWI6AngD2pHXBPWLjfnuovk2UHottNOpnzM7xseQVYJGpO4DLEJnb95WIwCOoGeaZ10lGMo6x1jzScVrdrXV\\\\\\/D1k10btqZly0iod5DZ5VTuMZOMkJGzEYyMBThQwywzQbx5XeStZrVt326y7uOz\\\\\\/wCAjPldcyFWIfkSscuhYKSofIG75trSEboxnJPyPR5ETi21ZKK0s2vestVy+VtVs9OiOcuH3zByIz+7AIXKrggAj95nYBlssVDgjap24wGiSUfdcr3u21d33+Hzfzl8V7u5RIy4CyHZtIKxjaoCeqthsg4LLH1zkHdmg5a05crcYtz6W1lffmbinFxjHVOWvexPbSI1zpkG9d1rqbpPuYMtvdG237ULZZTFbSRyEQEtLJNKuwrE7V8jxcr5XU3kvapOPy2+b93W2x\\\\\\/H\\\\\\/jbnNDHZwsLhZOcMrpVaVWunb21SbhzJRjeM6NGUHCcnzKM1b3en2l4Aj820ty29ckbZF2ylMYWQRNycbgS7nCAHy3AxJX8949ctWdusdPx\\\\\\/yP5uxbajK\\\\\\/K\\\\\\/daSdl0+128lql0PpnQykrKEcBUIyyYbcCOVUnjcTnO0kEZVCSM14Nb3duu\\\\\\/3u\\\\\\/5Hy81KLfNFNtOyne3p8v66HtemLkRg7VJXC8nefu73IXKbQBgfMDjBHzZrya+l7ddX82\\\\\\/1OKzv7ttW3ZPS3SkpPp1Uen4HqegSbcIhwQOjL83oynr8pAyQpJK4Oa8yV+bTa7v38v8Ag3OWstWtNd1tFXu7W6NXs10PTbceZbAAk4DEDf0UkZCk\\\\\\/MQzDIRicsCcU0eJWgoVJPRu9\\\\\\/Pfr57X9GcX4gtifMXAdeQrHAMeQwTA6nHTdgLjgelTdJ8vXta1v8n\\\\\\/AEzuw8kox3vd37d3ttqtOZX19z3dvEvF2mG4tZWRQzrHvBxh9yZJOFG1VwuG\\\\\\/u5yBvY16GEq6uKcottqPpGMUtvv9fw9fCVLSV9Fdx53rFKXvJecuay\\\\\\/7ffax+PvxI8Ex+FvH2uWttEbdLu6m1myCfuoJ7K\\\\\\/Z5JYSBhVa0vPOjDA4mVo8jcgFfpGFxLxGFpOT5nTSpvmfvc0YqLtr\\\\\\/Il1Z+yZHmLr5fh3ObdSjGWHqyfxp0dpL+7KFmrdH20HaLBHdBZJP3c6KkalVYFy3yGOZQUkMOP3ibVLq5QP5ifNROXSO1r66teT8119T06lVxfKtvP\\\\\\/h\\\\\\/63OvtNHhuAUdNmzHyk4RGK9VypYCVkII4Cn5jFgvXJKvKPvP0vb523S0MJV5dLb\\\\\\/g9vuWgT+BLeZhJEIbd1Jk+0BF43Eri5A+V0Y\\\\\\/uhjaVJ43PmtYYrRe9zJWvDs++v3\\\\\\/ANaDxjVlK29rv4W9n\\\\\\/e5r97RMy20KeK5FtdRD5SHbgHMasY1eGQEDaj7cgp0Xn5qqdWLtON5XSWnw+alvfz\\\\\\/AMrlTqQcVNOXM7p6Ld73jst\\\\\\/iXr3Z2MejhYomVIs5YygKXfy2UASJvVgC5+YGRGZ2KqxUAEc\\\\\\/tGpO8pKT2S2Xl2srWXocSmp2TbjZq3v\\\\\\/FLqvv8AvNyy0tJLZ44\\\\\\/lLfMOWjdgjghVDPhnbar7CSpBBVdu6sPaTur9Oj\\\\\\/AK0\\\\\\/ImblGcZSVna0o8jlZ7NOfRp6c32dupdtrP7MPMfbH5ny5QgnzGIBfGSDLuVTIgGcuT7VMpcz8un9dzCVm7ctrrm+\\\\\\/XytvtbrqakOnebuk6gkfcTcznADMuWxszwyuVKElcZHEcy11MqlaMUk731t71vS62Vu3Tz6dBDpTMgIiXLAKzlQEYtuKh1yzRMF+7KCUH3QSMVLf978DjlUk0k5uK5du+iV79en9M2rPTCu59rB8Ic4YN+7YnkkHdnbmXG0D7+4Zqd9zjnLpuoa2292Wrt5834Et7pEqRmSBRLkFhnb95+QpDH5FALK2MlAB8xOKuL6fcctSqrpTXLy6N\\\\\\/0\\\\\\/IyYrBWVv3aMBhsAcCTBLxgHBVvl2qj5XBypIxVFbqPvWg5Ky0+F\\\\\\/b7676\\\\\\/hscjr+iJMsrgbmAGUwEc7iWQsQNrNuGzJHzIcsN2a1pVJKVulu2nX06f1uddO8bq6kunZrp\\\\\\/29L4n5lXSdCm+ylo4mVy4dDt3bjkFo5FyDk7cKcZJUlh1qp1Nk97af18uhliJU1Jc93pp3t3evl52L8ujTqsw8jbIAcKwUxyqBmR9rZw68AmE7gu9WT50IxcpPRvT7vw\\\\\\/zKpzpuC5W5f+29l52Wn+epn6bC9vfgC3WNWkUyxtziRSCJQhJRU4XK7iHLYVY\\\\\\/L3GJK631t6dPv0+7Q63+8pK7k5Rur7LkW0ebr2S+XS79R1y1Nzo7SKpcmBnyuCHbqxWLqEOWBYE44Oe9cyjadpdVdef69zhp8qrKN2rv4bciWu177ra76deh4JoDeVqdzasjny5nYqR83lthlkU\\\\\\/wq2WGG+UqBu+fZWkE0vRv8\\\\\\/wDP9BY+KUG09F9rv\\\\\\/dv12t59Nz2G3s98MbqfNHyhQ4CnLLtYkEBQFBAU5x26c1Tb63PDjUcXouXf\\\\\\/g6WIbzTSgb5RsUBnYqNyuRkYVOGZuAvcklcDAo06X\\\\\\/AOD\\\\\\/AFselSr80VzWvblXmtV101tr\\\\\\/dszznXlMK5KtIM7j82ApPyBSFwrnbjeHwd3pVLV3fT9D0sOudxi5arV91bWz\\\\\\/q+5qeHgX05pQAdowUBKlUbAZFXA+faD8+cBeKT1f3W+Y6iarKGyet117N+tzB1Gz8+5wQ0LtsPlLho4Y92R5f3jvKnGAuV6E8GrivL\\\\\\/gnfStGmnp7vNrPRe91v57LdElpYKOqseSuSpfg\\\\\\/dSQ9GXIwBk4UjaNwNUk27JWtd27f1ojz6sla\\\\\\/urVp9Ib\\\\\\/Z7aenQzLizb7aY3RQUydq8AMDkMNvP3d24MAduANoG4q7V133\\\\\\/r8\\\\\\/xMqjtSk11XXz7+Z1tpp58tDLGOQDxtACFSfnCDABzuUDG7gnHSjY8jmcunK7+75y15P16emhbe1OEAbYvG6Ryp5+9jAO\\\\\\/khRtB5IyAFNJO51U5cluVOTtzXXw2S5bys9\\\\\\/P89CBbKN5d4LIiDC7j91zjEjjG07c\\\\\\/KFAC5696D0I3aSaSdru3f8AlXruvzNy3s1lKh8jLEMGG4oWABLKgyHcd1O3BBUk5qHf8rGtrRk972afctizjAGOrpgIPmKjOwKwByrSDBzkOVTAAFHqNRb1l8l\\\\\\/W3oVp44wfMkb94mUXokeeB9xCGMhwflYBV5dvmJqeZ3krdFb+v67nQqF4pxTV1v6rpez8ynIkAKrM42qJZFCMQMDOGJCthWIywYvz0xg1ondX7foNUJbrbRNvfT8H\\\\\\/S6GVdtaKYwX4UiSQxjq5+ZU+bO8Hr5hPyvmmnpp\\\\\\/TOylQnyS8lFQ1v0SatutVt0fzMe71qL7iFpGKghdpZY9xygMoBAfneTkLkHHFVGMrXtbrf9bfidMcHZ\\\\\\/C7bu6s2u\\\\\\/lDXRdF6Fe0+2304ggsiI3AHmSlQqRA7pZmP8AEzjhIo2yHZMumMm+VcvM5\\\\\\/8Ab3dP7P6feTXpQoQ9omm4trlWicm\\\\\\/divKKdlpt5HrWj+H18iMlUDqq+cuBI7EruAjXA2Ajl9yqvckGuac7J7at2X5X9NDzK1eSaSuktb9Gr3uvwf9M6dtGjtWw6FvlRgqkNGhYgsEALBjEjBjy2M\\\\\\/OQuKyVTpstm4736t+vXS5x+1c7vVe9LmfWWrcX6y0XT8bj7iwd42CAxww7BIsYyGbcAsa88yYLMwG5cqqAECkpJSb1ad1d777siFRxcbtym+bl73+1\\\\\\/2722utdjAnsQGUqN+wkEjIGVBDBXGA7feLkAEIrBcPmrk7qV\\\\\\/dWjv0a7\\\\\\/ANd9bHUp3s3Zduy82l71o7Qv7vyuVVt2VW2IRK4ZX5Ox1Y58s7geXxglwI44g3PLsc+ZrRPRbaLb7gdnq3Jxeqvupb3smlyx1jH3nrd8q1SyNQi8iJiHDja0m\\\\\\/uZQMZLEDttIjB4jdsLuBFVGTbXa2u3bX8Tsw0lJTfInUjaHuq8FFKztFJaWvaVtfI89lgeSUuvzhGCvhclT8wYEjlztxuz8oUjtXSmr227\\\\\\/md1SKVON9Pe0jo+ddNd7pXOfvYJDMQZNzkgny1yTwRtLnKKFBxtwOMFelbrl5W4rv66feenhZctK+kU2035aL72dD4a059V1OwsIUkka7uEgiXrIgLqtw7EkM8QhywIHVCRhs1Eqloya0tFt\\\\\\/rb7\\\\\\/6682ZYiGFw1au5K1KlKXWzck404v8AxSfNK1vct8v018Faalja28ESYjiRI8cjcse1EjxgiTaFb7p3Ag554r4jMavPJvdybd+lnd\\\\\\/qfimNq+0k5S3k3LXTlu2+fbee76Hv+hWqhUUIGDZXhf3fuRzyuOgGcHg8ivJ97y\\\\\\/E8HGVFFfFrtZOz+\\\\\\/Xlf8A6Va50MzbI2GSrHzCjOQu3ZkgkDIOduA2A5RgV44pN20fzOan77TTv7sL9NVbZ\\\\\\/P4em2mp4\\\\\\/4unXypuBt2MMDkq4LYkDg7Ruck8jGw\\\\\\/LTi9\\\\\\/Lb+vkfTZfGV4rrzJ8214xXw26WhZed7M+adYOxpCABsBYKOTtYOzcn5nDZbeB2AK\\\\\\/NmvUp39y2+h9OpJ2aT5uZ35U+VPrzbXd9+1vv+S\\\\\\/G1zG95LErsXUylmJTaoU7RLhwC3lbVOOrvtYetfQ4Wyjzve1nvq7ar8d3rp6HbryxTjrOSWmz5lzcvMvh5r83RLa55tqlp\\\\\\/o7SSDCIpkIjCH77B8QrkkBg+C2d0BXBXOa9Ki229Oa9rQVtOzfn\\\\\\/XkZx0qRcfdcpcvM3e\\\\\\/KrcsujWl49+jPFPENorazbB0VggvrsxbCIZ4fsbIkskuVzLbi5tX8sRl1YoFfIKD9U8P6V8xqVF\\\\\\/wAucJXu9uX2jUb+fNtbU\\\\\\/SPDiP1jifJo665jhpX+03QlUlKm+6ahUfpdW1OV+0ShUcMzNsHyq2XI2Ebhx8rYVxI20LlgSc1+zrottNj\\\\\\/QCjH3pxVkuZpdrJ2XN\\\\\\/dS+Eet1KqsoijiBxuDEkMOAgbcSw5LHeD+8PG3tTO+ME7OUuZxSVnuuln6W6pX3FjlYMhREJORuznkqAxO5sbPmOcqpZvm8xckUG+j017\\\\\\/0\\\\\\/6\\\\\\/EniYbjmVyfMARY8mR\\\\\\/lXaN2QrFDkFtxBHCkjBpta3ULLlhd\\\\\\/zO247N\\\\\\/DGyste5ZMzA8rujVNjKSdmwhgBkHggjBRiSgAYmk+m3yt+NtfvKikt\\\\\\/5v8Ayb0npy3+LaN97N8zsHzAsZZCqFTt37mL9H3oFYEAKg2ZZUYrkMB8tCtb7rWtb+uxSkk3dPm1v3v17dSVFAEbBWxIAAgIby8KOWAI8vjczlSwY9HxSHe7a7Ntf8NvL\\\\\\/23uSIzKoVRLxlkZYtxVRuALbuqkE7SVyFbIU7N1Mvdtrlu0k7zs7ta\\\\\\/O+uhZjdW2lSWXLBmQfIeuNwPzq7EfKoy7MhPSh\\\\\\/h0ImuXT3dFHd3lstYva2+75bb+9YnjDAgKr7sGMuUGT1IJ3EqWUBgMFAowCHYZos7Xtpt\\\\\\/X9fmRKSbfvKyt7t9umvXV\\\\\\/9va6aFmMkrlt7MFcFtuCevl4yeu3ByWJypkI+agiXLdJKMLu6tp626c+unde75k0TFlwuFXlnGSck\\\\\\/xKeNoHQMoIz1+5QZzioy5n783onZu0dre6rNJfZlZy33Hhn6A5O5xIg3Hksdp4GFCg4YD72MllxtoBxi7yekVGMU3aOitfW\\\\\\/V9bJfLewkoGQq7gW+\\\\\\/knIXjB42naQQn98jbxVKDav+Hcwmla8p2cVrD\\\\\\/FvK+7vq++tuhfScIPLO87yA3GQCSc4dCSrAjITGFyQOMVJzyp3bfuvkV77aS2vBpXv1n9rR6FwOz56AdWD4G5W5ONxBAcBgcj5tyKDgUjmklFLab2uvsvtp26fN9bCZ7biMIwVVGeuPvcs28EoW7Eja3Tm3qk+W1lv387fPz9dAknvvd35lutfxilta3R6LeZPL2ZO7G3kA5\\\\\\/eAcruX+NSCWx8o5A4qd\\\\\\/n573Ikp891Zu+70tHo0nupK1ovVp316uDYjH7rAOckZztKAggA5IUHjjp9aHpdE2Tk\\\\\\/fd7L3Xq277eq2b7r0tAsgYqmD0IjfPUEgCR1AIAyVUZIz3x2RrKNk3aNrrmj2fWC9dXp26WRMJGBjVm8s\\\\\\/MWPI27cEgkY+m1ckJgE0\\\\\\/Qhxi+flTltZb3Tv06W0V+\\\\\\/qPeQhDgKqhuG5LMd23ODkrEFIxj5Rkc0O\\\\\\/Xfz+8lRXtNXO\\\\\\/Lay1jF9rJW9pLS19d79RQxBIXa+F+eQknPUEYPDOcKCFwQoGBnYKNdL3209P8AIlxWl+aOukVpf1t9hX5nvq10I0ckIQQ7EnCMzAL1AB5AVCVUvkH5uuTto\\\\\\/p\\\\\\/8EuUU3K14K2sl8Xnb+8m+WO2lttWKZSWly6jb\\\\\\/COAzEZ+UKRuweUI6ZO35qN\\\\\\/wDgasSiuWHLF+UnutNnfq9pX1sl6jmkbdGpKxcN91j8irkgFh824qRkEliOmRzRrfz\\\\\\/AK\\\\\\/EFGNp2vN3W+835LolunovLURpCIyQFUBhg8lic7ScZJWIKRjHyDI5od+u\\\\\\/n94KK9pq5\\\\\\/Da26j5Oyt7SWmr13v1HBiCQu18L88hJOeoIweGc4UELghQMDOwUa6Xvtp6f5EuK0vzR10itL+tvsK\\\\\\/M99WuhGjkhCCHYk4RmYBeoAPICoSql8g\\\\\\/N1ydtH9P8A4JcopuVrwVtZL4vO395N8sdtLbasUyktLl1G3+EcBmIz8oUjdg8oR0ydvzUb\\\\\\/wDA1YlFcsOWL8pPdabO\\\\\\/V7SvrZL1HNI26NSVi4b7rH5FXJALD5txUjIJLEdMjmjW\\\\\\/n\\\\\\/AF+IKMbTtebut95vyXRLdPReWojSERkgKoDDB5LE52k4ySsQUjGPkGRzQ79d\\\\\\/P7wUV7TVz+G1t1Hydlb2ktNXrvfqODEEhdr4X55CSc9QRg8M5woIXBCgYGdgo10vfbT0\\\\\\/yJcVpfmjrpFaX9bfYV+Z76tdCNHJCEEOxJwjMwC9QAeQFQlVL5B+brk7aP6f8AwS5RTcrXgrayXxedv7yb5Y7aW21YplJaXLqNv8I4DMRn5QpG7B5Qjpk7fmo3\\\\\\/wCBqxKK5YcsX5Se602d+r2lfWyXqOaRt0akrFw33WPyKuSAWHzbipGQSWI6ZHNGt\\\\\\/P+vxBRjadrzd1vvN+S6Jbp6Ly1EaQiMkBVAYYPJYnO0nGSViCkYx8gyOaHfrv5\\\\\\/eCivaaufw2tuo+Tsre0lpq9d79RwYgkLtfC\\\\\\/PISTnqCMHhnOFBC4IUDAzsFGul77aen+RLitL80ddIrS\\\\\\/rb7CvzPfVroRo5IQgh2JOEZmAXqADyAqEqpfIPzdcnbR\\\\\\/T\\\\\\/wCCXKKbla8FbWS+Lzt\\\\\\/eTfLHbS22rFMpLS5dRt\\\\\\/hHAZiM\\\\\\/KFI3YPKEdMnb81G\\\\\\/\\\\\\/AANWJRXLDli\\\\\\/KT3Wmzv1e0r62S9RzSNujUlYuG+6x+RVyQCw+bcVIyCSxHTI5o1v5\\\\\\/1+IKMbTtebut95vyXRLdPReWojSERkgKoDDB5LE52k4ySsQUjGPkGRzQ79d\\\\\\/P7wUV7TVz+G1t1Hydlb2ktNXrvfqODEEhdr4X55CSc9QRg8M5woIXBCgYGdgo10vfbT0\\\\\\/yJcVpfmjrpFaX9bfYV+Z76tdCNHJCEEOxJwjMwC9QAeQFQlVL5B+brk7aP6f\\\\\\/AAS5RTcrXgrayXxedv7yb5Y7aW21YplJaXLqNv8ACOAzEZ+UKRuweUI6ZO35qN\\\\\\/+BqxKK5YcsX5Se602d+r2lfWyXqOaRt0akrFw33WPyKuSAWHzbipGQSWI6ZHNGt\\\\\\/P+vxBRjadrzd1vvN+S6Jbp6Ly1EaQiMkBVAYYPJYnO0nGSViCkYx8gyOaHfrv5\\\\\\/eCivaaufw2tuo+Tsre0lpq9d79RwYgkLtfC\\\\\\/PISTnqCMHhnOFBC4IUDAzsFGul77aen+RLitL80ddIrS\\\\\\/rb7CvzPfVroRo5IQgh2JOEZmAXqADyAqEqpfIPzdcnbR\\\\\\/T\\\\\\/4JcopuVrwVtZL4vO395N8sdtLbasUyktLl1G3+EcBmIz8oUjdg8oR0ydvzUb\\\\\\/8DViUVyw5Yvyk91ps79XtK+tkvUc0jbo1JWLhvusfkVckAsPm3FSMgksR0yOaNb+f9fiCjG07Xm7rfeb8l0S3T0XlqI0hEZICqAwweSxOdpOMkrEFIxj5Bkc0O\\\\\\/Xfz+8FFe01c\\\\\\/htbdR8nZW9pLTV6736jgxBIXa+F+eQknPUEYPDOcKCFwQoGBnYKNdL3209P8iXFaX5o66RWl\\\\\\/W32Ffme+rXQjRyQhBDsScIzMAvUAHkBUJVS+Qfm65O2j+n\\\\\\/wS5RTcrXgrayXxedv7yb5Y7aW21YplJaXLqNv8I4DMRn5QpG7B5Qjpk7fmo3\\\\\\/4GrEorlhyxflJ7rTZ36vaV9bJeo5pG3RqSsXDfdY\\\\\\/Iq5IBYfNuKkZBJYjpkc0a38\\\\\\/6\\\\\\/EFGNp2vN3W+835LolunovLURpCIyQFUBhg8lic7ScZJWIKRjHyDI5od+u\\\\\\/n94KK9pq5\\\\\\/Da26j5Oyt7SWmr13v1HBiCQu18L88hJOeoIweGc4UELghQMDOwUa6Xvtp6f5EuK0vzR10itL+tvsK\\\\\\/M99WuhGjkhCCHYk4RmYBeoAPICoSql8g\\\\\\/N1ydtH9P\\\\\\/glyim5WvBW1kvi87f3k3yx20ttqxTKS0uXUbf4RwGYjPyhSN2DyhHTJ2\\\\\\/NRv8A8DViUVyw5Yvyk91ps79XtK+tkvUc0jbo1JWLhvusfkVckAsPm3FSMgksR0yOaNb+f9fiCjG07Xm7rfeb8l0S3T0XlqI0hEZICqAwweSxOdpOMkrEFIxj5Bkc0O\\\\\\/Xfz+8FFe01c\\\\\\/htbdR8nZW9pLTV6736n9M\\\\\\/wDwT5\\\\\\/5NC+Efzb8f8J6N2c5x8TvGg6nv2P6cV72C\\\\\\/3al\\\\\\/2\\\\\\/\\\\\\/wCnJH+Jn0uf+UhvEHS3\\\\\\/JKaf92Rw1+e59m11H83BQAUAFABQAUAFABQAUAFABQAUAFABQAUAFABQAUAFABQAUAFABQAUAFABQAUAFABQAUAFABQAUAFABQAUAFABQAUAFABQAUAFABQAUAFABQAUAFABQAUAFABQAUAFABQAUAFABQAUAFABQAUAFABQAUAFABQAUAFABQAUAFABQAUAFABQAUAFABQAUAFABQAUAFABQAUAFABQAUAFABQAUAfyHkso5DspHRcLuPAyx3ZGSMY5zjrXz5\\\\\\/0JpKT+ymlfXePX5NldkU5yDIznnAxltoxxjOAgKjB6kljxQbKTStpGMYu7fwxjzcz67uT5vPlsKpDI27Ehwx2DAVhtGFODgdAd3yk8khfvEBrkkn\\\\\\/DSaTk\\\\\\/i0k3zL\\\\\\/Dt\\\\\\/WgSxYb9inGCBtIVTwVDLtbd7g9V+UbaBJJc3Lfl7vrLu+mr76K+t3q4iVGMLsDYLZbG4EhRgoxLHOOcD\\\\\\/vnoGqTt8bk18KjHmUWvelzKUbatu8ld3dwWRVZjuZTtGNgUSB+g3LkRt8uHDk7FA65NPfQTg3FJRjZv7TfJyt6205076ctueptotAjl3DDoWVs9w23jq+SQwdmUKg5JG7nFFrfkEoONmnyyWjetr9YwfxXTTUpN2uuQhkdnVcKAmScbslmzjavXk4wnK\\\\\\/Kc4HSkaU4qLd786Wy+FKS+10sr+9ur9xgdOqs5ZOXLcFmOPkXBJXJHC4+fqzc8hbhL4WornvypPRKO0pK659F8Tk+TVcvQjdGx5iDYAzqgJCFDg7iQMkuykq2w7sg9RTKg435JNydk5NLmU7\\\\\\/AA2bsopdOZJLZbXEcykgg+YsgRSi42KdoypwcKUBwQOCMEUFQVPaVoyi5O8neT1veLtdp73te\\\\\\/zI1O\\\\\\/hkaUL8pwxHAzt74YcsCufmI3N1oG0oq6nGLkotXteV9bvs3vzS0j8MV3ifYxAjPKITufg5C7tmQxBPpjjcT70GkXLlbkrqUkrK+1\\\\\\/is9V37pabkY2geYz+USgJKAHK5woIyW3HAGTwHYE\\\\\\/coLfM3yQi6lnye9srq7kn2vrp0RTcKTyDgjdl9oQEFQFU5IXcCA68FuKer07Jv+rs6I3tFaN\\\\\\/C+X7Sav7yt79vs9lvoU5GZGf8Adln+YZfaV6EEfMcj5MMDjb6jNZVJSfMteV21W1vX8tTpjFTjG8+WNlJOK97o22krXb0cXe7d\\\\\\/SjM+AFLfLjbGT8wcn5idpyxWQH5jkAHJGGyKyfz+e\\\\\\/zOqEVeT5bTu5VL2XJFaRjKS0fLsl5W2Rl3GUaTYoTKqOOWBYAseMnDEH5QNpzkcYNB20bSUYyblZtq+nN0+Hpyq9\\\\\\/S3kZ8285H7xFKDcQAxQDJOCWKkADhDyA2eoTB\\\\\\/X+Z0QUEou0W25Jee616pNav7Cd76lGWV90jLlgR8gkZhjCkFstlAHzgAAEfezzQarlWnLZ2te3p8trdXfblVtMq5kdFG0lk5bap2tJv4GTsyVDEqMk8g7Vb7xCFHSTba1et\\\\\\/hs3qnb7XV2V+yMO535+6rP\\\\\\/dQOWORu2MThvLUg4IYtxgEDijTp\\\\\\/T6\\\\\\/jcbdoSd7aWsujtZLTa39aWIOYIpb513R2sau\\\\\\/OxmkdsWkIQbm\\\\\\/0iconAQlcZxmspy5U9tdI6efvXPjuMM8o5BkeOxs6qhW9lOjgW9pYmacFyb3lT1l8+5R0dP9KtTPJIZG1z7ROxBCNcNbNGoCqScCR5WXcWIAACqrYHzHEcr5ZXgt7xbV94c8b\\\\\\/APgULR+R\\\\\\/D2bTrYtTrzlzSvVfNL4pe1mpyk+t5N3fm9Oh9r+B5nFrZRH5FVI9+0MqoolJ2sVYFyWYNInETykgFmjNfz5j4r20\\\\\\/N\\\\\\/9vPV\\\\\\/wDkumx+c5gl78o66Wp3V3a+to9tve\\\\\\/zPqDwthIrc+WHdwQu4EfIWJZQPmCOu3dgqkavkcV89il7\\\\\\/ktNO17I+arKMua0rJN6by001fb7r\\\\\\/cj3HSCQiM4A53bCeODkZLZ3Dp8o43Nkjd08nERcvTr+P8AmefKcbNJ3e2l\\\\\\/vuepaIGAjZOQEQdWYZOPvGTBzngnB6E8mvMn7raS1vZf16anJO23VO\\\\\\/36\\\\\\/5Hp+nbGTbyMcpjHzN0DLkZJb7pGOcZ70K+ne2p5OJjHmvaWrv9+unl09fxwddixvJQ4AAxxIHzlHJDfdk5+709Kwk7T5lr3Xbp+H9X674ZN07Wsovd9V93Xr89meX6ra70uE2rKvbA+YIAVLMuSpABJ5GWPNduHqShNRWzt\\\\\\/X\\\\\\/A9Hc7qcnzRXM1rutovu159f+AfnT+0r4Sb7ZputRrtSGaW2mmYEERzDfE0jZO9XlRl2BVKHeBzX2+TV\\\\\\/cnTctP00t9+tj9E4YxKVSphnblqQU4\\\\\\/4qfu1LX6WSt6nzrpVm8bMqKiKzEkkb1ARgyEk\\\\\\/O0eCAwBLIcOT5eK9etL3fl\\\\\\/wClaf8ABPsrq3qdzaRsrqmMlwGVWPXrvK4HzsGwCm4h1w2Oa4eaK6\\\\\\/gwemp0ts7QwkqTtk+Ry2WHyt86MuD\\\\\\/D91SFCH59p6iPdk+2u+6f5Wv\\\\\\/Wpx1f4nNzbK9trc3n53Kk6RPdRPFvO93WPftUsCS2zjeGJ44QncwOSc86JNRe7euvm9v69SoOUoSjPaNrPytp+V\\\\\\/Q6SHTTNuLKVDqcBfkXaBukOwEOuT8zRKGbK5XZgoOdyt1u\\\\\\/wCupUFHmUnLlX2Y936f5dC3\\\\\\/YEilXhbzWXypUMh3b1k\\\\\\/gUj5WiYjqFzFICVQMSKHUbXvdP0Ru5L7Wjbs\\\\\\/1\\\\\\/F\\\\\\/5CLb3yu0stkZEUKrqgVpF27vKlYgIxLZ2udmN2wk+s3T+1r09P66mc6NKVrScXrZqTUdduZdO9umyNq2uoomUSW0sLZ5LwFV8xQQC+3KZRTtlHDSfezzmpa7u\\\\\\/\\\\\\/bzXr\\\\\\/VjhqYWUrx5lprpt129ej28zpbW8tZvL8u4iOAquu4FXLY3QyqSflQ7dh4ZABxkVGkb3jKLa3vffz83s+uj6nH9Wm7tRbV2ude8ku9r6LTa23U3Y7i1ULkiM7ldWikLrG4YqWLEHMLAAKcYyfnytZKTSaXX+vxOWphKi5rPm1dO7hpJvVR8pR20WjvckulSVQIzvROSqkExq+N8sZU8njKqFCqVIHFVTly3Tfn569N\\\\\\/u9DnWFavJxs7fFa1218Ml0a66sgNtY4dXZdv3klRizbixK5CjOQQzYDFk\\\\\\/gJOTV+0v0k+9tf17iVKtp7NcrW8XrFpLpbp2MHUtOgnzGH88fNG7j5Wy3K5YEeZ1BUHOU3pnjjSMlbRP8Aro\\\\\\/+Aa0VNXvBQSadl113NSw0GW2so4XK5KlJEkcGKRkJAZnXDrIenl4AJ+845Wi92mc1eUZ1Jy5VeOvPBe+ub7D5vcsr9HexYOmLIrfIvCq6ptVwzjZuBDDCuRkgBiCrbF6Ci7M4q3LbmvzS93qtbOX9bbnJ3vh62WUzxp5JzhUVQI5GL4j+YnDR7SAo3D5hJhRwA3LpY9WhOooKK9+LSba96SuurWkXrrzO6+RuWSuLKW1kjUfu\\\\\\/K3bGBJVWXaRvLo55OTw23PcVjUWzXo\\\\\\/6\\\\\\/roZ1KSlUjUi38V7vV6O9nbS\\\\\\/ntvoeASRmx8V3ERO0Tvv8ALAGXQOVwQclQmRhWx05PFXTWje99F8tF+C\\\\\\/EnHUeale2nLb\\\\\\/ALfWj8910v66H0FocW6C3GyUhtpBUK4IjAZUfB2gHduAXLMflLFMEktvs9N9t+vn+tj5afutwbV03pppZ6\\\\\\/k\\\\\\/ka+paVFKsm1QjHaVcJgA7idwVOQWy2SQynP3z1Itvkttvl5di6dRpp35l+Gn9evQ+dPHKPB5sao7SksgXI2hmOCpYkA\\\\\\/wB8gnOCMAHZWsVrHonu+\\\\\\/8AX4dT6fLZKp7OTukrXSfvWt1\\\\\\/u9Omli\\\\\\/4bikTSUinG53QEeXkSxRjPysMkMM\\\\\\/MVzG+N+MrwU0r3vpr8+zOzEKMsQ5wsnG3utXjLW90uifR9tuhce2G35ZWkKkKBtDbS2FZ8fLk5wN27I65X7oHJXsbxjKrdOMI860d7\\\\\\/CtNVv039NiaBGTbJGZWBLZJPzEowXJXnO3aqDHUDPTgLm1\\\\\\/Dftoc9XD6tNXXLF\\\\\\/zXulrbXffy29c\\\\\\/ULQ+el3GpEmBuGOoIIDHoC2OvOScmQBTQtHbzZzuh7SDjsk35WSvt26q3bQdbajFCiRk4Zsl\\\\\\/NYgyYy24MAcCMnPK7Sfu9qp6o5PqVpObvy7Kz0v\\\\\\/e6X\\\\\\/rQtNqlruEhAmwqkfdG3f94hjldxxlidxHQ7DSSaVvuNIYNuOt3r01V\\\\\\/x2\\\\\\/Iqza3aqdmUIJypDL8rkFz90kF8beMMVzt6gUKL3fQ76WDldaXVrOPe3Xfr3v3G2+vQQnCyK4LbiULHc4BGXQp87kEYBIwew5ptJncsE5aNuCWlpWsl29EWTrdzNtEFlcM4IyzLsbaMhTJliVwOPl\\\\\\/d9d3IqeXf3tDSODpqS5pxaSty2+L0\\\\\\/4bqRvFrVx1t4bcEl4y8jMSQTtQ7QN7M3G0cZHFFo63Z0wo0k3bmfS3RdLLsunpv5zp4b1a7aQTTu4zFuMalGYnO2IxsQMbjuOSVC\\\\\\/eG7pPtKcbarrqU50qfKkop62vp3+7\\\\\\/h\\\\\\/n0Nv4JjMeHSZ59pDySyZEpO1NkecbuP3Y24wQWPXNZvELSzVtO33GDxUoNN8rUv8Al2tZJd31Ue2m3yHW\\\\\\/hiDkSiL7OHZSwVYgjKfuGNT8z\\\\\\/Ng8Nz0ZG3KFKvronflvo77Lp+n3djWVeKWlr2urar5Pprsr6eZ0dvo2mwybEwTuBYKVRw0YGwAgZjC427VIyOF+bJrF1aiTbW\\\\\\/wCF+\\\\\\/X8jlnVm07xitGubl5vx+3+j7M7W0sI8RbI1UHbuJGHIHIMhBB5xvKqSwY9SOaz9pJ3uo\\\\\\/i7+p4lWTd+WS5ujtfV\\\\\\/Fp26c3z0L72UMoVSG243+WDtLHZtWPOTgOuMpkAA8UlJrtbt0XocspyjHTSV\\\\\\/j0k1G+k7ae8l7sZNba9bD49PJHVhtYhWJzGxQkiNQvG0A7A5ySQ\\\\\\/PWn7R67eXl\\\\\\/n5fqJ1bNt+zkmo6RbT2+Nz+1ffl13t3Oe1DTBHkqhfZubj50jzgh2VSGLtyqjcQQCcdA9wmm1zf5X\\\\\\/AOD9x2QqppWdubS23NbTY5ie3xwFZEyWAGeD93zlAIIDYChWBKybcnyt2dJcsnflX3b\\\\\\/ANf0ze7391tJJq2qS0tqua6try6djjdY8xYmEjuXLsrMzdsljuXjAUquCp2FFfd1q6aW\\\\\\/botl\\\\\\/Wq8j0Kaj7ihFWnyv3Fr7umvVd\\\\\\/XtZnFbJUYoGjKS5jIC\\\\\\/KYz937uCApCnOSwXGDiulNWv2\\\\\\/r+vuOqq37t5SUE79uR3vp\\\\\\/i1+8x5LApPK+45YuoJk2hmYDcCfmOxEAcsxAwQuOaaldct9Ox2U6milfdJq\\\\\\/Zq9n3PafgxoLXHiT7ZJEcabbSSAuoQGe6YRRsD8xG2NZQo3DAAH15MdUVPDSV+X2l1f8Auxvd\\\\\\/fdHzHFGKSw9KhdXrVOafLuqdNcvXX45w28z9B\\\\\\/D1m5EZxhQ8YCkgBgXO7CkHBbGBlX3Me3WviMRO8nd63evfV9+7\\\\\\/4ZH5bXqXckm7a+9Z6\\\\\\/3X6ao9p0mEhYz1J4JVtqJzwxIXdlT8suBkdVO1K5n9r5f0jxK9rNW+1qut7v3Vv7zvzJ\\\\\\/wAvrZrrM6QRsG+UkEAErk+hBIxtIx1IDLjbxSlvoaYNOUk7xkl733Wj+dlt53Z4Z4qvA4cKjAHIGVwDkHb8p+8FbIySRjfGvUGqp\\\\\\/En2aPrcvhyw5ua+t1FPRLt8tj588RKBayeVuQrvVf+WgUBHKlQdpYKGyyBgVJ6NivVoJ80PX9bfqetGbVTXaWj6b7\\\\\\/ANenmfI+vsZ9XmkkjDqTNbSBTiTe\\\\\\/wApcYxt8xWOQwO7\\\\\\/WnpX0NGahTa6tu\\\\\\/ff8Ar0+49W8uWMYv4Ep83+JXUU\\\\\\/SyXpY5bW7TbYgoCY1R4ZzISu0MHZSH27WZSn7vC7mk2qfmZK7qDVr9G1f00eqKVS9RRlH3udKKX\\\\\\/bily23+N83noeA+IS82pXsxJSXTNBGXBGy5nvv7OtUaViB+9ij+5x5jmFHdCylB+1+HdGK+vYjl5vdw1FS7cs3Ua\\\\\\/8Biu9vkfsPgvhFX4yy7mp88qcq1alb3lBWqQbSsrcsZTlZfz\\\\\\/I4YTJECdrSchRnh4ySdig8HzFJy0ZBDZTPev1NbW7fif3NS\\\\\\/eL3bQ2unpzXtr1abev49hwnYsW+Ys5VVAi5Y4+VW+VUXaM5x8gIOeaZtGHu8qhzJSvJOXu+dtbcy676+pIrEdGz26EcE4AyoMhz1JyAep9KDoVlZWsu3byJYZlZWzIFMWSoQgAZO0DIO3hC38QAz94fdFcqTXaUU1\\\\\\/ja1v5X1079jXsWoymQGJRCZFjTzGBHRhJ8r48xzh9xwykEp8pxUt8sbP4lFp+sZalNrlet5aczu\\\\\\/hsrR9Ftp\\\\\\/28WjcgNlRKRtKLIG+TCMFLRjLYY8fIqhx8i5wxq1BtX06fEve\\\\\\/7d7p7fh5hHtor+9be1+lvL+br06FgNIpVFXcyDLcqAxHG7epIXA\\\\\\/dg8Yx5X8JBWnM+a9vPfyv1\\\\\\/rsFrp7X5lFa99dvtcvxX63HpMxRDGS4QnEZYNvIwuchcBlbaq7+GA3Dg0cq3XvLqtU128\\\\\\/+G7FPV+vbfXv\\\\\\/AHfLS2mhZMkihFLKcjcgIw29gQB8pK7wvy7yvG5PlYbgErNTemnntrsJRWr6bPsn1\\\\\\/LTyXqXY2kO7eFLkbnj3gR5bl3K72IY7drOXHAYAc0n5f1\\\\\\/X4EtdtOX3VUa95JaKMdX8FlL5kwEZGGO3kK8eQoD4JAYZJDEHC7uSP4T96rjzPTk5rfa6R8r76f15ZNyT5rX+0m\\\\\\/idly\\\\\\/u9f8rTvLW5IjqAWC5OCoVuoU5IJG4gtuHLZ+XpjFDjreWz3f\\\\\\/A8\\\\\\/mQ072bt9qSWm+rWvwpffLV+ZbIchSAWHJCglmBAwSo6HJ4yf9Xtz3o5YLTm9PJdL9vwIc4809U\\\\\\/djay0\\\\\\/7e\\\\\\/W21u5djAcAgSBCBHL8qqwGSDxkgYJAZiMDoGximpbrftp087b\\\\\\/d8+3PJyV9YXu50\\\\\\/ldO3W36feWCVbaGfB4C+X1wo2pu7sMAAoQRjkN0NTpZ6T80tvMzV1dqKtJ3e\\\\\\/W9\\\\\\/19CVZGTmQgkEBRhSuAcENhs4Tq2R8oxhT96m0nZRje1m\\\\\\/R66+f5PYiceb+G7d97xfXXl+1ve\\\\\\/XexMkmcoAcKd+48AqwyxLFgDj7wIBA4AY9ahu\\\\\\/l0XoZypte9p0Vlrrftb5cuidr9Wh5cYOA4G7oPUghcjdtCE5xn5i2Sx24pve\\\\\\/XR\\\\\\/NpO\\\\\\/wB5Kg11jzWu76rl8nr7y6\\\\\\/8ODAMqocYAXdvc\\\\\\/KDywaTcD1zjG47jgn5iaty1aUE2n2v1C7V2ubVtJ+f2dF\\\\\\/dsr9b3GRyozMnQ\\\\\\/Ow6KVbgL5Z6tkHgfNksT8vYkublS3tr5bdPmOUJWT3WiaT91JW0k+\\\\\\/eXRq2pYG5sMSGKjrjn5cAqwweTyBgZOMljyahxcd\\\\\\/kY2UdEvPy1BYyowzFizDAJGNuONp6YB7glSu4kZoa2t1S+9jclK1opWWrW7fVy83uIsfO8sAApC9NpZeAWzzkgegJHYdKNOW3Xmf8AX5fcDnpblbu\\\\\\/ifxJX6dv73ncXy2JG0lRwzY5O0kEgjAyCANxAO1eDnrRouZW1vo\\\\\\/R\\\\\\/quw+ZRTulJ6x\\\\\\/uvpptr67ilDyFA5JUMADkDBDDt8uMckAvlQowBSW+vfX9SU7WbTtbVbNX6en6Bs2gAksUG4lsZDA8qcjnJ7d25YlSDRLfy3Xp0C97vo27dra7AIyoIYklm+6TwFx0UnOQD33EFdxIzTa2t1S082NyTtaKVlZ23b683n1Q1Y+d5YABSF6bSy8AtnnJA9ASOw6UactuvM\\\\\\/6\\\\\\/L7gc9Lcrd38T+JK\\\\\\/Tt\\\\\\/e87i+WxI2kqOGbHJ2kgkEYGQQBuIB2rwc9aNFzK2t9H6P9V2HzKKd0pPWP8AdfTTbX13FKHkKBySoYAHIGCGHb5cY5IBfKhRgCkt9e+v6kp2s2na2q2av09P0DZtABJYoNxLYyGB5U5HOT27tyxKkGiW\\\\\\/luvToF73fRt27W12ARlQQxJLN90ngLjopOcgHvuIK7iRmm1tbqlp5sbkna0UrKztu315vPqhqx87ywACkL02ll4BbPOSB6Akdh0o05bdeZ\\\\\\/1+X3A56W5W7v4n8SV+nb+953F8tiRtJUcM2OTtJBIIwMggDcQDtXg560aLmVtb6P0f6rsPmUU7pSesf7r6aba+u4pQ8hQOSVDAA5AwQw7fLjHJAL5UKMAUlvr31\\\\\\/UlO1m07W1WzV+np+gbNoAJLFBuJbGQwPKnI5ye3duWJUg0S38t16dAve76Nu3a2uwCMqCGJJZvuk8BcdFJzkA99xBXcSM02trdUtPNjck7WilZWdt2+vN59UNWPneWAAUhem0svALZ5yQPQEjsOlGnLbrzP+vy+4HPS3K3d\\\\\\/E\\\\\\/iSv07f3vO4vlsSNpKjhmxydpIJBGBkEAbiAdq8HPWjRcytrfR+j\\\\\\/Vdh8yindKT1j\\\\\\/dfTTbX13FKHkKBySoYAHIGCGHb5cY5IBfKhRgCkt9e+v6kp2s2na2q2av09P0DZtABJYoNxLYyGB5U5HOT27tyxKkGiW\\\\\\/luvToF73fRt27W12ARlQQxJLN90ngLjopOcgHvuIK7iRmm1tbqlp5sbkna0UrKztu315vPqhqx87ywACkL02ll4BbPOSB6Akdh0o05bdeZ\\\\\\/1+X3A56W5W7v4n8SV+nb+953F8tiRtJUcM2OTtJBIIwMggDcQDtXg560aLmVtb6P0f6rsPmUU7pSesf7r6aba+u4pQ8hQOSVDAA5AwQw7fLjHJAL5UKMAUlvr31\\\\\\/UlO1m07W1WzV+np+gbNoAJLFBuJbGQwPKnI5ye3duWJUg0S38t16dAve76Nu3a2uwCMqCGJJZvuk8BcdFJzkA99xBXcSM02trdUtPNjck7WilZWdt2+vN59UNWPneWAAUhem0svALZ5yQPQEjsOlGnLbrzP8Ar8vuBz0tyt3fxP4kr9O397zuL5bEjaSo4ZscnaSCQRgZBAG4gHavBz1o0XMra30fo\\\\\\/1XYfMop3Sk9Y\\\\\\/3X00219dxSh5CgckqGAByBghh2+XGOSAXyoUYApLfXvr+pKdrNp2tqtmr9PT9A2bQASWKDcS2MhgeVORzk9u7csSpBolv5br06Be930bdu1tdgEZUEMSSzfdJ4C46KTnIB77iCu4kZptbW6paebG5J2tFKys7bt9ebz6oasfO8sAApC9NpZeAWzzkgegJHYdKNOW3Xmf9fl9wOeluVu7+J\\\\\\/Elfp2\\\\\\/vedxfLYkbSVHDNjk7SQSCMDIIA3EA7V4OetGi5lbW+j9H+q7D5lFO6UnrH+6+mm2vruKUPIUDklQwAOQMEMO3y4xyQC+VCjAFJb699f1JTtZtO1tVs1fp6foGzaACSxQbiWxkMDypyOcnt3bliVINEt\\\\\\/LdenQL3u+jbt2trsAjKghiSWb7pPAXHRSc5APfcQV3EjNNra3VLTzY3JO1opWVnbdvrzefVDVj53lgAFIXptLLwC2eckD0BI7DpRpy268z\\\\\\/r8vuBz0tyt3fxP4kr9O397zuL5bEjaSo4ZscnaSCQRgZBAG4gHavBz1o0XMra30fo\\\\\\/wBV2HzKKd0pPWP919NNtfXcUoeQoHJKhgAcgYIYdvlxjkgF8qFGAKS3176\\\\\\/qSnazadrarZq\\\\\\/T0\\\\\\/QNm0AElig3EtjIYHlTkc5Pbu3LEqQaJb+W69OgXvd9G3btbXYBGVBDEks33SeAuOik5yAe+4gruJGabW1uqWnmxuSdrRSsrO27fXm8+qP6aP+Ce3\\\\\\/JoHwi6cf8J8OO4HxP8AGgB\\\\\\/Ec9voOle7gv92p\\\\\\/9v\\\\\\/8ApyZ\\\\\\/iX9Lr\\\\\\/lIfxC3\\\\\\/wCaU33\\\\\\/AOSI4a38+\\\\\\/mfZ1dR\\\\\\/NwUAFABQAUAFABQAUAFABQAUAFABQAUAFABQAUAFABQAUAFABQAUAFABQAUAFABQAUAFABQAUAFABQAUAFABQAUAFABQAUAFABQAUAFABQAUAFABQAUAFABQAUAFABQAUAFABQAUAFABQAUAFABQAUAFABQAUAFABQAUAFABQAUAFABQAUAFABQAUAFABQAUAFABQAUAFABQAUAFABQAUAFAH8hpyA2QSuRjaxIAK9cBjn+IscY3fwt94fPK2tu7v631\\\\\\/r9D\\\\\\/oVVrxa36uXV9V6f8AjYhSgDkFgAMnLbju7chWPG09HPy0y0pST91WXNqraWS9LpLdfYiubqyJ8IVYROdxUMELY3E8kYB2ksQCQMH+93oLjeSa9pFct+Xm35Vey89Oa\\\\\\/wDdaVrA7ESxIhJy4OewQfeBHqcgBg2dv3cLQEUnCo5WbUdF9pz5vcl\\\\\\/hTu5abrqxhbYEYxfefy2TkRockttwSAh7Kp56npQWkpOf7x+7BTUl8TSSSUv721\\\\\\/O4Fm4KtH97YgHCbyekh55xwfRvloEkneLU9EpSuvf5Le9Zfy3d0uqs2V2kzuLs2Qzp02bCVIypBycfdHPJbmmbRhrHljG1oy1fM2ua+vbTsu\\\\\\/oNyojXcrEgghucR5YASDJ\\\\\\/eBsYJP3Pun71Iq07vla1WsdvadfZJW9yy18\\\\\\/vseYN5fLbU2hvJbCk7jsJG0+ZvzuIBGSUXHFMOR8qj7t3zcqqK7u4py5XzLlS2tZtWbHStuVmWbcePlwQUbOGU8kgEHohIbqR2oFTTi4RdPTVxlq1JLreKs7L+aK9dSuVCozMN4UrjBKgMGGEZeMhBuZWA3sOvzlqN9O7NU7tdPi1+L3XrKd9VdS0s3aNrRdrXH+YpiRhvDFo4xtVVxk\\\\\\/IN2WX5i2Buz91SuCRqzt8gj7qnzJaaKUnduSdrczteOis29V9pP3VG27YpA2qjSKsmP3pVwpdtu4nBPynjC7vToFRcb2cruUYylBP93FwbilHToMk2g7gWkyDgDaxD8k4P8Azyzjg9BwKDSKk46pK3Km5Ky5Fs3\\\\\\/AH7LWSer18jOk+VHG9cYy6r97J6HBBIXIxkdH4HbESb0X2OvX122+S+ffsjZzi+WVnzcrfw27uV\\\\\\/edtdL83xalJ2ZVYZLKQjYYKDkZOCW5Ykds8dMDpWblvFfDsu9k9Pwt0OmEVKUW4rrHT3l6rXa20uq1KbiMjzHzjapZlOFjLcsCecgH72wBicZAPFRtp26G8XL4E0rPlUXdyfROLslf8Ak20KEpYsrY+U5KgHd3yHQErwuNzKRyTxTOuKSjNddE5PvbWMvJWtH\\\\\\/hzMmClnLFRgqVyzZYkgKGH8ScYYYGDxQdcPhjZSSaaclootXv10kn1t735Z9zITHIX+7\\\\\\/y0WFgu1mxjaJAQc52qDnpjlnoG42tytyslyuXxt9XLsn1S87bIz5wXQ+Y6hygj+Q8gAMQTn7o\\\\\\/gbcVyQcAdKDOacHeOie9tl\\\\\\/wPy+djCk85XkSN9w3EbA7RswBwSGbIDISu8tnJXCK33qmVtL919\\\\\\/+W979PMJu0IylFa2V3aT73tbbrFedugknnDS1Vl5ume5O\\\\\\/fu8uykCQpufC+Q1wZG3MZHUqDGADxz15xhzzaajCP59dO9\\\\\\/v7H83+NOdOtj8uyDD\\\\\\/DhYrGV7K0p1aySUZabxpws+3PtojE0wPFfQSbBGqXEVx5jrkosc8omkQcMuUYLHtKuXZQwEeBXyGZVViMJi4J3tSdtP70LL\\\\\\/t5a\\\\\\/8OfiGPpcmEaUW+Z8mr\\\\\\/mjZbPfR3VnvpY+w\\\\\\/A91K1rbBiWG9RI5Co3myZ\\\\\\/dgnBjEcbEgBiQiucDfuP4nmNNRrzvrbns\\\\\\/R3X5r+rn5fmFlzSaalqox3pxt8Tl\\\\\\/elZ282fW3hN2kjiKnGWCkmPCOQWAZJO6Ag7TIN5CAiMD5z8tibKVrbr9bv79P6R81VSUW5JyVtO9t\\\\\\/wDwPt3VodD3vSuFA3Iu0cAhSu5Tkuz4wF55wAHyCD0ryK70fayf9fI8Ga952TV3zWWqV9bJrt0fbt09N0p2iEYbGQCCFjyBxwp2sGDsOVAyv3ME9a8ydm5JX639etjCT1u9nv8Af\\\\\\/wT0rSJVdFGf4gckE7ORtPP3d5GFLABTkH5us2VknqkvyPPxFruMfO9\\\\\\/Wz\\\\\\/AF\\\\\\/G3QZrFqJVcHJIAJOPTg8Agk56MeSOozWE3rd2VnZLy2NMM1DlV+bfT0\\\\\\/Ra6fLzPNLq1ZWkUkhw7AkLkqpI2si\\\\\\/LkrnKKSxbOOcCtacknFvZW2+La\\\\\\/\\\\\\/gPT0O5NaPfq0fNvxm8LprPh\\\\\\/UrExeYzQvNbPkB1uYsTwbCVYBlkRRwg2ozjB+9X0uV13Tq0qnMkmuVW295ba9NfL7tvpMmxLpVqNRPWMoxa8nZP\\\\\\/wAlt+Xkfn5Z2LRug8kjAbhG2hBl0cEDJKMNquq9QB\\\\\\/fr6uVRONk29Er+X\\\\\\/B\\\\\\/U\\\\\\/UoS5op90mvRpM6oQZi3LtCbkP7oZMTKcKFB2l2bbnjuqlWD5A5brmvG9vtW2+f690NWUmvtW\\\\\\/DZEyE7WichGJGcZKspA3qxI++S3lkj5lIxH3pac1481ru9vO+2u36Gc4JxfJFW1\\\\\\/P8\\\\\\/w+RPbYlmhmVN7o6gDajAjoUeMsI8ODlXA3DZlcdK1lKMVJPRtXX9fq\\\\\\/IxSnB2UnGDjrt2\\\\\\/wA9NPJ6nqsGmxzW8NxCSjR4LEMN0J2kxnkksG+bIOD8sikfPXI23occpyhNp1HKLWl+blt0s9uZ26aXu+iGXLSWLZeJpBCF81Y1UfPuHmzw53BwF2SSW6bvLRnkUK+alrm0vb+tttv62OrDyUo8rd04vlk76RtpSn5253F37+hrW2qWEqbRGIWKvICQoWJxjMfmY3BZBny8vJHJu2nDVm4ST3vpv3Vtv60OeUKsJLlfP0SfO3Pe+38vWzUr\\\\\\/D7p1dna6PfQqxWORZPu53Kyb2w67EBO9n53MTD5eJB1rmk6kN\\\\\\/dtpful1frb\\\\\\/hzmqTxFKbi\\\\\\/dt06S7vpeLs+bvJvrtZuPBdhMv7m1iEm0hjhFC8ZZsZBc91clNjfMS2TURxMk3f3k3ou\\\\\\/8AX4lUsZJfxH7rV+W8k3LfdXUdd7b+hz03glYMtHJOjk4HlFl3Zxg\\\\\\/eUKoBYHKld2ccCto4j+5GK\\\\\\/q2i1+\\\\\\/Y7qOKjUs5KK3vHkfub6t23lrp\\\\\\/wSoPDt8JsK9wqrypEnmHhgox\\\\\\/Cec4DHb84C8YrVVKbV3y3\\\\\\/r+tSp1KEoSajFtbNaX\\\\\\/wDAddF0etvMeugXe\\\\\\/cJ5yD5ieY5CkEN914lXHzLu5+br275OpDmttft5b+f3KxxyqU1zRcIpOMZJKOtRNJ+7J6u27Tu7+aZv6f4flIDzxEHamQ2WLHkJIvzDBX7rbg2QBknk0Obi015\\\\\\/hp+ZyVq8JSXJb+6krJdZJK2iW1umnU6T+zcbYdm04IHyqC4B+5IhGDnqp4JH8YzWaqy0a8rb\\\\\\/Lr8uxxycNXJPlcm0nz6S76eultN\\\\\\/kqaI7urI3UjKhnTAUkbU2H5IgNwIYZH3QdvNaOtJpqW\\\\\\/Vafn\\\\\\/w5zSnTTtsruUpa69W7P1vr5Xa2Kl9oU8Ss8qnaozGNqSIj\\\\\\/KxCBjsDPjgAkq3z5JNKFVp2ty33en32s9\\\\\\/X1OunXpS5VF6u\\\\\\/Rx1667P9fM5dI2EkkLxMWmZnkSTEf71gV3k9ANvy+ZwGUAryUrpUlKN+aKaW\\\\\\/pu\\\\\\/n1OtpckZbJW96L529NE1f8PN7HiHj7SzYazZ32FUmUpK8YHETL8okO4ElHzkDbyfm3VdOXMu9\\\\\\/x8\\\\\\/RnTTUa2HlFdOZrmVpc1vdsnsuXT1dvM9W8L3Ua28QPzZWE43CIYKeYyhfROrsFLMOVKqayq2fZ20a32sv0PksTQtUm1qryt1fzfR\\\\\\/lY7HUrq3WAlThlViuMhAyp93d8\\\\\\/GFwACS2cDNOm9FHr09P8AgflY5qVGU5KPTvq9P19dvM+c\\\\\\/Eix6jfRwbY9skhuG3qYxtDsWXBwyHGcFsn5t20MUrW\\\\\\/LdLufUZfSdKLerXKoP5Ll0+7Q6q10qZbWNlmVCFV5DvB3YIKBoyg3Yxx5gGVUFccU76dP6+82bpxlyundLRPVPm7729bam3pOg\\\\\\/amOwTymLLRIcKrOcFid6EthslEI2KuHfhRWc5qOr66b2XT8P621KniXTTSUUpOzk\\\\\\/+XfL06b7en4dafCckqbPJQgLGCAArhQTlw2xTuL8kLuwj9+tc3Ok\\\\\\/NPt2\\\\\\/D7zleMhfnu05OdpLq+VNW99aWemitv5Fa48FvIoBCKAPuKqsgz0QEDfkqG4xg\\\\\\/jihV35236P8AT8mZ\\\\\\/XIK+um9+8W\\\\\\/el10vvr1TOX1DwBCxk2W7PGu5j8pQ4TPzEq2SCSQNq7ju6YzWsa3Z66W39X19NrnTSxcP5lFt\\\\\\/CtnO2nNbd2epzcnw9y5PkyjJYbnY\\\\\\/NlSV2KOF2j5A2MMRxgVarPr\\\\\\/X5fmd6xNDq5N9FFe5HTTm8n9lL\\\\\\/gEkXgOCNRmESMdxZnQ9DhyyDbuKtkAfwn+HtT9quz\\\\\\/AK+ZssXBWWivslOyS7S3s7aPX0NW28GRbQ3kMXA3sgT7wK7\\\\\\/AJgRlmA4Vshox1wUo9ou\\\\\\/wCD\\\\\\/wAhvF2WrhGy83p0tq7+VjqdN8MmIEJbuhCsyoUz8v8Acy+\\\\\\/bvHc8qMP12VnKd7221u9He39P\\\\\\/gHBXxacubmjpypN9ba\\\\\\/jqX5dFjhVVaABQRI0Zy0rooBz8gbEgJ6jaSPm2hd4GCqvm5eay+e33mtPGOTvdtvTmVko37S6pPaMr9o7IYsgtYQkcG1CpA3MGK4OQ0rJtBy20RlcjcMFW+9SlBylfm66+Xls\\\\\\/zW\\\\\\/zNpe8+Zyu2\\\\\\/NOV\\\\\\/J6q3bRr7yv9t85PKwEG7Pzg7VIIxu+by1C\\\\\\/d2qxxueSQblNHs9Vrddf6\\\\\\/4JTgottNSum24aytaycvLXva1x4spLkhwR5m1ySdhCqp5AQcbuoLAg5\\\\\\/ebhuxVc6j7qvbrr\\\\\\/VzGVVU47aP\\\\\\/wBKtu\\\\\\/x6fmT22lCJkfICLnYUBM5Kv8AxFgAFUFiTwdpzx0qZTurL7\\\\\\/8jnqVpzbvKz966elNe6lZ\\\\\\/wB7S2q38jqk2KqxxJ+7AXcxIZiThlGCdxZSOSeqjPrXKlzSalvbTy9PI4nF6uVr30ts\\\\\\/Tytt+RdJV327nBcHfgBVZj1LE4wIU5ABLnaN3ergnFO+nX8P+GOefMtXycnS+\\\\\\/Z9ndS3s\\\\\\/vLchVLcRgAR\\\\\\/Lkjg4IJyDjA3DG5c\\\\\\/ePOVwaS96V+i289boxpxaqSb1bu3z\\\\\\/Dfd28r7Wvp6GdNboxcnIV1JZXOC7PjLYJBaQ9Ay\\\\\\/eAyetaGvO46K2je21uy8vx9Dl73TiJC4Cqpy23+J9w5OWyixFDlgOQeF+bOdozvo9H37v9DspzUkr2btqul7arykuz6\\\\\\/cef6xpbSSuQFaFAzgPtKEnH3n4UgMq4GcZ+6MYFWpNOXvWUbW8+by28\\\\\\/6ud9GtFOCblGSWml\\\\\\/JaefrY55tIAkYyxAsoBUYwodsFGznO3PBj7FduSHzWvOoqyd+\\\\\\/wDn82dirNq3NG3d73Std9b\\\\\\/AC+RWbSi7AmLdJuIEhXcwYHdiKMkcgqoZWbywv8AFI2FFKWnM\\\\\\/66f8D8Ruu42jGorcqVmvdVklefXk6rzt1Ppb4M6L5NpLclRvuLgKC3yqqofLRY15yq4Zjggkbuma8jNKvNGKfRcy809fyXn5XPgeIcSpV1Fzm1CH29nJ+\\\\\\/L5PmptevfRfYOj2vl7RuIMe7aMMxKBsMwLHb1HzFhuEZcbt2w18pPW772ffezf5nyEry5rxu7avTV9bfi7fK1mj0qxwsRLfLtBfyxyr553HaPlVRhVBZiwbJJpaa2\\\\\\/pnlVk3NJRlbrJe77Py5tndff8AczmPE16pQ7snCcFXXahwWIy3XaThuQAuNo6VDvfU9PA0OXRJrmd+RfFbdSb7O\\\\\\/e7W3Q8G1+d55HTPzMcAZLZU\\\\\\/xHqo+Yglex+cHBfGkLadub9T6qhBU4JK17X076f0v89TyLxAyi3mEn3EZo0G1huy2N6nnZgEPk4bhFGBxXq4aVnFd\\\\\\/8\\\\\\/8AJs25m5J32tJ+p80X1pFNez\\\\\\/KFY8CQn5Xmib5IwgYBJWjGQcgyIwUYA217f8Ay6tfW\\\\\\/N+v56HoUqtrNtSTSul\\\\\\/LLda305r6nIeJfLh098sxQj7RGgQmQbmSN8kgR7Yjl1cL5Uanc2WWu3CzlKycWuXld5bPm10\\\\\\/u63Xa67nRGm\\\\\\/rEZcvxKVJb\\\\\\/Y55vre7+Hv7ununybrl7M8V46bQHZrQIYyQotb4TRyGQrukTLybGIyrEiM90\\\\\\/oXw+oeyyutOpFv2mITup2XJGmoO3ZXltp0Wh\\\\\\/SXgJgaVTN8xxrjzTpQo4aM\\\\\\/eesqNR1KbltFP923b7PKl2fFoVMnD\\\\\\/AHRFHncAMnAGAqlVyxO4tuz8+0mv0BP5X1avfd3176n9b05RvFX5ea\\\\\\/K76tPZ3eva99WupdWcoHERKRNkmNWEhyQcqoZQUygJOAN3JIFHLza2vy63\\\\\\/r5fh0OmFNSs5O9lpo4L16c3r1FiPzZYKDsIQSbnLNuUtuHCkA4yOFYruG4U3G8H2bXMtvOO2v9baHRbTlV9NdNtO35k8TDMoBBTzflxsJYPnIA4G1RubAGwjrzitZJ6SltZRn27Rey\\\\\\/wA+xW9n5L12LasNnyyKCSuWVCoyVCMcsT8oXAYMdgGO+KzcYxfvqXM9Vael972X5W2\\\\\\/BNXa\\\\\\/q\\\\\\/9ehZ4ZkZcRohJG5l27o1KkkZ++QMjqQ2Q3NF7vl7v3ru7\\\\\\/u\\\\\\/pr+asWopXvdt3\\\\\\/m7\\\\\\/ANenoW45Qxdizbyg+dSsa\\\\\\/uzntgDPy5A3A\\\\\\/w5PmGrdGaV3vf1+\\\\\\/r+HzBK75VKK\\\\\\/eJ2lrLZ2t10\\\\\\/q\\\\\\/SWSdHKL5aFCoYlHIbgKFyARsA3blXPLZ4+as1Fu\\\\\\/kaQjKKbUnzP4fcvf+a36lhWAffvILRqxOMlBvLCNJWJXcV+ZdwB44A5FJ328\\\\\\/xE\\\\\\/hsuXfVvdvt\\\\\\/wP12khOFyhPmMSHUj5ic7lXkjMhXdzxuCltwHFaOF0n9myv\\\\\\/AIN2\\\\\\/v8AXt10T10+X+X3Plt\\\\\\/kXBKzE45UDJZiZSePnOAdzMq8d8MuV+WnGDjq97afP8Arp5kSSto+un6f+Tb\\\\\\/wDBZagbd+73BcbtikhtqpjuNo3E\\\\\\/ewxOdhcYUVbT5W7O393fcxqKzb5b7dL3X\\\\\\/A3LavhV3bfvENg\\\\\\/MFHygqx5C88BctnhucmslyzTXKmtNH8Xz316v\\\\\\/AIJnOnFuTWjdmr\\\\\\/DdvyXxd\\\\\\/N9y4j7dgfAX5lzuKqQuCThcsTwMj5vRtvNaOKtZRXN8mn2Wi\\\\\\/U55xvzuN9023vdvtpre+xPvLbSHQK2RuMQUqcEA5ViuATj1rKad9Vbp\\\\\\/wPL0\\\\\\/PchKyb5dY\\\\\\/Zcn71tLf9vfFbz7DNoV9rHLDlTg4dVHAKvznb1Knr152g0pNX5ea1rW31\\\\\\/wAh3k48y0tpL56Wv+BZjmDEHcrAqVCkqcBCFXC44HsM56jPFRHq+Xm2eu6vf11M3T5fdtotXvv5\\\\\\/Nd+hJuCBz16Bsvj72RlOu4fd6dW27gKbbfu213t2Vtn6J6me7V\\\\\\/d6xd1d\\\\\\/5aW0d73Jd+Y05G7OQDsX5TwVcICWZicAHAGMcfeLgm3fs\\\\\\/nft95KVpTXvNPd7dfiT6Jbf3n66RRqqkrJhjuIjIwXXJJfbgDakWeTjp2Hepxcnor6atfr\\\\\\/AJjndr3Xyxt7ye393TX3p7+ttdi9AzKcFlYMCo+Xh+egwOQBnb1wOT7pxSjdx2Wr\\\\\\/wDbvk\\\\\\/d9NzCootLSzTu0nqmtWm\\\\\\/stPR\\\\\\/wA2o+Quvl\\\\\\/cBBBBAyEQnPU5IUgfMD17elKHLJ91yLR\\\\\\/Z208v69SY2lzpczUum23l\\\\\\/XqPffsY7UKtyAF4LfeyyngED5s4B56DBpf3bWXN93S3bQUbKUbOScdN7aN97f11FUuwUgrlUwzEENgDBBOQCc5HQ9qclaX8um\\\\\\/qt16\\\\\\/wDBFJRi5LXWV1Fvm0b0dvxtsuhHGXKmMbdwf5UII29BuGNuMsCM9Oc0pJKEX03evf8A4YqSV1K7typc3ey28vReS9XZIlbphgQeM72ztwcfe\\\\\\/iCk5Ix69WlGUZS63dvlrbcVk4LRvlej\\\\\\/lW9n5Lr\\\\\\/eGyF18v7gIIIIGQiE5+8c4UgfMO\\\\\\/b0ojaTte9oq6fTbTy9f+HHH3nNXk+bdX3a8h779jHahVuQAvBb72WU8AgfNnAPPQYNL+7ay5vu6W7aCjZSjZyTjpvbRvvb+uoql2CkFcqmGYghsAYIJyATnI6HtTkrS\\\\\\/l039VuvX\\\\\\/gikoxclrrK6i3zaN6O3422XQjjLlTGNu4P8qEEbeg3DG3GWBGenOaUklCL6bvXv8A8MVJK6ld25UubvZbeXovJerskSt0wwIPGd7Z24OPvfxBSckY9erSjKMpdbu3y1tuKycFo3yvR\\\\\\/yrez8l1\\\\\\/vDZC6+X9wEEEEDIRCc\\\\\\/eOcKQPmHft6URtJ2ve0VdPptp5ev\\\\\\/Djj7zmryfNur7teQ99+xjtQq3IAXgt97LKeAQPmzgHnoMGl\\\\\\/dtZc33dLdtBRspRs5Jx03to33t\\\\\\/XUVS7BSCuVTDMQQ2AMEE5AJzkdD2pyVpfy6b+q3Xr\\\\\\/wRSUYuS11ldRb5tG9Hb8bbLoRxlypjG3cH+VCCNvQbhjbjLAjPTnNKSShF9N3r3\\\\\\/4YqSV1K7typc3ey28vReS9XZIlbphgQeM72ztwcfe\\\\\\/iCk5Ix69WlGUZS63dvlrbcVk4LRvlej\\\\\\/lW9n5Lr\\\\\\/eGyF18v7gIIIIGQiE5+8c4UgfMO\\\\\\/b0ojaTte9oq6fTbTy9f+HHH3nNXk+bdX3a8h779jHahVuQAvBb72WU8AgfNnAPPQYNL+7ay5vu6W7aCjZSjZyTjpvbRvvb+uoql2CkFcqmGYghsAYIJyATnI6HtTkrS\\\\\\/l039VuvX\\\\\\/gikoxclrrK6i3zaN6O3422XQjjLlTGNu4P8qEEbeg3DG3GWBGenOaUklCL6bvXv\\\\\\/wxUkrqV3blS5u9lt5ei8l6uyRK3TDAg8Z3tnbg4+9\\\\\\/EFJyRj16tKMoyl1u7fLW24rJwWjfK9H\\\\\\/ACrez8l1\\\\\\/vDZC6+X9wEEEEDIRCc\\\\\\/eOcKQPmHft6URtJ2ve0VdPptp5ev\\\\\\/Djj7zmryfNur7teQ99+xjtQq3IAXgt97LKeAQPmzgHnoMGl\\\\\\/dtZc33dLdtBRspRs5Jx03to33t\\\\\\/XUVS7BSCuVTDMQQ2AMEE5AJzkdD2pyVpfy6b+q3Xr\\\\\\/wRSUYuS11ldRb5tG9Hb8bbLoRxlypjG3cH+VCCNvQbhjbjLAjPTnNKSShF9N3r3\\\\\\/4YqSV1K7typc3ey28vReS9XZIlbphgQeM72ztwcfe\\\\\\/iCk5Ix69WlGUZS63dvlrbcVk4LRvlej\\\\\\/AJVvZ+S6\\\\\\/wB4bIXXy\\\\\\/uAggggZCITn7xzhSB8w79vSiNpO172irp9NtPL1\\\\\\/4ccfec1eT5t1fdryHvv2MdqFW5AC8FvvZZTwCB82cA89Bg0v7trLm+7pbtoKNlKNnJOOm9tG+9v66iqXYKQVyqYZiCGwBggnIBOcjoe1OStL+XTf1W69f+CKSjFyWusrqLfNo3o7fjbZdCOMuVMY27g\\\\\\/yoQRt6DcMbcZYEZ6c5pSSUIvpu9e\\\\\\/\\\\\\/AAxUkrqV3blS5u9lt5ei8l6uyRK3TDAg8Z3tnbg4+9\\\\\\/EFJyRj16tKMoyl1u7fLW24rJwWjfK9H\\\\\\/Kt7PyXX+8NkLr5f3AQQQQMhEJz945wpA+Yd+3pRG0na97RV0+m2nl6\\\\\\/8ADjj7zmryfNur7teQ99+xjtQq3IAXgt97LKeAQPmzgHnoMGl\\\\\\/dtZc33dLdtBRspRs5Jx03to33t\\\\\\/XUVS7BSCuVTDMQQ2AMEE5AJzkdD2pyVpfy6b+q3Xr\\\\\\/wAEUlGLktdZXUW+bRvR2\\\\\\/G2y6EcZcqYxt3B\\\\\\/lQgjb0G4Y24ywIz05zSkkoRfTd69\\\\\\/8AhipJXUru3Klzd7Lby9F5L1dkiVumGBB4zvbO3Bx97+IKTkjHr1aUZRlLrd2+WttxWTgtG+V6P+Vb2fkuv94bIXXy\\\\\\/uAggggZCITn7xzhSB8w79vSiNpO172irp9NtPL1\\\\\\/wCHHH3nNXk+bdX3a8h779jHahVuQAvBb72WU8AgfNnAPPQYNL+7ay5vu6W7aCjZSjZyTjpvbRvvb+uoql2CkFcqmGYghsAYIJyATnI6HtTkrS\\\\\\/l039VuvX\\\\\\/AIIpKMXJa6yuot82jejt+Ntl0I4y5UxjbuD\\\\\\/ACoQRt6DcMbcZYEZ6c5pSSUIvpu9e\\\\\\/8AwxUkrqV3blS5u9lt5ei8l6uyRK3TDAg8Z3tnbg4+9\\\\\\/EFJyRj16tKMoyl1u7fLW24rJwWjfK9H\\\\\\/Kt7PyXX+8NkLr5f3AQQQQMhEJz945wpA+Yd+3pRG0na97RV0+m2nl6\\\\\\/wDDjj7zmryfNur7teR\\\\\\/TP8A8E+uf2Q\\\\\\/hIcAZ\\\\\\/4T08DA5+J3jQ5x2J6nvnOQK9vB6YamrWtz6dv3k9D\\\\\\/ABM+lyrfSF8QV\\\\\\/2Sm\\\\\\/8A2RHDR9mV1H83hQAUAFABQAUAFABQAUAFABQAUAFABQAUAFABQAUAFABQAUAFABQAUAFABQAUAFABQAUAFABQAUAFABQAUAFABQAUAFABQAUAFABQAUAFABQAUAFABQAUAFABQAUAFABQAUAFABQAUAFABQAUAFABQAUAFABQAUAFABQAUAFABQAUAFABQAUAFABQAUAFABQAUAFABQAUAFABQAUAFABQAUAfyFyqTjB2fPnLPndgZ2ZzgliMkKBjpXz9radtPuP+haG7uubTbZLpz9\\\\\\/d5ra+72tpJo\\\\\\/GAM4dSW5II5xhSSePvZDEbfvL1oGtbvrG3J89+393bR7aWIN0mAV3AhXHQtxy28xkgSKw5Td90EZcHig1tFX5nFpuMul5WfwqX\\\\\\/Lvl2l1foRIynbly5JRgpAB6Bh5mfkCjOPl+bpuyeaf9f1\\\\\\/Xc1cXHntHlSurq9rN8nufadrczu+Wzlp3ezSAhEbADEKXAbJ7JJn5lIOSGJAbOaRnFQacpR7JpWX\\\\\\/b8LaPzilp310qmVj5gO9GyE2gjCc8gqzbiWOSNvDOqsKp20tfzv\\\\\\/Xe5vyJKnbkktZJtOLa3W0HHlit+a\\\\\\/uKXW7GxsOMgEO4RcFg2QnO0Y2\\\\\\/Lwo3DO4csfnNL+rjlFu9nN2g5Ntxt8V7N6P958UuV6xcXGNrWcFVd5wMxjbtBbyvnzhSwxiTnaxDFWI44o121\\\\\\/r\\\\\\/AIf8RXk1BNytO2rUfaWSf832U\\\\\\/eT+Oz11YzaAhwByeWBwc7SCVGRkgbj\\\\\\/BtB\\\\\\/iOyj1\\\\\\/qxpe82ne1uj79G949P8T125yFlDnzNm1u5V8Ek4O4NuXcQNoXAPfHFFk2ubb0v+Za93TmutkrbdEvhfpqR\\\\\\/K+7e+0gfKpzk5UnAXB\\\\\\/i24yV2kpjHFHkr22X\\\\\\/Df16Ir3o2cYN3avJaRT68zVmnvtFt683UdHIqqFbeCqFtythiQ3TMmRhWyfVz8rfKBQROLblJcrTabvFOPyUFzt+T0jeyGA5KgYY4AzuZYwSTweeGb7uQBtPGeOW7W0Xrrua6JPe2v2Ly0733XlrzL3upGxUfdAjYZ2lQd\\\\\\/bLFiSWBPIwcH06ilaSSk5aNWt5+vbS1rlQUtOZuUb7StyrXRLporWtrb7yi2SN2VxjcSSNxYYDfc7\\\\\\/AE+X04qZW2542f8AwPu\\\\\\/H5M61pde8lpFKPwpPWzvpokv73cqTgDrhuVOwkFTtw3zdgcYPWsHo2t\\\\\\/Pv5\\\\\\/M6Kb1urK6a5mndLrbr6GfcSleq7ARJgxvgAYIIIUghs4AIDhgewoOqlBO7T53eCvKne95XdtHzR79pXZkyElVHDAKuCAQUVjtGW5BVicsD1PzZ+TkO2CScnJO7crp9XZadL1VsttL9WU2ziTa2HJJKkMy7hkDBIZQ2B8oXBwuSrdaDd6WWstkpLdaW16311lbTbUyHUHbuXaDvYKArfvCcg7ick5w6kEqucHJoG1Jr4m1bqve9FtbyutGZ8qjJIkD7SB5eSN+59hwMFjFEwwBtcMxc4X\\\\\\/WEMZuyjeLjo7Sb1io+9drvPye\\\\\\/Le3TPMQErMFIYuxkjKnADMFJydvLKpIAGPwxUu2\\\\\\/M0l2at+TuzNzbUYSuoLkg9nunNbJvRL+nve1UeXbiErsMEFtBH5ihgtxsWaTLEjJYSEFNgKo6hCz5z4maVnCk4rao5c2+yb5dP62P464uxf8AavG+d4uWiw+InQjHmtzRoQjTW214xlo\\\\\\/1M2CzUW87jf5RvdPDExgPEGuMPG24KEjKbXZRgshB618pOq6kK8H\\\\\\/wA+azey6fPtZbdLnx+ZVVUpzgko8saknre0eVe9fy2vc+l\\\\\\/Ahf7NEsjEtFsTy1C\\\\\\/wCsmZIZAUyrF5IyA75LJEjMnynI\\\\\\/LM3gueo+t7\\\\\\/ADv+enyvsfl2PkpSko3tJys5bWT0t3S9dkfY\\\\\\/g99sEIUqFAAUoNwBY4wN33Cy4TndhMDJxmvjMZ\\\\\\/E+R85iY7rTXXTa+6\\\\\\/Q940ZyscLZ28Alsb2Ix90ZG0FVxu2\\\\\\/6wt8vzZryKyV7+9Zb9vx9G\\\\\\/n6niV42cvc3erv12+Xrt87Hpuk4kRCoaTrn5gTnqCuMhSp25LNgfeCjIFeZP4pb2u\\\\\\/uvp+BxVFaTTtp\\\\\\/X9eVj0XTGZSqsS2D8pZc9QdxP3W2FcYVsDOMeglNO9ns7PyZ5teDV6kdndNd+8V\\\\\\/i1l272Nq6UOikckAfKMHG4ZO09T6ZbqCSvFZVUlrbf9LL7tjOhNpu+lra91\\\\\\/wd+\\\\\\/kef31tiUyBHTOR7gcjZhhk7jgqwIC8j3OabXqtj0m7xutbPf8AL80eY+MNNa7tplfILqWwMFWUDduXAAI4AwfmP3TyK9fA1HBq89eb+tttdOmz8z0MHVVOSa1lzb9t9Olvx3Pzk8WaGmheI9UtRHtg+1PcQgFk8q3uiXCoxwSyliQrfLlcKcEGvsqNZzpU5LX3VF\\\\\\/JW7\\\\\\/f\\\\\\/wAE\\\\\\/VsoxDxGCo87vJLk9fZ2j+jfdflmRR4G9EbcVHy8g4XIV2IBOdpYNsB2Mx+ZugG7M9fce1qxVtqkl\\\\\\/l5G5gB95JV5IR2X5MHO4cEvmjmvo3tt2FY6TR9MaYZiVPNZEzEQQJZFBXzumN5By2PlweMjFS5W327\\\\\\/h+RlVcUrSWj3lvb1\\\\\\/qy020Oxt4tU09gH02a7UDhUKxuv8G0JhQ+18yAgkOxJAwaylyyd1JK3X+nf01\\\\\\/M45KlN\\\\\\/u6kVLrK1\\\\\\/d\\\\\\/xW0b\\\\\\/DoiS6vLi4jA+wyIrPgNIgQrgD5VGCy8\\\\\\/JhAyEN+8XOWqY2jze92+fX59tH+hrToR25krNtOLu31TlvutYu60MV9NvJH2Ki2+SQ6bXxFggqihSQUKbmRgSsbrgk4rTnivN\\\\\\/P8AyNlywTnzSaUftfFK21\\\\\\/5Wtb\\\\\\/AMzvfVs9M8N2L2aLHIHIdY2znzApQfI6Ptwokz8m1sYGFZW+WuWtNSv71tf68t+\\\\\\/loeNi6vtZcyaer5Wvdvf3Xzx63tddrq\\\\\\/l6fbRfuQANzAZfqyk7sbgyj7q5yVO0ZORgHFcL1er0Wl\\\\\\/Lv6vfzPKlU63fVq6advNb3tuviT20NK30sy4O1csGIXkhiclcMcpswSRt3cbsYFDlsrvlXTa6X\\\\\\/AA3\\\\\\/AAxjLFqFuun9dba\\\\\\/1oWDokS5fYuQAexymeMqD8xGOQec5NN1N0krfjb7yPr13ZSlZ7pLTz+753sRto0J5+VSwycAMXPOxsnjOB8rHgNwtNT0SUelv60E8RNdbx6fvLO3TR9bdLDRpsSZKqG\\\\\\/55sAeCQMrsIHzHBLHjJ52yferRXav9\\\\\\/l0f4mE8TUck03G3z\\\\\\/AB6\\\\\\/537i\\\\\\/wBnBUJAUKxARlMZYkZJD4O7udxOCRhMcU3a9vLbr5\\\\\\/K5Eqzk9dX6z1vu\\\\\\/iGIkcUh2tlgu\\\\\\/YcMVVmJQBsZXLdRksvLKjKckve1la2nm7dfv22ZnK++13f89f61+ZjatOWXoucBfL7YG8YQAEcDdjDLyMv8uKaXM7c3V6769v+H\\\\\\/M3pXjZuzXNfnjvHrzPorfDurfM5gWKTndIh3sVOA+4Bi2z7275zwpBztLZOOa6I3irLa2vn+fc9B4txbcZXWqkuvLfrq+m+mh59448Mm+tpMossjhmVgpZvMBXe7BCCIsR4jjOInfIbaFC1cJcrPRwWKg20naK3j35rfdfz23OO0C6uLO1WCWKUEMUXyvnwwXH+sYp97C7pFA8rcQS4L1NRxTTX2tX6vX5f5dAxOEg6k5JRTcbWlbmUOyXp9nZv3t7HQ3t093EFNrKN6FePlQsP8Ax3cD8+1tqBCE4YURlyu\\\\\\/yOaGGhBtKzVk0nq0n+vfz9NeYtPD1zdXwuANgQHh8yEKTjc8kgKFj95ARkgbQxxzpzx3en9fkdrqxp0o8uj1vbvr\\\\\\/L73e3U9YsfDyKYw6SDO0EfMFGFDorKvVjlgxLEIBhFDZFQ6tk3pb087d\\\\\\/8AgHnVcZJ6csbLvd6d9bPXzfc67TdNgtvLxsLYbcc4bYWO7zTwBH90LgEZ6dK55Vle+ivr338l\\\\\\/wAE4K9epNJxtyrqtuuny\\\\\\/rz3pgqKQgJUKFIYjdszgAMMZVRkJk4CsMdOcudSb6Xf3+n\\\\\\/BOeEr6u8Zc1+f4ry1tG3R8rtbp2MlmODuUJgjY4c\\\\\\/Puxt3hjl2JbaqKWJ+8fLztFGzUHdp+05\\\\\\/dVPbl5b66rRLoun5SxJFKpWRFU4wu5RyQSCQwO4jKnLMMO+WAG3AlXbut1o9\\\\\\/h\\\\\\/TT\\\\\\/IzlzbQk9enPa3lZdF8\\\\\\/kWxp9vIQxTYGwchQo6BgrKfmAbso+Zug+UVala\\\\\\/K9Ht\\\\\\/Ww1iKkIuC3u+Zt82qvf8b9dtG2PXRoJBvCqjckIrbgpH3QTj5l3H5xkdsVSm1ZWWnr\\\\\\/mafW5Lk2dr8yas135dra3svkTR6FbDBwpOQxk2jc5X7uwDJ8sEE8\\\\\\/6twSaTk32B42fLa2jdv7tvPrzv7Xm7+QDRTGzsqvsky\\\\\\/l4yCG4LDkbNx+Yr0U8DpQ5waScrW6adPmRPF88YxVuaLa5+0U7cvy21Mm80hCuVwC\\\\\\/UYypJOCzKuCyk7+DtGwg\\\\\\/N1rLnje349Pz\\\\\\/AK72N6GJmr7WSilzP7uTVa9t+xy1zpKNHIjoEXcNrLgszjPDj2XcEGPl3IK2jK2j1X5f12PQji5c0V7735l1Wul\\\\\\/O2rWpj\\\\\\/2Mq\\\\\\/dKYLS4BPzKudxOMEAk8AIA7N827byW6uum\\\\\\/S77f8AA+4644qVldWdldd3bXqt3foXIbMQurNmRGQYJWQKQMbWB+4\\\\\\/TKle42E4FZ3ctXv1NFWlUTVnF9bcnL\\\\\\/28nt263fmWkLfNsG0k5k4UhgCeSx6HhCxPysdm0YxUSvf7FunMQ4QWrcJtKPL8bX97WHuq+tr9C7Any8t8o5PRy3RmU42gbmCnBPcpztrJtaLTZbXV\\\\\\/v8\\\\\\/wDghUjFarW+iS6baL7+22hoW8Z2iQ8GRgjIeSA3OwY6qwyV9OaTk7912\\\\\\/4F7eWljjqxV7W5bJK8d7flf8OpM6t8pyCWIbb3DdAhBGAoPzbsnceauErPbST2\\\\\\/rsYOyTs3ot3e8bW9NZd0r+W5FOmAoVVBXzCN5BbLNlmPGUIbLcHAjLMBzWl7p21a6f1\\\\\\/TOeEm2783LLl93SyXb5eZlTlRExOJA6ckgnerHbzGQGZP7h6D+6OgSu3GSVurff5ffqdK1naD5eXSKt8pfPy\\\\\\/4JyNzEpLlBtQZCghCijgcgggKDtUD5THuJbnfWzjJe9db3uvP5dTq5b220t67dPP8AVmZc2qBwkscexSpCwFg3HCtCM5YjPylt5VmLbWcklqpvdXfS3Xy\\\\\\/r\\\\\\/h9IXiqjhKa1afOr8q236N21WltdikLdf3kpQgeWwjJAxO0jEEFuEVpOsTbdiD5n4YVqnZJ7Na+j3J53a0pXs9k07OKtaL8ur67vy+p\\\\\\/h5pv2PT7VDwFjRyoCkkqMlgwAIJZiGc4IUc814GYy5nJL3nzSbW3u3\\\\\\/AA3\\\\\\/AB1sfBZlV9pVqOOzk3pe1uZ7eXz2XmfQOnRnEaKwJBjAymSm3DKVPQnJ5Zv4OF+\\\\\\/XhNJ3tpqeS7JO\\\\\\/X8WdzCdts7OCThtu37rvtwXOcbeDkKCQMbvq+i9Dgk26q5JQ3aal8XItFa3lt8tzzbxFOQHOeGZg3G8FVwVRlOABxgOrc5+8PMxU297X1R7uBUbrra1r9raO\\\\\\/f+7a2yPE9auBuds4AGT827ZgjDAnDbVwxJAkMe3DYxW1Je9buv1R7kUktY7v01fkuvkePeLLgJaShzlQnmMpceWzL82S56rtIJYM2T2wRXq4de+vLT9P69Tpprmen2Xsu9\\\\\\/ysjwW+dTKVkbaJRHNGwRx++zlWCoMeYoKsME7th3qQ7qPXV+VSel9L+fT\\\\\\/ADS+Xc2puXO7aunz38lJ7Ppyrrzac3w6anmnjXUo7aKR2cIBvlmlVgGdYVLTJGOUCyS7VSE7TiTLY2Gu\\\\\\/BQlzxUtVKUEpW1W2nyTTO2jBuEWpLnSfJFwu1aWz2d1HRt6630bPkfVdQM1lbIxMguJru4Z1wI1IupQ4EanG77UZULglAtvuU7XGf6h4Uwv1fJcDFvWdL20td1WknD\\\\\\/AMpxT\\\\\\/Hqf2N4C5dGOS5hmEfZfvsWqVKMY3fPThTTk30fs1a1\\\\\\/ec+R7HOO5DIzFucZBOdyBSEAZWwqqTw2OOAw619LZ35Nknfzt09dGf0PR3WvM37zfNblb1en2ufRuWzTv110FlSPaCM5QlH3D5mzlc8ZbzCu1Sp4IJY7cUKLu7Oy1vLvrvv13fQ3gottxvfW8dFbXVWt0enUmQK64kYdSi8nfGGPOxmP8R4JIOc8dUq9VBSjy72fn0v0377b67HQtkTpKRhURQqtghnDMGAJJLcMHQc4P3uelLkV9ZNXte12r72S+0ktv5LbaBYnD5K4JKkbzgZIOOgUEEJjBJzh87ccYqm1HRJpfBf+a2l77u6+RatdXlbp6f52\\\\\\/EnQ78R7cEgB1fcE2\\\\\\/61yVDBTkFOi4AIP8ABSu1f+4uX1cV+lrdfJlOL6O99ndW958sbO+\\\\\\/Mn7r1WvyuqxBypC5+9tXcyozBQFUFTwdqEjHzMQGG\\\\\\/BtS5oJS1tZvTl28\\\\\\/xvbf7iLe8m9\\\\\\/iXS9+y6X+7YsK7sqplQFAQqE427fl\\\\\\/d53sD6llZvnGVQBWnRNv4rtuz+\\\\\\/lcvtX3a\\\\\\/ksjaN3aWzfM+bXVv7Oiv5aafy+\\\\\\/cn3LGm1wqDgpsbcuV\\\\\\/jZ84EhziNsnbu3bDnNJx5ndf9vecfTppbS2nyuC1S0VtW097reEWuj3StbXyLSlSi7lbepKNGcbQ+VPmLjLbQcMCNxXOF2rim3bl5J2i1pL12j69\\\\\\/Te9zH3tbNW11XxWv18+9upPuDLlBIVxhShBCFWOTGBuJZs7SyjlgSDzmmnr73Kv08unw\\\\\\/F5uVwvbdL+v1LC\\\\\\/K6coEYFMrkvh13OS3OxmPDE9xg96u6at1d\\\\\\/d\\\\\\/vfZ+6PTay2MZSbjJe\\\\\\/dSdu\\\\\\/Nd8vL\\\\\\/ctvfoXonUiPk\\\\\\/KQ0jDLbiCeSOgZgcsv8AEfn4C1nZ811pHt\\\\\\/X5ka6rROTbhZ3Wqu7dbc3Nb5eRKCZHVTlThzgAqGHBK5yR8hGDJkD5sY54bb5Wuiu162InC0brSK6aPRW6df8F9d997iN98uwjGAWTeMM2TlFySG3HjKqduNzNtINZNxcV3SX9eff+mc7smtOZd7Xtpf8O\\\\\\/lfUlQbcl26swOCX4UZXy\\\\\\/ukYOVIyMybjlqly3W91H8kJ2ldW1Si03aN7+578l0092f2VZFmPchUBI3O0ZUOS2MgkNuBLY7bBn+EHaKcvtW7r7ra\\\\\\/ja\\\\\\/mRP3r3c4Ju\\\\\\/9fIVxuIKKM7g2Q4LJxglCDgHI3KQcNngc4oi7Sbfa3ndW\\\\\\/yFGyTV7pppPvfa\\\\\\/qSg42kAvKc5yDgNjBUshBAyTk8DpxuzUefXcz1fMnyxjbR\\\\\\/dZ6+792vRhGETJAZGHzPnDPgnABbkE8sBtOMdCe+3Pe3Or6JLRNeWlvP1HNNtLRx2vrstt9bdr69yxgMqgEgg\\\\\\/Ljjcc5cPyCAP4fSk5cr0d127eXl6dunUxtaTT+H7Xlvy\\\\\\/8C5KVJUMzMAR8+HLBCTxgHPzDpu79eaTmr6KNummqt56aq3T7yY3vZRi5ee76Jv5degiqxXk5K7cYkwGHUsTnBUnjGMfLxihzurcqb\\\\\\/rpv+IScU\\\\\\/dtZ7X3X3ddNN\\\\\\/dBF5IVmKHlSGw3AB28E8g5YcDgDnHJFPo4xb2Telrev6v8Qk0ld8t7vm7W6b\\\\\\/h5DdhDcMd3CspbAA4w2c\\\\\\/Mdu7PDH39WqjXRaaabfr+YXTTvbm3j6v4v8xzr6OwO75cnIboGHX5UxjAwMewxSUnq1HS93v8An\\\\\\/wAT8lZLVdVpLXv3\\\\\\/ICpKhmZwCPnwxIQk4GF5G4dM\\\\\\/iM0Oet7R+67Vul9NVYFvaKi3d2037P\\\\\\/wH7gVWK8nJXbjEmAw6lic4Kk8Yxj5eMUOd1blTf9dN\\\\\\/wAQk4p+7az2vuvu66ab+6CLyQrMUPKkNhuADt4J5Byw4HAHOOSKfRxi3sm9LW9f1f4hJpK75b3fN2t03\\\\\\/DyG7CG4Y7uFZS2ABxhs5+Y7d2eGPv6tVGui0002\\\\\\/X8wumne3NvH1fxf5jnX0dgd3y5OQ3QMOvypjGBgY9hikpPVqOl7vf8\\\\\\/wDgAn5KyWq6rSWvfv8AkBUlQzM4BHz4YkIScDC8jcOmfxGaHPW9o\\\\\\/ddq3S+mqsC3tFRbu7ab9n\\\\\\/AOA\\\\\\/cCqxXk5K7cYkwGHUsTnBUnjGMfLxihzurcqb\\\\\\/rpv+IScU\\\\\\/dtZ7X3X3ddNN\\\\\\/dBF5IVmKHlSGw3AB28E8g5YcDgDnHJFPo4xb2Telrev6v8Qk0ld8t7vm7W6b\\\\\\/AIeQ3YQ3DHdwrKWwAOMNnPzHbuzwx9\\\\\\/Vqo10Wmmm36\\\\\\/mF00725t4+r+L\\\\\\/Mc6+jsDu+XJyG6Bh1+VMYwMDHsMUlJ6tR0vd7\\\\\\/n\\\\\\/wAAE\\\\\\/JWS1XVaS179\\\\\\/yAqSoZmcAj58MSEJOBheRuHTP4jNDnre0fuu1bpfTVWBb2iot3dtN+z\\\\\\/8AAfuBVYryclduMSYDDqWJzgqTxjGPl4xQ53VuVN\\\\\\/103\\\\\\/EJOKfu2s9r7r7uumm\\\\\\/ugi8kKzFDypDYbgA7eCeQcsOBwBzjkin0cYt7JvS1vX9X+ISaSu+W93zdrdN\\\\\\/w8huwhuGO7hWUtgAcYbOfmO3dnhj7+rVRrotNNNv1\\\\\\/MLpp3tzbx9X8X+Y519HYHd8uTkN0DDr8qYxgYGPYYpKT1ajpe73\\\\\\/AD\\\\\\/4AJ+Sslquq0lr37\\\\\\/kBUlQzM4BHz4YkIScDC8jcOmfxGaHPW9o\\\\\\/ddq3S+mqsC3tFRbu7ab9n\\\\\\/4D9wKrFeTkrtxiTAYdSxOcFSeMYx8vGKHO6typv8Arpv+IScU\\\\\\/dtZ7X3X3ddNN\\\\\\/dBF5IVmKHlSGw3AB28E8g5YcDgDnHJFPo4xb2Telrev6v8Qk0ld8t7vm7W6b\\\\\\/h5DdhDcMd3CspbAA4w2c\\\\\\/Mdu7PDH39WqjXRaaabfr+YXTTvbm3j6v4v8AMc6+jsDu+XJyG6Bh1+VMYwMDHsMUlJ6tR0vd7\\\\\\/n\\\\\\/AMAE\\\\\\/JWS1XVaS179\\\\\\/wAgKkqGZnAI+fDEhCTgYXkbh0z+IzQ563tH7rtW6X01VgW9oqLd3bTfs\\\\\\/8AwH7gVWK8nJXbjEmAw6lic4Kk8Yxj5eMUOd1blTf9dN\\\\\\/xCTin7trPa+6+7rppv7oIvJCsxQ8qQ2G4AO3gnkHLDgcAc45Ip9HGLeyb0tb1\\\\\\/V\\\\\\/iEmkrvlvd83a3Tf8ADyG7CG4Y7uFZS2ABxhs5+Y7d2eGPv6tVGui0002\\\\\\/X8wumne3NvH1fxf5jnX0dgd3y5OQ3QMOvypjGBgY9hikpPVqOl7vf8\\\\\\/+ACfkrJarqtJa9+\\\\\\/5AVJUMzOAR8+GJCEnAwvI3Dpn8Rmhz1vaP3Xat0vpqrAt7RUW7u2m\\\\\\/Z\\\\\\/+A\\\\\\/cCqxXk5K7cYkwGHUsTnBUnjGMfLxihzurcqb\\\\\\/rpv8AiEnFP3bWe19193XTTf3QReSFZih5UhsNwAdvBPIOWHA4A5xyRT6OMW9k3pa3r+r\\\\\\/ABCTSV3y3u+btbpv+HkN2ENwx3cKylsADjDZz8x27s8Mff1aqNdFpppt+v5hdNO9ubePq\\\\\\/i\\\\\\/zHOvo7A7vlychugYdflTGMDAx7DFJSerUdL3e\\\\\\/5\\\\\\/8AE\\\\\\/JWS1XVaS179\\\\\\/yAqSoZmcAj58MSEJOBheRuHTP4jNDnre0fuu1bpfTVWBb2iot3dtN+z\\\\\\/APAfuBVYryclduMSYDDqWJzgqTxjGPl4xQ53VuVN\\\\\\/wBdN\\\\\\/xCTin7trPa+6+7rppv7oIvJCsxQ8qQ2G4AO3gnkHLDgcAc45Ip9HGLeyb0tb1\\\\\\/V\\\\\\/iEmkrvlvd83a3Tf8PIbsIbhju4VlLYAHGGzn5jt3Z4Y+\\\\\\/q1Ua6LTTTb9fzC6ad7c28fV\\\\\\/F\\\\\\/mOdfR2B3fLk5DdAw6\\\\\\/KmMYGBj2GKSk9Wo6Xu9\\\\\\/z\\\\\\/wCACfkrJarqtJa9+\\\\\\/5AVJUMzOAR8+GJCEnAwvI3Dpn8Rmhz1vaP3Xat0vpqrAt7RUW7u2m\\\\\\/Z\\\\\\/8AgP3H9NP\\\\\\/AAT2BH7H\\\\\\/wAIQTk48e5Oc5\\\\\\/4ud405zXuYN3w1N\\\\\\/4\\\\\\/wD0uSP8S\\\\\\/pd2\\\\\\/4mH8Qrbf8AGJ2\\\\\\/8Qfho+z66T+bQoAKACgAoAKACgAoAKACgAoAKACgAoAKACgAoAKACgAoAKACgAoAKACgAoAKACgAoAKACgAoAKACgAoAKACgAoAKACgAoAKACgAoAKACgAoAKACgAoAKACgAoAKACgAoAKACgAoAKACgAoAKACgAoAKACgAoAKACgAoAKACgAoAKACgAoAKACgAoAKACgAoAKACgAoAKACgAoAKACgAoAKAP5CyQwOBwOAcnCk53Z3ZYs3Xg9+tfPn\\\\\\/Qs9Gt9fib3kuiWi0j0dvkNZA207gq9VznBZQRnqAUPRgSFyMOwG0UFKVuZKPNJ2jLuk\\\\\\/efRv2nby73uVVABMokBEYAZvmbjDAmNWIKIwxsGCR8w6Uf59O3Q2k3KMYcrXtHeK+FWv7im1u1K\\\\\\/O+sbfIZwDtOQj8hxlssw4VudyZH3cfNnLDgigIxur+7Jp25Ph2uua+0lHq\\\\\\/hcdXqRIoYb3ACh9qgg\\\\\\/LtOQGG7AwwVtm3BYJwwfdTfl2V\\\\\\/u1\\\\\\/E0k5cyjG7bSlJ69Vdu7XxNXtO91H3dLaJlSJIGjkDZEiE8ZcnoGUlmZepZWwq9cbNxQ1dOFWM4dYNW2gl2lpstIdbaaTsRYGFchiyFlCKr7vlBymM89eijc2cyHOTQWm3KUFyqMoqXNKzVntP5bK+nWOgPuZSWY7vLWSNCSWPzc5jLEKQvJI4U8JlhTW+nf8A4YcHFS5VGLXPKFRpOK1Tas3q0336LX3XEiVQ25hI8iAlcKuP3nHGT0BBBBO08oCWod7u+\\\\\\/X1K5nHkXJGM2lre75LX1dvl57jN7AAOilk27V55UgnnawwQfnVtoBBx9QvlV\\\\\\/dkvf3dtrW2XI+bXRpv3bb7kRYgtguFJCqBGAcsAclc5YEjILZGAPSg05U+lNv+JdzVtNPL3976K34DUbcVV\\\\\\/MdSuMgjKHIDHacKTx\\\\\\/u++KpKTTte3VenkEk11UX15tE3\\\\\\/AC3\\\\\\/AOADvkNu+ZCDHzlWYD+NhyACxO7HQnAY95jdJ8q9Ul37\\\\\\/wBfcNRWl0r\\\\\\/ABOzbUL7pO2yi0k+vbUruJCFVUTqcAdFQj+IkgYIH+syRn7opcyT5b6trTtvv\\\\\\/w\\\\\\/U3hKF3zTd7K77uyvJeaekfL5lN1KDkruwAhLZAUgj5gCueTjJ6jBqGopWlby5bXt5+e972OiDU9U9Ovy7foVpD13DO4DA2A8Y5Ibk5AO4g\\\\\\/dyay2017a7\\\\\\/Pz7m0XvaytfVu11\\\\\\/Lb7UbXWm78jOlZgyqAW+XO4nK8ZVWzxncTuyoBTbtJOMlHXCMXF621Sty6pS1a5dLWsly\\\\\\/a+LqZ8q4PLY4CsMGQKo6qIy3z8YA+7j7pLY5Z1R1vZc19eX4eb+859OXe\\\\\\/29+tijNtZjuJCAA7N3JyMDbj7vTq6\\\\\\/McoOlBpqlaNpPZzte22unX+79r4t9HRZEYP84UbcDapxtB4Dls5I4UgE7W2HkycgTlKy1T0V7ztL1j5aafJW6GXOoBCeW8e3AV\\\\\\/kEjsw5QklW8raGbywPkCgfNjNBne6cnLm6cstVHT47L7UX7rlrd6pXetOPc7lXDOskkIcKhbCFgWUP2OGMir0VRukVTwIklv1UXbX8fl+px4h+zi+V2koVWm6l3HlT95ta30t\\\\\\/N\\\\\\/L7t7WtTUXOp3Sh2MYu9+GVGO23VYo1WMOxbYV8spJncp\\\\\\/6Z5r5bPa3sqML7yjJP5vyX9I\\\\\\/iOvV5swzjEuEueti6r5U7qLnUlJy09b\\\\\\/O\\\\\\/a12K0I07VIlVpH8qO4UBtzNL5kJKqcbExG6R7ACFHDKzDNfJ0aylVcXb4Z+X2KmjX5tfeeBjpqUoPzdOo+e3LBpu7j15t+q6ntPgS63PHCCrEBFkZ\\\\\\/lVlTcu2M7iNrNtVmLHk8bc5T4HOo8s5vvdq3a7at+lux8Bjov2lR\\\\\\/Cm+blju766+ifTS6+77O8HhXhibGBDtVSB8u2RcOUQHcwkIChyzghQd65218NjG+a3RrVfcfP4hJTdtVK7s91fXlf3nv8ApUJ8pGGASNpXGMquOVGTjnczHcVBPHFeNWvez6u69P6f336njV7e97t7N2evurtr0W2x6FozOr\\\\\\/Mh2pjAO0kLj5WyuFbk9eo74rkqx\\\\\\/C6fz0PMqNJ6S1d336\\\\\\/wBb\\\\\\/wDDek6flhlRlcDknexJwCUGQ7dM8Egchl6iudJWaj6O\\\\\\/fbX+vNI5KtnZN3a5pK9rP8Axff7p0GBtK8lf73GTkfMeMDH3cDdSfwd7WV\\\\\\/Rq55\\\\\\/wAMuZXTbu42u2937vS\\\\\\/83Xe\\\\\\/U5bVbcoWIUsdm4rk5dC2VbgnaVbO4ZOSDjPfB6fO39fiejRqKUEkuV\\\\\\/a1vZ+v6\\\\\\/eefavb+bauYwOpcDgncMcg8ldyjGGAwRgCuuhPlqKT+1pFde9\\\\\\/P5\\\\\\/wCSO2jJQqeemv4f8E+KvjToEiTWuqKm1dxtLhlXlkZpJoWyRtJQh12kZEbDFfXZfPmhKLd7JNL1Xn2PvuHcVac6EvhmlO+nuyhaMl\\\\\\/2+rP5+h43pNspbYzYKMqo5YlAG2sjICCoDD5du4ZLbn+fNdlSbWtt3ttZu\\\\\\/8AX6n2qldXv6+vU6230mPaMKzI2AYyw3YJ4XcQAWRgrRyc7DsOTnnn9q22ua3df1r9xnOrGCvJ\\\\\\/wBf07nc6JpDxqGiwHDxt86ggqgxhV45GDukXtvjb5AKyqT1cVba3m1a35WPKxGIjKTWvJbTk1nfrddu0db721PRoLcFQZlDKRtRWVWHH9zg7VP3SmOo8wtk1xN2ty3Wiv69TzudvWPMrN3fp59e909itd6LbSBi0aOx6lo+EzgqgYE5IAyvdW+fjNawqSUtJfZ+zvfz8\\\\\\/wOmni5R5bejlz6vpd\\\\\\/r07FRNJWIsUiADEEDaSdu7nDEEZydxKFSoQA4xVubmtW5WVtd\\\\\\/R+fcJ4ic2nJvZ9W\\\\\\/x+ev5G5aaaBhdo2MW4DH5hu372ychsbt56sVTcozis+dLpr27f16HDUrOycU9EtZ7Wtpbytr6fedlZWyg4YiIIqgA4JkByuwoBtLDcScKCdpNZuTfp+R5NecpJ\\\\\\/FJuTbb92MXr7sXpdLZPsl6GwkKxABCGQHgAfMrqWy2Mg5OdoPOwAtjBepOVuV9X72299Nlb5bPbZkMrzY\\\\\\/clCwJDDCt5hckja5+cYIGS4ADZUffwX6mkJQ0jUUnH7MrtcvpHZ2e767mZJJKOFaUZHRGGHzkiMkqCCnRQuNw5LNnNXBJtvtaxo3CySUdvidOzduu8nd\\\\\\/4VvsihvlHmBmVieYxjcVTAI8zcT8xfcGIAQ7k\\\\\\/2q2dtLXv1v+gvclJLfye8rbqO1lGNraLZLl6Dy78ttGWXJA7suDlWyCCSMnJBP930ErtLv+XUdRxv8Tb2lfXbS78\\\\\\/T\\\\\\/h6e12zvk2sGUbWAGQ5wSApwApVSPMGP5VU0k9O3e+t2Qmui5k9NNuu91e+mtrO97aGVdxK5Y43DqAV+ZQW2lQV\\\\\\/iYnIKng8GpSd1y6Pp06f5fgdUVZJJJdbK\\\\\\/66\\\\\\/frYZBa5c7MJGMDIjJIyMgA8spJPAzjdkDIxXRfR3dmtHH+a2l0vy210OeooqTkpO93fyf631\\\\\\/W5dutHRrdgQg3Luw6hyNp3HcvJCg\\\\\\/M2OcHnGDWUptv+X7\\\\\\/APh7f1qa0MUqctOaSV1Nf+k28vL16HmV74acXLPHsKk7VKBVdgzZwduUIAZmUEbyqhCGILVLbfW9tP6\\\\\\/q57UMdSnT5WnzJJvmvZNraySlZarWy7aWNOPw2pjCLCz5IQ78qVKlmkZmPDSBvnILHOc81C5lK+lv6s9t\\\\\\/wMJYmCbbmr7rlV9Neq91Qta3S1l2Rp2nhyOFUbbvMfzHfGuwyqPlmYYCt8u\\\\\\/AyTvySCQa255y0S6Kz126Wvpbz2Oapi5NcvuK6Wr1vC2ri9mr7X6fJnTQ2KRhW2qRlV3BmZl3DIUopwoz8wJxwcZX7tKbvZdlr6\\\\\\/lp+p5s6jk5N6uyu7ct3bq+ut9SN4lQsoDZjcEMoBO3OeB8vA6Yzn+DA21m4cyatpu\\\\\\/6\\\\\\/rqCqz010SS8tvuYMGIVWbcQuUDY2x5wPmAAwuDjDdTy3y4rN07fC\\\\\\/v\\\\\\/wCAik0+a0bubvou172\\\\\\/rbcpSWmSXZC5MvVXZjg5IKKCFA42tnguGLfNVq2yd7aP5G3tNL8yV4q65L62u9e99vlck+zvs+T7wZXyG+bYo67+uACw2n7x55zQkm3Hd3btbbX+vl5GcaijLycVe2mttfxurbfgORXUqu7AJxhjnb\\\\\\/tMpy3lkHIADE5DNjmiUbrzWy\\\\\\/Qn2nvSdviVvwNGOeRByXYYA4ON53dXIJGzPQZ6daxs+zv6O5LjFpNSirLbW\\\\\\/TTbp6mgsoclSz4ADfu8ZOW4UFAcIB83ykYH3fmzQ01Zvd6\\\\\\/P\\\\\\/MVtmuW9rO+qbtra\\\\\\/XT79tSw13hCv392QgJztBx\\\\\\/Fzww3Lu5JDNnNLrr11FGFp2k7aS6fpp\\\\\\/XoVZgZFdjiIcdSoD4BG4gYxgHazH7iEN3qoaSXnp9+342BxcdYvm0vb1t\\\\\\/wz06GTc6Up3ErtxgDpgCRSUGBjIPzZHYfnWnOk2rPT+u500cRKO+jcH66vby19PVHNTaftfcY3YgnykXDAuSMksxyAPQgq\\\\\\/wB0HApuSSTfVXPShW52lCcYyV+e+sor+4vtX+1q+W+90WPszAA4wVYjLM2NpBZwM4wuDtBwI9wxjkVm532Vmtn\\\\\\/AMA6FJWfVOK6+YsVsy7WVN7MCFDqGJY4I3AcJwd23DEKrMT3qG279zRyWsdrNv0\\\\\\/TqTxW7LLyRkjBAXnAAVQWO3LNhiTx5a4Pek3oSpJp2eibf3F7yUXEajcDguAM7cDDDAxuKlVCbQcYOc4qLszd373Tp6dPzIp0UO3JOd2dg5YBTnb1AHIClWBwTjtVRfcznG68n3+G+\\\\\\/\\\\\\/AIFd\\\\\\/n88qR2bJkxuLElU+YDAGeGOT8vUk89RVqVtI213738vnt5bEQhbVXTXw9\\\\\\/np\\\\\\/W\\\\\\/Yz5UDnzGKGNMkHb1L9ACWB5AwdxwnUDBxWinuuu0e\\\\\\/ZXv1vuO2qXLJN7yTere\\\\\\/yb16f5410wwFhIaTIDNtRUyTnZsxwGQNw3ybUmldgFAFrZX3sr+p0049Z3UVpfq46Xv6v8eTrosS78uNVywklcqdjsVjUmMbQzKMINxIcKF3Qscuuc0Lm5v7tvn57+V\\\\\\/8Ahzoi3OLUY2jfVp\\\\\\/F5rfV6cv9+\\\\\\/u294q6dm9v7O22q+65g4DmR85P7zBAESfKxESBpJEjiRgqhK2VowbvrFNq3eWv69TkxyVHDVZqSUnT1draN6Rvf30ttXyLdn194TsjGkCbchYE27QDhiwYoyE7Gc87gzMByeWGa+cxjS5vNJff+h+f4mo5vT3V7V63T0V+un3287ntFgiuw\\\\\\/doqgfNtZsKRwyjI3MMnjdwH6IeteS20zgnZU7e879ut\\\\\\/8Ah7nSTSrHbMrjefmIGSCMAfNKSfvuowgwdx5bKkVRxKLVX3eXdp33l\\\\\\/8As+nQ8Z8T3bGVlZi7NnaDhdnBA+XaQ7BcEZyyhRnaauEE7t9\\\\\\/6Xoe9g0t9mtJSTtfTW38t3\\\\\\/4F37eSanuJbnIZMH5ic7s7ZA+Mh0Ifeedyncc7cP0U7J7f4f68z2I82l9ezta\\\\\\/qnovJbWPI\\\\\\/E6qIHclgTwqqoAwSQPLOSuzI5A\\\\\\/dMhC+lehh7Xbvd9uzul9\\\\\\/Rv5dDopfE1fdO\\\\\\/wB2u\\\\\\/5+R4DdzKWuIn3lYZZJF6IwYHdvT5SS0TebCEIAdC4VxhBXqxd4JP8AlcFstObm+\\\\\\/Q7KStUpyX24W0X2orSN+nMk326u\\\\\\/T59+J15NbWc7CWNkcNBKGxGWkmi8y0BbGUkZ9pVypA83yztVxX0OV0o1K0fdu2oyj35paS8vgZ6+EcalSnpGN5fE1JpwjNxk2rfC1ZzXVWb0Z8z\\\\\\/aC8NuJPMHl2xjijKg+Qkrs0kezGSon3uw7k\\\\\\/KW4J\\\\\\/qfAUFRweGpQTtSoUY21\\\\\\/5d04tX9Fp9+x\\\\\\/eXhRgYYXgvJkqKi68JVaj9paVSoqlS1Wbev71X5PISHJUmQrIc7OCAYyuTIjDCt8y84wrqnDAOFru9PafLb5H6lb3bU2r3V7Rm02rpO6umua70VmlfQsowKfI6rtVVVhskD8N90uCGJGPcelGtrcrs5Xu93r26N7f8OdC6XXbo1+H+dxY3YsDJ2G4\\\\\\/IWKqpYl+ckbvmVRtCFuQdm0DR35fd30t\\\\\\/T8jXpoXI5VQcEFd+5ASW\\\\\\/hJKllyUYqCBuIVQMMN0ZqE39y1vq7tcl\\\\\\/m03r\\\\\\/z713Gvet0stPkTxyyLjHUhsdRncQd2AP4cYwCcjnPSrXMm5\\\\\\/zL8bPRPZa6+v42lC13zNrSytbT+v8Ahy+jgFtxidWVw7LjBiZlDEPklZM8LwOG5bZip3SfxL3fd\\\\\\/mn1Vl\\\\\\/I91vcG22mrxskk\\\\\\/terfbX7rE0ZBZVBciNQF2sdynqMuclmA++SRtX5h1rS80pac2run636dV\\\\\\/XQbfu6vWctfVPVr5\\\\\\/Z1btfS6LCyHOwHBIyd4YbipD7o1PzKx\\\\\\/iHIUfNnmospWdrN2svP7+nnfzGtVe73g\\\\\\/d846L1S066kpb7wTC7mVgi\\\\\\/cAbI+UA5XDZZB\\\\\\/F12\\\\\\/8tK3hTaTT67rp3vf16X+8Lc2rvLZa6eWr116c32X7pZi2nks2RtJbLbFByrlRuIJCqNqEfvAuCOOZfNCVkrx\\\\\\/LX3e\\\\\\/2r+rfzIcWlt7rvbSO6\\\\\\/q39aXgF3gRl9xUFWUFNxJ5287VfHPHKrlePvUXhUUorS3S1kv8AgeffVbEWdm5620aajprqrfyp\\\\\\/F\\\\\\/e6d7YZjgBduwk7mG7btw7s\\\\\\/3V+8MEcsrfvMc1MI6O6lbVq338q6We9tP1JvG\\\\\\/V3Vkk7P\\\\\\/ALd7WWkpLbboW0CKEfPzsWLFsshJJZiQ2V+bIKsVAGXKgdKX2kt1ff5r8yJNX5duVWS7W0+7SxMp819pOBhcPkbGLAEBXAG4kY53cjnFOpGCXz9ev6bPruYOVku65tfOzv8AfJpmiuX2DCE7iP3o+VQMfMCCMJhscjLDHPNZWdpfau9FfbX+vu3MHbW3lfl36fje9\\\\\\/nYkjDM7y8vHGoVf4uOiybcYCoTkruJzySetZNNadwbioqGicnzc3dy15fW+\\\\\\/nfQkVgwjkIMhLMgG5tx7Ag5CqFzuJALZOBkVSUtbfg\\\\\\/wCriknGUotxirJr13av6bvyfkWExuOUAGOVYkDg7QMjJ3j7xKjgnDc0uX+9HXzt9\\\\\\/mZy1Wkt9brz6\\\\\\/1r6aDhJIVwdud77Qx2jBXjeQeCRg5Iy4+Y\\\\\\/dxSat\\\\\\/X4ojlgrtc2nJe+u1tlb3uv8Ag0EBwD\\\\\\/eTgNtIBZgp6KSVKL8sa4AGMLyCKuLd7r\\\\\\/ALevbfX+l+I2lqtbO\\\\\\/X5v729SWKQF1PysCMhudwPQAsCBjjc3ynjFN6trntfy\\\\\\/C\\\\\\/\\\\\\/BIlB8ru\\\\\\/hb7bdvw39SaWRtg+QZJX\\\\\\/dAYEHhW+8epUj5c9qLct2pbabX+XXy6GNON5NKTTSbdt7\\\\\\/AIe7fr1Vx7SYRm2grtOD3JCnr8wbAB65+b8eRRT2lqtX117r8Lv8girztd3bW21+Z7W0S7X\\\\\\/ADQ2JyY8hPXfjGQcAkIGbJ91ycdTmlZSbvLVt9++m\\\\\\/5BNWavLVadPx5W\\\\\\/vESQ75AFGdxAB7jdyGLEqTk9QSM9M0t3ZyVlps+nlZL53+ZUo2jFuTtZd7bX+7tonYDJ+9QFcYXJYjLZyw4wxUr7dTwcejaS+3o+mu3y\\\\\\/y1BRbhN82m\\\\\\/wAuVfjbrpb4WE0jbB8gJLLz1TDAjI2tksepB5XPahKy5lLpba\\\\\\/y1+XT5CpxvJpSd0m9N\\\\\\/0939Loe0mEZtoK7Tg9yQp6\\\\\\/MGwAeufm\\\\\\/HlqKe0tVq+uvdfhd\\\\\\/kKKvO13dtbbX5ntbRLtf80NicmPIT134xkHAJCBmyfdcnHU5pWUm7y1bffvpv+QTVmry1WnT8eVv7xEkO+QBRncQAe43chixKk5PUEjPTNLd2clZabPp5WS+d\\\\\\/mVKNoxbk7WXe21\\\\\\/u7aJ2AyfvUBXGFyWIy2csOMMVK+3U8HHo2kvt6Pprt8v8tQUW4TfNpv8uVfjbrpb4WE0jbB8gJLLz1TDAjI2tksepB5XPahKy5lLpba\\\\\\/y1+XT5CpxvJpSd0m9N\\\\\\/0939Loe0mEZtoK7Tg9yQp6\\\\\\/MGwAeufm\\\\\\/HlqKe0tVq+uvdfhd\\\\\\/kKKvO13dtbbX5ntbRLtf80NicmPIT134xkHAJCBmyfdcnHU5pWUm7y1bffvpv+QTVmry1WnT8eVv7xEkO+QBRncQAe43chixKk5PUEjPTNLd2clZabPp5WS+d\\\\\\/mVKNoxbk7WXe21\\\\\\/u7aJ2AyfvUBXGFyWIy2csOMMVK+3U8HHo2kvt6Pprt8v8tQUW4TfNpv8uVfjbrpb4WE0jbB8gJLLz1TDAjI2tksepB5XPahKy5lLpba\\\\\\/wAtfl0+QqcbyaUndJvTf9Pd\\\\\\/S6HtJhGbaCu04PckKevzBsAHrn5vx5aintLVavrr3X4Xf5Cirztd3bW21+Z7W0S7X\\\\\\/NDYnJjyE9d+MZBwCQgZsn3XJx1OaVlJu8tW3376b\\\\\\/AJBNWavLVadPx5W\\\\\\/vESQ75AFGdxAB7jdyGLEqTk9QSM9M0t3ZyVlps+nlZL53+ZUo2jFuTtZd7bX+7tonYDJ+9QFcYXJYjLZyw4wxUr7dTwcejaS+3o+mu3y\\\\\\/wAtQUW4TfNpv8uVfjbrpb4WE0jbB8gJLLz1TDAjI2tksepB5XPahKy5lLpba\\\\\\/y1+XT5CpxvJpSd0m9N\\\\\\/wBPd\\\\\\/S6HtJhGbaCu04PckKevzBsAHrn5vx5aintLVavrr3X4Xf5Cirztd3bW21+Z7W0S7X\\\\\\/ADQ2JyY8hPXfjGQcAkIGbJ91ycdTmlZSbvLVt9++m\\\\\\/5BNWavLVadPx5W\\\\\\/vESQ75AFGdxAB7jdyGLEqTk9QSM9M0t3ZyVlps+nlZL53+ZUo2jFuTtZd7bX+7tonYDJ+9QFcYXJYjLZyw4wxUr7dTwcejaS+3o+mu3y\\\\\\/y1BRbhN82m\\\\\\/wAuVfjbrpb4WE0jbB8gJLLz1TDAjI2tksepB5XPahKy5lLpba\\\\\\/y1+XT5CpxvJpSd0m9N\\\\\\/0939Loe0mEZtoK7Tg9yQp6\\\\\\/MGwAeufm\\\\\\/HlqKe0tVq+uvdfhd\\\\\\/kKKvO13dtbbX5ntbRLtf80NicmPIT134xkHAJCBmyfdcnHU5pWUm7y1bffvpv+QTVmry1WnT8eVv7xEkO+QBRncQAe43chixKk5PUEjPTNLd2clZabPp5WS+d\\\\\\/mVKNoxbk7WXe21\\\\\\/u7aJ2AyfvUBXGFyWIy2csOMMVK+3U8HHo2kvt6Pprt8v8tQUW4TfNpv8uVfjbrpb4WE0jbB8gJLLz1TDAjI2tksepB5XPahKy5lLpba\\\\\\/y1+XT5CpxvJpSd0m9N\\\\\\/0939Loe0mEZtoK7Tg9yQp6\\\\\\/MGwAeufm\\\\\\/HlqKe0tVq+uvdfhd\\\\\\/kKKvO13dtbbX5ntbRLtf80NicmPIT134xkHAJCBmyfdcnHU5pWUm7y1bffvpv+QTVmry1WnT8eVv7xEkO+QBRncQAe43chixKk5PUEjPTNLd2clZabPp5WS+d\\\\\\/mVKNoxbk7WXe21\\\\\\/u7aJ2AyfvUBXGFyWIy2csOMMVK+3U8HHo2kvt6Pprt8v8tQUW4TfNpv8uVfjbrpb4WE0jbB8gJLLz1TDAjI2tksepB5XPahKy5lLpba\\\\\\/wAtfl0+QqcbyaUndJvTf9Pd\\\\\\/S6HtJhGbaCu04PckKevzBsAHrn5vx5aintLVavrr3X4Xf5Cirztd3bW21+Z7W0S7X\\\\\\/NDYnJjyE9d+MZBwCQgZsn3XJx1OaVlJu8tW3376b\\\\\\/AJBNWavLVadPx5W\\\\\\/vESQ75AFGdxAB7jdyGLEqTk9QSM9M0t3ZyVlps+nlZL53+ZUo2jFuTtZd7bX+7tonYDJ+9QFcYXJYjLZyw4wxUr7dTwcejaS+3o+mu3y\\\\\\/wAtQUW4TfNpv8uVfjbrpb4WE0jbB8gJLLz1TDAjI2tksepB5XPahKy5lLpba\\\\\\/y1+XT5CpxvJpSd0m9N\\\\\\/wBPd\\\\\\/S6P6bv+Ce5Dfsg\\\\\\/CIjof8AhPcf+HO8aevX69+te5g\\\\\\/92p63+PX\\\\\\/t+R\\\\\\/iT9Lr\\\\\\/lIfxC668Kdrf8kRw1tbp28j7OrpP5uCgAoAKACgAoAKACgAoAKACgAoAKACgAoAKACgAoAKACgAoAKACgAoAKACgAoAKACgAoAKACgAoAKACgAoAKACgAoAKACgAoAKACgAoAKACgAoAKACgAoAKACgAoAKACgAoAKACgAoAKACgAoAKACgAoAKACgAoAKACgAoAKACgAoAKACgAoAKACgAoAKACgAoAKACgAoAKACgAoAKACgAoA\\\\\\/kOON3zc9cE42qB0BwckkcKWzjODXzatH3nO7a1Wuj3tbur+i+Z\\\\\\/0KLZ28r2tfpe19bfzW+RWLbgAokJ2YViCpGX5ZhgKmxRyB97qM8VobRWt5cij7TWOr5lFOUYxW7U+l17q32GeYjCUnlTlSMsARgMQSewyzkjgAjHY0Xvt00L5JJwj811bvppa\\\\\\/xW5fkuxGx+6MBQMbTzy+1iBklSqEBi\\\\\\/UlcZz2Br7UnzN3vJL+Trrrrd+7p8V\\\\\\/eb1IzuQx7siQNyxzs4TKN1A2gPyo2sxOdzHbQWkpKckkoOLUUndqTlyS2bd3yve8enmOWR9jdZCGHlhRh1JYq5QsMlVz0D8BfnGKdgnCKlHXkjy++3Zwl\\\\\\/Kpx+FS2956Nu8SPMvHzouAx5UZyBkgjPyBSu7n5flAWnKPK7F2p21hLWzte+n5vtf8Av93owuzFd0RLlUwU2nzAQdzFcZHA2hVPygbjxmlt6DUYpu1RKF5cyk2kpcqSVvted3raxX\\\\\\/drnbuQn7ykgs4I6DBAAPQ4PIHPXNOzSvutNf689Db35K04wnbeVuWMdla7vd\\\\\\/ykUr+ZjeBJsUYYDB27iBtUHqCFwfugKB93FTGynZy3W3y\\\\\\/P\\\\\\/AIN72ua048msXy8zd7u7vpe7vd+dl5r3hCQ20hsOmCRtO5em4kE\\\\\\/d3MO+d2do2inJuMlFPR3v9ye3n5grxumk027Pa93a\\\\\\/RbfF9nl3fNspZXx2yGViByCDycgjy\\\\\\/wBz3XrVSbjfez91el0v139RdO\\\\\\/VdPRf8ORsCGwAWyODgc4wB6FsjjIAY9htNSuVKzvtZf1\\\\\\/XXyLXwX00eun369r\\\\\\/ACfcru7Btu1emCGwQemB8oPyr8wz69s9Jv71l7ttOfXX+7\\\\\\/w3mbxhFxU\\\\\\/e76dNb6fzO3w\\\\\\/yop9QA2AFLNuVg5OMY69cZbggFe5pTV7Nytbb+t9Pn5G6abbi73Sja\\\\\\/fXfp01+1o\\\\\\/slVyFbAkJUnkMVyfun5d3ylcH5jlSuMZasXv38zeKbTvC7XXbl\\\\\\/TR20KcjqQMsgVd4ZZFO7ZnDCM8YXnAbHIGf4KR0RjKztGTbUbOnPRyauuez3tq\\\\\\/NmXIVBLE5IBG9QAWI+UHbnkKpQLnGSvT0Z2xTdlbRLmtu+6i3tru\\\\\\/vM6RSN2BlsEtlCrFckl9pJCKeiqDyR5vQchqm1pJpLpLmtHm7JW+JWvbXVtbSK1wXIODuTcFLINuVXAAQLgBR\\\\\\/z0yXLZ4xQY2h71+aMrttaPXt1u1s22r7lKR+GBC88bmYllH8Q29N\\\\\\/Awr8Y6YD0GUlqmunTv3\\\\\\/UpWTxrewIuY2jmgBkbf8+yVWDAqAhiHJIAZsK+Sx2qInrF\\\\\\/L80cuOb+q122pKVHEWtpaTpVNNdOfo\\\\\\/PyEkkKarLulUhrrUohIqsSsbXz+UzYXbJGnzKgV0KDAZ\\\\\\/NBFfG8Ru0Ket7R57b\\\\\\/Do\\\\\\/Q\\\\\\/hlTUXmEXCUZRxc3JvdtOV77e+323jr1OkbItL3yQuUsJ4gSPmfcGZWVGwQ+9WdWyD\\\\\\/wAtdqlVFfE4SX+1UU3y81RW0tbSX9en4\\\\\\/PzlGrUXPpeWnv2srdHe1rfZ6WseifDOUzTx70YsVDHywJQJGZm+U4wqiMBFBJzlymT5lfN5\\\\\\/HlclHpKV36Sa\\\\\\/Gx8vj6bVWpaVrJ+ze\\\\\\/Kra\\\\\\/fb8ep9y+EEEUUKs5Tf8xY5kKBkwmcYI3kcKmCFLO3WvzzFa1JNb6x+a0v8Ap8rnzVZOU5csdlZv+7\\\\\\/Novs\\\\\\/Df8AA+gNBcvCgfY4C5K42sCwG7I6KpwSAOB0Arx63xXt3X3WR5GJgldxTgrfFfmT\\\\\\/u2vstldbHoNiAoU7CrZHzB9yHDZbaVCsMZ3KTu54I7Vx1JO8rPmu727Xe132+XY8Sp727V1qo8m1tnbZff8zu9PkQAALnCnBxtbGCGDYUEDJ388Y46ZrJy5UtPl\\\\\\/XY5pK6d5QdrrXbTrb\\\\\\/n5+X59VCRJEwHOxQGJBJUHkDK53xMMbf9ptvao5p\\\\\\/F0T7f1t\\\\\\/XU45qz1s76K87c22v9zl0Wnxfgc\\\\\\/qS\\\\\\/IxYtt6kkZwAflCkHhBkEEYz0ZRyKhu+vfXyOqipJ2Vnay+Vn\\\\\\/AE\\\\\\/wOOuEjZJFbJ4PQ7WbJ55YfIygc7QBxuAw2aum3s7bfj\\\\\\/VzqvZpro9e1\\\\\\/\\\\\\/AJHvfqeB\\\\\\/E\\\\\\/w6NR0jUbVoS7iB54wOpljHmW5TcP3TF1CkDqpClSuGr6PLqvI6cnL3W+V9rS+JfKV9fzPoMrxMqdWlUjLlcKivpy6X5al3\\\\\\/gtr0v6nyDpEDF3jkPEDKcODGTvKsvyvnpuxkbiDHIoKMMD3qsbJ\\\\\\/1e2qfzsfpMMTGMYyveLjdPe\\\\\\/KuVO9tb6fp5+h2sTgQ\\\\\\/u1dvMG1XAUfxcoFHz\\\\\\/e8xV9Rlq4bcjk1s1f\\\\\\/t7t33uc85xqQaUpW9L35F8OvZaL07JnpOm2qRxgBc4yjEgFiFPKL\\\\\\/CF3k5cfugvC9q5pye3V\\\\\\/F5X3X9aWPJqzV23K32ldpaRVtUvij\\\\\\/ADefU30jTgANgMrL8o2l+jAdduBuJ3D5u1Z2MI1HD4\\\\\\/eT0Wn2Ovpr+iNKG1eZo2PyoxAXyyNoIJDLtPzAn+LjvzRs7dU\\\\\\/wAjGWIipNWs0trfF06e77u2vzvqXf7PiULuVd0YbO5fMDpz8ybsEuQAcngcY64qoytdPVP+n95zyr1GrKbtpr30Xy37feQNGsPzLsK8cZBABIBU9fX1bB6rUddNvxOulNTp2le6S1lt6q34P+nNDd5IKfwpjG0M\\\\\\/wA+dy5wDhc4fADEj5B1oOeph4taaOWq5fh111\\\\\\/rTsWo7wudpbkswyNoDLtPO1cjdGQCAAMhepzTaS2uYfV3u7W9Xb8tvn6E4VWJIYRhcbvvKT035YHaVJ+dY\\\\\\/ubie1K\\\\\\/wDl9xK933WnLmV1bV2a2jHZafFLX8CMr8rPnOSykFSrEq3DoQCA2CMgfKrbmHBq1OyStrf8P6v\\\\\\/AFu3uoNSjDR6bKP2mnb3lzbP\\\\\\/Mj+zRy4k2qrEEYIzyvT0XJkBGOp3EnFaOfL7rej18v6\\\\\\/wCAZyaWl27ap9+z7jBbAbTlUXjdlt5O0DPyjO0r90AnI+\\\\\\/3qk7aozbbT+12T935X\\\\\\/r8SOW22dI2G\\\\\\/OxiykfKdx3NjAypBJP3Oucmrtza2TXXl317\\\\\\/13M1VUHq7Wtpu4vtpq0u\\\\\\/3GNc28kZyQHUNxsTaFwSeAuDuQ\\\\\\/MD9w4fvTcko8sfnffXf59+23p1QqKWvdK\\\\\\/2+i1s\\\\\\/NXWunmSwkqgVtp5Cj5iCSeMpn5uCflH3AvXmsg728+lvw6ehpwujBgcAHAJZQMqcrvBJ+ZG442lhIuM9qel9b28vTTf+rHLVclyyjfSV3b\\\\\\/Lz\\\\\\/AOCVBp4ZtoUOoY5ZQFYM4+5JnaZIz\\\\\\/yzwC8Z3hcgUP8A4Y1dXT3pcspL7Urbd\\\\\\/0\\\\\\/CxfjsF2bVicKoC5+RAoCnJb5ssytiRQdo3FQVNS7X3g\\\\\\/J6W7pt\\\\\\/5fMxliHu52d37RKM5c0deV36q2qfW9\\\\\\/Iha0XcsaqzDDgFyIk4y7AMECjKkDYAGy+BiPbVJ31vy310\\\\\\/JW6A6yau5Ld7L7k4vVb2uItsQMlPLJJPJAYDGdwYE\\\\\\/PuJCxMBIxztGOK0lqoJO97q\\\\\\/e1ld\\\\\\/mzL2nM3KWitHR6qS7yWj7OM\\\\\\/yuMFllATkYw33QhcgsclW4TPzElgFJz34rMSrWukr6vlu3eK6XlfWydreRBJZ5OUULz8xyCfmVsB88FewZjz94AbMUHRTqp6Xu9r2tfSzsvxn0UfmQiyyVzwzKMMVcx7NvO\\\\\\/H3cn5SqgZwCQO4X7RNNLulpy7r9P66D0tQ5D58tQpC7gAc8qGxwWXjGPvBs96mcnFeb\\\\\\/AA\\\\\\/q\\\\\\/wDmNyV7dSy1oBl9u04LjcuAUHARcqDh\\\\\\/vICc8uM+iTldJrSyu+t7fJLXoTzJadtCH7Fh1KkjcvOBkog5O4dOWJ5U59t+cVzaSt0v82hKS971\\\\\\/yX+T9GWktmD7QSGBYlkO0vn+JuiErgBcc7QOBzWVnPeS2v10+Wi363H7VJPWLtv1tbZP8Aq\\\\\\/qI1sQxyN4\\\\\\/gxgqwyDujXqxHzbcE4PPNUoxs0+v326P9b+dmEanW9m9JKOyfVP+rX3Jo7dgQTvAkLZDIxlHIx8xGw7+roTkDrWbVm073T7W01ByUnJXu4pLTb9PUuSWpbGxT8pGSuWZlbPmKRlQsijjjI3Y47Gb2a\\\\\\/AFd2fpvt\\\\\\/wxmvpfmcFAArbk3Dacr8yjdg4VDkhgpyGyQuw4JStq9d\\\\\\/wCv+AddKryNXlpZbPa3b+uxUOly8I+0Z3EsvzAgj5hxxksc\\\\\\/wC9n8I50+0tNtrf8N5naqy6S3V7W1V9fXqV2s3jByrBFG5zg7WUkA4UA\\\\\\/IoIGByTvJzzVPlsu9tP6\\\\\\/rqVzqafv6rt3X9aLvy720HgIXeyqpbcUyvGQcsARj5ivQA\\\\\\/OGCkcYqB06krqN+ZaJrXdfp+Gj9Sg3mJzt\\\\\\/iZVfgAjcflAxkBjyCPujj2pNKWjOpcjdlJf4V06W+WxmXjsFLP8obLE7tn3FBXkYITlsqT8xOcU0tl2Vvu0G7NpLe7v95j78bQSpMg3DlWYop+8oOF4PeQfMylh2zdnfyHKD1snvdx7P+b5+pm3t4hOwAhlV2AJUxpsRWJYtuBQnLORyVQhcnZXRTi3t19Nu+\\\\\\/mKnBrmfRtJtdfP8380c\\\\\\/JOZFA27SpLHAO4qo3SNIzf6tH3J52QoAxEGVhitLNNLrpY35Larmte11vfbTTSX8mzj8Rz15MzSsIpmOPMYpGFSaVFGZDE0v3YU+5CZNpMpi80g\\\\\\/ul0jDq973\\\\\\/wCH87+Z107RilJRuorl+1Tel1GcVtKV+afaPNudh8O9L+264lwys32aBj5Z3PFHvcEAuPvSKin7Qow5fKgqAHM4iShh5u3K3Jq\\\\\\/669\\\\\\/6eyPDz3EcmHhTTuqkkpu1m7R5YuS6RfMnHtotD7E0GBYUU5YFGjjCsoWNlQb1YDnyy4cjLfveOFPLV8tinfe7a6\\\\\\/hf8AB382fn9R80m7PWLlpu3J315tLa+h6Xp4KtGobMYYDc46kAZ+fcG5bOzfyV285rg1vdfP1MKj5lNct3K7SVvetty2\\\\\\/l+1ay3tcu6xP5MEhU4B3AdMM2z5GOcZWNeAWYktnAzVXW3c5aHvyTlvpsm1t0l0T6du+mvi+ruzO7Nuc5YFhkK6nqw3DcOSSW24Yc5p7KyPosHBO2qjf3r735e+19nqeZ6ySgY9idpwAzkqdxYkMQvA44zj9eiF7K\\\\\\/9L+u568Xdprqr36bb\\\\\\/M8Y8WTCW3ddwIwcgDDxnJO5cyZwybtyYyY1GB89ephfjv0\\\\\\/PuddGLUvs2cb63vK6vbT3fd3vLU+eNZuMzPuk2vktHk7QkOEAQlvmmh4Y5Zt8ceTjar17FNOXK47N2\\\\\\/r5f1sdNKLcmkuZa3W1\\\\\\/711pFddFaV9NGfMPxWv5Pss7xtugkh2CKQeVNbzefbbHlJLKirKAEVVQOrMVOeT9jw7QVbH4WjbWWIoRd9fdc7X5fRpcy9dD2MNBcvJyxcouUrvS8Upu6VtN\\\\\\/xaSPGb7yhcypE4WWAi1UOq7Y\\\\\\/JDb95XO3eykKVZsK4BzzX9PUo8qso+7bTr7vTV2vpv8AetrH+h3CGGjg+HMko8toLL8JUbT3lOlTb5dt9b+upQibG7CsvDNIkgBO98HBIGCG5CsegArdH18OZwivc5VyrvtZL7+2l7+ZdidZPNk3IoVAFIYsWcZ2kr91GK53YGTj72dlJWWnfX\\\\\\/gnRe3Lfvdef8ASTJInKs2HIO3AhOBxuB+Xn5yxwwXczK2QRnNUbF+OZgsZZA4Bcvw0ec8lcjDEnqowQDkt9ypcfi\\\\\\/vWt8krf8HyC3RfL5EizRZZVSUl0c4OSjJwCny8ghdiM4+WUHB6Yq+SSu3td21S07Wvr5O3oaLdczfba\\\\\\/l\\\\\\/29b52RZhkDlR1K5UcN8pViByODjOCuMjop3g0ovR9H0itFL5LZa7W0vYJXXN0vrdta3683S\\\\\\/fTm3WjRbDsm4EBi+4fu8+ZubpGAc7V5IMi8Aj0rWHvxXNF3i7e9otH0XW3frYTWqd79VfRW207OxZgYbcKrFgwbLKJJWALNy5IO7\\\\\\/nq47uvalVSTv1fS1rdNummi8vxbu3d7b+fzLSHB3sEyMMV6HAxt64LAAjEaspA6yHpQnJR2k3ZWsk1tp\\\\\\/wd\\\\\\/vHrta3Z+Xp6FoSFVGx23D94kbJujC7sfNgADduKxvgbQgzjoD33vGNus9Lrp3\\\\\\/q33z5afOVtfMesh48zfuV2yNwbZgcE4XJyeCCQF\\\\\\/hIqlGNmr8ye\\\\\\/b5W79gcbXtZq9vPqvd8rbdy+shP3jExZGwAZHiEgKj5QcszojeYoBySUVjxUtRjGUY90\\\\\\/S\\\\\\/6GbjZp66SWj+Lltrfy5uxeBKpty7BUUKZFxuJUnG7B5Q8lV+VfuyZGKq0Oa\\\\\\/u83V3X9LUxber0et7Q3Wr9527vX\\\\\\/AIbSzb7F8yMldrgAKEckndxhD9yOLCkAAHeeQORRNXXw3enn\\\\\\/wAP2t8zGcm+Vx3116+b+e\\\\\\/p0L0Z+8hYhACGzzt8wYVmYkD2KgbC3PWseV2vbRaelult9PwMWnfu+348vzvdet\\\\\\/Iep\\\\\\/2WKEFOvHlA8gnrkH+Mgg\\\\\\/MM1nJJ\\\\\\/4n+Nt7lcrWnu83NCXf33F2fra9yUYDcthfmbe2FxtO7JB+UtzgrtBJPGN\\\\\\/C5Xu38PT0IvzR0v30317\\\\\\/3bWfpd9yw5SQ7gJV2huuGLEFeQBuyqHkYAVvuuuRmkrvaMOr113f3\\\\\\/AIEJSTabi9bpW2v2v\\\\\\/XqAZCwYDzH27eNrR7TxmTPzFd5+VuSrcH3OVqSjJab2Xpf12\\\\\\/rqKV+XpGz66Pnvpy9Lct\\\\\\/ltcdjKYaPB\\\\\\/1cnyMUjK\\\\\\/LlT168bskdskVck2tN9H8rXX+f8AkTdxd7uXZXtP5r7SffruSruVSgdMKCOORg8Att+YfKQ2fuhSAOOma3cpO1n879v6\\\\\\/wCGU7P3uW\\\\\\/pdWXp+nTyRKzgqyZ2yI6xsduVIYM4GAScgDGQo+uMU5S5tk7LV6eu\\\\\\/wDXczS15nrDkc0u0k7W8+3n+Sq+AFkOSyyyRsq4KlASTyRj0wd2CepxmmnzR5Ve6S8vUJQl8SVlFq8NNb\\\\\\/Z63unzdFrYYrlMszb48Krrt\\\\\\/vAgYOQCCxPI4+TI60ou14\\\\\\/a3S07XX5DlG\\\\\\/uxVm3L\\\\\\/AMlv\\\\\\/ltbyQ4lhJhGGFZgARnhMgcjPIAbIPXbk+4nyvmlfW+lvTu9F2C3uxXLzOSV35ta6u\\\\\\/Xpt94jyKwVlbYGXdjGcMWZCwweM7eG7dB14TTT5ntG33J22v1FGNrqXve8or+7dN\\\\\\/h96WvqpfKlCSJEdY3bbkEMGcAgEnIAxnaO\\\\\\/tTnLm2Tst9PXd\\\\\\/wBdQivtP3ocjmlt7ydvn\\\\\\/XyVXwAshyWWWSNlXBUoCSeSMemDuwT1OM00+aPKr3SXl6hKEviSsotXhprf7PW90+botbDFcplmbfHhVddv94EDByAQWJ5HHyZHWlF2vH7W6Wna6\\\\\\/Ico392Ks25f8Akt\\\\\\/8treSHEsJMIwwrMACM8JkDkZ5ADZB67cn3E+V80r630t6d3ouwW92K5eZySu\\\\\\/NrXV369NvvEeRWCsrbAy7sYzhizIWGDxnbw3boOvCaafM9o2+5O21+ooxtdS973lFf3bpv8AD70tfVS+VKEkSI6xu23IIYM4BAJOQBjO0d\\\\\\/anOXNsnZb6eu7\\\\\\/rqEV9p+9Dkc0tveTt8\\\\\\/6+Sq+AFkOSyyyRsq4KlASTyRj0wd2CepxmmnzR5Ve6S8vUJQl8SVlFq8NNb\\\\\\/AGet7p83Ra2GK5TLM2+PCq67f7wIGDkAgsTyOPkyOtKLteP2t0tO11+Q5Rv7sVZty\\\\\\/8AJb\\\\\\/5bW8kOJYSYRhhWYAEZ4TIHIzyAGyD125PuJ8r5pX1vpb07vRdgt7sVy8zkld+bWurv16bfeI8isFZW2Bl3YxnDFmQsMHjO3hu3QdeE00+Z7Rt9ydtr9RRja6l73vKK\\\\\\/u3Tf4felr6qXypQkiRHWN225BDBnAIBJyAMZ2jv7U5y5tk7LfT13f9dQivtP3ocjmlt7ydvn\\\\\\/XyVXwAshyWWWSNlXBUoCSeSMemDuwT1OM00+aPKr3SXl6hKEviSsotXhprf7PW90+botbDFcplmbfHhVddv8AeBAwcgEFieRx8mR1pRdrx+1ulp2uvyHKN\\\\\\/dirNuX\\\\\\/kt\\\\\\/8treSHEsJMIwwrMACM8JkDkZ5ADZB67cn3E+V80r630t6d3ouwW92K5eZySu\\\\\\/NrXV369NvvEeRWCsrbAy7sYzhizIWGDxnbw3boOvCaafM9o2+5O21+ooxtdS973lFf3bpv8PvS19VL5UoSRIjrG7bcghgzgEAk5AGM7R39qc5c2ydlvp67v+uoRX2n70ORzS295O3z\\\\\\/AK+Sq+AFkOSyyyRsq4KlASTyRj0wd2CepxmmnzR5Ve6S8vUJQl8SVlFq8NNb\\\\\\/Z63unzdFrYYrlMszb48Krrt\\\\\\/vAgYOQCCxPI4+TI60ou14\\\\\\/a3S07XX5DlG\\\\\\/uxVm3L\\\\\\/yW\\\\\\/wDltbyQ4lhJhGGFZgARnhMgcjPIAbIPXbk+4nyvmlfW+lvTu9F2C3uxXLzOSV35ta6u\\\\\\/Xpt94jyKwVlbYGXdjGcMWZCwweM7eG7dB14TTT5ntG33J22v1FGNrqXve8or+7dN\\\\\\/h96WvqpfKlCSJEdY3bbkEMGcAgEnIAxnaO\\\\\\/tTnLm2Tst9PXd\\\\\\/11CK+0\\\\\\/ehyOaW3vJ2+f8AXyVXwAshyWWWSNlXBUoCSeSMemDuwT1OM00+aPKr3SXl6hKEviSsotXhprf7PW90+botbDFcplmbfHhVddv94EDByAQWJ5HHyZHWlF2vH7W6Wna6\\\\\\/Ico392Ks25f+S3\\\\\\/AMtreSHEsJMIwwrMACM8JkDkZ5ADZB67cn3E+V80r630t6d3ouwW92K5eZySu\\\\\\/NrXV369NvvEeRWCsrbAy7sYzhizIWGDxnbw3boOvCaafM9o2+5O21+ooxtdS973lFf3bpv8PvS19VL5UoSRIjrG7bcghgzgEAk5AGM7R39qc5c2ydlvp67v+uoRX2n70ORzS295O3z\\\\\\/r5Kr4AWQ5LLLJGyrgqUBJPJGPTB3YJ6nGaafNHlV7pLy9QlCXxJWUWrw01v9nre6fN0WthiuUyzNvjwquu3+8CBg5AILE8jj5MjrSi7Xj9rdLTtdfkOUb+7FWbcv\\\\\\/Jb\\\\\\/wCW1vJDiWEmEYYVmABGeEyByM8gBsg9duT7ifK+aV9b6W9O70XYLe7FcvM5JXfm1rq79em33iPIrBWVtgZd2MZwxZkLDB4zt4bt0HXhNNPme0bfcnba\\\\\\/UUY2upe97yiv7t03+H3pa+ql8qUJIkR1jdtuQQwZwCAScgDGdo7+1OcubZOy309d3\\\\\\/XUIr7T96HI5pbe8nb5\\\\\\/18lV8ALIclllkjZVwVKAknkjHpg7sE9TjNNPmjyq90l5eoShL4krKLV4aa3+z1vdPm6LWwxXKZZm3x4VXXb\\\\\\/eBAwcgEFieRx8mR1pRdrx+1ulp2uvyHKN\\\\\\/dirNuX\\\\\\/kt\\\\\\/8ALa3khxLCTCMMKzAAjPCZA5GeQA2Qeu3J9xPlfNK+t9Lend6LsFvdiuXmckrvza11d+vTb7xHkVgrK2wMu7GM4YsyFhg8Z28N26DrwmmnzPaNvuTttfqKMbXUve95RX926b\\\\\\/D70tfVS+VKEkSI6xu23IIYM4BAJOQBjO0d\\\\\\/anOXNsnZb6eu7\\\\\\/AK6hFfafvQ5HNLb3k7fP+vl\\\\\\/Tf8A8E8yT+x98ISTkn\\\\\\/hP+cY\\\\\\/wCao+Nux5H05x6nrXuYP\\\\\\/dqXpJfdOSP8SPpeq30iPEL3eX\\\\\\/AJJPTtfgfhp\\\\\\/jv8AM+0q6T+bAoAKACgAoAKACgAoAKACgAoAKACgAoAKACgAoAKACgAoAKACgAoAKACgAoAKACgAoAKACgAoAKACgAoAKACgAoAKACgAoAKACgAoAKACgAoAKACgAoAKACgAoAKACgAoAKACgAoAKACgAoAKACgAoAKACgAoAKACgAoAKACgAoAKACgAoAKACgAoAKACgAoAKACgAoAKACgAoAKACgAoAKAP5DSQOOMMcuMjBABUEAe2cbeQdgJ7184oRsnb37bvp879+lrH\\\\\\/Qpa+r31iur1d9Xuu+vupc\\\\\\/RETOI9\\\\\\/zMF3ZDFXwn94ZOcq2dqx54Hr3pc1ve3\\\\\\/r+v+CaqnzuL0bV2k3B873\\\\\\/AAX29NUMCBTuUZOMHaDuJz6Y4OOct1GcUx8zlaDaSW1\\\\\\/h07\\\\\\/AN3Tpp2KspAUgoVwQEflgMc7gfvDBYKijhup29KG0t35G9O3MrTcm0+aDtFyXZL4W5aSm9Jbv3nuwsWwGGZSBHgldqgAB8gc\\\\\\/MPmUEcZwKdnZPWzSafk9vw6FJK1k+WnF8zte7cl7qjfX3bpPaxEpiBUpk78ocBkwvpudTgBSELKeGGOtOz7P7jW1Rp8zu1Z3upXe97Rs9d7PX7hDFtQP5hZGJUglGO4KGRiRktx8jZGB2HqgU+afK42cbO9pxvFyd2lpy+87\\\\\\/3luRyZIBL7SqhkJOE5AI2gDJz8xfHeguFo3tG921Lpd63bu72v8Pk+o1dzRu6oDgbtxwVUg8gh+csSWTAzQVLSUIt2u3a94vyd46e6vdfNva7ICRyVBGeWfOFxkFsnlh0ypOCBwBtoNFsr62ulFvVW2cej1\\\\\\/zJDGRgnaq5zvULt29mXBBJJGMqdgG\\\\\\/BzR5P+r\\\\\\/ANIhSWy959n30+K\\\\\\/u9Vb7WvyK2F7jJJY88Z4OTkHa2eoYEKT8wLA817y0978TZc1tJWSS30t0s09fLUbuwzLtUnb8qZchVAz06DG3nYAc9al6b\\\\\\/P9f8Ahy7c0U+f3L6yXJzOV9U+tult0vPUa5PCBCf945GeMscgbeDk7twK\\\\\\/eO7NZSbk3bRR97e\\\\\\/mrfL7y4pptuSXZrTTpFJX5rbKzi3NPlSiZ5AJYB2bkkL\\\\\\/eBBHbBI6DsQfvc0pS5lflts+bXXzv5+rR1RduV2irbytaz9NV+ZWmClWV4iEUE4GS4PzDkHhnPUlT7k1ma0nZqUanNJyXpblTT928ra6X8r7MoSJtySVcdtxG8vjPLY+6uMAoSG64pnVCSmnZONtL\\\\\\/AGXrpbz\\\\\\/AK3KMxVty4UfIpPKLvY8qo\\\\\\/hXpu2gEkb+FJxQdNPTllJuV21zPeCWmvm\\\\\\/lZvsZ0jOCXVQ+843A7WQAHcvO4bSoZEfIwT1NBomvdhbl3buvdl\\\\\\/LvvNXV\\\\\\/O5Qb7x\\\\\\/dhA7ALvbKdjkIuRwCyBwTjoATsYgp25NXd2Vm93td99d2Vn3lSFWKMBGKg9VJb7rhcgoP4WA+rfJQcs19qbldaPfpe90\\\\\\/1v5FWFCJQhOVVo9pbBQkHgbBjacnb0ZcIEOSKylKza8rf5\\\\\\/g\\\\\\/wADjrzjy3d7ShUv\\\\\\/NZwcdf7u731X4Z11Js1qYPvDLe3qleGUeSxeJFbChhtYkh9pcycqXjWQ\\\\\\/H8SpSp04\\\\\\/3G\\\\\\/zf4fqfw7jqKpVM1pr3VTx81eWsbObirLqrfOKZ2ltK8luUORlT5snLrF5q7svypZgGCBNpOB5bdePgqMrYmnF9ZL13t+H9efyEa8aeMjGWt04xtu5LTl84StzJ9nprv6B8Jg3mQocrGihT8uQzK4Q5PyqNiY2jkpuz1\\\\\\/dr5HEsWp1GnvJ6dGub+vxR5WaxftJu929bL5vmXlL4fl5H3V4VINrCYs+WAI\\\\\\/MKgg5JyA+3duZQGlYhADsCso4r85xn8Reh8nXuqkuZ8zu9efpd+f4f0\\\\\\/adFlYGM78mPKBWUDbxh9zAluVwVVs5KnpXk147v3m76W2+78fvPNr+6pNL4rLvtfr1fdnpOmyNI6rvAKlTkkYOPvEcYVT1wQcgfKT1rhmlo5Llgubmf8Ae+y\\\\\\/W\\\\\\/6bHkYmKjflTk7t20v\\\\\\/APs\\\\\\/8H0O+sWkizjzHT5jvkjJDn+EgAbo3IDYbaB1z3rBL7+r7vqzy6kU19hS3ko7pvV3l1af2el7eZ1ljK2TlAAFXLJu4IXAbkFX4PIHPy5GO8PXfk8+\\\\\\/wCZyTastZXv9vSG7vdf+krpoMvwHQgAFdpJ2\\\\\\/MMsWxxwQeee4LHBrN9fV\\\\\\/0v+HOijJJJ8097a91pr+unocJfhzu2KGwCpA5bHQso5yG6AH5sjYfumiFlK\\\\\\/r+TPQiltez3u9+nc831+DfE4ZAQUkUbjuUr67jnO5V27sYjA2v81exgptxSvtZ\\\\\\/N2+47qFoOLWvve9rvs+X\\\\\\/t749PmfE+vwponjaO1BYW+q\\\\\\/a3g5JLTBXuQrZBCqq\\\\\\/aI4wAC8hUKdozX19GPtsH7R6qFozX8sXZa+sn+Z9vgq\\\\\\/tMK0naVHllJ2XwJKMY\\\\\\/9vQ5Xr1O\\\\\\/so4mjRtoYM25GP8MjDaSpHAZVJQYOA6Lg4rgqwlzNNcqSba89dP07bnRKo4rVttfE+72b+b\\\\\\/wCCdnp7ElCoCZ78tyVwykHOQw3EYzg9FbrXLKN1dPRLbpbf5GE3Gaumr9tm79PPfpfyOqghGAwVlC437iSSNuNxGOFZSNx9FzWJx1HyaN2dvd0+7+mdFDHbBd6iQEKDv6ZGBzg9ckBA3dADSPPk5Xd7NaWv26fhp\\\\\\/wCCWUZAVmwOQ6gEhgMYY7iVC544RWzuXcCKZs4Pl5muW7uo973f3dVffv3zZ1kkALqAuDu3A\\\\\\/dyTuCqcuSADkgHPQAcB6K1u2vr1Oii0k7a6+7Hdxt8S67Xt208yuYtuWyNobDAHDYIyhY9ARwBt3Z54XgBHQqkW30VrW+Pp22Wi29SWJZFxzyGwFyMsdxIxk\\\\\\/MobJfaTtZ\\\\\\/m9aDOUo6d3bfT5W7\\\\\\/lsX1jZkXHLGTaY3kGB1LZBGVCtyVBIZlzk0HNKSU3zOySdpRhyty+zBy6vl69fMlkIEQDscKF+d13ksDyycggE5wMgFcK4ZgQWldpGSknJcq01tbSSXS63k0t3111W4xiPmbg5HzbH3KFOBkMQCSeDvVQGfqhBzWsY6Lylf1s2RzaW76a736+nUgEvlg7SThigITDlSMElQ237x2yKMBhwNwGasl22fXQHuQFKADPzb1DAoNpCh8gbQxG7AxtCkb\\\\\\/AJuDSjfsl1f9PfXyTOWpCLbfvycW7JaNXb0d18Kvo5aWty9GMZ43yFU4Xad2Mvu7gYI\\\\\\/HJ\\\\\\/4D2ofR88ddE7+Vl07f8ORF1KW9kr\\\\\\/AA\\\\\\/zW07PTrrb7yhLbOQNpPAKDcrY25z0zncAGBJONuPl7VPX5\\\\\\/I6Y4jm0cIx21vun7t9V5b92+pDlo353kgqoBwAMnKkIQT52zP3cAllOBV8y5bPpt+mvl\\\\\\/V9TX4rNcuqeq3d9V8vy0NRSzRgfMxB+UZ8t8rggvIR3bOMHOe5qCGlFSk9Pd3TbVvJf1pZdDSQFfvgZbDEE7QG2ExqABuOS+AWJY7OUPWond2f8v5K3+RyNwf2pWS6Jrb4rKWivG2iem1try+SjbS5AKhQUG07sHgSMBwCxXOSD60Kafxadt3p0MpXd2ru7vfS9vl+nyICqFto4ZWZmLEYBDAbZFJ2sdxOHyTjDD7tKUmmmtmr+t\\\\\\/6\\\\\\/4cHFxSlJP3krfPbb+t+pSnlKoyKyrhiyyMpdsYJQPwWBUDdnGSwTnNDcZNe9b8PxexvSppOMn59tn3+X5+WtNiX4YZCsG2\\\\\\/dUY4yQTlifm2xHGOPl7Vd1Zta6G1qafMt27ed9b28\\\\\\/5iZBJG2QGU\\\\\\/KylmAVQ33SwUAO4AwNnBFYOTbv1KcdL8sX003t5\\\\\\/3SVYTu3erEfOFY4XLFgvBUP6\\\\\\/38\\\\\\/gNuW\\\\\\/9eZlN2iklZwd0o+7FSdrJu2uj1f32bQolbkLlQQUYkkkqAYyFXv6MBkgc5OM0r2d0xNKSSahJ3ulyNpO7cZSfWPL8LtrUvbylMZIVWGYgAFLNwGkGSpY53N8v3fXnile7frqacsb81vekluve02tHp6iIpLHaSwTPXLD5BuZj83ynlV3AFiRx8tUr7roRfS3KuZ62et51PdXZy03\\\\\\/AJflo\\\\\\/bycpvMgIEhOAvbIbpHk5O0AfKVHHSlJ3dzSnHljbTr3fXTXq7WWpYVABhQTEo3o0hwS4H8Q+6N38WeSBwy9KV737lWje\\\\\\/2unp+Y5Q\\\\\\/mRlg\\\\\\/lYIL7gi8AHcme\\\\\\/Py71BIPXtU7ad\\\\\\/wBTS0fZv4ea6\\\\\\/W9\\\\\\/u\\\\\\/rq9gqjKtkH5AVBZiwznIwwVeg3ZBOc5zSavp3Vgg2ndW03\\\\\\/l6LT+8N2xuoRY1Q5JZfupkAcv0JJwuD68isZc0dL6dLpfd\\\\\\/W\\\\\\/4GnM+bmTk21y6fFts3bdaLb\\\\\\/MhnjBAA2AMvyZkfa3Lc9jySx2g7s43Hy8VDtf3b\\\\\\/8Hy622t1NKcrKVk9Hdpw5n53l0trurX+ZlTQsMAllUElfMOWDFtmwIN33t2SR1HXOK1T2UtH+fn6\\\\\\/qb05uTvHdx6eeunp9n+\\\\\\/fQozWuG3gbkbdhiBvUDqH+XapJ+UEDIAxnODVXV7dTphUShaXxJ2W+u+n9bLYxL6NUjb5dz4BK4IUDsBuDYDjqx3A9F28CqW6t\\\\\\/Xc1hzPVysnK0VvZ395fLZa7dOi4S4vI1d2bgu4QBQVU7CSWIUEqD9xBjaFAeumEG7X8mv6\\\\\\/E7HFfDF3SV1v06\\\\\\/wDbvxfM5O91BBiMBQhJZ3bPCcbFV2wGTPzkKCjLhCMh674UZW7dfwX9d\\\\\\/IrRtt6StFfkld+it872Ryt9r8drNFbIZZ9QuXL29rESZpEUkRysPuwxJJgrcT7EBcH5pCiDSNCUm3y6KOs1f3P\\\\\\/wBp31+LotLM0VOXLKcmlSSUJOTtabV5xi+rkvsx1Ttzac9tTTdPuZz5077ZJpAyogDqmQhKorZYxQfPI7qwZgAZGD7QmU7JNXk+kl531SV\\\\\\/mW68fZq1FJKyXMrSasrc7\\\\\\/maTjGPRKzvY9++HWmrb27z4AZmLeWzHDRAkIzYxuWQ7pjEfuiQRjpivOxlRxUUl8K07rm\\\\\\/rqz4vO8Q61apH7KSpXtez3b5dGrNcvN13PpPR4GAjkUB4fLVtoQiVpiwKuvLZYj5TgbgGwo218zXbdSSb1Tf562\\\\\\/A+ZqNWa2mpSu\\\\\\/wC5ZXj5+96HdWAZYQ2wNvDb2cAgMrZ6ZClz8uHIAUYx6VmovVpabs4q0k5SjzSVkk4ptf8Ak103\\\\\\/hjr\\\\\\/MZus3WFYuw+UFUB3Apg4CJxt2rnJZQxc8qGYlqRph6TduWL3u9LP1a2Tu7nlWqEMsrFyTg5PT5sYU5HGXIAH8WOD3o6+R9Dh0ouEeVOVuW3RXV+f5+m13ueVazIpLhSu1BiPAJ3c8bWGDj5ssW7rk11UY21fS1vSSPRjo1eN27OXnH+vwPGfE8qlJC4LOV2ZCjcywkOyyA5QqN2Q\\\\\\/OQMjjca9WhZWhtbXTp3\\\\\\/4HzOmm1zOK0ja6tdOy1XK7Jx7yf2tWr3PnTxJIyGaWLYWWN5nwWkmBfcJDu3ANCflOT1R2ccpJXs4Zc0Nej+\\\\\\/ovyOijJ83Pt9nmkkoN\\\\\\/ZcL7ScdVf7V+b3XFHyn8RVe\\\\\\/uLew+aA315ZwTeYAxPmETRESo0qOkotm8sMEkjuYRGmGZa\\\\\\/R+BqMamcYG650qkqieyvSbbVuvs7uT01jZ9mfS5RTWIxeHp+7+8xFKC6XjKvSp1NF70rqdtfd99nk8kjPLczMp3PJ+99lXJRCxOAQu4qgYgFiAcYNf0PT+GH+F9LdV06eh\\\\\\/o7l8PY4PBUNH7Ghh6dkrc1oqFlZaWtolp203h\\\\\\/1hRxJJEFQlV+URshOW3FgQCvTHIfZtVWxmrStfzbf3\\\\\\/wDAPXopKPJam0m1Ny1lKW0Gvl1f4E8YKyMww3ygKsWB2I3hmBJcsDwQyjbgEAVR1K0Uo+bS+T\\\\\\/4YsBsAbkChcszFgzN8o\\\\\\/d4GVaM9x8xIYNuHVAtK5Jbl1UOZFZEdlC7mQfMdxBYscqhOSFJAGFqvd1vzJ8sddH06Ly\\\\\\/J9y9P5XdLTt\\\\\\/X9IvxEk52bXQsASwyoKknbtPyuSOAmRuyCKzi3zdXrq57f8M932WwJdXe35S9fXdepcjYgAsrFgoVSfcHJBUIFUkfMcFkK5OSa25XdNcsU+sdL\\\\\\/ANd7GqStZ87tul8N73tb+vUtoxBG\\\\\\/nLYzlQBjnf0yAvVflGc9G61aab5fevZq\\\\\\/e11fr1M7Ob0Ukuy\\\\\\/Dz8i2HYGRcrISy5X5uF4LBjzubHTkAY5Lck5W0XuyvZX6a99nv8vQuOnL8fVvtdXW3n18n0JllyUwqd2QA\\\\\\/e\\\\\\/vhiAFztGfl27Hy4znFUkknLmkrfEtn\\\\\\/dX6a6drCkmkrSlay328l5\\\\\\/LYsAttfGSG4O1hsRy2+PLFMsfu8gqT3A5qo83L7z5n22+\\\\\\/8AX57mbt7q2skmpaSlZLWOuz\\\\\\/rylA2DnBO5ixEh+YEksoGPvEDGQQo3YXPFEZLVOVn25OW3ZKXVefXR9S5N2S3Vlo46r+63u7d+r1sXYAoIXeepkAQLxtAwA24FcHEbhyMqOdxqrp6q2nuv1W9\\\\\\/uMpN2u1\\\\\\/d10W1ve300XL8jQWRXCtt6My8985aRuDwoOURV4ONo4FK0YvWzbd9baa6HPJNWtJpac34cvppu1a3xFxSIwMMWBBUDzS5XJI+VPvOCCAWHzd1+WmuunLe\\\\\\/Tz0ZnOMmk2rvq7W9fx\\\\\\/4BdEpxxjYXAULt+XjBQjO5gcMASAAy1lOOl1r3fR36\\\\\\/wDDEezV1p6x003971vrb5D4erZyMryyMPLRQc8gAkqflXA+XOMdqSloly83vf1892739GRNqOnNz\\\\\\/l8t+n3fgWQG5CqJFbDA7V3PJjcTjPyjPynJyygHuaVST2cJRSbWn3aenRiUoyS5qnLNe6le1obLS1pWjp6X9CTczFXZdmyNQ4IVWVlbDMCeGUk9W+X+Fc8VmlbS712T3Stt12\\\\\\/pEPlimrxacrptaNN6O\\\\\\/2H5LZ6dCckhOQhcgbDtWMEFicHBIAwvQjBPT1qXF3un\\\\\\/w\\\\\\/Xbv2MpJc7a2tazd9L6a9et3+BJG5ZZBkEbsYY5DKB1JIxkZ+6AZAfYc3yvST3s7W2ffztfYmUUraKOmjkvetbRp\\\\\\/k+1hFkI3oEHBU9l4yT8rAAMAvAXgBgRuX7tTKDbVuXZdfwb6ffpqNpe772t3uk3v1j0d\\\\\\/tddyUzAFdvl8gAqp3HlD3Hy542FtoYADKk803Ttf3etryXu762XZ9L9LWM4xdm5Xas9U77S\\\\\\/HXW93d9Q8wCPkIHG75TgsQF5XAx94DlWyCoBFL2b35dv5UuTv73X1\\\\\\/zH7zlq\\\\\\/dvHVduZ2v37q35irLksX2LkblLEHP3eQCAwIOW+XdyDkmj2cv5Vb\\\\\\/AKd2v\\\\\\/l6rfZhJX5VH+9\\\\\\/k\\\\\\/8Ag\\\\\\/8ABGiUkr8qBVZl3EhQG3ZBOR7FgzMAx5VeaPZ\\\\\\/3I63ta3P5c3n\\\\\\/Mn1vvawSilG28rR0319Vt2t20Ayn5goVh8rcHGArsNoLDtjAUH7rccYqXB32StbT07930b6jjFKzl8V+\\\\\\/8AwdXfr3HNMFK7fLOQAQpB5KnnI+XPGwttyABlWPNVyaNqO\\\\\\/WS92zfRa6PpfpsyVFu7le1pbf4n+uva\\\\\\/3CeYBHyEDjd8pwWIC8rgY+8ByrZBUAij2b35dv5UuTv73X1\\\\\\/zH7zlq\\\\\\/dvHVduZ2v37q35irLksX2LkblLEHP3eQCAwIOW+XdyDkmj2cv5Vb\\\\\\/p3a\\\\\\/8Al6rfZhJX5VH+9\\\\\\/k\\\\\\/+D\\\\\\/wRolJK\\\\\\/KgVWZdxIUBt2QTkexYMzAMeVXmj2f9yOt7Wtz+XN5\\\\\\/zJ9b72sEopRtvK0dN9fVbdrdtAMp+YKFYfK3BxgK7DaCw7YwFB+63HGKlwd9krW09O\\\\\\/d9G+o4xSs5fFfv\\\\\\/wdXfr3HNMFK7fLOQAQpB5KnnI+XPGwttyABlWPNVyaNqO\\\\\\/WS92zfRa6PpfpsyVFu7le1pbf4n+uva\\\\\\/3CeYBHyEDjd8pwWIC8rgY+8ByrZBUAij2b35dv5UuTv73X1\\\\\\/zH7zlq\\\\\\/dvHVduZ2v37q35irLksX2LkblLEHP3eQCAwIOW+XdyDkmj2cv5Vb\\\\\\/AKd2v\\\\\\/l6rfZhJX5VH+9\\\\\\/k\\\\\\/8Ag\\\\\\/8ABGiUkr8qBVZl3EhQG3ZBOR7FgzMAx5VeaPZ\\\\\\/3I63ta3P5c3n\\\\\\/Mn1vvawSilG28rR0319Vt2t20Ayn5goVh8rcHGArsNoLDtjAUH7rccYqXB32StbT07930b6jjFKzl8V+\\\\\\/8AwdXfr3HNMFK7fLOQAQpB5KnnI+XPGwttyABlWPNVyaNqO\\\\\\/WS92zfRa6PpfpsyVFu7le1pbf4n+uva\\\\\\/3CeYBHyEDjd8pwWIC8rgY+8ByrZBUAij2b35dv5UuTv73X1\\\\\\/zH7zlq\\\\\\/dvHVduZ2v37q35irLksX2LkblLEHP3eQCAwIOW+XdyDkmj2cv5Vb\\\\\\/p3a\\\\\\/8Al6rfZhJX5VH+9\\\\\\/k\\\\\\/+D\\\\\\/wRolJK\\\\\\/KgVWZdxIUBt2QTkexYMzAMeVXmj2f9yOt7Wtz+XN5\\\\\\/zJ9b72sEopRtvK0dN9fVbdrdtAMp+YKFYfK3BxgK7DaCw7YwFB+63HGKlwd9krW09O\\\\\\/d9G+o4xSs5fFfv\\\\\\/wdXfr3HNMFK7fLOQAQpB5KnnI+XPGwttyABlWPNVyaNqO\\\\\\/WS92zfRa6PpfpsyVFu7le1pbf4n+uva\\\\\\/3CeYBHyEDjd8pwWIC8rgY+8ByrZBUAij2b35dv5UuTv73X1\\\\\\/zH7zlq\\\\\\/dvHVduZ2v37q35irLksX2LkblLEHP3eQCAwIOW+XdyDkmj2cv5Vb\\\\\\/AKd2v\\\\\\/l6rfZhJX5VH+9\\\\\\/k\\\\\\/8Ag\\\\\\/8ABGiUkr8qBVZl3EhQG3ZBOR7FgzMAx5VeaPZ\\\\\\/3I63ta3P5c3n\\\\\\/Mn1vvawSilG28rR0319Vt2t20Ayn5goVh8rcHGArsNoLDtjAUH7rccYqXB32StbT07930b6jjFKzl8V+\\\\\\/8AwdXfr3HNMFK7fLOQAQpB5KnnI+XPGwttyABlWPNVyaNqO\\\\\\/WS92zfRa6PpfpsyVFu7le1pbf4n+uva\\\\\\/3CeYBHyEDjd8pwWIC8rgY+8ByrZBUAij2b35dv5UuTv73X1\\\\\\/zH7zlq\\\\\\/dvHVduZ2v37q35irLksX2LkblLEHP3eQCAwIOW+XdyDkmj2cv5Vb\\\\\\/p3a\\\\\\/8Al6rfZhJX5VH+9\\\\\\/k\\\\\\/+D\\\\\\/wRolJK\\\\\\/KgVWZdxIUBt2QTkexYMzAMeVXmj2f9yOt7Wtz+XN5\\\\\\/zJ9b72sEopRtvK0dN9fVbdrdtAMp+YKFYfK3BxgK7DaCw7YwFB+63HGKlwd9krW09O\\\\\\/d9G+o4xSs5fFfv\\\\\\/wdXfr3HNMFK7fLOQAQpB5KnnI+XPGwttyABlWPNVyaNqO\\\\\\/WS92zfRa6PpfpsyVFu7le1pbf4n+uva\\\\\\/3CeYBHyEDjd8pwWIC8rgY+8ByrZBUAij2b35dv5UuTv73X1\\\\\\/zH7zlq\\\\\\/dvHVduZ2v37q35irLksX2LkblLEHP3eQCAwIOW+XdyDkmj2cv5Vb\\\\\\/AKd2v\\\\\\/l6rfZhJX5VH+9\\\\\\/k\\\\\\/8Ag\\\\\\/8ABGiUkr8qBVZl3EhQG3ZBOR7FgzMAx5VeaPZ\\\\\\/3I63ta3P5c3n\\\\\\/Mn1vvawSilG28rR0319Vt2t20Ayn5goVh8rcHGArsNoLDtjAUH7rccYqXB32StbT07930b6jjFKzl8V+\\\\\\/8AwdXfr3HNMFK7fLOQAQpB5KnnI+XPGwttyABlWPNVyaNqO\\\\\\/WS92zfRa6PpfpsyVFu7le1pbf4n+uva\\\\\\/3CeYBHyEDjd8pwWIC8rgY+8ByrZBUAij2b35dv5UuTv73X1\\\\\\/zH7zlq\\\\\\/dvHVduZ2v37q35irLksX2LkblLEHP3eQCAwIOW+XdyDkmj2cv5Vb\\\\\\/p3a\\\\\\/8Al6rfZhJX5VH+9\\\\\\/k\\\\\\/+D\\\\\\/wRolJK\\\\\\/KgVWZdxIUBt2QTkexYMzAMeVXmj2f9yOt7Wtz+XN5\\\\\\/zJ9b72sEopRtvK0dN9fVbdrdtAMp+YKFYfK3BxgK7DaCw7YwFB+63HGKlwd9krW09O\\\\\\/d9G+o4xSs5fFfv\\\\\\/wdXfr3HNMFK7fLOQAQpB5KnnI+XPGwttyABlWPNVyaNqO\\\\\\/WS92zfRa6PpfpsyVFu7le1pbf4n+uva\\\\\\/3H9OX\\\\\\/BPIk\\\\\\/se\\\\\\/CAkYP\\\\\\/ABX4x6Y+KHjUf0r2sGrYemrJfFotvjl\\\\\\/T8z\\\\\\/ABI+l7\\\\\\/ykR4h+vCn3f6j8NW\\\\\\/A+0q6T+bAoAKACgAoAKACgAoAKACgAoAKACgAoAKACgAoAKACgAoAKACgAoAKACgAoAKACgAoAKACgAoAKACgAoAKACgAoAKACgAoAKACgAoAKACgAoAKACgAoAKACgAoAKACgAoAKACgAoAKACgAoAKACgAoAKACgAoAKACgAoAKACgAoAKACgAoAKACgAoAKACgAoAKACgAoAKACgAoAKACgAoAKAP5CsoxUsNhBO12yM5JUHIZTgttznapYqoU4xXzKm1v7y6dLW2\\\\\\/A\\\\\\/6F7SUWk001G6WyatovO+kf7vqNLkqwkCAKRhGGWdDhhg4AyxG7dtG1DjafvU7tyTs430017217ddb\\\\\\/eivZrni4Sk21ZuPwxezv6PT1IC4Vi7qhEoZsRkhyCSQDghPT95ndt35HNbOySs3LS2vlpa5tFNxUYuV4JJOWsG9FJr3N29eX7V4vWw0yNKGAxuzgnaCCOQV2narEAZ53ZTh13DlfgCpqm43Tt0Snb3v59NbX10tL2ifL7pTmRUKhV5yPlz84c87VIGCFAzkDd9zdg5qk2k7ddP6+X9bHTTm5czctk1zfYl6\\\\\\/wB6V0nzaXT5RhdgMqM8loyXGxSclowBkseWyHGCeV44pLTbQaitFJpbKWl+fpGXM7NX0fdXtqMfcIxwoGRlgTlzw3DEEbkDY8tRtx8zcijV3e9rX\\\\\\/Jf195cFHnesr7Weqhf3fh6RbWsu+vcj3Fgyb1bCkRlfulc8DH8WzGRjGM8sOlU7rrq0n9+\\\\\\/wCJSik1Llkk3HmT7uPdd\\\\\\/XZeY5SoIKFFxyxb7qyhgVYnBGRyw44I6nrUu2vb9OgO7WqlJS2S35Huo7dfi3\\\\\\/ACGbygch2G59\\\\\\/O0NJjONnVyRnhSMFecmm+luTzvz3\\\\\\/y+7r5DUeZxTipKKUP7kOrT6WVrP7VyLcWDj5QpVEOQF5VV52jqdwHPdsmk3a6+7+nq9P6Zoo6xlZ35pNW1W7tZv4Vrs9UrLQRjhVZj8uB83YY4IAwMbSMsP7vSpejbWtlZrrf9Hun6dQjduSSs+ZNK9+a\\\\\\/VvS99H\\\\\\/WlPzEGAm9hztYDle2c8lifpkKR36Zczfu9G3t59PQ6nTcruS5LW51\\\\\\/Pb7nHl\\\\\\/8m+4hLE71dX\\\\\\/AHh+bBZVQA\\\\\\/KWcjcAOnPG9iPTDlG2q26+Wv\\\\\\/AATSyXK4uN4fDeycm17yio69\\\\\\/PZXICwRs7lLE\\\\\\/JJhQNoB5HPzZBAGflyTnJrM0UW1ZLlVl7mrd9rX3VrN\\\\\\/zdvduQyupG5yfvfKFwSCQPmOcEHn5TknGPrQaU1JS5YWut0\\\\\\/Lpt0+SZnAgOFXGRkBjkow6BQD8qsqEAkZJIpnY78jb6te6t1fXm\\\\\\/w31v29ShPtWYMx+XavT7244UjnIYqeCo+6eKDeE24WsmubkTTsmnr+PTXZmbK5RTEyjZkbnGN6qPmOcjrjO1M+Zn2oLXK7TbstZJcl7SVovXrr6X3Kkky5dwcqFzH82Ts4woAA2q0gIbn5cbtwzigqMbKN949fN7mcSH+fKvG25XCsEAfcFRARg4XACnOWAGR6BzVFaMk1yu0e3RWf3v1XfYhJkSTcsgUsiCNXAkXcjZCvExwykZLgruJw4PeolZ3VteV\\\\\\/18mkcdWMakbSjzKDqJyh7slzR5fi3cu0+i0MTW5UTXPMZ\\\\\\/3dyI7qRVGxvOkt45CNuVkKPICDgyh1wpHGwfK5\\\\\\/C9C\\\\\\/wDc5fX33+OvofxrxZgamFz7iLCavlxk6kFPV+xlzNSj3TuuT+8md9pbKyx4USFgGkJwq7CQiw\\\\\\/w+X5aAKcl1jyNrOMAfm\\\\\\/Ly1otbqpG\\\\\\/bfXf7j8tqUJxrxqO3uVoycLrV\\\\\\/C5r1a08+qPSfhmrWrhTG22OZvs8DcsfLdwZZPvDymYFFxyY0Jz68PEyU5ytu1Zr\\\\\\/E4P5eZy5jH981qkneb26NKP8A278XzaR9t+Gr4PErv5QYRIqje24A4Rv3jPyVbouMBW+dwwxX5ri42ae92\\\\\\/1\\\\\\/V\\\\\\/kfI16fLJ3clzNyty6K+tl6Xtqj2XQpEcKPLUhgDuEgKnBAHb5iSNud\\\\\\/KAHGa8qtdXa2Sfft18tjz68XZyU9b2tqv8At2yXXf8AM9J0+3T5GDeWUJyGduVJHTYCoJ42AsMjGeuK4pVIqylHV63Wm\\\\\\/V9f60PLruSjZu6n9q0Xflv7191fezV1c9G07aEVxIA3RgTImB8pYZOSCXK8bdpdeD0rGUErtK3vNpeTb2+88qrKSdlH3Wteq69VZP1R1lqjOgXc0TDDI0f31cNlkORtYMco8ZYgpwM7waztZvRX\\\\\\/rqjhm4puWkklyNWvdS+JcveMrLm8tiW9iLhSMDAO5I8hGIOEIwfvA5LAcL8g4xUe7KyfxLT\\\\\\/P1Xz\\\\\\/UmjD2fS+ukr35V0V7fj1scZfKNxOAdjZZuWwDkHlhgkZPI4yfc1k4tSt6W+Z6VOUnFe9Z8mj767+d\\\\\\/uOI1qEXEbAYPJ+Q55GA6naOASOHx1bMhxnjtw0pQkr6t6f1+P8Anc9KhzJ8zd47c3eWzevd\\\\\\/wBXPhj492z6PeeGvECRlxb+JLDT7mXJGIb9blInxwo\\\\\\/f4j3g\\\\\\/JnbuDMVr7bKKjnRxFJ2v7J1Nfh\\\\\\/dOHNbz5H33slc+ryib9p7CXK1Uozldu3LZK\\\\\\/veULJxfp5lvw94hF7bnZtO1CzKZArfIQuzcQMn5kCn+JmLYbbsEVKabTcrOz7X2\\\\\\/Tue1Kla3MuZaa20em9v67PseoabeLIkRwULRowUqAR\\\\\\/e+Y5UYbEeAWdCdu1SK82pdK3Z2b\\\\\\/AK6frY55wd7uV430XZdt+2lzsYrkqPlAweAckNHyPl2gk7c\\\\\\/MFIZznI2jpl0OepFVHZrZ2VtP6\\\\\\/roXhMxKnI3YKjLdSTuYDkBg4OMBmGMFRnNF7J9nbXtY55UEm788ea1nGF4+7peTV\\\\\\/htztu+5PFuZSPlDYCFiQT2+6eAcMANzfh2FD8tunoW1bXTXVWLB+VCxBX58AElw2TkMMHLc9dpPfNI5Kj95RUrJW07W0t\\\\\\/wfkIVU7BhdwIKspwcEk5UejEsCSctjkZOKBWlJTtL3Yxs\\\\\\/RS89bWX4bajUhUZAznB2dAMktgEYBAbORwMdhjigqpJtR3dno9npty3s7\\\\\\/zvbT71ZlRQ4ZMOcKMbsEDIDD+MbgAAu0sWwd2KN9Aa5rpxbvd3jez1b0Xafwp+VypJNIZGGcdGEi4ZD3wPl37DuyFCggNx82a2hFxW\\\\\\/wAuxm4q22i0V2ovmX93W9r\\\\\\/AK6FYzGOYSJkAsf3aAYChBuUoxzuKscMOPmyea1ilvLbv3f69\\\\\\/z0M+TmTju9He6SV9tb9Hpy320Mm4nkPTeh+9u3Kdox8jB8gEuuVYgEKOK1vFe930vZ6\\\\\\/1YqNOXM17rsvTm9V0tvZ\\\\\\/gVFv2U7clRjJU7cDIxxkEE87iSRuzuAFTUbVrO297P7v1GqCl0Um5cndXeujtttb\\\\\\/AIBbivBHtCEBdq5XcD8x5YiR+SGbO4LxnODg1kKpRTveOnXry\\\\\\/3b23WxoxXqsQz5OVB2A4VF+bAQjJVsjlypOPm3HOaDl9gk1y301b72\\\\\\/q\\\\\\/9IUkTSHdtVidu5ht3A\\\\\\/IAoC7htJwrdW4DMS+aHZG6bSW713\\\\\\/X0NCCPGFKKpBALuc8oAMMeVJHYZ3rt4JxWfM3qqlrbK2qt6u\\\\\\/3ddiKrvGeu6fr31NVVIZcYxlgrHDITuwJMgnGAGBJULjHNNvni31V9e9v8132+R51na3dRt87fgPU\\\\\\/vC\\\\\\/K5Qn5QC2doUdMnzCSTIVyu3ko2zNZXf3bfIp3tpuVZ25WRMGPcVx8oZQD1HK4LsQ42HEbjOO1I2jFyspRk2tXb4ea32nv8Aw+Xz+bM7YZGAVGO9wWPHzpwS4JBYdMspIAU44FFna9tL2ubt2V29rd3a\\\\\\/wDXYCgUBeh+RmJAXO75hsUH5sPjDZ5PrmnLV6aaL8l+go2SS3abS67f3vsvpb5Lzs28Tkbd+VI6tkCQAgnaCNqqD8zHrk8+8Pv1RpJ\\\\\\/3du3536+pLNEwjA2xlWdmUliEQAgHLgMfbDLhjyEOd1XC0nr228\\\\\\/6uZSmtVyyd0r2V9\\\\\\/u\\\\\\/DuV0V3AUqcHD7evQEuxOAzNzzt6MT\\\\\\/ABZq2oXs2+3XTt02+ZLbp6xXMnol9pL7N\\\\\\/7vNda9NicxFQF2qQPlKZwNzY+bcQ3IXBVRu3tlOMYrM0jJSS87\\\\\\/h\\\\\\/kyfyiIXBG0HI3rwSxGM43EjaeEDfKx+9zQRfmfx268qV9L7uXTm0utPdaXmESqGyxLAgArwobaCMbQf3fA3L6H5amT\\\\\\/r0NYpxS0a1ej1stXa\\\\\\/W2iuNll3EtsDAKPnkBLnIARgifNztwFC8rvVmOM1OtvmawjF7vZt\\\\\\/r+trjgQzBGkGxFwCvy\\\\\\/Ngcbfx7gE7c5puy2Wpd1yJxX9O2n33HxxMRhflTyzuy3PGMH5TkcHAJOHHHbmJS5dd2yXo7y1b1t\\\\\\/nv8n5Csix5bcMHdhgFK4xggP0JdjtAB4Y4JrJ8023+Ha\\\\\\/r17lxTlLl5b8zTb6xtoNiLDnCNgfKBhmVB0Y54yN3JG0ZX+Ko\\\\\\/pmslGSv76bk1eVnFy1s11s1on2Kcq7yDlucDAwxzuADhsA4Uck4B2nOBnADaMFFONk4rW70i0uqi7c0nZet9OxVZC2N5CsfmXPOxgMYIBGePmUkksDgr8mK1SslJK2qi\\\\\\/Pp9\\\\\\/X\\\\\\/Mrnt8KaTWt7p67prp5rY5LXZBbQuWIVcNggnJLEAsv+z\\\\\\/AHuT0+6K3glJrzf9I6qUnJRb973lFLstuW9uvxfLfc+fbrxHaC0WUSoWkklt1AO3fI13NGFLbwQS0ZwuzkDk17VOkoqK\\\\\\/uprftf9ep6UqcnOa0tGKb8v3ab9TzLxN4vltriDTtMgj1HX9VnSz0qwLP5CyQxI9zc3cnzfZrCwUq95IPm2+XHCWkkjRu6jQ9pzSlJU6NKDqVqs1dUoN8nNFfbq1GrUodZO3SY6cIxh7abapRVnGPx1JzXIoQXRyfxTv7sf3n2dPRPAfgdtPjmvL66l1PW7+T7TqesXQzNcTkfLDawjKWFhbEmCytVG2FCzsZbiRnPLi8dDSlSh7GjSbVOmmnK+znUk\\\\\\/fnKa1lf3INuMNLHNiZVZ2lVeyio0opRoUlpbkg\\\\\\/dk7fHO95y0l7tj1uHSvs0WVAOSN2QSCQ2cmJNvyF2BMalFxgsx6V5Tq87WlunWy8ldvyXp0OepVcYtyVkoO6TfMlZuPvPVO32nq3oz27wvYiC3gi2nfIEBLquxNxywG0csxKsxVRkEIa4MVNWn3jfT0TS\\\\\\/T8z4nG1HOcvK71Vmt7frddHoe3adF8yRKrblB5AZgGUld2wfMH4woJ2KcgcAV89LV37vS++u34HkzulzX\\\\\\/AOA\\\\\\/60\\\\\\/A623gaOF87d5BGQAdm1gWyThBs+XDNk43gZ+7VKTSa6P+tDim05RfNG7d\\\\\\/v1fl3\\\\\\/9uvGxxWvOo3oNzbTxxt2KASAQuVHzfNsXc3d9zDaI1vpt12PYwad072burL7T8o9F15ut13PKdVuH2oIyo+982GJVunDZ2AbdxJTnJwvzZrSEeZu+u2ndf\\\\\\/a\\\\\\/oe9SSjFKSlsvP5dV\\\\\\/wAC1jy\\\\\\/Vbk5cF87WOB8ik5J4ZCrHGOmMD0OK74U9F8KTTu3196136720Wxrfst1q3f5+muv4ni\\\\\\/iQyv5g46SDaNymNOC4A+YMh24fAZslfmHGfRppRslrq9tvl672+R0Ulpte+0f5uy10fL+H4HgviLhpJ0TDJnMaRsYvlUDyzuO0JIp8tUkJBclcsy7R7GHvp2i3f\\\\\\/ALe3+99Onz166UUrKVmm9Lr4pPv35H70u0Wt9z5L8a3Sx+IdCiQSCJr7zWi8wNHHGjGYlwoO02dyGfBdpXuRs2ruw\\\\\\/614f4dzzF1Ph+r4atPzlzWjzK3vcz9pp9lp9Vt99wZhJ4nPMCoxjKccTRlrH4lRTnO97\\\\\\/DCHu\\\\\\/I8vk2JNIyjfEJZdipIjCRBuVCy7jvC5B2t8zPkDkGv3Gn8Pnpfb8LdO34H+hmHbdKlZ2vSpXXXWEXazXfo\\\\\\/IgWQJztSV2J3gs7YdQpwgLEN+5BUhQemZBtwK0R6lOKa6NLTTqvtffJemz1JznfntIRhQ0YBLrkENgLsUDdgAEnbwKad9tdbfM3Xn8\\\\\\/UnhJAJRstsKAqE4bByAHGEXllZj8uDj7wpq19b269xp6q+xYibaI0cmOQh8hDuDnh8AZIDHCkqVGDkDpWrsk3aNrRt\\\\\\/Nbpfrbt37lqMpu8feSbvH4bf3r\\\\\\/ANfK5Y3nbsjTdgnl02CQkMFViR91c7tn3s4w2OsU1F3crK7vpPRb7a6L7ulgSaev3Xv6f8P1\\\\\\/EtK\\\\\\/wB0FVDKN3G7eQoHzBdpCsp+7GNwA6Y4rSKV3Zzkm72lqt3s+y9eppHm+JO6Xu337Ll76aL5F6N9ylm4ZlO6Q4Ikwfk+YIWV8FskthemcVdrLt2sTpGXu+9feHWL\\\\\\/l6rR6P7XcsJIenCkMPucljuUFt2ffBCA\\\\\\/Ko5NRr\\\\\\/dcdfud36epaWrv7u7j5ff8A5\\\\\\/mWYBIDJukIG7luecNhcgrgqAQ25QDwcHbRdb6JKy0G9oq8XrKV3s9fz13vuibLGQIwAUqu3y1wifdB3jBXKAZx3OEHTIcWrNK2jfrv08tbehnKSam9dbbfF9\\\\\\/8v\\\\\\/ALCylWKk5P3RtU\\\\\\/MRzySuTj7hLDIBxu70KH2vtO+r1d317X9BX0Xw76t73\\\\\\/u9Wu3yLkR3bFcrCpySzL94RAlJD2G4llBzuGfmHoJNav4tnb+vv8xNr3kuaV7Wf8v8Aw36GmkjFUJWEfd2MTtJyCUCjAUsFYs7A5bOe5qFFXvq2m7+vW2l9\\\\\\/wDI5mleXLeXvPm+1Z311e2uy6FxWEnyH5\\\\\\/LKAKi\\\\\\/MrnjKjGcnPfJQfLyRmhu1v5Xe\\\\\\/zEvdSduXfVu\\\\\\/n3tp3vZ77FuMBNyOOMtkhVUq\\\\\\/ATCHk4TkEZP97PaJNXX2lbba3z\\\\\\/p6WZjKXOvd1stf8Nved\\\\\\/8VvP8h24MSVixkL8zRhSwGAMhvlO8fxAqTjPzVpFXs0rJ9pv8ttOxm3teV3qmr7O+q87f1fQtRszSbHYj92rIjfInyqAHJwCdyllP8G0cDzM4moko6Lrq\\\\\\/v3fz7kWtBySXxW+d\\\\\\/66k4aPepZE6IokxvUMFBUt2wE3FVUDO3LfNsxKTldKVnfWOqte99LW8uvmZvTm96VuvRW69rar\\\\\\/gkhG5QyrvZZXKYYBdyYYqFPZwMEPzz8uaIvkbTld22\\\\\\/msunZR\\\\\\/ISlb3eZq8Untfb3enp6voNebaQqBFATIVAwG1juRMEgjduyrkg542uflEq9\\\\\\/dbb7913fruxKOnvSkmm7yXdaOfey1WxIkwyIlwoxGyu3OwtldiFdu0jLHkEncueelOL+Llk5PSyaVmr++rWWu4pRWs7OWtu936d+\\\\\\/zJPPxGAAjAuVkwuNrMjH59uGJADAE9Wb1oUZPeLa27P113IUE2tJJ2uuy7Jen5CedtWQ7kd\\\\\\/KL8KAWTbvOxz8wDDIA\\\\\\/hU5OaOSTclrFa6vf5a2\\\\\\/roDinb3ZpJuPNHbteXT+tFoCzZZWJj27zhCmVRjg4+b7pO7JYdmAwM03FqySk7Wvvq+\\\\\\/XfuOSjfl5ZPlV7rfTr1935+VughnLlslQULhwVy0gSRgSwzhly2SONrbPShwcbJKS0t3v5WXy3fyFypKNo83Mk\\\\\\/S6XrbfS+vUc0+5lTKLlUaJwMfeLoAm3ADE7iODl3X6k9m0tpSe71St5a66drIagrS929nLT\\\\\\/t1adfhvYDOFQAbHBcq+FC4Zkc\\\\\\/MFweAGwT3b1pRjJ7xdtuz\\\\\\/Hf+tQUE5bSTavZbLsl6fkJ521ZDuR38ovwoBZNu87HPzAMMgD+FTk5o5JNyWsVrq9\\\\\\/lrb+ugnFO3uzSTceaO3a8un9aLQFmyysTHt3nCFMqjHBx833Sd2Sw7MBgZpuLVklJ2tffV9+u\\\\\\/cclG\\\\\\/LyyfKr3W+nXr7vz8rdBDOXLZKgoXDgrlpAkjAlhnDLlskcbW2elDg42SUlpbvfysvlu\\\\\\/kLlSUbR5uZJ+l0vW2+l9eo5p9zKmUXKo0TgY+8XQBNuAGJ3EcHLuv1J7NpbSk93qlby1107WQ1BWl7t7OWn\\\\\\/bq06\\\\\\/DewGcKgA2OC5V8KFwzI5+YLg8ANgnu3rSjGT3i7bdn+O\\\\\\/wDWoKCctpJtXstl2S9PyE87ash3I7+UX4UAsm3edjn5gGGQB\\\\\\/Cpyc0ckm5LWK11e\\\\\\/y1t\\\\\\/XQTinb3ZpJuPNHbteXT+tFoCzZZWJj27zhCmVRjg4+b7pO7JYdmAwM03FqySk7Wvvq+\\\\\\/XfuOSjfl5ZPlV7rfTr1935+VughnLlslQULhwVy0gSRgSwzhly2SONrbPShwcbJKS0t3v5WXy3fyFypKNo83Mk\\\\\\/S6XrbfS+vUc0+5lTKLlUaJwMfeLoAm3ADE7iODl3X6k9m0tpSe71St5a66drIagrS929nLT\\\\\\/t1adfhvYDOFQAbHBcq+FC4Zkc\\\\\\/MFweAGwT3b1pRjJ7xdtuz\\\\\\/Hf+tQUE5bSTavZbLsl6fkJ521ZDuR38ovwoBZNu87HPzAMMgD+FTk5o5JNyWsVrq9\\\\\\/lrb+ugnFO3uzSTceaO3a8un9aLQFmyysTHt3nCFMqjHBx833Sd2Sw7MBgZpuLVklJ2tffV9+u\\\\\\/cclG\\\\\\/LyyfKr3W+nXr7vz8rdBDOXLZKgoXDgrlpAkjAlhnDLlskcbW2elDg42SUlpbvfysvlu\\\\\\/kLlSUbR5uZJ+l0vW2+l9eo5p9zKmUXKo0TgY+8XQBNuAGJ3EcHLuv1J7NpbSk93qlby1107WQ1BWl7t7OWn\\\\\\/bq06\\\\\\/DewGcKgA2OC5V8KFwzI5+YLg8ANgnu3rSjGT3i7bdn+O\\\\\\/9agoJy2km1ey2XZL0\\\\\\/ITztqyHcjv5RfhQCybd52OfmAYZAH8KnJzRySbktYrXV7\\\\\\/AC1t\\\\\\/XQTinb3ZpJuPNHbteXT+tFoCzZZWJj27zhCmVRjg4+b7pO7JYdmAwM03FqySk7Wvvq+\\\\\\/XfuOSjfl5ZPlV7rfTr1935+VughnLlslQULhwVy0gSRgSwzhly2SONrbPShwcbJKS0t3v5WXy3fyFypKNo83Mk\\\\\\/S6XrbfS+vUc0+5lTKLlUaJwMfeLoAm3ADE7iODl3X6k9m0tpSe71St5a66drIagrS929nLT\\\\\\/ALdWnX4b2AzhUAGxwXKvhQuGZHPzBcHgBsE929aUYye8Xbbs\\\\\\/wAd\\\\\\/wCtQUE5bSTavZbLsl6fkJ521ZDuR38ovwoBZNu87HPzAMMgD+FTk5o5JNyWsVrq9\\\\\\/lrb+ugnFO3uzSTceaO3a8un9aLQFmyysTHt3nCFMqjHBx833Sd2Sw7MBgZpuLVklJ2tffV9+u\\\\\\/cclG\\\\\\/LyyfKr3W+nXr7vz8rdBDOXLZKgoXDgrlpAkjAlhnDLlskcbW2elDg42SUlpbvfysvlu\\\\\\/kLlSUbR5uZJ+l0vW2+l9eo5p9zKmUXKo0TgY+8XQBNuAGJ3EcHLuv1J7NpbSk93qlby1107WQ1BWl7t7OWn\\\\\\/bq06\\\\\\/DewGcKgA2OC5V8KFwzI5+YLg8ANgnu3rSjGT3i7bdn+O\\\\\\/9agoJy2km1ey2XZL0\\\\\\/ITztqyHcjv5RfhQCybd52OfmAYZAH8KnJzRySbktYrXV7\\\\\\/LW39dBOKdvdmkm480du15dP60WgLNllYmPbvOEKZVGODj5vuk7slh2YDAzTcWrJKTta++r79d+45KN+Xlk+VXut9OvX3fn5W6CGcuWyVBQuHBXLSBJGBLDOGXLZI42ts9KHBxskpLS3e\\\\\\/lZfLd\\\\\\/IXKko2jzcyT9Lpett9L69RzT7mVMouVRonAx94ugCbcAMTuI4OXdfqT2bS2lJ7vVK3lrrp2shqCtL3b2ctP+3Vp1+G9gM4VABscFyr4ULhmRz8wXB4AbBPdvWlGMnvF227P8d\\\\\\/61BQTltJNq9lsuyXp+QnnbVkO5Hfyi\\\\\\/CgFk27zsc\\\\\\/MAwyAP4VOTmjkk3JaxWur3+Wtv66CcU7e7NJNx5o7dry6f1otAWbLKxMe3ecIUyqMcHHzfdJ3ZLDswGBmm4tWSUna199X3679xyUb8vLJ8qvdb6devu\\\\\\/Pyt0EM5ctkqChcOCuWkCSMCWGcMuWyRxtbZ6UODjZJSWlu9\\\\\\/Ky+W7+QuVJRtHm5kn6XS9bb6X16jmn3MqZRcqjROBj7xdAE24AYncRwcu6\\\\\\/Uns2ltKT3eqVvLXXTtZDUFaXu3s5af8Abq06\\\\\\/DewGcKgA2OC5V8KFwzI5+YLg8ANgnu3rSjGT3i7bdn+O\\\\\\/8AWoKCctpJtXstl2S9PyP6ef8AgngSf2O\\\\\\/g+SwbI8fHcM4Ofih41IK5524Py57Yr1sNpRgrNaz33+OR\\\\\\/iL9Lz\\\\\\/AJSI8QraW\\\\\\/1TX3cD8NK\\\\\\/z3PtStz+bAoAKACgAoAKACgAoAKACgAoAKACgAoAKACgAoAKACgAoAKACgAoAKACgAoAKACgAoAKACgAoAKACgAoAKACgAoAKACgAoAKACgAoAKACgAoAKACgAoAKACgAoAKACgAoAKACgAoAKACgAoAKACgAoAKACgAoAKACgAoAKACgAoAKACgAoAKACgAoAKACgAoAKACgAoAKACgAoAKACgAoAKAP5CWA6lFLkgKWxhBjgbs5ZUxuKNnJwQOor5hrldn2+fpY\\\\\\/6GE9UufljdtqN1Ke+nKtFOS91TjslZkBdY9+4Mrcb5CCVb5yDtYHKnPzAhQ6j5QcA1UHFau90tHfr0\\\\\\/r02NIxlNQtaVtYwvaSe7bT92S6NJ2lFqS3RFhJGKqG2Rrvjl5UAggbF3Duc7C+cbsZ71pPmtdbaSl6tJ7bdXf8AUu8oxUnyucnySgktU\\\\\\/enOyutY2dluouS0GOJBypVSECljgLhWI+6P3hVvmztACyZXsaqDUkm+t27draf18i4ODtdSac2+WG7vHa793mj9m3vOK73ISHLuCW35RyfkGOPxGD8xAB3ZXn1prmv9i3T4b\\\\\\/Pr69TSLjyU3Hla1jqp3ta3rfVJ83u+\\\\\\/7uliA8JtVYueTk7SRuA3Nknp6gkDOFJBFHV26a6bb9PK+xrFXkm5TainZLb0XVrtfsO2iPdGwSXaVwoyCp7lWPBU5YbfvMOeuzE6u9+\\\\\\/Tt5i5uZRnFzgrv3t1btKO6cd3LW3W652QkHBBKeiuzKq8sGCFMc4DfK3QKBk56aR2n6fozRPlta\\\\\\/mkr\\\\\\/8AgMul+qGrGu7aAXA3bwSQWOSAxGPlw2Nw\\\\\\/wBYwx2qWmrX6pa+VinJ6e8o3s4y0d1vyX66OSvtp9zScyBhlTkGNVAJUE5IPJ+U5yCeTt+UYqeblvzc0e1tnZ+X9Lpca1jZ66fvL\\\\\\/C30ta\\\\\\/vXWvL1+J3IjISrhvmfgpu5Bbd04AOMcYX5mZMjjrCm3ONne13r1eu\\\\\\/3X+ZooNWttrzWtfltf3tLX25v7thpyiEsch3LMgYMHfaPmAwcD+8Nuwdzu5NuUU2ve+G+n\\\\\\/Dbfhpq+ifuy2V3GKtJx1jG7sn0btpp+87K1iswOeRlcADBA+ZSAAM4yCflPB3EFcms2lKN4\\\\\\/ZS+5Lr+fbWx0J3u07Nyu32TV\\\\\\/vS96265vkRS4yzEEkgk7cFV3H5Y23DB5KsexY8Vn\\\\\\/XyKi7pcskrfC3u7byjyu9lt1fR\\\\\\/EVdxOMkLlCoyoUEck59t+eRxu79MI3cVunzaq28nfaN01vy9HYrGR+BvDt93b8p+cL8zgkZyg6M3OSQO1BtGMXJ3hyLVqfvq+uiS2XZr9CjL5gCDzOCd6E8c5wwLYAXavKkfMuduaZ1UvZt\\\\\\/A9IpSSvsl7vLfVu3xx635vWjKm4nCNyOEbG8sCRvVmzk5GWyT8vc0G8ZJWvK0urWq5Vf3E\\\\\\/Jfe+7KM0RfG5FA4JUMo3DOVkCgAbg3zYBzjvQ\\\\\\/wLjJNrl1bcuV6Plerknr\\\\\\/AJafeZE0ax7lCFSofYowFOXH7skgyFn6qF43Hmgr1d\\\\\\/MqyKjpvaV3VRgERqduCMu65JOMiNic5A3YXGAr628r\\\\\\/mYynJSaSilbr1393Rdfi+dm+hSkzu3BmJCbWClSFUnbj5clCMgDj96F3c5o3V++px1G2pXVuWz1Tan\\\\\\/e295S3\\\\\\/ALl\\\\\\/JMydfgkdNKvfLwIYJbCTcoJM8TySRtkqS0cttLnPYRv714+a0VUw9X7TgpVILzV1Jeh\\\\\\/MfipgY4PiijjGlKnm+ESktYwg6KalBy6yirTb01b7nWaHelokUlV8lkR3Ty8AqqsScEBs\\\\\\/dCspPQkYxX5ZXpqNe\\\\\\/TV9esr\\\\\\/0ux+I4iklUlyu\\\\\\/vOSd79X163\\\\\\/AK7nsHw6wZYwzlpJJrgksSWbZKxUqGAYAsX3DIVgER2Xc6jx+In70ly3+B838vuJd\\\\\\/06bnh5rdS5rpWprSFr6L4vVqzfZ7n2N4WjbZAFgU4UI6jACA42qgGBIdoLHeEyTtDNjn87xduXVX7P16\\\\\\/8DbU+OxVSVScrz0svf6v+\\\\\\/JfzdIf3emp714eYMUUxBHypBDEJ5gOWwwAYDbyGyRjp9zNeNWWjb6Lb7jz8ReMNHeLXvbdfh7pb6\\\\\\/aZ6vYpgoVKjG07SRE0hI+cDcMBX5Ac\\\\\\/Ke\\\\\\/zV5jcOZt3b5dOa\\\\\\/J5X8t\\\\\\/P8AM8qo7xd1J+6teVz5fKz10tt6HeWhEShsBScLkZ+8B8oYngKynbkjYSMk5qOfX4YfJafLy8\\\\\\/wPJq09G03brpytx31jprfW2nZ66nQ2Uh2Ko8zf8xaNfmbaDnehzuyqEPtUSKxCnaAaqUYt6LlcvhXRp3tFf4tJd+7POm5RlqoWenM\\\\\\/d5v7snrv07+WxPPMHRlLruYZ8wgBDnIORztO4k5wME7R6VnODUrXveNm+\\\\\\/ml63+X43BpPr5R3kvJvrFdPlujmLpdzHLNjPzDIwVOPlJ9juyfTispPlUYrTT+tf66WO2lZt2iubd225tbWX+F+rOTvIizOFAOCvy4Kbhhh16BgeDGQNpYrk4ram0rN32\\\\\\/q\\\\\\/yPRpycXBczSs9Nbf8C3\\\\\\/BPnb4xeFovE\\\\\\/hjVNO2r58kBltWEY82C\\\\\\/tZBc6e6FhtEn2iJV8w5RQ+4HPNfR5XilRrUpuXuS+LyjtPfaytp\\\\\\/wD2sBiHQrU6sZfDKE3zPRxXuVILylDmfo+u58SeB\\\\\\/Ebj9zIhS5SXFzHuC7cfLIikcCQSpMkqSfLkIAM4r3cRBqT+KCV9vtW05tuu9vM\\\\\\/QuSFZRldKPKmmtm2tHp3\\\\\\/ALvlz66n0v4bvwyqu44DAkN8oAwCoIO4pxuTja20N5hxXkV4c1mumn\\\\\\/A+fp08zz8RT5Hb5N3+N99NNP8j1PT5Y3+VwVkIBAQkLkKNuc4YPkHB+YHd1PWuR83T+vv+R51ZOO3K0k9erj1bv3f3+ehr+W7RAw8HAAb5cbGbDKASMPnKh1wcg5qVLXXYwjO1nLtbTe7\\\\\\/wDbdfuL6bpIU44jCBgArA56heSS+Pk2sMkAkH1a+J266rvZ7LvsyZTSd3dXcmmr2ae1rX3X4fhNkkElcLvYjOcBVwAg5JB9xkr0NUc0ppqy0v70n3b3fbfXX7lYcWUYO1uSCMHpjJwzMBh8AbcBgCML7guWTvy+80lL\\\\\\/t2yt+GnUa0iurKSxfzAMqRg7htwxxv38qfmGML0HNBNuVKaStKDunaXW70a5bLt8S66lSZ2wVIPBGJMAM7AjcVbJG8LyhAyw5x2p7vz0X6I2ikr277We\\\\\\/pvLpo9YeupRyzlmZvlUFgSpxjYQp5BLYJ24JBDk1srRsv6b\\\\\\/4JFTlslHq7v37q79fX87+VK4dgDjcSFyWwNw5zjnlQMHkk7DkgmtYQvrJadOnz3\\\\\\/4fci6jJrm1u+uu9nrp+m5l3CFVfEhwThioYKMLnoT\\\\\\/ABFtm9No+Yg5yaTi1Oy9V6brf06nRTkm7OOtt927aX9f6v3zGX7wZeoJ3bRgnI5yQCQgOBwCoYdBV8s3ez5rqzXa67LS\\\\\\/n5l3SdtFpe3ZfloPSJlAKjsAm4ZCrna\\\\\\/B4cZOC\\\\\\/UHhamEH9pWVu\\\\\\/XTszGdTmuto3vr6\\\\\\/wDDef5Fy2VigJXBB6YK55BDEO2cg5BGODkY9CcVHVd+v6GD5f8AhjcgBZgWPBVG4DckEKVJHJIQrwxIUNgDioa6Pqid11NqFmZgZCo2jhhuztBwrIcHCN82DtDE73B2tWPJ71r6Wv8AL\\\\\\/P\\\\\\/AIfyMpOMf+3nZf4v+HuX4yzDCZwuAU+UEBjuxgjA+U8gdG47ZquWMr97u+vn\\\\\\/XT\\\\\\/ADOOpFxl72r+L7tPltt9xKJMqJGyQ2WTeCv+rDfK4A3NIGblvmUq2dh+RqiT2V9EkvmgSfwL3WrRk7p359Hv7vT4U+b5q5UmTJZWHzgZaTau5VUZZlwQPkyc4AV2JLAMeCFk9dO3r\\\\\\/VzdSk7ykk1Kyjpy3T2jyvWPPfZ6q1nsU0Tbl920sMBtoK5boIw3Rlwvy\\\\\\/6vc2TzzVSjb3k+t\\\\\\/v7FylpJJXto27aW+1K7btpzR02LGxi33ScLknCsR043jnZxuKcrk5UYwKzfW\\\\\\/z\\\\\\/UcVHS8uZ6+932Tn6rb52Yx5sKV8xcKTkBeCRwFJZVwn8T8DEitxnioS7XKSSXrrZ6biEM0qeZs5Pz5BMbL15GcMrKByP4NxNWtCJXS9zbXfe\\\\\\/S3k53tfysXfL2KHGWKjJxjcCeVBAIGwA7oxhgRyMjqr39epLkpOzst1eXVP7MevP0n2d9yXaqgbgZCcfLuBBzyHYZXc6\\\\\\/3SeTzuX7tCd7+Q9fstQSaUWlrp8UbPpppbovIaD95FVmB4+YhNzhsDK4yGJKgYxx94vzlO3UtJaNSXLrtsovdLZWT96\\\\\\/4kjsy5JCso+QLg\\\\\\/KykZXOM7Y+QZFGcDH3UoS69yk7pGPIx3naDvBJZ9gVmO5SrKoJ2oo3MRwvGRgDFP1N6dtef3lbRf3u3l+QjsQSA42nGXQnp8rHcwOGyu5c8ZwTlu8PfT+n8i0tEpKV9rL8lfXfsTi72kIGYtsB52vuQZXfs4IHDNt+9hchdvFOzevVbdxqlpfZd2uV3v8N\\\\\\/TRvX5sVnbC\\\\\\/MynBZm+QqzMScBMjkr0GBkYK\\\\\\/NuFJpb8u+l\\\\\\/wDP\\\\\\/L\\\\\\/IqF1fljFq\\\\\\/uK92ukvW219uuo8T\\\\\\/ICSBlSDgj5enTa3zZKgFB\\\\\\/qz+dQkrSSXrv038\\\\\\/+HKs01ZWS5np0Tba\\\\\\/q2jRE0u7k5yzFe4+Ydg\\\\\\/wB0hiCMk4AGBxgkSV1t28y1fy\\\\\\/C\\\\\\/wCOv3GPd3vl4AeMfKMqRjdzj5ic7c5yGIwPus24ZrRRXvLrt8v6RcabfR27\\\\\\/wBbni3xF8RJZWDPuILhiwG3CgLlsANkgnK5PJABz67UIuVSMVrZ39P6Z7GX4bnbe1rd9P8AwLT3fi7a9j4QvPHsay6ZZi6B8jxTqsbvuRUSLTxe3wkfB3ELHIu52BAXaRnOa+rp4eb99x936lCrbTWT5aUY26tyk2l1leR6VWEYKvp8Xs4OWmnO6as7Lo109OunsXwa8J6l4jkuPFl\\\\\\/FNFLrJ22sk8bLc2mhrMXsrS0jYH7Mt9j7bdS4Ers9vl0WFFrjzPERw9NYWDjL2aUqqT92VeWs+ee79kvchHo1UkcFatJzb5Yy9m3Cjd9Yu06klbVtxcI7P2aj\\\\\\/OfaOkaFFZQLEgAAXnaM5baBlmY7mYkksGyMk7Duya+bnVdSb5r3t0SSt0su2unY5J1E7uT1eu2tt\\\\\\/h6ettDXSwWW6s4Vz88m+TBDLtiXn7mdqlyFJPJPJHy0k\\\\\\/uUV+n+Z5eNqyhRqPa6S3v6a9b+uu+x65oNsx8uRB9x8JtBPypwARjcF3cYQDkIxJ2VwYurFQs9b7f0\\\\\\/69Nz4\\\\\\/ESXNLR3aTfru\\\\\\/60PUtOhJUtjH8OWY5CnbwcdPlHy\\\\\\/M7sSSAoryOum39WOKrJWt1\\\\\\/rT7r3OhuGMVs5CA7ssp38uyrjAH3cAhT0Yt6k0PRf11Zy04c1RJ6pa29X\\\\\\/XmeVa\\\\\\/cBXYsxbucK\\\\\\/y5GB5Y4+cA4DAYQ5zTguay772\\\\\\/E9zD\\\\\\/DpGK1sn3v3\\\\\\/rXoeTa5dFshFJJ5KZDAMMgEso8sSHG4rxtGwV3Qgo2b28u3z6np0XJ6c91tbXTz\\\\\\/7d+Hr+V\\\\\\/O78DEpkKkksPMyW3scZOeSAvXjOCd38VdsbSjTUb3W1915\\\\\\/wCdvPodaTVte1k\\\\\\/s\\\\\\/8ADnl3iSEckGLBX5meQr90ghcMF3MVw+2PcUDhmJyTXRSjyv3nvv8AejphPT4JKy5bJbWt+W1u\\\\\\/U8F8XXcdm08kihzuIjbcH3sGKqbmALkxliEYgjkBtp+9XsYe1nG23Kne2qsrL7ukt+Z8u1jtoQ5Wvck7qPut6rrzQa+Hz195+p8U+MpM+KLd4D58dtZ3F6gXLMLm5dLYwwglhIz3DwSwZHa42szMVH7f4cULxxtd2jaNHDtu99Zc0pLq7RhZp6qFup+zeEOA+vcT4dyahGjSxVWrOd1CnRp0o89Spb3VFwlJSk7JaRepx9wiJI0A2M8A23IVUYpe4C3EC4bc\\\\\\/lO23eMq0scoBLRmv1uF3G\\\\\\/vapNN72t08+\\\\\\/yP7dwtb2kI1EnGFZRnRcbq9NL93WS2XtI2lptTal1KqhgwAkAIKMg2HC4LE4h6KeMb1JI6HJrRbL067\\\\\\/AD8z1oySiny7QcW9no\\\\\\/v\\\\\\/wCG6Ec21JCWcDzQ3lMH+bexXIaHblVbdkEg7tu3cdvFwTeqsrP9ddvnc6Yxuu2xfWUMFUJsVQqb94TzNg+UEHJULnBz8m35euK06N9uf8\\\\\\/+AJJp99tO3k7f16j7XeGVm+V1fez7WKGQLuG3g4JBO04C5PQVEpt3Wy\\\\\\/HX\\\\\\/P+tDR6WS0Vr\\\\\\/L7X43WhaWUyFU2knqTlVBJJ5LbfmxldvG0evpMlZfDG3O9Xu91r\\\\\\/S9S+S0buS2ul38vLp3Lcfy\\\\\\/wDLRtnHytjaNrFd3mce29l65GODW0UrJ2iu1l07bffsLmS3fvNaev2f\\\\\\/Jf1toXFdwucfMQSAEJPO1cgcYwc7cggnPJ61e\\\\\\/ZA2m0t7Wu9NY\\\\\\/aj8pXRMj7WBEnQqxb5Vf+8cKANoc\\\\\\/Kp\\\\\\/1bL15NKys09b\\\\\\/wBf18rF8srNytG32fLt8vxf3lsyu\\\\\\/BSNVODvYgALkqGjU53ZyDkcALz8m0VKpRWu\\\\\\/k7Ec0INfa01XZ\\\\\\/11FjLsqhsK3mANuO0H5vmZS2Tuwcbzw24Y4rRK1rb9F28vQcpK2iavZpL4UnZ+95q+voW9yRESAMdhIVSiOwBwG3RjcrbRs+YcrxwpGKHf8A4ZmbTfZfaup2XqkvXZbfItI8mY1Uljg7VIzw5YbgT8rOrghAXIY\\\\\\/LggPQlo77Ci16effl95vv1b\\\\\\/ACLsUxBRBgmRnBSWNVEbM4XJXackfKB5ZVFPDAGl5+9boKUHdv4bRVp90kpJfc7en4a1pKwU7CEVQSOCxLZ2kqpBwmc7Cu488lTmoknLZ69b\\\\\\/wAvTZX169DnqtQaU3e\\\\\\/TT\\\\\\/hi0pDZY8SAbFGAcuDnDZ3L7KM5AYA5NJQStpp36Wte\\\\\\/ZmTceRJK6cr8uis9+br1\\\\\\/roTo7FhmRldeQu0Mu7n0zkKckDaSMgIEXAquWP8qv6L\\\\\\/IystbK6723v8A5k4f\\\\\\/WIxfLbgzEFXxjjJ+YKFDZDdTLktnNS1J68kX3vq\\\\\\/m9P1FZPonZ\\\\\\/iieMqPlYMu4JlhgoN52gMFHVgASy\\\\\\/Kx56YqLySbSgrbrW+\\\\\\/r92vkuxnLo9NLr0s2vyZICQ4j2OwZcBz9wNknKrwGf5c\\\\\\/3s0lHmUpO99dttrmd1a+yb\\\\\\/G\\\\\\/wDX6jXmILcfKMjO3ZHydqnc2SdxGNxIw4IVqap3je+rV12+f9feaKKaXdarXm89un9IYfkaPCEs\\\\\\/wAm4fdCYA8xiQzhACMtnCbfvc5q1Gf81rbytdt3+HXtr9\\\\\\/kJXlvt8UtLeunT06bD5H\\\\\\/AHMecSbQSAqhTuDKqmJfnGx1O5FJMgz5f+rlFLlk5b8nXTVb\\\\\\/a8\\\\\\/Nbgl78re7dc17X\\\\\\/8m6dbpbXHK5KSAlRuMe6PaFAEm0MjnO7z4wQfmAjYMbfAJ4JKWza8tNHpvfpF\\\\\\/a\\\\\\/ldpdSZJc0XyyTS+K6nfls766Wd76e\\\\\\/wDMbbyHcrYWP74XjLkDawcH5d0JP7vKbmbdyd0a0mparm5k7XctIw306+8uvmvO6c\\\\\\/hbfvPSWqsk42jZJ6qd+m6bsxgkIYgKF\\\\\\/1bszYeNmYqfLjbABkJb5WbJYDzWBK7qajJW99fatFrV66Xa1v1dtNdrF2dr6vWUUvtpLZS027eRJLITMp2iQs2zeeygKd0qjcV27+SrbVCiRDmWlCMmm+bl3bitUu6a2\\\\\\/pEQTtyq8Ulfl1bdtfdT1cdNF9r4LaCPJmGPOJMAkBVCnduVVMQ+YbHU7kX74zs\\\\\\/1coo5ZuXxcvW62b681+r\\\\\\/AK2Gl78rJxuubXX75dHve3fQcrkpICVG4x7o9oUASbQyOc7vPjBB+YCNgxt8AnhyUtm15aaPTe\\\\\\/SL+1\\\\\\/K7S6kyS5ovlkml8V1O\\\\\\/LZ310s7309\\\\\\/5jbeQ7lbCx\\\\\\/fC8ZcgbWDg\\\\\\/LuhJ\\\\\\/d5TczbuTujWk1LVc3Mna7lpGG+nX3l18153Tn8Lb956S1VknG0bJPVTv03TdmMEhDEBQv8Aq3Zmw8bMxU+XG2ADIS3ys2SwHmsCV3U1GSt76+1aLWr10u1rfq7aa7WLs7X1esopfbSWylpt28iSWQmZTtEhZtm89lAU7pVG4rt38lW2qFEiHMtKEZNN83Lu3Fapd01t\\\\\\/SIgnblV4pK\\\\\\/Lq27a+6nq46aL7XwW0EeTMMecSYBICqFO7cqqYh8w2Op3Iv3xnZ\\\\\\/q5RRyzcvi5et1s315r9X\\\\\\/Ww0vflZON1za6\\\\\\/fLo97276DlclJASo3GPdHtCgCTaGRznd58YIPzARsGNvgE8OSls2vLTR6b36Rf2v5XaXUmSXNF8sk0viup35bO+ulne+nv\\\\\\/MbbyHcrYWP74XjLkDawcH5d0JP7vKbmbdyd0a0mparm5k7XctIw306+8uvmvO6c\\\\\\/hbfvPSWqsk42jZJ6qd+m6bsxgkIYgKF\\\\\\/1bszYeNmYqfLjbABkJb5WbJYDzWBK7qajJW99fatFrV66Xa1v1dtNdrF2dr6vWUUvtpLZS027eRJLITMp2iQs2zeeygKd0qjcV27+SrbVCiRDmWlCMmm+bl3bitUu6a2\\\\\\/pEQTtyq8Ulfl1bdtfdT1cdNF9r4LaCPJmGPOJMAkBVCnduVVMQ+YbHU7kX74zs\\\\\\/1coo5ZuXxcvW62b681+r\\\\\\/rYaXvysnG65tdfvl0e97d9ByuSkgJUbjHuj2hQBJtDI5zu8+MEH5gI2DG3wCeHJS2bXlpo9N79Iv7X8rtLqTJLmi+WSaXxXU78tnfXSzvfT3\\\\\\/AJjbeQ7lbCx\\\\\\/fC8ZcgbWDg\\\\\\/LuhJ\\\\\\/d5TczbuTujWk1LVc3Mna7lpGG+nX3l18153Tn8Lb956S1VknG0bJPVTv03TdmMEhDEBQv+rdmbDxszFT5cbYAMhLfKzZLAeawJXdTUZK3vr7VotavXS7Wt+rtprtYuztfV6yil9tJbKWm3byJJZCZlO0SFm2bz2UBTulUbiu3fyVbaoUSIcy0oRk03zcu7cVql3TW39IiCduVXikr8urbtr7qerjpovtfBbQR5Mwx5xJgEgKoU7tyqpiHzDY6nci\\\\\\/fGdn+rlFHLNy+Ll63WzfXmv1f8AWw0vflZON1za6\\\\\\/fLo97276DlclJASo3GPdHtCgCTaGRznd58YIPzARsGNvgE8OSls2vLTR6b36Rf2v5XaXUmSXNF8sk0viup35bO+ulne+nv\\\\\\/MbbyHcrYWP74XjLkDawcH5d0JP7vKbmbdyd0a0mparm5k7XctIw306+8uvmvO6c\\\\\\/hbfvPSWqsk42jZJ6qd+m6bsxgkIYgKF\\\\\\/wBW7M2HjZmKny42wAZCW+VmyWA81gSu6moyVvfX2rRa1eul2tb9XbTXaxdna+r1lFL7aS2UtNu3kSSyEzKdokLNs3nsoCndKo3Fdu\\\\\\/kq21QokQ5lpQjJpvm5d24rVLumtv6REE7cqvFJX5dW3bX3U9XHTRfa+C2gjyZhjziTAJAVQp3blVTEPmGx1O5F++M7P8AVyijlm5fFy9brZvrzX6v+thpe\\\\\\/Kycbrm11++XR73t30HK5KSAlRuMe6PaFAEm0MjnO7z4wQfmAjYMbfAJ4clLZteWmj03v0i\\\\\\/tfyu0upMkuaL5ZJpfFdTvy2d9dLO99Pf+Y23kO5Wwsf3wvGXIG1g4Py7oSf3eU3M27k7o1pNS1XNzJ2u5aRhvp195dfNed05\\\\\\/C2\\\\\\/eektVZJxtGyT1U79N03ZjBIQxAUL\\\\\\/q3Zmw8bMxU+XG2ADIS3ys2SwHmsCV3U1GSt76+1aLWr10u1rfq7aa7WLs7X1esopfbSWylpt28iSWQmZTtEhZtm89lAU7pVG4rt38lW2qFEiHMtKEZNN83Lu3Fapd01t\\\\\\/SIgnblV4pK\\\\\\/Lq27a+6nq46aL7XwW0EeTMMecSYBICqFO7cqqYh8w2Op3Iv3xnZ\\\\\\/q5RRyzcvi5et1s315r9X\\\\\\/Ww0vflZON1za6\\\\\\/fLo97276DlclJASo3GPdHtCgCTaGRznd58YIPzARsGNvgE8OSls2vLTR6b36Rf2v5XaXUmSXNF8sk0viup35bO+ulne+nv\\\\\\/ADG28h3K2Fj++F4y5A2sHB+XdCT+7ym5m3cndGtJqWq5uZO13LSMN9OvvLr5rzunP4W37z0lqrJONo2Seqnfpum7MYJCGIChf9W7M2HjZmKny42wAZCW+VmyWA81gSu6moyVvfX2rRa1eul2tb9XbTXaxdna+r1lFL7aS2UtNu3kSSyEzKdokLNs3nsoCndKo3Fdu\\\\\\/kq21QokQ5lpQjJpvm5d24rVLumtv6REE7cqvFJX5dW3bX3U9XHTRfa+C2gjyZhjziTAJAVQp3blVTEPmGx1O5F++M7P9XKKOWbl8XL1utm+vNfq\\\\\\/62Gl78rJxuubXX75dHve3fQcrkpICVG4x7o9oUASbQyOc7vPjBB+YCNgxt8AnhyUtm15aaPTe\\\\\\/SL+1\\\\\\/K7S6kyS5ovlkml8V1O\\\\\\/LZ310s7309\\\\\\/5jbeQ7lbCx\\\\\\/fC8ZcgbWDg\\\\\\/LuhJ\\\\\\/d5TczbuTujWk1LVc3Mna7lpGG+nX3l18153Tn8Lb956S1VknG0bJPVTv03TdmMEhDEBQv+rdmbDxszFT5cbYAMhLfKzZLAeawJXdTUZK3vr7VotavXS7Wt+rtprtYuztfV6yil9tJbKWm3byJJZCZlO0SFm2bz2UBTulUbiu3fyVbaoUSIcy0oRk03zcu7cVql3TW39IiCduVXikr8urbtr7qerjpovtfBbQR5Mwx5xJgEgKoU7tyqpiHzDY6nci\\\\\\/fGdn+rlFHLNy+Ll63WzfXmv1f9bDS9+Vk43XNrr98uj3vbvof1B\\\\\\/8E7CT+xx8HiQFJHxAJXptz8UfGx2kdmXow4AYEAAV6uHv7KF9X72q6+87P5o\\\\\\/xC+l\\\\\\/wD8pE+If\\\\\\/dpdb3\\\\\\/AOMG4Z1v5799ddT7XrY\\\\\\/moKACgAoAKACgAoAKACgAoAKACgAoAKACgAoAKACgAoAKACgAoAKACgAoAKACgAoAKACgAoAKACgAoAKACgAoAKACgAoAKACgAoAKACgAoAKACgAoAKACgAoAKACgAoAKACgAoAKACgAoAKACgAoAKACgAoAKACgAoAKACgAoAKACgAoAKACgAoAKACgAoAKACgAoAKACgAoAKACgAoAKACgD+QUs2GIG5t3LZJKjsMgBsqOxOC2egO4\\\\\\/MS1k2+uv36\\\\\\/qf8AQ5y2cU3aNnpspS6uzvFq\\\\\\/XfrvGxBJNkmNSqgfL958iMDPOB87uGBUqMA5J4q+Xlg3vq1y6af3rde99GXGnopNSb1drRSbfTX4VB3Vp723Vxk3ysNrEvyVCneNzLkcdyAGG5Rhem1utOMOZO8tF0vvb7\\\\\\/APhtSoaptxumuVv4JaW67Ri31fxXuQlwzEMsm8ENInBWRVJGWz8pPPAyePvfNTjFRd+bV7fh5\\\\\\/in8jVQ0suRw+GLe8JS96y8n\\\\\\/l02iDuJB5Z3Zk3LIp2ohON6DeNy4VvmXGdhYZNVON2n8Lsm3ve+7\\\\\\/r\\\\\\/NFtRcLz91qDTi18Vn7s5a9d42fX5iDYrFwisMsrLIRx8xGwEcrgsQAfvH7vWjllzN72jb5LW\\\\\\/p93TQrllKKUpSi7KScFq9Lq\\\\\\/dvdraOnYZuVQGVFO13yinjkMckY3oA3UNnB5IOyne1l1e3yQ0m7pzavGPvPdeb6XktX\\\\\\/wSISDCs2AOjK2DwuQDwCvTc2CQ3PYinK0EuZ3skrdtNFe+tu2ho6evLF6782l33W\\\\\\/9b+aYWZcrwFYqTjI3Kv8AFjGcjPOSQT3NEWpRlLtypeX\\\\\\/AAy0\\\\\\/q5SUXrqpJbS2vpdf1a5FIMdCx6so3bV6\\\\\\/KH7kj1P0b5cVnKLk7rda3+f+b\\\\\\/AENIu+skl7yTbWt+XXl8m9V3TG\\\\\\/NncyryuQUDEcAknpuX3YHjoRmquuVO7ut\\\\\\/ktWrdrBZONoy0i1o3Zp3tff3v8ADrcgdQpAKMrMd3HzfLk8+uCdxVgBtBG6sG7tvu2\\\\\\/vZvGTab5k0rx1XK+ZdWtbejDfGGG1Tkq3BG4A9CS21gSP7oXJXBDbs0KTSa7\\\\\\/wBfiHLUtdz+1uvXZJNabJXa969+ZFd8D5lDEZXk7uMcbuAFX+Bc5wcUjVb2k\\\\\\/NK3fVR87yu\\\\\\/L5ED5xt2LvOflwAO+FJ7E465+bGQKRqldp8z7XT97bfvy\\\\\\/oU3+ccrz02nB\\\\\\/dkAtghN24Nz8uOF5oOhJp3Uk79tufp1\\\\\\/l2V\\\\\\/PzK0kj4y5BClQEGFYP0DFiuSZMLsJ6DAJ2FhTNIRi3Ll2la73UovfTq1Lovi0cfebM2SUk8IQp+bG4lgowTnjI9ANwAbPzAfLQdkYcsfemuZWV3Zxuuqv7rk9b9f1z5i4cxgYHLAMQUD7SQoIA2qO2c89uKRrGMbJ7uyTb3001vrfvfXvsUHOAGKlmK4Ks27943IO4KFwM7W4VmAGRk4pmdRXtrZXaev2Neb8Ulr8yOQEB8qDKYSTIEym0jJEfG4IDwd3zrww6mp9\\\\\\/8Au2+fyOWTaS5paXaacrWttzK+n930MqQOWWURosm0tJuQJ85IVmBQ\\\\\\/PGoO0LtOz5gOiYNbPmt8tredwqWcWpXn1SvztLX3Wn1lo7eXyG3cD3WlXUYDPJZyxapEmQ4lgh3QX6B2G4N9nnJiWMY3W5BjxuI568VKNn8MlKPfTbT8\\\\\\/U\\\\\\/GPF\\\\\\/JljMgoZjRVsRlOIjJqPut0aq5ZXWl3f3r\\\\\\/Zvytds\\\\\\/QLiOOX7I8i3CwyRkDJyyyBBHuUj752BdzfKmcDivzfM8K6OLa96Med2a105nay+10\\\\\\/wn80YmDqqFaHPHnp81mrNc1pNNLbfVaWaa12PoP4dttYD5RI80hVYkUtulk2tGrMGA8tt+48IMSBhjFfI8Qq0nboo63192PNe\\\\\\/XffufKZzSftpc0W4e6nzfDz8utvK6v+i6\\\\\\/YvhNtoUeazjqzBpF3ZzHmQY+UM22MBG+bGTX5zi\\\\\\/h187fdp\\\\\\/Xc+Nr0\\\\\\/ejeKbV3ZbPf3VyrmkpfFr7senQ9+0BWHlMzIAvQFxhunIL4wNx2gFiBj5vmrxatrJebf5\\\\\\/qefV1jJcspN63WtuvTdX7aWV7HqtjKQEyVeMhT5ZUOV5XaF45APzLjkE+uK82pFvRdG+2v8AVjyay0b6+fk11+z5v7X3ncWmVjUhjtIyA2GGMAbO8hKn5irB+VJyDnGFne3W9vmedNKV+Z8vnompX76W169NjdtAJAjoMA4XZuBERJyu2QMzCNmVTG+7Axt3DpVVNIw9Vf1vG\\\\\\/4nHOPxRk1fR8691PraUE\\\\\\/eu9429569TQljygdhuc8BwF3NjKEbhgNnrzlqyc91rZPX1M1TvKTVltGy2Tk+ay7eXZWOcuU2koAGLBd5Y4ICn5emSDggY5YDG04qHKMk0ubTW9tv+Br9x1wbu5dI8zgu\\\\\\/NFXWl\\\\\\/hu7+pz9xFw2QUdg45bJ+9nAwCS2\\\\\\/OducgAnvThJ6J\\\\\\/Ly\\\\\\/r8zthJc6b9+KSTXov6\\\\\\/LY828SWzTQS4IZ8Mr7gC2OqjIB6AHAYDaVKhq9fDzUfZ3e1mlsuXr\\\\\\/wCTaf8AAserh5e+01aO613f5\\\\\\/8AA6H5ieOdPHg\\\\\\/4n6vYpGltZagYdas1VmSNftzMLlIkx922u1kPlg8Fkck5r7KDeIwVKr\\\\\\/AMvI2hLzsrN7\\\\\\/ahaO35s\\\\\\/Q8krRrYSEJcvPSbpNv4vdXNDl\\\\\\/7c\\\\\\/re3tHg3VN6wsxkKnHmMvAJZjwNxJ2AqrMwAxIWANedXjZW5d\\\\\\/x17f5d+1zXFwTi1HlaXveaXZ95W\\\\\\/8l8z3rTroMkZYLkYDODtCbjgbiOcAncAoLfLnJGK86S5ZNfP8dvkeNONn8K2ltol5Jb\\\\\\/r952MRDIgJTCh95cjBQNgupXCgs3QEBmC9BWMlrJ9rHA0236J\\\\\\/K36E0avHuZ3wGAKrnyznBIyuSVYDH7zsPl4rS62JlyyjyRsmlbe+1vuJhdhSVUgfIdjDoMYLD5hwo68YLP8mOKpQTV+b102\\\\\\/E5fYzvrtstVt0\\\\\\/q3yI5JDkZY4I4DZ3bjk4Ix37A9erfLipOmEOWGnx3+XKn6bW+ffyqsd24R71BTAPmSEE873XGD8x2ocYOT81BaTim\\\\\\/Vr3dNe\\\\\\/d+a1Y\\\\\\/L4O4PgHJDNwyghSVBJGWGCH6hiRQYybV2m3e95L4o3+FWeqip8y8kvUaFHlsdoZdxIQ53BmwcquerbmX5sLgnf\\\\\\/wAs6vmvZct7Ltf\\\\\\/AIb9TJt8ySldrSLWl1srW116AbcbMt8zq2UUcnC5zISBlgRxhshc8dq3VRR5UrK\\\\\\/Trd+n3fqzmcZcyak029bdO\\\\\\/rzO5RntwTkKwbgbQOVXGCBgEfN9QVHHatIyv8XLbz\\\\\\/wCCaKTjvt+nz\\\\\\/4YwZldCVI+Yg4XiSPqDnrnPBzzkt8xYdK0Vuhqmmros20EjEcErgb9+Tg\\\\\\/eyNxA3Nj5tvOG4HoMzm4t6bar5dP6Rpx24B8x4SAWOMY3N13gKxHz8bVJJ2qNrfLipk7LTy+X9PYzutk7dP+B\\\\\\/X4mjHFiPONrDkMwGNoTIcMhBBQjDBjuPPljNYCcrPTXo1a2q\\\\\\/r+tB8IkCrjGRIoQKCivkGRW5GVXAZd4OARu28gUEzs7pp\\\\\\/A7tP4Un7yi+rT0lH9NDVjIMayD5g247cHDOAqgH5VG7PCE9CMVNo\\\\\\/Fpp1\\\\\\/rrf53MlByXJzK27srJedv5Z7v+\\\\\\/t1HYbsykucEsu7cy5H3VGUCgZbPEjlB2pXjLTczl\\\\\\/LZrk6aadNZXd9be6l5dhj4G8SncXP+rPBY\\\\\\/eCO468k5Q\\\\\\/KxYvj5KFBJ39f6+7uJybtyqSelmtLu1pcqW2t+bf5DHIaKLayBsFVDlii5kYugKjO3f0KnLJkoOtRdpya2u79v8AgFRSSk25W05nfS32JpdLbLyGIVRGB5UMjAkghBt3MpXABB3ZCuoKqoGc8lTto111ZtCV76curvtq\\\\\\/Pz73+9lZnBYsHfY6kMCi4DFSY\\\\\\/m6cL1PzZ37cnFQa36WWmt+r82MXMbfIjOGUJsI8xVU5BbJ24AJ65xtxtUCgJa683L597\\\\\\/AGdb9dvzLaykxELyQ6HcSdqcYdCo5ld8KMA5TByopmLS5ovlb3vZWlLTq3tFdP5vQkwjhQN7MvG3Jw5BHLOQgz94A7sjAG00tEXFSu7cvLKV+\\\\\\/T+Xpp9rXvbUcszZY5k3IfmBGXfbuMZxuX5\\\\\\/uqwYHOCwz1MWu2aqK0s42aXVdfz3+ZWmmMjKSSOSOobY2WClF+YkZOGBDFVxgLVR6+ptFKP\\\\\\/Pu3aXT\\\\\\/ABL\\\\\\/ANJ+RVOQSz7gQSAckj7pI25ODuG44fgHZye737fn+A97tbKyfrt+L7FKS4AYoGL7AOF8tW3Mv8SbjgtjI25Khd0fymhpO3kaLm5V8NrO3pbrb3f\\\\\\/AALW976ksMybt3Rzg42tkHdlRhgC3H4Dn0pS0WmwJSbTey2\\\\\\/4Fvlrs\\\\\\/MkMw2sH5RQDgfdB3ZKsd24lc8OnyqSg6VmaQTctZW102Xlv8A1+gwT\\\\\\/IflbdwwQFW8tQxyu4EZIzj5QTkqaC3FRdm7x6vXWV3e1ve33v7vYz7u7xkZIwd2R8g4OBk5EgK5wzHcFkySOxqK69jenTbu39pRha13Z+8tdo\\\\\\/LRa\\\\\\/LjtU1RQhIfcfnTC5Dv8AIW2qOFAdQSXYjb97AzVpb9nqdtOiubmUbX0ve9\\\\\\/Pzv8Ane58o\\\\\\/FzxAVsb1S2E2SJvAClskZH3hhVByzjcCx2RksCT34KClUS7NNf9vJf1+mx72DpqCb6tRX3WT0\\\\\\/9t6\\\\\\/F1PjL4KeGbr4m\\\\\\/EfVv7R8w+HfCWsG4ukCMU1PU9UsYFt9PcjaXhtoI\\\\\\/tl9EDiRjaWrAB3r9AzR08pynByUYvE5hg4xhzayo0sPXl+9t9l1J3jSn9n95UXwnPmU7Tq0nBxdONKdWorcsY8kp0472bmmpVJL3oRik9Vc\\\\\\/Y3wvpFpp9pBDFF5SoiA7QAeFXCnAIXptG3hVG0dq\\\\\\/La1Scm5b66t629f8+h4NSckub3X9nmTty662i9Zbb7u3399DaxBchfmx8uPm3DvwOQB\\\\\\/dwOOc1zN3u1e27\\\\\\/r12OSpW0vzJqOmi006JPZ\\\\\\/wBbLSSytVk1KQrgeUkcCFRgBsmV8jHJLOA45y2ea25uWl8Wnvder2WnX9TyMfWvCMe7dTXTe8Pe+73f1PX9LttkUJOxSRltx3cjAzGy4IBHQHgHPpXi1pKTm97yaT+f\\\\\\/A\\\\\\/I+bqaylbr331XXz7ne2EZwnTk7hjlQpAILcHHmEFhtHHc1zR2\\\\\\/rzOKq4uKXaLXbZ\\\\\\/0vUXVJvJhkztTA+XJ6Dgnb055xjPGOvahvVL7x4ZLn0100l\\\\\\/LfoeN65epIzhGGW3HZu2Fk3AEAn7uQBnB+bd61vRj7y8rf5\\\\\\/oezTi4xbeidrv16v1v8Ap2PML8M7SBW25kYYVcKAowd2\\\\\\/PGByQN2McZruTSeq26a\\\\\\/f8A8DY9WnZJW1T6979f66aHKXsQGcOScAEE55PCE7lURg8nHVvvL9ytIVHJu\\\\\\/R+73sm7eW1tPzNjy3xPLDHE8CDzMKGQsrL5LsSDKM5cLIQFfGAB82fv1207tpvXbry\\\\\\/Ll+1fdfekdVGm5Xl8K2vr72lv8AyT4+3U+Z\\\\\\/iFdRmJwnmxO0crKyZbBXEc0apISfKc7ZJEDM8bOZNhC7q9vCWurfE5Ly66adH91kejh4ct0uWWtlJ9FvFy205r8u2iXy+ILi92+K9ZuWkiC29tafZoBL8z38UcxLuiMwxGdsoPyRB1RsqxjUf0LwJhuTKa1VvmeIxLc1H4fZ00orm87ySfTqf0R4IZfUxGYZnON1B4Gnh6rjFLmw+Jrc9Tnm9FGp9XjFpP2klzJaM5uByjEKu47gxcx+X5u7cfmlA+QEtuGBtZgcEuTX6LZrR6Nfn5fof2CoJxbsopQUVFPRJWikodElooL+GlZv3S3FlFZ1CANufcS5O9mABQYBBZ85J4+tJuzStv1v9\\\\\\/3HTCKcrc2sG1FXWy7y6q11bpr6FcyysxhaJEUsyl2ILqAFYIXVW2IrEvtBG8sCfRtLJWfNd7pW\\\\\\/DTb56nZFLT3pXt2sr+Svp5diwDIcBolCrgrnazBgAeeDt3ru2f3Ytp\\\\\\/jquezS1vLe1v\\\\\\/JU\\\\\\/wDybzuaRtfRu\\\\\\/X\\\\\\/AD2voWIc+WHTzWDEjdIFyTyMMAByOQGIwRjB7hXin7\\\\\\/J5WvfX8H8\\\\\\/U1avJfC\\\\\\/dXz06vr\\\\\\/lZliF2iwy7FZlwASPlIUbnVjyBkjecMG25BIINbJwktuaz\\\\\\/AB\\\\\\/4Bm4pvlvfW+mv9LX1+4txsp+dlc5AIYjeAhA2zDcN0irwegMYAXgtT+H4dG\\\\\\/VW76\\\\\\/ZXn167jdPaz82o6yT849+nNfe\\\\\\/kWQu4KevOVUx8LuYq+V25YZ+VhyWVgCFIxRFrro1fy8nprvuilLltdSV9b3vJ+cfN\\\\\\/b9ehLGSrbPLw6gHIYZGCTgFtwGMfLkbRtx161a+0hte7F3aV0mltLrzLydlbQmWTAwzRnEhLoDn5s4TYD865AfCkdDna3Wmv0X6hNRSsk4tq6vr9+r\\\\\\/4ctFiDgR\\\\\\/Ix5BUnYxIH3xkYycljlgeF+XGM+ZaWl01S\\\\\\/yI5G73Uue+rWl13362\\\\\\/AtxyBpCVOH3\\\\\\/M\\\\\\/V8t3X5eFwrbvRN3WrWur6X+ff9RuGyvo9pP4X2v59Uu5bBDFSxA2qxKfxsxG8jHO1iNoyMHcxwA2alSTXf8A4D3JlC17X6b799fP9S5H5bbHbcxTjapwynoEZyAnq7MpIbaS4DcVT0T\\\\\\/AK1M5N+9Z6debby+XT0kjRDSsWC5BGSd4baCFTaUcggEjB2DajY3sFPFQrJ\\\\\\/1v3MZcijrZx9221m3J626JvW\\\\\\/W99C5EWJwd2c5yGG1sDBI2AEqvWQ5DbuVZlTlyej+HXRX\\\\\\/J+pholFNRs+btfvvpr5\\\\\\/cWBgfM6YyScgDDEEMMkKuADw2cZLdBUrSy7KwcjUfdlG3X5W\\\\\\/rR2QocN1iyAWwXUgbjypPCqeSFG4NwI8ZqtY\\\\\\/PXTz\\\\\\/UjlX80fPdalpZui+YSoKsc8EMuSflAztB4ZWABPKmslCLk27JttqOl5dbv110sQ49eXq\\\\\\/R7\\\\\\/fe2m5OzvksrfO55wx3MoUhJeflBXq2OATtGavlXWK+5f5HPC0rJpqN72\\\\\\/v9YdNG7yIFO8BSwIYYdHTdGw2N8gQqwVl2gqAMkPuDEgUrQSv2b6ba27d\\\\\\/wBPU6XzXTUbf3ofH\\\\\\/jb5tls5dL2sTo0gKqm\\\\\\/cQRE3MhJBAaORnKjylA\\\\\\/dxhG3ONzEk8p8qbbtbTnvv\\\\\\/AHbdPUiSTcpNdVzd7\\\\\\/3Vd9fiWvZ3AyOAyMEURNGpSGNt3OWe4gk3KS5LKGkbhuV25Qik3F66L+815r3Z\\\\\\/go6\\\\\\/pdcsXZpqzbfM52Tvb3ZdEukFoOZ5kYb\\\\\\/KBkV3DtGWMgVdqQTMuAA7EOqoclsTBt4KB3hLS3w6Wdvd\\\\\\/v69Vt330EkpLTnXLo\\\\\\/f8AhfWUfNP3ZS7XpvRDTJKsayADZjapkT97E74BeNPn2rGcsGY\\\\\\/uVO8AhmNHNF6Xvvpa993a+3pqCUeZwVlomuWflezWit3j9qWo8NIxkCBGAJLqUKwSIDlWUbmcs+MSAfKd2xvk3Uc0Yta2vpH+ZfzJ\\\\\\/3d9flfa5pGyalJy05uf34+UnpdrpbovmME0jmLHLsrFNsZQo+8nyJgzBRHHHjy4yFOTtyyqKPdV38CW\\\\\\/8ALLzj5vf10G4qPNrouXVPR26xe6839rcDI4DIwQCNo1KQxsXOcs9xBJuUs7FlDSNw\\\\\\/I2goRSbi9dr\\\\\\/aa817s\\\\\\/wUf6uWTs01q2+bnsne3utbJdIIczzIw3+UDIruHaMsZAq7UgmZcAB2IdVQ5LYmDbwUDvCWlvh0s7e7\\\\\\/f16rbvvoJJSWnOuXR+\\\\\\/8AC+so+afuyl2vTeiGmSVY1kAGzG1TIn72J3wC8afPtWM5YMx\\\\\\/cqd4BDMaOaL0vffS177u19vTUEo8zgrLRNcs\\\\\\/K9mtFbvH7UtR4aRjIECMASXUoVgkQHKso3M5Z8YkA+U7tjfJuo5oxa1tfSP8y\\\\\\/mT\\\\\\/u76\\\\\\/K+1zSNk1KTlpzc\\\\\\/vx8pPS7XS3RfMYJpHMWOXZWKbYyhR95PkTBmCiOOPHlxkKcnbllUUe6rv4Et\\\\\\/5ZecfN7+ug3FR5tdFy6p6O3WL3Xm\\\\\\/tbgZHAZGCARtGpSGNi5zlnuIJNylnYsoaRuH5G0FCKTcXrtf7TXmvdn+Cj\\\\\\/VyydmmtW3zc9k7291rZLpBDmeZGG\\\\\\/ygZFdw7RljIFXakEzLgAOxDqqHJbEwbeCgd4S0t8Olnb3f7+vVbd99BJKS051y6P3\\\\\\/hfWUfNP3ZS7XpvRDTJKsayADZjapkT97E74BeNPn2rGcsGY\\\\\\/uVO8AhmNHNF6Xvvpa993a+3pqCUeZwVlomuWflezWit3j9qWo8NIxkCBGAJLqUKwSIDlWUbmcs+MSAfKd2xvk3Uc0Yta2vpH+ZfzJ\\\\\\/3d9flfa5pGyalJy05uf34+UnpdrpbovmME0jmLHLsrFNsZQo+8nyJgzBRHHHjy4yFOTtyyqKPdV38CW\\\\\\/8svOPm9\\\\\\/XQbio82ui5dU9HbrF7rzf2twMjgMjBAI2jUpDGxc5yz3EEm5SzsWUNI3D8jaChFJuL12v9przXuz\\\\\\/AAUf6uWTs01q2+bnsne3utbJdIIczzIw3+UDIruHaMsZAq7UgmZcAB2IdVQ5LYmDbwUDvCWlvh0s7e7\\\\\\/AH9eq2776CSUlpzrl0fv\\\\\\/C+so+afuyl2vTeiGmSVY1kAGzG1TIn72J3wC8afPtWM5YMx\\\\\\/cqd4BDMaOaL0vffS177u19vTUEo8zgrLRNcs\\\\\\/K9mtFbvH7UtR4aRjIECMASXUoVgkQHKso3M5Z8YkA+U7tjfJuo5oxa1tfSP8y\\\\\\/mT\\\\\\/u76\\\\\\/K+1zSNk1KTlpzc\\\\\\/vx8pPS7XS3RfMYJpHMWOXZWKbYyhR95PkTBmCiOOPHlxkKcnbllUUe6rv4Et\\\\\\/5ZecfN7+ug3FR5tdFy6p6O3WL3Xm\\\\\\/tbgZHAZGCARtGpSGNi5zlnuIJNylnYsoaRuH5G0FCKTcXrtf7TXmvdn+Cj\\\\\\/VyydmmtW3zc9k7291rZLpBDmeZGG\\\\\\/ygZFdw7RljIFXakEzLgAOxDqqHJbEwbeCgd4S0t8Olnb3f7+vVbd99BJKS051y6P3\\\\\\/hfWUfNP3ZS7XpvRDTJKsayADZjapkT97E74BeNPn2rGcsGY\\\\\\/uVO8AhmNHNF6Xvvpa993a+3pqCUeZwVlomuWflezWit3j9qWo8NIxkCBGAJLqUKwSIDlWUbmcs+MSAfKd2xvk3Uc0Yta2vpH+ZfzJ\\\\\\/3d9flfa5pGyalJy05uf34+UnpdrpbovmME0jmLHLsrFNsZQo+8nyJgzBRHHHjy4yFOTtyyqKPdV38CW\\\\\\/8svOPm9\\\\\\/XQbio82ui5dU9HbrF7rzf2twMjgMjBAI2jUpDGxc5yz3EEm5SzsWUNI3D8jaChFJuL12v9przXuz\\\\\\/BR\\\\\\/q5ZOzTWrb5ueyd7e61sl0ghzPMjDf5QMiu4doyxkCrtSCZlwAHYh1VDktiYNvBQO8JaW+HSzt7v9\\\\\\/Xqtu++gklJac65dH7\\\\\\/wvrKPmn7spdr03ohpklWNZABsxtUyJ+9id8AvGnz7VjOWDMf3KneAQzGjmi9L330te+7tfb01BKPM4Ky0TXLPyvZrRW7x+1LUeGkYyBAjAEl1KFYJEByrKNzOWfGJAPlO7Y3ybqOaMWtbX0j\\\\\\/ADL+ZP8Au76\\\\\\/K+1zSNk1KTlpzc\\\\\\/vx8pPS7XS3RfMYJpHMWOXZWKbYyhR95PkTBmCiOOPHlxkKcnbllUUe6rv4Et\\\\\\/5ZecfN7+ug3FR5tdFy6p6O3WL3Xm\\\\\\/tbgZHAZGCARtGpSGNi5zlnuIJNylnYsoaRuH5G0FCKTcXrtf7TXmvdn+Cj\\\\\\/AFcsnZprVt83PZO9vda2S6QQ5nmRhv8AKBkV3DtGWMgVdqQTMuAA7EOqoclsTBt4KB3hLS3w6Wdvd\\\\\\/v69Vt330EkpLTnXLo\\\\\\/f+F9ZR80\\\\\\/dlLtem9ENMkqxrIANmNqmRP3sTvgF40+fasZywZj+5U7wCGY0c0Xpe++lr33dr7emoJR5nBWWia5Z+V7NaK3eP2pajw0jGQIEYAkupQrBIgOVZRuZyz4xIB8p3bG+TdRzRi1ra+kf5l\\\\\\/Mn\\\\\\/AHd9flfa5pGyalJy05uf34+UnpdrpbovmME0jmLHLsrFNsZQo+8nyJgzBRHHHjy4yFOTtyyqKPdV38CW\\\\\\/wDLLzj5vf10G4qPNrouXVPR26xe6839rcDI4DIwQCNo1KQxsXOcs9xBJuUs7FlDSNw\\\\\\/I2goRSbi9dr\\\\\\/AGmvNe7P8FH+rlk7NNatvm57J3t7rWyXSCHM8yMN\\\\\\/lAyK7h2jLGQKu1IJmXAAdiHVUOS2Jg28FA7wlpb4dLO3u\\\\\\/39eq2776CSUlpzrl0fv8AwvrKPmn7spdr03ohpklWNZABsxtUyJ+9id8AvGnz7VjOWDMf3KneAQzGjmi9L330te+7tfb01BKPM4Ky0TXLPyvZrRW7x+1LUeGkYyBAjAEl1KFYJEByrKNzOWfGJAPlO7Y3ybqOaMWtbX0j\\\\\\/Mv5k\\\\\\/7u+vyvtc0jZNSk5ac3P78fKT0u10t0XzGCaRzFjl2Vim2MoUfeT5EwZgojjjx5cZCnJ25ZVFHuq7+BLf8All5x83v66DcVHm10XLqno7dYvdeb+1uBkcBkYIBG0alIY2LnOWe4gk3KWdiyhpG4fkbQUIpNxeu1\\\\\\/tNea92f4KP9XLJ2aa1bfNz2Tvb3WtkukEf1E\\\\\\/8ABOwuf2Ofg8X+8f8AhYBPAHH\\\\\\/AAtLxvtztyM7cZI6nnvXqYdp0YWVl7ys91aUkf4f\\\\\\/S+t\\\\\\/wATE+Idr\\\\\\/8ANJLV3aa4G4ZTTfk+nTbofa1bH81hQAUAFABQAUAFABQAUAFABQAUAFABQAUAFABQAUAFABQAUAFABQAUAFABQAUAFABQAUAFABQAUAFABQAUAFABQAUAFABQAUAFABQAUAFABQAUAFABQAUAFABQAUAFABQAUAFABQAUAFABQAUAFABQAUAFABQAUAFABQAUAFABQAUAFABQAUAFABQAUAFABQAUAFABQAUAFABQAUAFABQAUAfyCsSuwnKqWyc5wBs2leMBiflJbufrmvl7637JW+Wx\\\\\\/wBDaSk5W1fI7Wj7y95O393tFW0joQbdw3ZzuTKMcZ53DZv+5EMjLAcj7vXNaqcWmpfrb\\\\\\/P+rmt2nbSLVlKKWkXFp86hfmqWvZfZfxFedGbBJVSF+XaCH2YBYovX5DyxTtjd7qF\\\\\\/e5LW1vvtd32\\\\\\/G5rSklfW6bbfNZxTfd3s79ObR9OhFGm5nJEhUFQWPZiuN2BzJn+EEYVsjJ3CrS1TfxWsXOfK42cVLXS\\\\\\/2e13dQ0tf7Unb5RyhkZQ7dXO1gu5tvuTjcVI28AbVUAdxVX6v5mlNqabj\\\\\\/Lr0W3Xyd9v5p99RPlbPygAN8pRfmG3IwFOBlcbjuO4\\\\\\/c6tQCUou92+aKvzPTXW7tfR\\\\\\/Z0081aMYiPnbJXB4AzgkAktyRz8oZwWPyscCqa0v9v7PpbR\\\\\\/wBfcaXtFNXvbX8Ntb+oDyycYBAQ5AHygfwkkjJO0ggMCCeQcVK296\\\\\\/Np9\\\\\\/2r\\\\\\/10+8u7Xd1eUXzPd6bb\\\\\\/wDBXUjCFtxBJbAXAxuy\\\\\\/YfdO5RyGwNo4A3Aii1t1o+lrXv+HXfUtySilJcqk739PW\\\\\\/z+W6IypU5CsNoHO8FNyjGCuNpQ\\\\\\/dYnKkng5NDsl7t7rbbZbbdb76pFpqa95xkm9NNbS97o\\\\\\/iSfMl8Vmre60QsRjnezAjJKnGHJwFPDZBzknjPI7Ukrp397dyWmnl12fqarqo8sVbaMtVpo\\\\\\/5VzL+X3kGQ4GHIcttyw+YYHK57ZxkEfe69Kwdk2ktE7W\\\\\\/pfIn3op+60owUl1tz63td83LezurxtrfUgVliVlY8McAnbkAkDJ3DK5I9SuTyc9X7vXmv8tun4WN3HmcXHRrW2r97otNHp1a5u2hGwLtjDJkKHZcFlGcBwW4cDGQD0yN3zVPqOL5YvZq75F8PvPeMWtOZu7lsum10VnwrbVZ3JBwdh6FwAM8BWzhcnk455pG8VzRUnypXV25PXT9e9t9iqYv4yd6xg4K7flwc4CgjJGCcjLq3y9KDdTt7q93m1977V+v+F62jtJWl1RTlyxLKhycYUjHfGXIPIGflAAG7gY6UzohaMbe4rbtaptfZSt3+03tr3MyZGVi24kjOV6HHHBzj7+OT82OgJ7h0QknF6ci01umvvtZ\\\\\\/8N3M6Vy7bcYKAgEKdx5JAxwqggll2gEkkZLZoNl7qct7vbTf5+fL8T8olOQtvKFCMBSzHdkZJAICgjBzwxJ2j5CdoBoJsnZpv7Ttd9b6O\\\\\\/bZX2G8EAIhYfwtggec5JICOMJIi4bDfKw5Xig5asbar4l06ciul+Hz+e9Z4HDLtcEgYycBmzknaVB2sWUk4DZwcBelRJX0Vkr6+e3luYSldPpvr231\\\\\\/Xf7hyMsRSRSZFjfy5Y1IKvG6lZ41Gc5KO6gbgxDOetZS19F7v3f8A8TMcDSx+ExWAxUIyoYyhVo1JSjJx5ZwcVNNWV4PlqLp7v3cTcxNpmrEpGQljd75OZEE9u4zC+4gMYHhZG3B2WZozjOzNfPZzhPaxjODUZNW5rbyi9F9yt\\\\\\/Wv8AG+LwNTKcdj8mxDftMJVcYTUXBcjb5ZpvpOOq6u6Z9KfCsl42IkURM0kjSFZHcLO7SCGFgvyIofaY9pLRlirF8mvy3iyLVbXmi5JRSp7PlpJXl5u2vTufB55GPtrqN5RcWrvtHlWuv\\\\\\/gXTY+yfBwVbaIrE0yghEkDYk+6wBO35F+YbQZVwQPMfhq\\\\\\/Msa29LWW9uzvt\\\\\\/XY+Qxi97lk\\\\\\/ZOS2fvJ8nXl2UvL5M920ZQ6oQhVwA2JC7h8\\\\\\/K\\\\\\/zMoUDP3hxivIntK2135af8MeTV0jJ817q\\\\\\/MtGrq+qvvfdHqmj\\\\\\/OiqG2kkck4kTGcKCMDaW79wcbe1cTtGTfwtKTUP5uZ\\\\\\/H873Z4td8q+Ju+6e9Tz66re234HoFmodUU7hjBV9pAL4Pz5GCjEcIeAOQ3y4rmhCUZSd91ZX2\\\\\\/X5nl1J3TUbNXd1z8vly6u6va\\\\\\/vaaXjrZnR2zKyL5eBsyXVgCwJbPAXA8rjOGPyuSPuYqNtDG9pL7V4qz3ettm9ebrG+trGuWZ4sgcIoUdN0TEDKkYLcdVLjGOjZ5rGcV7ze2lv1MVpJpre9vTV\\\\\\/oc1eIQGwoYnDZGcnJwFzyeAc\\\\\\/Nkf8tBjNTFRfNfS1reXTbr0OyKSim3rvr5e9892c\\\\\\/cLvOSrIBG23d8wYsRnk\\\\\\/dGA+T3PQcinJWenwv\\\\\\/wBK69fLc3oyS+F3sre7vpbe3XucnrFsJI2bHyuGPHUoAcE8DnkENncAeeuT1YaUoNc3+Pz0Sj\\\\\\/Wv4np4eaXuOVpK2\\\\\\/81vdT0+G11LrzXufAv7S\\\\\\/hg+Vpnie2hUT6PfCzu5dpydO1F02hyBuZLe8WEkOAv71yxLZNfYZTWvGdCUtJL2kP8cFaWnlTUz6zI8QqeIcXdxrU1KPnKnquvWLlF72PP8AwRqcgSGN3U+WdpKnb+43fJsJZt7bm+7jkfOflStq0d3e+r1\\\\\\/P\\\\\\/P+tfqKkUrJ6O2jve7V9de\\\\\\/Y+jdE1FnjQJ5agSbVUbmGANjHcMbnXOGjbOTkpl815dVXk1fZOX320\\\\\\/4J5FWDVm+uq+f9bne299HGq72UqAd2MtgE43EDABRwpaPBKjAzzXM9bHNOk528pa\\\\\\/r\\\\\\/W3mXo7maVWCkKNoZ2D5XLZLAv\\\\\\/AAl1UDb7EYAqrRXqjCdNRbu+Z62V+i2LCvtxvwc7QAUPIHIGPu7VJPyt35DelaO3mHLzxulsvu8v62NIeWBs4YHDHIY5xgkcsByeRzgHIFBny6NyfL5\\\\\\/m\\\\\\/69diOTqBtRVBJUDAXbwemcHAGFHLfNQCtyqzblZa669381+A9Sp5IYj51XOPmXAAxnhSAo68n0zzSM5J2+CLk3d37\\\\\\/AD36+f4igYVtoOWAIUEq5CnKknHAc5xgjBGQOaqEeZ+SOSTtLWTvDpJJpXXTfT89GTRusm45JkGwDgKwTnKlFPyruHDHcVG5yTnNVP3UlHRO9\\\\\\/w\\\\\\/r+mZ9HbbrbYq3TtjbsYDkbyMZC8OScYbaPlTOMtnNOkt7O9+ivp\\\\\\/X6bjS0MWbazjduGN2Cc4+YAsEGPn+VQSv3e4467x5tVH56bfeNaK9r\\\\\\/iXrRQTGwZASWy2cBxyWyoDKD1yQA2AOaTctU3fX8iZWt8P6\\\\\\/gaAiB5ZXIB+UkkA43AYxkll\\\\\\/iVRu+VHyQajmSa1s+n9f5mT1jZOMVre+u3fbb\\\\\\/hxGIRdvqrF1GA0ZVgCrZBAJHzfLuxu3ELnAbvq+r18rkwjvfWzhZvWM1yq0lHdKC91S62GkoqH5flYqeOWQLxGAAWK7giNx8rlSw7VlKTVn7ja07tPq9LW218zdRbatrdO1vvl6\\\\\\/wCXYsNdBFBYna7KSrZznOQ244UIG4UZwG96NJO72UdfJ6\\\\\\/8Ey5NGo7WXxbW9Oq39ertYsrckopZccLu6AscFuWDDeXYqAwOFdFAFQm07ozdGN225PvfSPolbRdF1S0K5fzGcs7FDJ\\\\\\/Dwu3IdkVQACVJTDuGJPzDO2hybeuvl0\\\\\\/r8TTkje6ildWsuu3T+t9Sr5wDKu75nwQzAs8mM44xhGyOq8nvzmm+W0uj0SX5\\\\\\/l1\\\\\\/MUKfKnfr9novL5beeg4PkhB8pODJhF+8AcMOQWHs4IwsZFDtLmlrpb\\\\\\/IcU1psm5W8lq0vkrL5CgMQeDjIDHKMx6fIuPvFjkvx6p2xUt3bfdsqKaWu+lyZFXIYbQo5XDbWcj+6ejge42k538YpBZ3fmtPzHEIqs8apy434OMlwdxSM4Jfnhh82OW5zScntrfp\\\\\\/X5DjGyS6qK+dl\\\\\\/kOeTywsaH5c+bgkyPtdlIYqfmPyjHqSc8\\\\\\/LS0e+5cY\\\\\\/a0k1FK3yS+78ys1ygcxsfveZl92PMViSshLD5RHtG7DZORRZ622\\\\\\/M1jSclzJ\\\\\\/DpJeatePm3vb1v5xtITtG1UbaM7mb5QuSWB5OGwpY5XaSU3VWllf+tBxp3dru3xNrqnrp5P8AD5FOWVhlVkEY24GcqpOOW8tmJA+bhclh94HD0L\\\\\\/hvTodEacE7uPNa\\\\\\/np+RnunkkHar7nPO3cEYAeY33QCWLAqQxCr8oGGFP8\\\\\\/wBC5RUoyW2i5V2XT5dxVmDKxi3AgEY3LsG3OGA2rjYG+9hiem1jlqTdmk9mT7NKUedfZS8tF\\\\\\/wf63GSXjxjBKuShJLRhQe5RcDKqflZgPlI6UWXXoaKF27Xsuq\\\\\\/Lr+pltegEIJAx47JjflSM4OWYj5eoYLGPlXG4pqK6fi\\\\\\/8zoVNWTkpJ6aa+992mvVys9ddTC1O\\\\\\/OY4\\\\\\/MJUDDSMSqyt0kYsV+UuQqBiPvD5lZuQRXX+kdVFb6WVlZPpptZXWn8q0a1PN9b1grE\\\\\\/mScANGc5yCAxRUJ6lEUKqtwsRMiHC1R6lGklFNe7Ju7b25X1v1j\\\\\\/M+ktbnx38X9bDWNzudQzA4c7+EVcDCyEEBeVaQMC0ilVDGvZymHtcRTguZ2nzfBezacZb76+a\\\\\\/U9anTUYRUdLtuzT5pc3u3Xrb0Oo\\\\\\/Y88OfZfB1nq8kSpc+JL\\\\\\/UfEM7lZN7\\\\\\/bbuWG3f5gGYLZ2tukZIDMoDFc\\\\\\/O3ucY4n2mPlRUv3eCw+HwNKNrOHsqcZTUV0fPOopbfoeFjJqUq0+W8pSakn0jCUaUF\\\\\\/htFc1n8XfY\\\\\\/SLSY1iRCFJO0FcKMMVBJbkE7f4myRgjgDoPgqjstNn+Gmx40+dxTbsui6xVttui+a+86mIJu+b733F4wTxkHJP3T0G48t0WsrO9lfXbzXR\\\\\\/ccVR3p2jqm7y82939\\\\\\/569yfw3D9one5Pzia5ll5GAB5gCjaSCTtQfL2\\\\\\/MUYlpUlF78qXo0v17niY+d5taaKNNPRO3Lddun6s9isrf5I9wAKgNgNuIHONrZPc4Xgc54rxKjtJLovysmeE5Na73vf8DrbaT5N4ACnGVYfdwSCOo+Yk46Hp9aqMG12\\\\\\/r+t7HJWlaWu\\\\\\/Lp+nocr4kvCQVU5AJJIGNgjH3m5wWySNrAZOSKIxTk12v+f9dex0YSnJraMbuNm9H87\\\\\\/ACdjy+7ywIwj5AbLAl1yD1YkKB6DBOOvNbbJpaeX4\\\\\\/n\\\\\\/AFY96NPmd5uTcVFJx1i0klr0X9eRx18mWcfKBtwG3MmF6kjaNxJzx3YVpS+DXfmd\\\\\\/W52pJWt+ttvyOI1FAvmfMhOQ7bFbCgfd25IbewxtGN2c44rspyai0o6x\\\\\\/8Abv8ALzvuaJO6Vn\\\\\\/w\\\\\\/wDX6HlviIeYj5LRMu4ecAwj+6WVGQhhvjUMSygoYy0bKS26u2lF+6mtlFO3lb8jtpXhZR5ZKyvGVuaL6yj6a+7pf4tbnyl8SZBbW0yeWEVxlWhI4D4SMRvuDx7mCB3JHDDYp25H0OVx5qkYv4Yyvv0782ve3L0+R6NL33zJ+9GFvec1FJP3uZ\\\\\\/A5b8sVrd9T4adhNcancyxBTPqU8G7Cq6vZlY5YR5bN5sqMBmVdySxSRlHcpgf0zwjQdLJMItnUVSuna14Tqyinb0tZdPxX9d+AuHSy3Oq0Je7UxWCjHm5l7qoNRup7aznzJ7S3IHbCbjjjMZj2tnnBLKSTG+3LBFBJYc5NfUr79Nz+jKcXLS29pczSly32emkef7TSty2fmMSVSVYyKzKdhh8vlXKgK+WH7pdv3jyQf3Y2bd1M7IQkly8rjd8\\\\\\/N7Te+vLb7Xa\\\\\\/Xcj8mMgHJcbQ7SZyoxyFDFh5ijk7n+Zlwp5zVKUlokterdv0\\\\\\/M6VKW3u\\\\\\/cv11v6aFj5TGIycOw35xgoA2TGUVX3hMfKQzK4YQhVC1a55dbd0tea3WD0W\\\\\\/xdLu\\\\\\/pcb8yfS9tE0t+k3qr\\\\\\/eTQSMoUiRwrqwB4Vshfk+TBCZXG9MNtHzbe9Xyp2fKlbddr9\\\\\\/0uaSS960b7JauSS+27vf3r638+tiwz5TaCI3IMmG5ZvlAIIVXZ1JICBW2seCTimmrpR2u7+5+ui0t+Gg7N2mtlpZ6+XJ89HstS1FIfmDjBAz5a7m8stjJUnCsoLY3corfPtJIanJRvdbq\\\\\\/l\\\\\\/Xp9xSdp3el1yp33Xe\\\\\\/R7arSK0LocyHzIs9CATtEgGMD5mIySw2hQ7OVGeSatJW8twtZ2lqpf3mr3emiXN6JvlW2iHByqhgocP95lB4YMQyR55OCNxJzjt3pWVn95ThHS97pe7Z2X93mdtPe\\\\\\/8AAne29lZQndkoGkTaA2MfOeHEbbS7v90bj8o\\\\\\/h28ACTWt9NP+G12BxjaytZ\\\\\\/Fay937L+SXKvl5ksbMCfnYtksU+YMRljk7jlwoGCF6D5z1qm07aR00\\\\\\/rfUUouMbWStFXlprZW5e\\\\\\/z+RcSQqAqASEsVcg9ASAQyEBicc7slflxjG+gyjvd7xjdbdlZafLTuaK7MqR95QvzFFxwD\\\\\\/DlSoZTltwO48ioj1ta3mJy93Sd72dtVvrbm\\\\\\/8AbenaxbUso2FuTuVMKGQruI2453EHaOQc52kKRw42u77Wdu3N\\\\\\/W1vmYSk9P7umuj97svm9ti1HLLgRs\\\\\\/yFgpT5Qw2nJJzncCeNqnLBsdXo5e+4pRjZd7L8v6089LFyOUqGYSDJKn7vlpGoLgIAR+6CjcrbstnO0kCk1eyS6uy7\\\\\\/8ADmbWmu1r\\\\\\/D8W3T7Vlu+vzLYd5sSRkDc6jczD5tvUIVwoC9Q\\\\\\/3ZAwU\\\\\\/MBSSturWjZLtpa3y2Ik4rS\\\\\\/M2uitv5dL9tLflMkmxXKEA7i2ZMybiATtCnCrsOQsZKlgAo345ejWvN02937npfyZny3cU9Fy\\\\\\/YfwK2nN2clv67ljzxwm8BzgMyLuJySHyGAPI+VcH5SDhQKShDdbPS976R2u+u3z6mNrJPZJadtNPnYl2smNrBwpQYdgyqvIIbhQiYAwzfMpxjBSi6evfX7ybp3Xw369\\\\\\/6\\\\\\/wCBcGclnUEJuA3qUkGRkhGaQYZnG\\\\\\/Lb3Rdp4fGBUSsk\\\\\\/ivra07fcm\\\\\\/y2Kioxtq57u+nu36K\\\\\\/u6bae9fzHK+5ZQS7dXZWZPmETH5B0AjxkwLtLH\\\\\\/AJaKww1Zvl0aklpZ3d3d6O779G3bXzG7Jwd4p7LstLXlfrJau68vJTETr5Lv8sbbURxLuceYrHGzCrGyAncmSBngkAGpXJK65vhf8nXXrq9utyVyWnGyvGzcVG6i735vT57We6dmhJjE4RAI4mZZAZSFUxL8zJGq4kRs7RIWJGH5PJo0uuacVKWqWzd+6vp56guXm1fxxUlLkaunsv6ew4GV3fyVZpGjEuWlEZdTtUo7AMd6nKiM7QyAbhuptJaynFLutenb83+oWXLr0k1y8m1uu3\\\\\\/A6rfVo3jy1GS6zGAfNgRuW3bhuDOEJ3+a+zKleDvBo5YpfGuW3P8Afr3tqttb26dQfKm9dHGL9dP60FYSr5izA7yvm7PM370Rj95jtDlgdy7Qd7cEcUR5WuaEo6qzv6a7\\\\\\/PtbYb5LRlHW7lG76arT\\\\\\/hvv6C\\\\\\/v18mRvlifYsbiXe48xGONgVFjZATuTpzxkAUlyu8XLWL19zqr9d3bXX8EL3LTju4625PO\\\\\\/O\\\\\\/Va\\\\\\/d1Ts0JMYnCIBHEzLIDKQqmJfmZI1XEiNnaJCxIw\\\\\\/J5NGl1zTipS1S2bv3V9PPUFy82r+OKkpcjV09l\\\\\\/T2HAyu7+SrNI0Yly0ojLqdqlHYBjvU5URnaGQDcN1NpLWU4pd1r07fm\\\\\\/wBQsuXXpJrl5Nrddv8AgdVvq0bx5ajJdZjAPmwI3Lbtw3BnCE7\\\\\\/ADX2ZUrwd4NHLFL41y25\\\\\\/v1721W2t7dOoPlTeujjF+un9aCsJV8xZgd5Xzdnmb96Ix+8x2hywO5doO9uCOKI8rXNCUdVZ39Nd\\\\\\/n2tsN8loyjrdyjd9NVp\\\\\\/w339Bf36+TI3yxPsWNxLvceYjHGwKixsgJ3J054yAKS5XeLlrF6+51V+u7trr+CF7lpx3cdbcnnfnfqtfu6p2aEmMThEAjiZlkBlIVTEvzMkariRGztEhYkYfk8mjS65pxUpapbN37q+nnqC5ebV\\\\\\/HFSUuRq6ey\\\\\\/p7DgZXd\\\\\\/JVmkaMS5aURl1O1SjsAx3qcqIztDIBuG6m0lrKcUu616dvzf6hZcuvSTXLybW67f8AA6rfVo3jy1GS6zGAfNgRuW3bhuDOEJ3+a+zKleDvBo5YpfGuW3P9+ve2q21vbp1B8qb10cYv10\\\\\\/rQVhKvmLMDvK+bs8zfvRGP3mO0OWB3LtB3twRxRHla5oSjqrO\\\\\\/prv8+1thvktGUdbuUbvpqtP+G+\\\\\\/oL+\\\\\\/XyZG+WJ9ixuJd7jzEY42BUWNkBO5OnPGQBSXK7xctYvX3Oqv13dtdfwQvctOO7jrbk87879Vr93VOzQkxicIgEcTMsgMpCqYl+ZkjVcSI2dokLEjD8nk0aXXNOKlLVLZu\\\\\\/dX089QXLzav44qSlyNXT2X9PYcDK7v5Ks0jRiXLSiMup2qUdgGO9TlRGdoZANw3U2ktZTil3WvTt+b\\\\\\/ULLl16Sa5eTa3Xb\\\\\\/gdVvq0bx5ajJdZjAPmwI3Lbtw3BnCE7\\\\\\/NfZlSvB3g0csUvjXLbn+\\\\\\/XvbVba3t06g+VN66OMX66f1oKwlXzFmB3lfN2eZv3ojH7zHaHLA7l2g724I4ojytc0JR1Vnf013+fa2w3yWjKOt3KN301Wn\\\\\\/Dff0F\\\\\\/fr5MjfLE+xY3Eu9x5iMcbAqLGyAncnTnjIApLld4uWsXr7nVX67u2uv4IXuWnHdx1tyed+d+q1+7qnZoSYxOEQCOJmWQGUhVMS\\\\\\/MyRquJEbO0SFiRh+TyaNLrmnFSlqls3fur6eeoLl5tX8cVJS5Grp7L+nsOBld38lWaRoxLlpRGXU7VKOwDHepyojO0MgG4bqbSWspxS7rXp2\\\\\\/N\\\\\\/qFly69JNcvJtbrt\\\\\\/wOq31aN48tRkusxgHzYEblt24bgzhCd\\\\\\/mvsypXg7waOWKXxrltz\\\\\\/fr3tqttb26dQfKm9dHGL9dP60FYSr5izA7yvm7PM370Rj95jtDlgdy7Qd7cEcUR5WuaEo6qzv6a7\\\\\\/PtbYb5LRlHW7lG76arT\\\\\\/hvv6C\\\\\\/v18mRvlifYsbiXe48xGONgVFjZATuTpzxkAUlyu8XLWL19zqr9d3bXX8EL3LTju4625PO\\\\\\/O\\\\\\/Va\\\\\\/d1Ts0JMYnCIBHEzLIDKQqmJfmZI1XEiNnaJCxIw\\\\\\/J5NGl1zTipS1S2bv3V9PPUFy82r+OKkpcjV09l\\\\\\/T2HAyu7+SrNI0Yly0ojLqdqlHYBjvU5URnaGQDcN1NpLWU4pd1r07fm\\\\\\/1Cy5dekmuXk2t12\\\\\\/4HVb6tG8eWoyXWYwD5sCNy27cNwZwhO\\\\\\/zX2ZUrwd4NHLFL41y25\\\\\\/v1721W2t7dOoPlTeujjF+un9aCsJV8xZgd5Xzdnmb96Ix+8x2hywO5doO9uCOKI8rXNCUdVZ39Nd\\\\\\/n2tsN8loyjrdyjd9NVp\\\\\\/w339Bf36+TI3yxPsWNxLvceYjHGwKixsgJ3J054yAKS5XeLlrF6+51V+u7trr+CF7lpx3cdbcnnfnfqtfu6p2aEmMThEAjiZlkBlIVTEvzMkariRGztEhYkYfk8mjS65pxUpapbN37q+nnqC5ebV\\\\\\/HFSUuRq6ey\\\\\\/p7DgZXd\\\\\\/JVmkaMS5aURl1O1SjsAx3qcqIztDIBuG6m0lrKcUu616dvzf6hZcuvSTXLybW67f8Dqt9WjePLUZLrMYB82BG5bduG4M4Qnf5r7MqV4O8Gjlil8a5bc\\\\\\/3697arbW9unUHypvXRxi\\\\\\/XT+tBWEq+YswO8r5uzzN+9EY\\\\\\/eY7Q5YHcu0He3BHFEeVrmhKOqs7+mu\\\\\\/wA+1thvktGUdbuUbvpqtP8Ahvv6C\\\\\\/v18mRvlifYsbiXe48xGONgVFjZATuTpzxkAUlyu8XLWL19zqr9d3bXX8EL3LTju4625PO\\\\\\/O\\\\\\/Va\\\\\\/d1Ts0JMYnCIBHEzLIDKQqmJfmZI1XEiNnaJCxIw\\\\\\/J5NGl1zTipS1S2bv3V9PPUFy82r+OKkpcjV09l\\\\\\/T2HAyu7+SrNI0Yly0ojLqdqlHYBjvU5URnaGQDcN1NpLWU4pd1r07fm\\\\\\/1Cy5dekmuXk2t12\\\\\\/4HVb6tG8eWoyXWYwD5sCNy27cNwZwhO\\\\\\/zX2ZUrwd4NHLFL41y25\\\\\\/v1721W2t7dOoPlTeujjF+un9aCsJV8xZgd5Xzdnmb96Ix+8x2hywO5doO9uCOKI8rXNCUdVZ39Nd\\\\\\/n2tsN8loyjrdyjd9NVp\\\\\\/wAN9\\\\\\/QX9+vkyN8sT7FjcS73HmIxxsCosbICdydOeMgCkuV3i5axevudVfru7a6\\\\\\/ghe5acd3HW3J53536rX7uqdv6hv+CdAx+xt8HhgLtPxCUhcFQV+KnjhTtI6qSCQecjBJJOT6+Fv7CF3dvmd7W3nJ7dN9T\\\\\\/D\\\\\\/AOmB\\\\\\/wApFeIbve64RadraPgXhl7dNz7aroP5pCgAoAKACgAoAKACgAoAKACgAoAKACgAoAKACgAoAKACgAoAKACgAoAKACgAoAKACgAoAKACgAoAKACgAoAKACgAoAKACgAoAKACgAoAKACgAoAKACgAoAKACgAoAKACgAoAKACgAoAKACgAoAKACgAoAKACgAoAKACgAoAKACgAoAKACgAoAKACgAoAKACgAoAKACgAoAKACgAoAKACgAoA\\\\\\/9k=\\\",\\\"width\\\":1920,\\\"height\\\":600,\\\"ext\\\":\\\".jpeg\\\"}],\\\"previewLayers\\\":[null,[null,\\\"<p style=\\\\\\\"text-align: center;\\\\\\\">Fashion Exclusively <\\\\\\/p><p style=\\\\\\\"text-align: center;\\\\\\\">only for you<\\\\\\/p>\\\",\\\"<p style=\\\\\\\"text-align: center;\\\\\\\">Life is too short to wear boring clothes<\\\\\\/p>\\\",\\\"<p><a href=\\\\\\\"accessories.html\\\\\\\">Shop This Collection!<\\\\\\/a><\\\\\\/p>\\\"],[null,\\\"<p style=\\\\\\\"text-align: center;\\\\\\\">Stay Cozy & Be in<\\\\\\/p><p style=\\\\\\\"text-align: center;\\\\\\\"> Trend<\\\\\\/p>\\\",\\\"<p style=\\\\\\\"text-align: center;\\\\\\\">Update your wardrobe with new unique items<\\\\\\/p>\\\",\\\"<p><a href=\\\\\\\"teens.html\\\\\\\">Shop Now!\\\\u00a0<\\\\\\/a><\\\\\\/p>\\\"],[null,\\\"<p style=\\\\\\\"text-align: center;\\\\\\\">So Much New <\\\\\\/p><p style=\\\\\\\"text-align: center;\\\\\\\">Shop The Latest<\\\\\\/p>\\\",\\\"<p style=\\\\\\\"text-align: center;\\\\\\\">New line off exclusive clothes & Timeless Brands<\\\\\\/p>\\\",\\\"<p><a href=\\\\\\\"teens.html\\\\\\\" target=\\\\\\\"_blank\\\\\\\">Shop This Collection!\\\\u00a0<\\\\\\/a><\\\\\\/p>\\\"]],\\\"layersScheme\\\":[null,{\\\"3-stay_duration\\\":{\\\"value\\\":\\\"\\\"},\\\"1-css_class\\\":{\\\"value\\\":\\\"title-1\\\"},\\\"3-hide_delay\\\":{\\\"value\\\":\\\"\\\"},\\\"3-height\\\":{\\\"value\\\":\\\"\\\"},\\\"2-css_class\\\":{\\\"value\\\":\\\"title-2\\\"},\\\"2-hide_delay\\\":{\\\"value\\\":\\\"\\\"},\\\"1-text_indent\\\":{\\\"value\\\":\\\"\\\"},\\\"3-css_class\\\":{\\\"value\\\":\\\"line-slider-text\\\"},\\\"2-height\\\":{\\\"value\\\":\\\"\\\"},\\\"1-hide_delay\\\":{\\\"value\\\":\\\"\\\"},\\\"1-height\\\":{\\\"value\\\":\\\"\\\"},\\\"2-text_indent\\\":{\\\"value\\\":\\\"\\\"},\\\"3-css_code\\\":{\\\"value\\\":\\\"\\\"},\\\"3-bg_color\\\":{\\\"value\\\":\\\"\\\"},\\\"3-text_indent\\\":{\\\"value\\\":\\\"\\\"},\\\"2-css_code\\\":{\\\"value\\\":\\\"\\\"},\\\"2-bg_color\\\":{\\\"value\\\":\\\"\\\"},\\\"1-css_code\\\":{\\\"value\\\":\\\"\\\"},\\\"1-bg_color\\\":{\\\"value\\\":\\\"\\\"},\\\"1-depth\\\":{\\\"value\\\":\\\"\\\"},\\\"3-text\\\":{\\\"value\\\":\\\"<p><a href=\\\\\\\"accessories.html\\\\\\\">Shop This Collection!<\\\\\\/a><\\\\\\/p>\\\"},\\\"2-depth\\\":{\\\"value\\\":\\\"\\\"},\\\"2-text\\\":{\\\"value\\\":\\\"<p style=\\\\\\\"text-align: center;\\\\\\\">Life is too short to wear boring clothes<\\\\\\/p>\\\"},\\\"1-horizontal_position\\\":{\\\"value\\\":\\\"1011\\\"},\\\"3-depth\\\":{\\\"value\\\":\\\"\\\"},\\\"2-horizontal_position\\\":{\\\"value\\\":\\\"1088\\\"},\\\"1-text\\\":{\\\"value\\\":\\\"<p style=\\\\\\\"text-align: center;\\\\\\\">Fashion Exclusively <\\\\\\/p><p style=\\\\\\\"text-align: center;\\\\\\\">only for you<\\\\\\/p>\\\"},\\\"1-width\\\":{\\\"value\\\":\\\"\\\"},\\\"3-horizontal_position\\\":{\\\"value\\\":\\\"1292\\\"},\\\"2-width\\\":{\\\"value\\\":\\\"\\\"},\\\"3-text_color\\\":{\\\"value\\\":\\\"#000000\\\"},\\\"3-bg_opacity\\\":{\\\"value\\\":\\\"\\\"},\\\"1-font_weight\\\":{\\\"value\\\":\\\"400\\\"},\\\"2-text_color\\\":{\\\"value\\\":\\\"#828282\\\"},\\\"2-bg_opacity\\\":{\\\"value\\\":\\\"\\\"},\\\"3-width\\\":{\\\"value\\\":\\\"\\\"},\\\"1-text_color\\\":{\\\"value\\\":\\\"#3333333\\\"},\\\"1-bg_opacity\\\":{\\\"value\\\":\\\"\\\"},\\\"2-font_weight\\\":{\\\"value\\\":\\\"400\\\"},\\\"3-font_weight\\\":{\\\"value\\\":\\\"400\\\"},\\\"3-layer_position\\\":{\\\"value\\\":\\\"topLeft\\\"},\\\"2-layer_position\\\":{\\\"value\\\":\\\"topLeft\\\"},\\\"1-layer_position\\\":{\\\"value\\\":\\\"topLeft\\\"},\\\"1-hide_offset\\\":{\\\"value\\\":\\\"200\\\"},\\\"2-hide_offset\\\":{\\\"value\\\":\\\"200\\\"},\\\"1-hide_duration\\\":{\\\"value\\\":\\\"\\\"},\\\"1-font_size\\\":{\\\"value\\\":\\\"64px\\\"},\\\"1-line_height\\\":{\\\"value\\\":\\\"84px\\\"},\\\"1-vertical_position\\\":{\\\"value\\\":\\\"111\\\"},\\\"2-hide_duration\\\":{\\\"value\\\":\\\"\\\"},\\\"2-font_size\\\":{\\\"value\\\":\\\"24px\\\"},\\\"1-hide_transition\\\":{\\\"value\\\":\\\"down\\\"},\\\"3-hide_offset\\\":{\\\"value\\\":\\\"200\\\"},\\\"2-hide_transition\\\":{\\\"value\\\":\\\"down\\\"},\\\"3-font_size\\\":{\\\"value\\\":\\\"24px\\\"},\\\"2-line_height\\\":{\\\"value\\\":\\\"31px\\\"},\\\"2-vertical_position\\\":{\\\"value\\\":\\\"294\\\"},\\\"3-hide_duration\\\":{\\\"value\\\":\\\"\\\"},\\\"3-vertical_position\\\":{\\\"value\\\":\\\"431\\\"},\\\"3-line_height\\\":{\\\"value\\\":\\\"31px\\\"},\\\"1-font_family\\\":{\\\"value\\\":\\\"\\\"},\\\"3-hide_transition\\\":{\\\"value\\\":\\\"\\\"},\\\"2-font_family\\\":{\\\"value\\\":\\\"\\\"},\\\"1-show_offset\\\":{\\\"value\\\":\\\"500\\\"},\\\"3-font_family\\\":{\\\"value\\\":\\\"\\\"},\\\"2-show_offset\\\":{\\\"value\\\":\\\"600\\\"},\\\"1-show_duration\\\":{\\\"value\\\":\\\"500\\\"},\\\"3-show_offset\\\":{\\\"value\\\":\\\"600\\\"},\\\"1-show_transition\\\":{\\\"value\\\":\\\"down\\\"},\\\"2-show_duration\\\":{\\\"value\\\":\\\"600\\\"},\\\"3-font_style\\\":{\\\"value\\\":\\\"normal\\\"},\\\"3-show_delay\\\":{\\\"value\\\":\\\"600\\\"},\\\"2-show_transition\\\":{\\\"value\\\":\\\"left\\\"},\\\"3-show_duration\\\":{\\\"value\\\":\\\"600\\\"},\\\"2-font_style\\\":{\\\"value\\\":\\\"normal\\\"},\\\"2-show_delay\\\":{\\\"value\\\":\\\"600\\\"},\\\"1-show_delay\\\":{\\\"value\\\":\\\"500\\\"},\\\"1-font_style\\\":{\\\"value\\\":\\\"normal\\\"},\\\"3-show_transition\\\":{\\\"value\\\":\\\"up\\\"},\\\"1-stay_duration\\\":{\\\"value\\\":\\\"\\\"},\\\"2-stay_duration\\\":{\\\"value\\\":\\\"\\\"}},{\\\"3-stay_duration\\\":{\\\"value\\\":\\\"\\\"},\\\"1-css_class\\\":{\\\"value\\\":\\\"title-1\\\"},\\\"3-hide_delay\\\":{\\\"value\\\":\\\"\\\"},\\\"3-height\\\":{\\\"value\\\":\\\"\\\"},\\\"2-css_class\\\":{\\\"value\\\":\\\"title-2\\\"},\\\"2-hide_delay\\\":{\\\"value\\\":\\\"\\\"},\\\"1-text_indent\\\":{\\\"value\\\":\\\"\\\"},\\\"3-css_class\\\":{\\\"value\\\":\\\"line-slider-text\\\"},\\\"2-height\\\":{\\\"value\\\":\\\"\\\"},\\\"1-hide_delay\\\":{\\\"value\\\":\\\"\\\"},\\\"1-height\\\":{\\\"value\\\":\\\"\\\"},\\\"2-text_indent\\\":{\\\"value\\\":\\\"\\\"},\\\"3-css_code\\\":{\\\"value\\\":\\\"\\\"},\\\"3-bg_color\\\":{\\\"value\\\":\\\"\\\"},\\\"3-text_indent\\\":{\\\"value\\\":\\\"\\\"},\\\"2-css_code\\\":{\\\"value\\\":\\\"\\\"},\\\"2-bg_color\\\":{\\\"value\\\":\\\"\\\"},\\\"1-css_code\\\":{\\\"value\\\":\\\"\\\"},\\\"1-bg_color\\\":{\\\"value\\\":\\\"\\\"},\\\"1-depth\\\":{\\\"value\\\":\\\"\\\"},\\\"3-text\\\":{\\\"value\\\":\\\"<p><a href=\\\\\\\"teens.html\\\\\\\">Shop Now!\\\\u00a0<\\\\\\/a><\\\\\\/p>\\\"},\\\"2-depth\\\":{\\\"value\\\":\\\"\\\"},\\\"2-text\\\":{\\\"value\\\":\\\"<p style=\\\\\\\"text-align: center;\\\\\\\">Update your wardrobe with new unique items<\\\\\\/p>\\\"},\\\"1-horizontal_position\\\":{\\\"value\\\":\\\"1040\\\"},\\\"3-depth\\\":{\\\"value\\\":\\\"\\\"},\\\"2-horizontal_position\\\":{\\\"value\\\":\\\"1034\\\"},\\\"1-text\\\":{\\\"value\\\":\\\"<p style=\\\\\\\"text-align: center;\\\\\\\">Stay Cozy & Be in<\\\\\\/p><p style=\\\\\\\"text-align: center;\\\\\\\"> Trend<\\\\\\/p>\\\"},\\\"1-width\\\":{\\\"value\\\":\\\"\\\"},\\\"3-horizontal_position\\\":{\\\"value\\\":\\\"1292\\\"},\\\"2-width\\\":{\\\"value\\\":\\\"\\\"},\\\"3-text_color\\\":{\\\"value\\\":\\\"#000000\\\"},\\\"3-bg_opacity\\\":{\\\"value\\\":\\\"\\\"},\\\"1-font_weight\\\":{\\\"value\\\":\\\"400\\\"},\\\"2-text_color\\\":{\\\"value\\\":\\\"#828282\\\"},\\\"2-bg_opacity\\\":{\\\"value\\\":\\\"\\\"},\\\"3-width\\\":{\\\"value\\\":\\\"\\\"},\\\"1-text_color\\\":{\\\"value\\\":\\\"#3333333\\\"},\\\"1-bg_opacity\\\":{\\\"value\\\":\\\"\\\"},\\\"2-font_weight\\\":{\\\"value\\\":\\\"400\\\"},\\\"3-font_weight\\\":{\\\"value\\\":\\\"400\\\"},\\\"3-layer_position\\\":{\\\"value\\\":\\\"topLeft\\\"},\\\"2-layer_position\\\":{\\\"value\\\":\\\"topLeft\\\"},\\\"1-layer_position\\\":{\\\"value\\\":\\\"topLeft\\\"},\\\"1-hide_offset\\\":{\\\"value\\\":\\\"200\\\"},\\\"2-hide_offset\\\":{\\\"value\\\":\\\"200\\\"},\\\"1-hide_duration\\\":{\\\"value\\\":\\\"\\\"},\\\"1-font_size\\\":{\\\"value\\\":\\\"64px\\\"},\\\"1-line_height\\\":{\\\"value\\\":\\\"84px\\\"},\\\"1-vertical_position\\\":{\\\"value\\\":\\\"111\\\"},\\\"2-hide_duration\\\":{\\\"value\\\":\\\"\\\"},\\\"2-font_size\\\":{\\\"value\\\":\\\"24px\\\"},\\\"1-hide_transition\\\":{\\\"value\\\":\\\"down\\\"},\\\"3-hide_offset\\\":{\\\"value\\\":\\\"200\\\"},\\\"2-hide_transition\\\":{\\\"value\\\":\\\"down\\\"},\\\"3-font_size\\\":{\\\"value\\\":\\\"24px\\\"},\\\"2-line_height\\\":{\\\"value\\\":\\\"31px\\\"},\\\"2-vertical_position\\\":{\\\"value\\\":\\\"295\\\"},\\\"3-hide_duration\\\":{\\\"value\\\":\\\"\\\"},\\\"3-vertical_position\\\":{\\\"value\\\":\\\"431\\\"},\\\"3-line_height\\\":{\\\"value\\\":\\\"31px\\\"},\\\"1-font_family\\\":{\\\"value\\\":\\\"\\\"},\\\"3-hide_transition\\\":{\\\"value\\\":\\\"\\\"},\\\"2-font_family\\\":{\\\"value\\\":\\\"\\\"},\\\"1-show_offset\\\":{\\\"value\\\":\\\"500\\\"},\\\"3-font_family\\\":{\\\"value\\\":\\\"\\\"},\\\"2-show_offset\\\":{\\\"value\\\":\\\"600\\\"},\\\"1-show_duration\\\":{\\\"value\\\":\\\"500\\\"},\\\"3-show_offset\\\":{\\\"value\\\":\\\"600\\\"},\\\"1-show_transition\\\":{\\\"value\\\":\\\"down\\\"},\\\"2-show_duration\\\":{\\\"value\\\":\\\"600\\\"},\\\"3-font_style\\\":{\\\"value\\\":\\\"normal\\\"},\\\"3-show_delay\\\":{\\\"value\\\":\\\"600\\\"},\\\"2-show_transition\\\":{\\\"value\\\":\\\"left\\\"},\\\"3-show_duration\\\":{\\\"value\\\":\\\"600\\\"},\\\"2-font_style\\\":{\\\"value\\\":\\\"normal\\\"},\\\"2-show_delay\\\":{\\\"value\\\":\\\"600\\\"},\\\"1-show_delay\\\":{\\\"value\\\":\\\"500\\\"},\\\"1-font_style\\\":{\\\"value\\\":\\\"normal\\\"},\\\"3-show_transition\\\":{\\\"value\\\":\\\"up\\\"},\\\"1-stay_duration\\\":{\\\"value\\\":\\\"\\\"},\\\"2-stay_duration\\\":{\\\"value\\\":\\\"\\\"}},{\\\"3-stay_duration\\\":{\\\"value\\\":\\\"\\\"},\\\"1-css_class\\\":{\\\"value\\\":\\\"title-1\\\"},\\\"3-hide_delay\\\":{\\\"value\\\":\\\"\\\"},\\\"3-height\\\":{\\\"value\\\":\\\"\\\"},\\\"2-css_class\\\":{\\\"value\\\":\\\"title-2\\\"},\\\"2-hide_delay\\\":{\\\"value\\\":\\\"\\\"},\\\"1-text_indent\\\":{\\\"value\\\":\\\"\\\"},\\\"3-css_class\\\":{\\\"value\\\":\\\"line-slider-text\\\"},\\\"2-height\\\":{\\\"value\\\":\\\"\\\"},\\\"1-hide_delay\\\":{\\\"value\\\":\\\"\\\"},\\\"1-height\\\":{\\\"value\\\":\\\"\\\"},\\\"2-text_indent\\\":{\\\"value\\\":\\\"\\\"},\\\"3-css_code\\\":{\\\"value\\\":\\\"\\\"},\\\"3-bg_color\\\":{\\\"value\\\":\\\"\\\"},\\\"3-text_indent\\\":{\\\"value\\\":\\\"\\\"},\\\"2-css_code\\\":{\\\"value\\\":\\\"\\\"},\\\"2-bg_color\\\":{\\\"value\\\":\\\"\\\"},\\\"1-css_code\\\":{\\\"value\\\":\\\"\\\"},\\\"1-bg_color\\\":{\\\"value\\\":\\\"\\\"},\\\"1-depth\\\":{\\\"value\\\":\\\"\\\"},\\\"3-text\\\":{\\\"value\\\":\\\"<p><a href=\\\\\\\"teens.html\\\\\\\" target=\\\\\\\"_blank\\\\\\\">Shop This Collection!\\\\u00a0<\\\\\\/a><\\\\\\/p>\\\"},\\\"2-depth\\\":{\\\"value\\\":\\\"\\\"},\\\"2-text\\\":{\\\"value\\\":\\\"<p style=\\\\\\\"text-align: center;\\\\\\\">New line off exclusive clothes & Timeless Brands<\\\\\\/p>\\\"},\\\"1-horizontal_position\\\":{\\\"value\\\":\\\"1054\\\"},\\\"3-depth\\\":{\\\"value\\\":\\\"\\\"},\\\"2-horizontal_position\\\":{\\\"value\\\":\\\"1025\\\"},\\\"1-text\\\":{\\\"value\\\":\\\"<p style=\\\\\\\"text-align: center;\\\\\\\">So Much New <\\\\\\/p><p style=\\\\\\\"text-align: center;\\\\\\\">Shop The Latest<\\\\\\/p>\\\"},\\\"1-width\\\":{\\\"value\\\":\\\"\\\"},\\\"3-horizontal_position\\\":{\\\"value\\\":\\\"1292\\\"},\\\"2-width\\\":{\\\"value\\\":\\\"\\\"},\\\"3-text_color\\\":{\\\"value\\\":\\\"#000000\\\"},\\\"3-bg_opacity\\\":{\\\"value\\\":\\\"\\\"},\\\"1-font_weight\\\":{\\\"value\\\":\\\"400\\\"},\\\"2-text_color\\\":{\\\"value\\\":\\\"#828282\\\"},\\\"2-bg_opacity\\\":{\\\"value\\\":\\\"\\\"},\\\"3-width\\\":{\\\"value\\\":\\\"\\\"},\\\"1-text_color\\\":{\\\"value\\\":\\\"#3333333\\\"},\\\"1-bg_opacity\\\":{\\\"value\\\":\\\"\\\"},\\\"2-font_weight\\\":{\\\"value\\\":\\\"400\\\"},\\\"3-font_weight\\\":{\\\"value\\\":\\\"400\\\"},\\\"3-layer_position\\\":{\\\"value\\\":\\\"topLeft\\\"},\\\"2-layer_position\\\":{\\\"value\\\":\\\"topLeft\\\"},\\\"1-layer_position\\\":{\\\"value\\\":\\\"topLeft\\\"},\\\"1-hide_offset\\\":{\\\"value\\\":\\\"200\\\"},\\\"2-hide_offset\\\":{\\\"value\\\":\\\"200\\\"},\\\"1-hide_duration\\\":{\\\"value\\\":\\\"\\\"},\\\"1-font_size\\\":{\\\"value\\\":\\\"64px\\\"},\\\"1-line_height\\\":{\\\"value\\\":\\\"84px\\\"},\\\"1-vertical_position\\\":{\\\"value\\\":\\\"111\\\"},\\\"2-hide_duration\\\":{\\\"value\\\":\\\"\\\"},\\\"2-font_size\\\":{\\\"value\\\":\\\"24px\\\"},\\\"1-hide_transition\\\":{\\\"value\\\":\\\"down\\\"},\\\"3-hide_offset\\\":{\\\"value\\\":\\\"200\\\"},\\\"2-hide_transition\\\":{\\\"value\\\":\\\"down\\\"},\\\"3-font_size\\\":{\\\"value\\\":\\\"24px\\\"},\\\"2-line_height\\\":{\\\"value\\\":\\\"31px\\\"},\\\"2-vertical_position\\\":{\\\"value\\\":\\\"298\\\"},\\\"3-hide_duration\\\":{\\\"value\\\":\\\"\\\"},\\\"3-vertical_position\\\":{\\\"value\\\":\\\"431\\\"},\\\"3-line_height\\\":{\\\"value\\\":\\\"31px\\\"},\\\"1-font_family\\\":{\\\"value\\\":\\\"\\\"},\\\"3-hide_transition\\\":{\\\"value\\\":\\\"\\\"},\\\"2-font_family\\\":{\\\"value\\\":\\\"\\\"},\\\"1-show_offset\\\":{\\\"value\\\":\\\"500\\\"},\\\"3-font_family\\\":{\\\"value\\\":\\\"\\\"},\\\"2-show_offset\\\":{\\\"value\\\":\\\"600\\\"},\\\"1-show_duration\\\":{\\\"value\\\":\\\"500\\\"},\\\"3-show_offset\\\":{\\\"value\\\":\\\"600\\\"},\\\"1-show_transition\\\":{\\\"value\\\":\\\"down\\\"},\\\"2-show_duration\\\":{\\\"value\\\":\\\"600\\\"},\\\"3-font_style\\\":{\\\"value\\\":\\\"normal\\\"},\\\"3-show_delay\\\":{\\\"value\\\":\\\"600\\\"},\\\"2-show_transition\\\":{\\\"value\\\":\\\"left\\\"},\\\"3-show_duration\\\":{\\\"value\\\":\\\"600\\\"},\\\"2-font_style\\\":{\\\"value\\\":\\\"normal\\\"},\\\"2-show_delay\\\":{\\\"value\\\":\\\"600\\\"},\\\"1-show_delay\\\":{\\\"value\\\":\\\"500\\\"},\\\"1-font_style\\\":{\\\"value\\\":\\\"normal\\\"},\\\"3-show_transition\\\":{\\\"value\\\":\\\"up\\\"},\\\"1-stay_duration\\\":{\\\"value\\\":\\\"\\\"},\\\"2-stay_duration\\\":{\\\"value\\\":\\\"\\\"}}],\\\"layerPosition\\\":[],\\\"sortOrder\\\":[1,2,3]}\"}');

--
-- Table structure for table `film_slider_item`
--

CREATE TABLE `film_slider_item` (
  `slideritem_id` int(10) unsigned NOT NULL AUTO_INCREMENT COMMENT 'Slider Item ID',
  `parent_id` int(10) unsigned DEFAULT NULL COMMENT 'Parent ID',
  `title` varchar(255) DEFAULT NULL COMMENT 'Title',
  `status` smallint(5) unsigned NOT NULL DEFAULT '0' COMMENT 'Status',
  `image` text COMMENT 'Image',
  `image_params` text COMMENT 'Image Params',
  `layer_general_params` text COMMENT 'Generate Layout Params',
  `layer_animation_params` text COMMENT 'Animation Layout Params',
  PRIMARY KEY (`slideritem_id`),
  KEY `FILM_SLIDER_ITEM_PARENT_ID` (`parent_id`)
) ENGINE=InnoDB DEFAULT CHARSET=utf8 COMMENT='film_slider_item';

--
-- Table structure for table `film_slider_store`
--

CREATE TABLE `film_slider_store` (
  `slider_id` int(10) unsigned NOT NULL COMMENT 'Slider ID',
  `store_id` smallint(5) unsigned NOT NULL COMMENT 'Store ID',
  PRIMARY KEY (`slider_id`,`store_id`),
  KEY `FILM_SLIDER_STORE_STORE_ID` (`store_id`)
) ENGINE=InnoDB DEFAULT CHARSET=utf8 COMMENT='Film Slider To Store Linkage Table';

--
-- Dumping data for table `film_slider_store`
--

INSERT INTO `film_slider_store` VALUES ('1',0);

--
-- Table structure for table `flag`
--

CREATE TABLE `flag` (
  `flag_id` int(10) unsigned NOT NULL AUTO_INCREMENT COMMENT 'Flag Id',
  `flag_code` varchar(255) NOT NULL COMMENT 'Flag Code',
  `state` smallint(5) unsigned NOT NULL DEFAULT '0' COMMENT 'Flag State',
  `flag_data` text COMMENT 'Flag Data',
  `last_update` timestamp NOT NULL DEFAULT CURRENT_TIMESTAMP ON UPDATE CURRENT_TIMESTAMP COMMENT 'Date of Last Flag Update',
  PRIMARY KEY (`flag_id`),
  KEY `FLAG_LAST_UPDATE` (`last_update`)
) ENGINE=InnoDB DEFAULT CHARSET=utf8 COMMENT='Flag';

--
-- Table structure for table `gift_message`
--

CREATE TABLE `gift_message` (
  `gift_message_id` int(10) unsigned NOT NULL AUTO_INCREMENT COMMENT 'GiftMessage Id',
  `customer_id` int(10) unsigned NOT NULL DEFAULT '0' COMMENT 'Customer id',
  `sender` varchar(255) DEFAULT NULL COMMENT 'Sender',
  `recipient` varchar(255) DEFAULT NULL COMMENT 'Registrant',
  `message` text COMMENT 'Message',
  PRIMARY KEY (`gift_message_id`)
) ENGINE=InnoDB DEFAULT CHARSET=utf8 COMMENT='Gift Message';

--
-- Table structure for table `googleoptimizer_code`
--

CREATE TABLE `googleoptimizer_code` (
  `code_id` int(10) unsigned NOT NULL AUTO_INCREMENT COMMENT 'Google experiment code id',
  `entity_id` int(10) unsigned NOT NULL COMMENT 'Optimized entity id product id or catalog id',
  `entity_type` varchar(50) DEFAULT NULL COMMENT 'Optimized entity type',
  `store_id` smallint(5) unsigned NOT NULL COMMENT 'Store id',
  `experiment_script` text COMMENT 'Google experiment script',
  PRIMARY KEY (`code_id`),
  UNIQUE KEY `GOOGLEOPTIMIZER_CODE_STORE_ID_ENTITY_ID_ENTITY_TYPE` (`store_id`,`entity_id`,`entity_type`)
) ENGINE=InnoDB DEFAULT CHARSET=utf8 COMMENT='Google Experiment code';

--
-- Table structure for table `import_history`
--

CREATE TABLE `import_history` (
  `history_id` int(10) unsigned NOT NULL AUTO_INCREMENT COMMENT 'History record Id',
  `started_at` timestamp NOT NULL DEFAULT CURRENT_TIMESTAMP COMMENT 'Started at',
  `user_id` int(10) unsigned NOT NULL DEFAULT '0' COMMENT 'User ID',
  `imported_file` varchar(255) DEFAULT NULL COMMENT 'Imported file',
  `execution_time` varchar(255) DEFAULT NULL COMMENT 'Execution time',
  `summary` varchar(255) DEFAULT NULL COMMENT 'Summary',
  `error_file` varchar(255) NOT NULL COMMENT 'Imported file with errors',
  PRIMARY KEY (`history_id`)
) ENGINE=InnoDB DEFAULT CHARSET=utf8 COMMENT='Import history table';

--
-- Table structure for table `importexport_importdata`
--

CREATE TABLE `importexport_importdata` (
  `id` int(10) unsigned NOT NULL AUTO_INCREMENT COMMENT 'Id',
  `entity` varchar(50) NOT NULL COMMENT 'Entity',
  `behavior` varchar(10) NOT NULL DEFAULT 'append' COMMENT 'Behavior',
  `data` longtext COMMENT 'Data',
  PRIMARY KEY (`id`)
) ENGINE=InnoDB DEFAULT CHARSET=utf8 COMMENT='Import Data Table';

--
-- Table structure for table `indexer_state`
--

CREATE TABLE `indexer_state` (
  `state_id` int(10) unsigned NOT NULL AUTO_INCREMENT COMMENT 'Indexer State Id',
  `indexer_id` varchar(255) DEFAULT NULL COMMENT 'Indexer Id',
  `status` varchar(16) DEFAULT 'invalid' COMMENT 'Indexer Status',
  `updated` datetime DEFAULT NULL COMMENT 'Indexer Status',
  `hash_config` varchar(32) NOT NULL COMMENT 'Hash of indexer config',
  PRIMARY KEY (`state_id`),
  KEY `INDEXER_STATE_INDEXER_ID` (`indexer_id`)
) ENGINE=InnoDB AUTO_INCREMENT=13 DEFAULT CHARSET=utf8 COMMENT='Indexer State';

--
-- Dumping data for table `indexer_state`
--

INSERT INTO `indexer_state` VALUES ('1','customer_grid','valid','2018-01-11 12:14:02','b9632e06cf957d6e8103eb236ca38cc1'),('2','catalog_category_product','valid','2018-01-11 12:14:03','2124d5bfcd83b609c67eee94a0e4708c'),('3','catalog_product_category','valid','2017-11-14 11:08:08','77b6356629f3259568a68ea64c773238'),('4','catalog_product_price','valid','2018-01-11 12:14:03','2c3434338353a47cb4c5783800c0bdbe'),('5','catalog_product_attribute','valid','2018-01-11 12:14:04','f73cae77ec4dee3b587a60a2f38dd26a'),('6','cataloginventory_stock','valid','2018-01-11 12:14:04','1bf66e64558a5171e523b32f25cb99ca'),('7','catalogrule_rule','valid','2018-01-11 12:14:04','c4f8344a2e6a7d8ebc065631454a4724'),('8','catalogrule_product','valid','2017-11-14 11:08:09','667205576ee3764b1ee81c4a076d10ae'),('9','catalogsearch_fulltext','valid','2018-01-11 12:14:04','cc2d2701487ee835df4e72b15254852b'),('10','catalog_category_flat','valid','2018-01-11 12:14:03','e6a117e283e0ea6606bb6609429350ec'),('11','catalog_product_flat','valid','2018-01-11 12:14:03','4bab4debcc94e5fee020709a540eb42d'),('12','design_config_grid','valid','2018-01-11 12:14:02','34ec592bfa6c952bed4d0a1d58c98770');

--
-- Table structure for table `integration`
--

CREATE TABLE `integration` (
  `integration_id` int(10) unsigned NOT NULL AUTO_INCREMENT COMMENT 'Integration ID',
  `name` varchar(255) NOT NULL COMMENT 'Integration name is displayed in the admin interface',
  `email` varchar(255) NOT NULL COMMENT 'Email address of the contact person',
  `endpoint` varchar(255) DEFAULT NULL COMMENT 'Endpoint for posting consumer credentials',
  `status` smallint(5) unsigned NOT NULL COMMENT 'Integration status',
  `consumer_id` int(10) unsigned DEFAULT NULL COMMENT 'Oauth consumer',
  `created_at` timestamp NOT NULL DEFAULT CURRENT_TIMESTAMP COMMENT 'Creation Time',
  `updated_at` timestamp NOT NULL DEFAULT '0000-00-00 00:00:00' ON UPDATE CURRENT_TIMESTAMP COMMENT 'Update Time',
  `setup_type` smallint(5) unsigned NOT NULL DEFAULT '0' COMMENT 'Integration type - manual or config file',
  `identity_link_url` varchar(255) DEFAULT NULL COMMENT 'Identity linking Url',
  PRIMARY KEY (`integration_id`),
  UNIQUE KEY `INTEGRATION_NAME` (`name`),
  UNIQUE KEY `INTEGRATION_CONSUMER_ID` (`consumer_id`)
) ENGINE=InnoDB AUTO_INCREMENT=16 DEFAULT CHARSET=utf8 COMMENT='integration';

--
-- Dumping data for table `integration`
--

INSERT INTO `integration` VALUES ('15','Magento Social','otahor@magento.com','https://fbapp.ezsocialshop.com/facebook/index.php/magento_auth',2,'15','2018-01-11 12:13:51','2018-01-11 12:13:51',1,'https://fbapp.ezsocialshop.com/facebook/index.php/magento2/show_magento_success_popup');

--
-- Table structure for table `layout_link`
--

CREATE TABLE `layout_link` (
  `layout_link_id` int(10) unsigned NOT NULL AUTO_INCREMENT COMMENT 'Link Id',
  `store_id` smallint(5) unsigned NOT NULL DEFAULT '0' COMMENT 'Store Id',
  `theme_id` int(10) unsigned NOT NULL COMMENT 'Theme id',
  `layout_update_id` int(10) unsigned NOT NULL DEFAULT '0' COMMENT 'Layout Update Id',
  `is_temporary` tinyint(1) NOT NULL DEFAULT '0' COMMENT 'Defines whether Layout Update is Temporary',
  PRIMARY KEY (`layout_link_id`),
  KEY `LAYOUT_LINK_LAYOUT_UPDATE_ID` (`layout_update_id`),
  KEY `LAYOUT_LINK_STORE_ID_THEME_ID_LAYOUT_UPDATE_ID_IS_TEMPORARY` (`store_id`,`theme_id`,`layout_update_id`,`is_temporary`),
  KEY `LAYOUT_LINK_THEME_ID_THEME_THEME_ID` (`theme_id`)
) ENGINE=InnoDB AUTO_INCREMENT=19 DEFAULT CHARSET=utf8 COMMENT='Layout Link';

--
-- Dumping data for table `layout_link`
--

INSERT INTO `layout_link` VALUES ('1',0,'5','1',0),('3',0,'5','3',0),('5',0,'5','5',0),('18',0,'5','18',0);

--
-- Table structure for table `layout_update`
--

CREATE TABLE `layout_update` (
  `layout_update_id` int(10) unsigned NOT NULL AUTO_INCREMENT COMMENT 'Layout Update Id',
  `handle` varchar(255) DEFAULT NULL COMMENT 'Handle',
  `xml` text COMMENT 'Xml',
  `sort_order` smallint(6) NOT NULL DEFAULT '0' COMMENT 'Sort Order',
  `updated_at` timestamp NULL DEFAULT '0000-00-00 00:00:00' ON UPDATE CURRENT_TIMESTAMP COMMENT 'Last Update Timestamp',
  PRIMARY KEY (`layout_update_id`),
  KEY `LAYOUT_UPDATE_HANDLE` (`handle`)
) ENGINE=InnoDB AUTO_INCREMENT=19 DEFAULT CHARSET=utf8 COMMENT='Layout Updates';

--
-- Dumping data for table `layout_update`
--

INSERT INTO `layout_update` VALUES ('1','cms_index_index','<body><referenceContainer name=\"content\"><block class=\"Magento\\Cms\\Block\\Widget\\Block\" name=\"356d73af4b27cdf638b05eaddb5c5b69\" template=\"widget/static_block/default.phtml\"><action method=\"setData\"><argument name=\"name\" xsi:type=\"string\">block_id</argument><argument name=\"value\" xsi:type=\"string\">12</argument></action></block></referenceContainer></body>',1,'0000-00-00 00:00:00'),('3','cms_index_index','<body><referenceContainer name=\"page.top\"><block class=\"TemplateMonster\\FilmSlider\\Block\\Widget\\FilmSlider\" name=\"b70f998e1895fddb2d3d6f7a3571543d\"><action method=\"setData\"><argument name=\"name\" xsi:type=\"string\">slider_id</argument><argument name=\"value\" xsi:type=\"string\">1</argument></action></block></referenceContainer></body>',1,'0000-00-00 00:00:00'),('5','cms_index_index','<body><referenceContainer name=\"content\"><block class=\"TemplateMonster\\FeaturedProduct\\Block\\FeaturedProduct\\Widget\\Product\" name=\"30fb5ecc1eede3fbfa6ea9ba6e36f619\" template=\"widget/products-grid.phtml\"><action method=\"setData\"><argument name=\"name\" xsi:type=\"string\">widget_status</argument><argument name=\"value\" xsi:type=\"string\">1</argument></action><action method=\"setData\"><argument name=\"name\" xsi:type=\"string\">product_types</argument><argument name=\"value\" xsi:type=\"string\">new_product,viewed_product,bestseller_product,manual_product</argument></action><action method=\"setData\"><argument name=\"name\" xsi:type=\"string\">product_ids</argument><argument name=\"value\" xsi:type=\"string\">1,2,3,4,5,6,7,8</argument></action><action method=\"setData\"><argument name=\"name\" xsi:type=\"string\">conditions_encoded</argument><argument name=\"value\" xsi:type=\"string\">^[`1`:^[`new_child`:``^]^]</argument></action><action method=\"setData\"><argument name=\"name\" xsi:type=\"string\">cache_lifetime</argument><argument name=\"value\" xsi:type=\"string\">0</argument></action><action method=\"setData\"><argument name=\"name\" xsi:type=\"string\">product_image_width</argument><argument name=\"value\" xsi:type=\"string\">310</argument></action><action method=\"setData\"><argument name=\"name\" xsi:type=\"string\">product_image_height</argument><argument name=\"value\" xsi:type=\"string\">420</argument></action><action method=\"setData\"><argument name=\"name\" xsi:type=\"string\">product_name_length</argument><argument name=\"value\" xsi:type=\"string\">30</argument></action><action method=\"setData\"><argument name=\"name\" xsi:type=\"string\">number_per_view</argument><argument name=\"value\" xsi:type=\"string\">8</argument></action><action method=\"setData\"><argument name=\"name\" xsi:type=\"string\">show_carousel</argument><argument name=\"value\" xsi:type=\"string\">0</argument></action><action method=\"setData\"><argument name=\"name\" xsi:type=\"string\">number_per_row</argument><argument name=\"value\" xsi:type=\"string\">4</argument></action><action method=\"setData\"><argument name=\"name\" xsi:type=\"string\">use_arrows</argument><argument name=\"value\" xsi:type=\"string\">0</argument></action><action method=\"setData\"><argument name=\"name\" xsi:type=\"string\">use_pagination</argument><argument name=\"value\" xsi:type=\"string\">0</argument></action><action method=\"setData\"><argument name=\"name\" xsi:type=\"string\">show_label</argument><argument name=\"value\" xsi:type=\"string\">0</argument></action><action method=\"setData\"><argument name=\"name\" xsi:type=\"string\">is_banner</argument><argument name=\"value\" xsi:type=\"string\">0</argument></action><action method=\"setData\"><argument name=\"name\" xsi:type=\"string\">hover_type</argument><argument name=\"value\" xsi:type=\"string\">0</argument></action><action method=\"setData\"><argument name=\"name\" xsi:type=\"string\">json_data</argument><argument name=\"value\" xsi:type=\"string\">{&#039;manual_product&#039;:{&#039;title&#039;:&#039;Featured Products&#039;,&#039;label&#039;:&#039;Manual&#039;},&#039;viewed_product&#039;:{&#039;title&#039;:&#039;Most Viewed&#039;,&#039;label&#039;:&#039;Most Viewed&#039;},&#039;bestseller_product&#039;:{&#039;title&#039;:&#039;Best Seller&#039;,&#039;label&#039;:&#039;Bestseller&#039;},&#039;new_product&#039;:{&#039;title&#039;:&#039;New Arrivals&#039;,&#039;label&#039;:&#039;New&#039;} }</argument></action></block></referenceContainer></body>',2,'0000-00-00 00:00:00'),('18','cms_index_index','<body><referenceContainer name=\"page.bottom\"><block class=\"TemplateMonster\\Blog\\Block\\Widget\\PostList\" name=\"c1e34d248e02495adb7ac6bb168fc277\" template=\"widget/post_grid.phtml\"><action method=\"setData\"><argument name=\"name\" xsi:type=\"string\">widget_status</argument><argument name=\"value\" xsi:type=\"string\">1</argument></action><action method=\"setData\"><argument name=\"name\" xsi:type=\"string\">title</argument><argument name=\"value\" xsi:type=\"string\">Latest News</argument></action><action method=\"setData\"><argument name=\"name\" xsi:type=\"string\">post_desc_length</argument><argument name=\"value\" xsi:type=\"string\">120</argument></action><action method=\"setData\"><argument name=\"name\" xsi:type=\"string\">post_amount</argument><argument name=\"value\" xsi:type=\"string\">3</argument></action><action method=\"setData\"><argument name=\"name\" xsi:type=\"string\">post_amount_per_row</argument><argument name=\"value\" xsi:type=\"string\">3</argument></action><action method=\"setData\"><argument name=\"name\" xsi:type=\"string\">is_enable_carousel</argument><argument name=\"value\" xsi:type=\"string\">0</argument></action></block></referenceContainer></body>',5,'0000-00-00 00:00:00');

--
-- Table structure for table `mview_state`
--

CREATE TABLE `mview_state` (
  `state_id` int(10) unsigned NOT NULL AUTO_INCREMENT COMMENT 'View State Id',
  `view_id` varchar(255) DEFAULT NULL COMMENT 'View Id',
  `mode` varchar(16) DEFAULT 'disabled' COMMENT 'View Mode',
  `status` varchar(16) DEFAULT 'idle' COMMENT 'View Status',
  `updated` datetime DEFAULT NULL COMMENT 'View updated time',
  `version_id` int(10) unsigned DEFAULT NULL COMMENT 'View Version Id',
  PRIMARY KEY (`state_id`),
  KEY `MVIEW_STATE_VIEW_ID` (`view_id`),
  KEY `MVIEW_STATE_MODE` (`mode`)
) ENGINE=InnoDB DEFAULT CHARSET=utf8 COMMENT='View State';

--
-- Table structure for table `newsletter_problem`
--

CREATE TABLE `newsletter_problem` (
  `problem_id` int(10) unsigned NOT NULL AUTO_INCREMENT COMMENT 'Problem Id',
  `subscriber_id` int(10) unsigned DEFAULT NULL COMMENT 'Subscriber Id',
  `queue_id` int(10) unsigned NOT NULL DEFAULT '0' COMMENT 'Queue Id',
  `problem_error_code` int(10) unsigned DEFAULT '0' COMMENT 'Problem Error Code',
  `problem_error_text` varchar(200) DEFAULT NULL COMMENT 'Problem Error Text',
  PRIMARY KEY (`problem_id`),
  KEY `NEWSLETTER_PROBLEM_SUBSCRIBER_ID` (`subscriber_id`),
  KEY `NEWSLETTER_PROBLEM_QUEUE_ID` (`queue_id`)
) ENGINE=InnoDB DEFAULT CHARSET=utf8 COMMENT='Newsletter Problems';

--
-- Table structure for table `newsletter_queue`
--

CREATE TABLE `newsletter_queue` (
  `queue_id` int(10) unsigned NOT NULL AUTO_INCREMENT COMMENT 'Queue Id',
  `template_id` int(10) unsigned NOT NULL DEFAULT '0' COMMENT 'Template ID',
  `newsletter_type` int(11) DEFAULT NULL COMMENT 'Newsletter Type',
  `newsletter_text` text COMMENT 'Newsletter Text',
  `newsletter_styles` text COMMENT 'Newsletter Styles',
  `newsletter_subject` varchar(200) DEFAULT NULL COMMENT 'Newsletter Subject',
  `newsletter_sender_name` varchar(200) DEFAULT NULL COMMENT 'Newsletter Sender Name',
  `newsletter_sender_email` varchar(200) DEFAULT NULL COMMENT 'Newsletter Sender Email',
  `queue_status` int(10) unsigned NOT NULL DEFAULT '0' COMMENT 'Queue Status',
  `queue_start_at` timestamp NULL DEFAULT NULL COMMENT 'Queue Start At',
  `queue_finish_at` timestamp NULL DEFAULT NULL COMMENT 'Queue Finish At',
  PRIMARY KEY (`queue_id`),
  KEY `NEWSLETTER_QUEUE_TEMPLATE_ID` (`template_id`)
) ENGINE=InnoDB DEFAULT CHARSET=utf8 COMMENT='Newsletter Queue';

--
-- Table structure for table `newsletter_queue_link`
--

CREATE TABLE `newsletter_queue_link` (
  `queue_link_id` int(10) unsigned NOT NULL AUTO_INCREMENT COMMENT 'Queue Link Id',
  `queue_id` int(10) unsigned NOT NULL DEFAULT '0' COMMENT 'Queue Id',
  `subscriber_id` int(10) unsigned NOT NULL DEFAULT '0' COMMENT 'Subscriber Id',
  `letter_sent_at` timestamp NULL DEFAULT NULL COMMENT 'Letter Sent At',
  PRIMARY KEY (`queue_link_id`),
  KEY `NEWSLETTER_QUEUE_LINK_SUBSCRIBER_ID` (`subscriber_id`),
  KEY `NEWSLETTER_QUEUE_LINK_QUEUE_ID_LETTER_SENT_AT` (`queue_id`,`letter_sent_at`)
) ENGINE=InnoDB DEFAULT CHARSET=utf8 COMMENT='Newsletter Queue Link';

--
-- Table structure for table `newsletter_queue_store_link`
--

CREATE TABLE `newsletter_queue_store_link` (
  `queue_id` int(10) unsigned NOT NULL DEFAULT '0' COMMENT 'Queue Id',
  `store_id` smallint(5) unsigned NOT NULL DEFAULT '0' COMMENT 'Store Id',
  PRIMARY KEY (`queue_id`,`store_id`),
  KEY `NEWSLETTER_QUEUE_STORE_LINK_STORE_ID` (`store_id`)
) ENGINE=InnoDB DEFAULT CHARSET=utf8 COMMENT='Newsletter Queue Store Link';

--
-- Table structure for table `newsletter_subscriber`
--

CREATE TABLE `newsletter_subscriber` (
  `subscriber_id` int(10) unsigned NOT NULL AUTO_INCREMENT COMMENT 'Subscriber Id',
  `store_id` smallint(5) unsigned DEFAULT '0' COMMENT 'Store Id',
  `change_status_at` timestamp NULL DEFAULT NULL COMMENT 'Change Status At',
  `customer_id` int(10) unsigned NOT NULL DEFAULT '0' COMMENT 'Customer Id',
  `subscriber_email` varchar(150) DEFAULT NULL COMMENT 'Subscriber Email',
  `subscriber_status` int(11) NOT NULL DEFAULT '0' COMMENT 'Subscriber Status',
  `subscriber_confirm_code` varchar(32) DEFAULT 'NULL' COMMENT 'Subscriber Confirm Code',
  PRIMARY KEY (`subscriber_id`),
  KEY `NEWSLETTER_SUBSCRIBER_CUSTOMER_ID` (`customer_id`),
  KEY `NEWSLETTER_SUBSCRIBER_STORE_ID` (`store_id`)
) ENGINE=InnoDB DEFAULT CHARSET=utf8 COMMENT='Newsletter Subscriber';

--
-- Table structure for table `newsletter_template`
--

CREATE TABLE `newsletter_template` (
  `template_id` int(10) unsigned NOT NULL AUTO_INCREMENT COMMENT 'Template ID',
  `template_code` varchar(150) DEFAULT NULL COMMENT 'Template Code',
  `template_text` text COMMENT 'Template Text',
  `template_styles` text COMMENT 'Template Styles',
  `template_type` int(10) unsigned DEFAULT NULL COMMENT 'Template Type',
  `template_subject` varchar(200) DEFAULT NULL COMMENT 'Template Subject',
  `template_sender_name` varchar(200) DEFAULT NULL COMMENT 'Template Sender Name',
  `template_sender_email` varchar(200) DEFAULT NULL COMMENT 'Template Sender Email',
  `template_actual` smallint(5) unsigned DEFAULT '1' COMMENT 'Template Actual',
  `added_at` timestamp NULL DEFAULT NULL COMMENT 'Added At',
  `modified_at` timestamp NULL DEFAULT NULL COMMENT 'Modified At',
  PRIMARY KEY (`template_id`),
  KEY `NEWSLETTER_TEMPLATE_TEMPLATE_ACTUAL` (`template_actual`),
  KEY `NEWSLETTER_TEMPLATE_ADDED_AT` (`added_at`),
  KEY `NEWSLETTER_TEMPLATE_MODIFIED_AT` (`modified_at`)
) ENGINE=InnoDB DEFAULT CHARSET=utf8 COMMENT='Newsletter Template';

--
-- Table structure for table `oauth_consumer`
--

CREATE TABLE `oauth_consumer` (
  `entity_id` int(10) unsigned NOT NULL AUTO_INCREMENT COMMENT 'Entity Id',
  `created_at` timestamp NOT NULL DEFAULT CURRENT_TIMESTAMP COMMENT 'Created At',
  `updated_at` timestamp NULL DEFAULT '0000-00-00 00:00:00' ON UPDATE CURRENT_TIMESTAMP COMMENT 'Updated At',
  `name` varchar(255) NOT NULL COMMENT 'Name of consumer',
  `key` varchar(32) NOT NULL COMMENT 'Key code',
  `secret` varchar(32) NOT NULL COMMENT 'Secret code',
  `callback_url` varchar(255) DEFAULT NULL COMMENT 'Callback URL',
  `rejected_callback_url` varchar(255) NOT NULL COMMENT 'Rejected callback URL',
  PRIMARY KEY (`entity_id`),
  UNIQUE KEY `OAUTH_CONSUMER_KEY` (`key`),
  UNIQUE KEY `OAUTH_CONSUMER_SECRET` (`secret`),
  KEY `OAUTH_CONSUMER_CREATED_AT` (`created_at`),
  KEY `OAUTH_CONSUMER_UPDATED_AT` (`updated_at`)
) ENGINE=InnoDB AUTO_INCREMENT=16 DEFAULT CHARSET=utf8 COMMENT='OAuth Consumers';

--
-- Dumping data for table `oauth_consumer`
--

INSERT INTO `oauth_consumer` VALUES ('1','2017-11-14 11:07:51','0000-00-00 00:00:00','Integration1','r509j4v9jifwk5ixtvcsyfgvx4p4c45p','7wfp8ddp73d8lw58aj8ubivod1t2qtg0',NULL,''),('2','2017-11-14 12:03:27','0000-00-00 00:00:00','Integration2','0k0f4wb3f4k7blwepu9bmdp3lg2gs74u','4up9wykny4apj0j6kvqtw0jt7h4vgo6l',NULL,''),('3','2017-11-14 12:14:55','0000-00-00 00:00:00','Integration3','vioxy817q35kkminwtnpaaessrjjpqjj','qwsob33chgh1uy0ktoe4l0dou82pe4fn',NULL,''),('4','2017-11-15 15:08:44','0000-00-00 00:00:00','Integration4','q7k3qd700q8x1vnr95d2jdn5ss6vdtse','0vtrby8fhwuw8suphl574tm7oxlpld54',NULL,''),('5','2017-11-15 15:15:52','0000-00-00 00:00:00','Integration5','iqa1wbb8niqo4416lv9xnn1ka6wsxa2p','6yiligf9dt7qm1t2arkyim1fr93l0t47',NULL,''),('6','2017-11-15 15:19:14','0000-00-00 00:00:00','Integration6','r4fn4rnviywbh5s2tfq7kc7rrj52cbf6','gkkknut2bckaxld11m7pm8tqhik9pq28',NULL,''),('7','2017-11-16 12:17:04','0000-00-00 00:00:00','Integration7','juen67rl4r0u1b4mkiivvhfwgiswboe8','44bj37w6yr19kvqai6q3eef5ly68qnrl',NULL,''),('8','2017-11-30 11:02:07','0000-00-00 00:00:00','Integration8','w6pbs7f38orfq8c4yh2f44g0da9nc4k8','8c140lkc5ncqc7qiwfpryh1cj6q6ktfu',NULL,''),('9','2017-11-30 11:06:14','0000-00-00 00:00:00','Integration9','lyj96738uwfwr8np2q0ogfp0s94yf2si','xx7ri68aq0x3wiskslyjn73iymaiykhl',NULL,''),('10','2017-12-27 10:57:09','0000-00-00 00:00:00','Integration10','6fx062ouusomlq805rkgr6ba7pjucilf','7j3e5weamoai02f8g8r6oacx4o03gy4y',NULL,''),('11','2017-12-27 11:00:22','0000-00-00 00:00:00','Integration11','xbg4fir0ujq6kdtfixqkyeq6s9gnfju6','n9cpdy01aqs5mjr43maqcd9gx7ccrn0y',NULL,''),('12','2017-12-28 10:41:41','0000-00-00 00:00:00','Integration12','pp5sk1spu5cscqoyt4dlj4oxjhjs8554','r1qchce3bpe60gwepn3rb8ovndwl25ca',NULL,''),('13','2018-01-10 15:00:53','0000-00-00 00:00:00','Integration13','1hqh5qtwlqv0hwvo0qjoa4f8vrbagofg','3yvo6337q5gi6xsypv8yi1ocs4ecmpom',NULL,''),('14','2018-01-10 15:50:08','0000-00-00 00:00:00','Integration14','04s4k9tin6w4y7rm5k2ojx7rlktda0n2','cv29r0cd1b3hohcrhm01l25koq83824g',NULL,''),('15','2018-01-11 12:13:51','0000-00-00 00:00:00','Integration15','7xp64hcglq0j3kqrrljymhcicivy7b6l','3g2ahl9jgkvfl8lf0oluqknytpxa914c',NULL,'');

--
-- Table structure for table `oauth_nonce`
--

CREATE TABLE `oauth_nonce` (
  `nonce` varchar(32) NOT NULL COMMENT 'Nonce String',
  `timestamp` int(10) unsigned NOT NULL COMMENT 'Nonce Timestamp',
  `consumer_id` int(10) unsigned NOT NULL COMMENT 'Consumer ID',
  UNIQUE KEY `OAUTH_NONCE_NONCE_CONSUMER_ID` (`nonce`,`consumer_id`),
  KEY `OAUTH_NONCE_CONSUMER_ID_OAUTH_CONSUMER_ENTITY_ID` (`consumer_id`)
) ENGINE=InnoDB DEFAULT CHARSET=utf8 COMMENT='OAuth Nonce';

--
-- Table structure for table `oauth_token`
--

CREATE TABLE `oauth_token` (
  `entity_id` int(10) unsigned NOT NULL AUTO_INCREMENT COMMENT 'Entity ID',
  `consumer_id` int(10) unsigned DEFAULT NULL COMMENT 'Oauth Consumer ID',
  `admin_id` int(10) unsigned DEFAULT NULL COMMENT 'Admin user ID',
  `customer_id` int(10) unsigned DEFAULT NULL COMMENT 'Customer user ID',
  `type` varchar(16) NOT NULL COMMENT 'Token Type',
  `token` varchar(32) NOT NULL COMMENT 'Token',
  `secret` varchar(32) NOT NULL COMMENT 'Token Secret',
  `verifier` varchar(32) DEFAULT NULL COMMENT 'Token Verifier',
  `callback_url` varchar(255) NOT NULL COMMENT 'Token Callback URL',
  `revoked` smallint(5) unsigned NOT NULL DEFAULT '0' COMMENT 'Is Token revoked',
  `authorized` smallint(5) unsigned NOT NULL DEFAULT '0' COMMENT 'Is Token authorized',
  `user_type` int(11) DEFAULT NULL COMMENT 'User type',
  `created_at` timestamp NOT NULL DEFAULT CURRENT_TIMESTAMP COMMENT 'Token creation timestamp',
  PRIMARY KEY (`entity_id`),
  UNIQUE KEY `OAUTH_TOKEN_TOKEN` (`token`),
  KEY `OAUTH_TOKEN_CONSUMER_ID` (`consumer_id`),
  KEY `OAUTH_TOKEN_ADMIN_ID_ADMIN_USER_USER_ID` (`admin_id`),
  KEY `OAUTH_TOKEN_CUSTOMER_ID_CUSTOMER_ENTITY_ENTITY_ID` (`customer_id`)
) ENGINE=InnoDB DEFAULT CHARSET=utf8 COMMENT='OAuth Tokens';

--
-- Table structure for table `oauth_token_request_log`
--

CREATE TABLE `oauth_token_request_log` (
  `log_id` int(10) unsigned NOT NULL AUTO_INCREMENT COMMENT 'Log Id',
  `user_name` varchar(255) NOT NULL COMMENT 'Customer email or admin login',
  `user_type` smallint(5) unsigned NOT NULL COMMENT 'User type (admin or customer)',
  `failures_count` smallint(5) unsigned DEFAULT '0' COMMENT 'Number of failed authentication attempts in a row',
  `lock_expires_at` timestamp NOT NULL DEFAULT CURRENT_TIMESTAMP ON UPDATE CURRENT_TIMESTAMP COMMENT 'Lock expiration time',
  PRIMARY KEY (`log_id`),
  UNIQUE KEY `OAUTH_TOKEN_REQUEST_LOG_USER_NAME_USER_TYPE` (`user_name`,`user_type`)
) ENGINE=InnoDB DEFAULT CHARSET=utf8 COMMENT='Log of token request authentication failures.';

--
-- Table structure for table `parallax_block`
--

CREATE TABLE `parallax_block` (
  `block_id` int(10) unsigned NOT NULL AUTO_INCREMENT COMMENT 'Parallax Block Id',
  `name` varchar(100) NOT NULL COMMENT 'Name',
  `css_class` varchar(100) DEFAULT NULL COMMENT 'CSS-class',
  `is_full_width` int(10) unsigned NOT NULL COMMENT 'Full width',
  `status` smallint(5) unsigned NOT NULL DEFAULT '0' COMMENT 'Status',
  PRIMARY KEY (`block_id`)
) ENGINE=InnoDB DEFAULT CHARSET=utf8 COMMENT='parallax_block';

--
-- Table structure for table `parallax_block_item`
--

CREATE TABLE `parallax_block_item` (
  `item_id` int(10) unsigned NOT NULL AUTO_INCREMENT COMMENT 'Item Id',
  `block_id` int(10) unsigned NOT NULL COMMENT 'Block Id',
  `name` varchar(100) NOT NULL COMMENT 'Name',
  `type` smallint(5) unsigned NOT NULL COMMENT 'Item Type',
  `offset` smallint(6) NOT NULL COMMENT 'Offset',
  `is_inverse` smallint(5) unsigned NOT NULL COMMENT 'Is inverse',
  `css_class` text NOT NULL COMMENT 'Status',
  `layout_speed` text NOT NULL COMMENT 'Layout Speed',
  `sort_order` smallint(5) unsigned NOT NULL COMMENT 'Sort Order',
  `is_fade` smallint(5) unsigned NOT NULL DEFAULT '0' COMMENT 'Is fade',
  `text` text COMMENT 'Status',
  `image` text COMMENT 'Image',
  `video_format` smallint(5) unsigned DEFAULT NULL COMMENT 'Video Format',
  `video_id` varchar(100) DEFAULT NULL COMMENT 'Video Id',
  `video_mp4` text COMMENT 'Video Mp4 File',
  `video_webm` text COMMENT 'Video WebM File',
  `status` smallint(5) unsigned NOT NULL DEFAULT '0' COMMENT 'Status',
  PRIMARY KEY (`item_id`)
) ENGINE=InnoDB DEFAULT CHARSET=utf8 COMMENT='parallax_block_item';

--
-- Table structure for table `parallax_block_store`
--

CREATE TABLE `parallax_block_store` (
  `block_id` int(10) unsigned NOT NULL COMMENT 'Parallax Block Id',
  `store_id` smallint(5) unsigned NOT NULL COMMENT 'Store Id',
  PRIMARY KEY (`block_id`,`store_id`),
  KEY `PARALLAX_BLOCK_STORE_STORE_ID` (`store_id`)
) ENGINE=InnoDB DEFAULT CHARSET=utf8 COMMENT='Parallax Block To Store Linkage Table';

--
-- Table structure for table `password_reset_request_event`
--

CREATE TABLE `password_reset_request_event` (
  `id` int(10) unsigned NOT NULL AUTO_INCREMENT COMMENT 'Entity ID',
  `request_type` smallint(5) unsigned NOT NULL COMMENT 'Type of the event under a security control',
  `account_reference` varchar(255) DEFAULT NULL COMMENT 'An identifier for existing account or another target',
  `created_at` timestamp NOT NULL DEFAULT CURRENT_TIMESTAMP COMMENT 'Timestamp when the event occurs',
  `ip` varchar(15) NOT NULL COMMENT 'Remote user IP',
  PRIMARY KEY (`id`),
  KEY `PASSWORD_RESET_REQUEST_EVENT_ACCOUNT_REFERENCE` (`account_reference`),
  KEY `PASSWORD_RESET_REQUEST_EVENT_CREATED_AT` (`created_at`)
) ENGINE=InnoDB DEFAULT CHARSET=utf8 COMMENT='Password Reset Request Event under a security control';

--
-- Table structure for table `paypal_billing_agreement`
--

CREATE TABLE `paypal_billing_agreement` (
  `agreement_id` int(10) unsigned NOT NULL AUTO_INCREMENT COMMENT 'Agreement Id',
  `customer_id` int(10) unsigned NOT NULL COMMENT 'Customer Id',
  `method_code` varchar(32) NOT NULL COMMENT 'Method Code',
  `reference_id` varchar(32) NOT NULL COMMENT 'Reference Id',
  `status` varchar(20) NOT NULL COMMENT 'Status',
  `created_at` timestamp NOT NULL DEFAULT CURRENT_TIMESTAMP COMMENT 'Created At',
  `updated_at` timestamp NULL DEFAULT NULL COMMENT 'Updated At',
  `store_id` smallint(5) unsigned DEFAULT NULL COMMENT 'Store Id',
  `agreement_label` varchar(255) DEFAULT NULL COMMENT 'Agreement Label',
  PRIMARY KEY (`agreement_id`),
  KEY `PAYPAL_BILLING_AGREEMENT_CUSTOMER_ID` (`customer_id`),
  KEY `PAYPAL_BILLING_AGREEMENT_STORE_ID` (`store_id`)
) ENGINE=InnoDB DEFAULT CHARSET=utf8 COMMENT='Sales Billing Agreement';

--
-- Table structure for table `paypal_billing_agreement_order`
--

CREATE TABLE `paypal_billing_agreement_order` (
  `agreement_id` int(10) unsigned NOT NULL COMMENT 'Agreement Id',
  `order_id` int(10) unsigned NOT NULL COMMENT 'Order Id',
  PRIMARY KEY (`agreement_id`,`order_id`),
  KEY `PAYPAL_BILLING_AGREEMENT_ORDER_ORDER_ID` (`order_id`)
) ENGINE=InnoDB DEFAULT CHARSET=utf8 COMMENT='Sales Billing Agreement Order';

--
-- Table structure for table `paypal_cert`
--

CREATE TABLE `paypal_cert` (
  `cert_id` smallint(5) unsigned NOT NULL AUTO_INCREMENT COMMENT 'Cert Id',
  `website_id` smallint(5) unsigned NOT NULL DEFAULT '0' COMMENT 'Website Id',
  `content` text COMMENT 'Content',
  `updated_at` timestamp NULL DEFAULT NULL COMMENT 'Updated At',
  PRIMARY KEY (`cert_id`),
  KEY `PAYPAL_CERT_WEBSITE_ID` (`website_id`)
) ENGINE=InnoDB DEFAULT CHARSET=utf8 COMMENT='Paypal Certificate Table';

--
-- Table structure for table `paypal_payment_transaction`
--

CREATE TABLE `paypal_payment_transaction` (
  `transaction_id` int(10) unsigned NOT NULL AUTO_INCREMENT COMMENT 'Entity Id',
  `txn_id` varchar(100) DEFAULT NULL COMMENT 'Txn Id',
  `additional_information` blob COMMENT 'Additional Information',
  `created_at` timestamp NULL DEFAULT NULL COMMENT 'Created At',
  PRIMARY KEY (`transaction_id`),
  UNIQUE KEY `PAYPAL_PAYMENT_TRANSACTION_TXN_ID` (`txn_id`)
) ENGINE=InnoDB DEFAULT CHARSET=utf8 COMMENT='PayPal Payflow Link Payment Transaction';

--
-- Table structure for table `paypal_settlement_report`
--

CREATE TABLE `paypal_settlement_report` (
  `report_id` int(10) unsigned NOT NULL AUTO_INCREMENT COMMENT 'Report Id',
  `report_date` date DEFAULT NULL COMMENT 'Report Date',
  `account_id` varchar(64) DEFAULT NULL COMMENT 'Account Id',
  `filename` varchar(24) DEFAULT NULL COMMENT 'Filename',
  `last_modified` timestamp NULL DEFAULT NULL COMMENT 'Last Modified',
  PRIMARY KEY (`report_id`),
  UNIQUE KEY `PAYPAL_SETTLEMENT_REPORT_REPORT_DATE_ACCOUNT_ID` (`report_date`,`account_id`)
) ENGINE=InnoDB DEFAULT CHARSET=utf8 COMMENT='Paypal Settlement Report Table';

--
-- Table structure for table `paypal_settlement_report_row`
--

CREATE TABLE `paypal_settlement_report_row` (
  `row_id` int(10) unsigned NOT NULL AUTO_INCREMENT COMMENT 'Row Id',
  `report_id` int(10) unsigned NOT NULL COMMENT 'Report Id',
  `transaction_id` varchar(19) DEFAULT NULL COMMENT 'Transaction Id',
  `invoice_id` varchar(127) DEFAULT NULL COMMENT 'Invoice Id',
  `paypal_reference_id` varchar(19) DEFAULT NULL COMMENT 'Paypal Reference Id',
  `paypal_reference_id_type` varchar(3) DEFAULT NULL COMMENT 'Paypal Reference Id Type',
  `transaction_event_code` varchar(5) DEFAULT NULL COMMENT 'Transaction Event Code',
  `transaction_initiation_date` timestamp NULL DEFAULT NULL COMMENT 'Transaction Initiation Date',
  `transaction_completion_date` timestamp NULL DEFAULT NULL COMMENT 'Transaction Completion Date',
  `transaction_debit_or_credit` varchar(2) NOT NULL DEFAULT 'CR' COMMENT 'Transaction Debit Or Credit',
  `gross_transaction_amount` decimal(20,6) NOT NULL DEFAULT '0.000000' COMMENT 'Gross Transaction Amount',
  `gross_transaction_currency` varchar(3) DEFAULT NULL COMMENT 'Gross Transaction Currency',
  `fee_debit_or_credit` varchar(2) DEFAULT NULL COMMENT 'Fee Debit Or Credit',
  `fee_amount` decimal(20,6) NOT NULL DEFAULT '0.000000' COMMENT 'Fee Amount',
  `fee_currency` varchar(3) DEFAULT NULL COMMENT 'Fee Currency',
  `custom_field` varchar(255) DEFAULT NULL COMMENT 'Custom Field',
  `consumer_id` varchar(127) DEFAULT NULL COMMENT 'Consumer Id',
  `payment_tracking_id` varchar(255) DEFAULT NULL COMMENT 'Payment Tracking ID',
  `store_id` varchar(50) DEFAULT NULL COMMENT 'Store ID',
  PRIMARY KEY (`row_id`),
  KEY `PAYPAL_SETTLEMENT_REPORT_ROW_REPORT_ID` (`report_id`)
) ENGINE=InnoDB DEFAULT CHARSET=utf8 COMMENT='Paypal Settlement Report Row Table';

--
-- Table structure for table `persistent_session`
--

CREATE TABLE `persistent_session` (
  `persistent_id` int(10) unsigned NOT NULL AUTO_INCREMENT COMMENT 'Session id',
  `key` varchar(50) NOT NULL COMMENT 'Unique cookie key',
  `customer_id` int(10) unsigned DEFAULT NULL COMMENT 'Customer id',
  `website_id` smallint(5) unsigned NOT NULL DEFAULT '0' COMMENT 'Website ID',
  `info` text COMMENT 'Session Data',
  `updated_at` timestamp NOT NULL DEFAULT CURRENT_TIMESTAMP ON UPDATE CURRENT_TIMESTAMP COMMENT 'Updated At',
  PRIMARY KEY (`persistent_id`),
  UNIQUE KEY `PERSISTENT_SESSION_KEY` (`key`),
  UNIQUE KEY `PERSISTENT_SESSION_CUSTOMER_ID` (`customer_id`),
  KEY `PERSISTENT_SESSION_UPDATED_AT` (`updated_at`),
  KEY `PERSISTENT_SESSION_WEBSITE_ID_STORE_WEBSITE_WEBSITE_ID` (`website_id`)
) ENGINE=InnoDB DEFAULT CHARSET=utf8 COMMENT='Persistent Session';

--
-- Table structure for table `product_alert_price`
--

CREATE TABLE `product_alert_price` (
  `alert_price_id` int(10) unsigned NOT NULL AUTO_INCREMENT COMMENT 'Product alert price id',
  `customer_id` int(10) unsigned NOT NULL DEFAULT '0' COMMENT 'Customer id',
  `product_id` int(10) unsigned NOT NULL DEFAULT '0' COMMENT 'Product id',
  `price` decimal(12,4) NOT NULL DEFAULT '0.0000' COMMENT 'Price amount',
  `website_id` smallint(5) unsigned NOT NULL DEFAULT '0' COMMENT 'Website id',
  `add_date` timestamp NOT NULL DEFAULT CURRENT_TIMESTAMP COMMENT 'Product alert add date',
  `last_send_date` timestamp NULL DEFAULT NULL COMMENT 'Product alert last send date',
  `send_count` smallint(5) unsigned NOT NULL DEFAULT '0' COMMENT 'Product alert send count',
  `status` smallint(5) unsigned NOT NULL DEFAULT '0' COMMENT 'Product alert status',
  PRIMARY KEY (`alert_price_id`),
  KEY `PRODUCT_ALERT_PRICE_CUSTOMER_ID` (`customer_id`),
  KEY `PRODUCT_ALERT_PRICE_PRODUCT_ID` (`product_id`),
  KEY `PRODUCT_ALERT_PRICE_WEBSITE_ID` (`website_id`)
) ENGINE=InnoDB DEFAULT CHARSET=utf8 COMMENT='Product Alert Price';

--
-- Table structure for table `product_alert_stock`
--

CREATE TABLE `product_alert_stock` (
  `alert_stock_id` int(10) unsigned NOT NULL AUTO_INCREMENT COMMENT 'Product alert stock id',
  `customer_id` int(10) unsigned NOT NULL DEFAULT '0' COMMENT 'Customer id',
  `product_id` int(10) unsigned NOT NULL DEFAULT '0' COMMENT 'Product id',
  `website_id` smallint(5) unsigned NOT NULL DEFAULT '0' COMMENT 'Website id',
  `add_date` timestamp NOT NULL DEFAULT CURRENT_TIMESTAMP COMMENT 'Product alert add date',
  `send_date` timestamp NULL DEFAULT NULL COMMENT 'Product alert send date',
  `send_count` smallint(5) unsigned NOT NULL DEFAULT '0' COMMENT 'Send Count',
  `status` smallint(5) unsigned NOT NULL DEFAULT '0' COMMENT 'Product alert status',
  PRIMARY KEY (`alert_stock_id`),
  KEY `PRODUCT_ALERT_STOCK_CUSTOMER_ID` (`customer_id`),
  KEY `PRODUCT_ALERT_STOCK_PRODUCT_ID` (`product_id`),
  KEY `PRODUCT_ALERT_STOCK_WEBSITE_ID` (`website_id`)
) ENGINE=InnoDB DEFAULT CHARSET=utf8 COMMENT='Product Alert Stock';

--
-- Table structure for table `quote`
--

CREATE TABLE `quote` (
  `entity_id` int(10) unsigned NOT NULL AUTO_INCREMENT COMMENT 'Entity Id',
  `store_id` smallint(5) unsigned NOT NULL DEFAULT '0' COMMENT 'Store Id',
  `created_at` timestamp NOT NULL DEFAULT CURRENT_TIMESTAMP COMMENT 'Created At',
  `updated_at` timestamp NOT NULL DEFAULT CURRENT_TIMESTAMP ON UPDATE CURRENT_TIMESTAMP,
  `converted_at` timestamp NULL DEFAULT NULL COMMENT 'Converted At',
  `is_active` smallint(5) unsigned DEFAULT '1' COMMENT 'Is Active',
  `is_virtual` smallint(5) unsigned DEFAULT '0' COMMENT 'Is Virtual',
  `is_multi_shipping` smallint(5) unsigned DEFAULT '0' COMMENT 'Is Multi Shipping',
  `items_count` int(10) unsigned DEFAULT '0' COMMENT 'Items Count',
  `items_qty` decimal(12,4) DEFAULT '0.0000' COMMENT 'Items Qty',
  `orig_order_id` int(10) unsigned DEFAULT '0' COMMENT 'Orig Order Id',
  `store_to_base_rate` decimal(12,4) DEFAULT '0.0000' COMMENT 'Store To Base Rate',
  `store_to_quote_rate` decimal(12,4) DEFAULT '0.0000' COMMENT 'Store To Quote Rate',
  `base_currency_code` varchar(255) DEFAULT NULL COMMENT 'Base Currency Code',
  `store_currency_code` varchar(255) DEFAULT NULL COMMENT 'Store Currency Code',
  `quote_currency_code` varchar(255) DEFAULT NULL COMMENT 'Quote Currency Code',
  `grand_total` decimal(12,4) DEFAULT '0.0000' COMMENT 'Grand Total',
  `base_grand_total` decimal(12,4) DEFAULT '0.0000' COMMENT 'Base Grand Total',
  `checkout_method` varchar(255) DEFAULT NULL COMMENT 'Checkout Method',
  `customer_id` int(10) unsigned DEFAULT NULL COMMENT 'Customer Id',
  `customer_tax_class_id` int(10) unsigned DEFAULT NULL COMMENT 'Customer Tax Class Id',
  `customer_group_id` int(10) unsigned DEFAULT '0' COMMENT 'Customer Group Id',
  `customer_email` varchar(255) DEFAULT NULL COMMENT 'Customer Email',
  `customer_prefix` varchar(40) DEFAULT NULL COMMENT 'Customer Prefix',
  `customer_firstname` varchar(255) DEFAULT NULL COMMENT 'Customer Firstname',
  `customer_middlename` varchar(40) DEFAULT NULL COMMENT 'Customer Middlename',
  `customer_lastname` varchar(255) DEFAULT NULL COMMENT 'Customer Lastname',
  `customer_suffix` varchar(40) DEFAULT NULL COMMENT 'Customer Suffix',
  `customer_dob` datetime DEFAULT NULL COMMENT 'Customer Dob',
  `customer_note` varchar(255) DEFAULT NULL COMMENT 'Customer Note',
  `customer_note_notify` smallint(5) unsigned DEFAULT '1' COMMENT 'Customer Note Notify',
  `customer_is_guest` smallint(5) unsigned DEFAULT '0' COMMENT 'Customer Is Guest',
  `remote_ip` varchar(32) DEFAULT NULL COMMENT 'Remote Ip',
  `applied_rule_ids` varchar(255) DEFAULT NULL COMMENT 'Applied Rule Ids',
  `reserved_order_id` varchar(64) DEFAULT NULL COMMENT 'Reserved Order Id',
  `password_hash` varchar(255) DEFAULT NULL COMMENT 'Password Hash',
  `coupon_code` varchar(255) DEFAULT NULL COMMENT 'Coupon Code',
  `global_currency_code` varchar(255) DEFAULT NULL COMMENT 'Global Currency Code',
  `base_to_global_rate` decimal(12,4) DEFAULT NULL COMMENT 'Base To Global Rate',
  `base_to_quote_rate` decimal(12,4) DEFAULT NULL COMMENT 'Base To Quote Rate',
  `customer_taxvat` varchar(255) DEFAULT NULL COMMENT 'Customer Taxvat',
  `customer_gender` varchar(255) DEFAULT NULL COMMENT 'Customer Gender',
  `subtotal` decimal(12,4) DEFAULT NULL COMMENT 'Subtotal',
  `base_subtotal` decimal(12,4) DEFAULT NULL COMMENT 'Base Subtotal',
  `subtotal_with_discount` decimal(12,4) DEFAULT NULL COMMENT 'Subtotal With Discount',
  `base_subtotal_with_discount` decimal(12,4) DEFAULT NULL COMMENT 'Base Subtotal With Discount',
  `is_changed` int(10) unsigned DEFAULT NULL COMMENT 'Is Changed',
  `trigger_recollect` smallint(6) NOT NULL DEFAULT '0' COMMENT 'Trigger Recollect',
  `ext_shipping_info` text COMMENT 'Ext Shipping Info',
  `is_persistent` smallint(5) unsigned DEFAULT '0' COMMENT 'Is Quote Persistent',
  `gift_message_id` int(11) DEFAULT NULL COMMENT 'Gift Message Id',
  PRIMARY KEY (`entity_id`),
  KEY `QUOTE_CUSTOMER_ID_STORE_ID_IS_ACTIVE` (`customer_id`,`store_id`,`is_active`),
  KEY `QUOTE_STORE_ID` (`store_id`)
) ENGINE=InnoDB AUTO_INCREMENT=8 DEFAULT CHARSET=utf8 COMMENT='Sales Flat Quote';

--
-- Dumping data for table `quote`
--

INSERT INTO `quote` VALUES ('1',1,'2016-03-15 21:25:57','0000-00-00 00:00:00',NULL,1,0,0,'0','0.0000','0','0.0000','0.0000','USD','USD','USD','0.0000','0.0000',NULL,'1',NULL,'1','admin@admin.com',NULL,'admin',NULL,'admin',NULL,NULL,NULL,1,0,'192.168.0.107',NULL,NULL,NULL,NULL,'USD','1.0000','1.0000',NULL,NULL,'0.0000','0.0000','0.0000','0.0000','1',0,NULL,0,NULL),('2',1,'2017-10-23 18:00:19','2017-10-23 18:05:17',NULL,1,0,0,'10','10.0000','0','0.0000','0.0000','USD','USD','USD','569.0000','569.0000',NULL,'2','3','1','anika@gmail.com',NULL,'Anika',NULL,'Mood',NULL,NULL,NULL,1,0,'127.0.0.1',NULL,NULL,NULL,NULL,'USD','1.0000','1.0000',NULL,NULL,'569.0000','569.0000','569.0000','569.0000','1',0,NULL,0,NULL),('3',1,'2017-11-14 14:07:27','2017-11-14 15:22:52',NULL,0,0,0,'9','9.0000','0','0.0000','0.0000','USD','USD','USD','599.0000','599.0000','guest',NULL,'3','0','demo@demo.com',NULL,NULL,NULL,NULL,NULL,NULL,NULL,1,1,'10.0.2.2',NULL,'000000001',NULL,NULL,'USD','1.0000','1.0000',NULL,NULL,'554.0000','554.0000','554.0000','554.0000','1',0,NULL,0,NULL),('4',1,'2017-11-30 11:45:57','2017-11-30 13:18:47',NULL,0,0,0,'1','1.0000','0','0.0000','0.0000','USD','USD','USD','39.0000','39.0000',NULL,'3','3','1','demo@demo.com',NULL,'demo',NULL,'demo',NULL,NULL,NULL,1,0,'10.0.2.2',NULL,'000000002',NULL,NULL,'USD','1.0000','1.0000',NULL,NULL,'34.0000','34.0000','34.0000','34.0000','1',0,NULL,0,NULL),('5',1,'2017-12-01 15:20:23','2017-12-06 12:38:50',NULL,1,0,0,'2','2.0000','0','0.0000','0.0000','USD','USD','USD','108.0000','108.0000',NULL,'3','3','1','demo@demo.com',NULL,'demo',NULL,'demo',NULL,NULL,NULL,1,0,'10.0.2.2',NULL,NULL,NULL,NULL,'USD','1.0000','1.0000',NULL,NULL,'103.0000','103.0000','103.0000','103.0000','1',0,NULL,0,NULL),('6',1,'2017-12-12 13:02:27','2017-12-12 13:02:27',NULL,1,0,0,'1','1.0000','0','0.0000','0.0000','USD','USD','USD','65.0000','65.0000',NULL,NULL,'3','0',NULL,NULL,NULL,NULL,NULL,NULL,NULL,NULL,1,0,'10.0.2.2',NULL,NULL,NULL,NULL,'USD','1.0000','1.0000',NULL,NULL,'65.0000','65.0000','65.0000','65.0000','1',0,NULL,0,NULL),('7',1,'2017-12-13 13:00:52','2017-12-13 13:00:52',NULL,1,0,0,'1','1.0000','0','0.0000','0.0000','USD','USD','USD','49.0000','49.0000',NULL,NULL,'3','0',NULL,NULL,NULL,NULL,NULL,NULL,NULL,NULL,1,0,'10.0.2.2',NULL,NULL,NULL,NULL,'USD','1.0000','1.0000',NULL,NULL,'49.0000','49.0000','49.0000','49.0000','1',0,NULL,0,NULL);

--
-- Table structure for table `quote_address`
--

CREATE TABLE `quote_address` (
  `address_id` int(10) unsigned NOT NULL AUTO_INCREMENT COMMENT 'Address Id',
  `quote_id` int(10) unsigned NOT NULL DEFAULT '0' COMMENT 'Quote Id',
  `created_at` timestamp NOT NULL DEFAULT CURRENT_TIMESTAMP COMMENT 'Created At',
  `updated_at` timestamp NOT NULL DEFAULT '0000-00-00 00:00:00' ON UPDATE CURRENT_TIMESTAMP COMMENT 'Updated At',
  `customer_id` int(10) unsigned DEFAULT NULL COMMENT 'Customer Id',
  `save_in_address_book` smallint(6) DEFAULT '0' COMMENT 'Save In Address Book',
  `customer_address_id` int(10) unsigned DEFAULT NULL COMMENT 'Customer Address Id',
  `address_type` varchar(10) DEFAULT NULL COMMENT 'Address Type',
  `email` varchar(255) DEFAULT NULL COMMENT 'Email',
  `prefix` varchar(40) DEFAULT NULL COMMENT 'Prefix',
  `firstname` varchar(255) DEFAULT NULL,
  `middlename` varchar(40) DEFAULT NULL,
  `lastname` varchar(255) DEFAULT NULL,
  `suffix` varchar(40) DEFAULT NULL COMMENT 'Suffix',
  `company` varchar(255) DEFAULT NULL COMMENT 'Company',
  `street` varchar(255) DEFAULT NULL COMMENT 'Street',
  `city` varchar(40) DEFAULT NULL COMMENT 'City',
  `region` varchar(40) DEFAULT NULL COMMENT 'Region',
  `region_id` int(10) unsigned DEFAULT NULL COMMENT 'Region Id',
  `postcode` varchar(20) DEFAULT NULL COMMENT 'Postcode',
  `country_id` varchar(30) DEFAULT NULL COMMENT 'Country Id',
  `telephone` varchar(20) DEFAULT NULL COMMENT 'Phone Number',
  `fax` varchar(20) DEFAULT NULL COMMENT 'Fax',
  `same_as_billing` smallint(5) unsigned NOT NULL DEFAULT '0' COMMENT 'Same As Billing',
  `collect_shipping_rates` smallint(5) unsigned NOT NULL DEFAULT '0' COMMENT 'Collect Shipping Rates',
  `shipping_method` varchar(120) DEFAULT NULL,
  `shipping_description` varchar(255) DEFAULT NULL COMMENT 'Shipping Description',
  `weight` decimal(12,4) NOT NULL DEFAULT '0.0000' COMMENT 'Weight',
  `subtotal` decimal(12,4) NOT NULL DEFAULT '0.0000' COMMENT 'Subtotal',
  `base_subtotal` decimal(12,4) NOT NULL DEFAULT '0.0000' COMMENT 'Base Subtotal',
  `subtotal_with_discount` decimal(12,4) NOT NULL DEFAULT '0.0000' COMMENT 'Subtotal With Discount',
  `base_subtotal_with_discount` decimal(12,4) NOT NULL DEFAULT '0.0000' COMMENT 'Base Subtotal With Discount',
  `tax_amount` decimal(12,4) NOT NULL DEFAULT '0.0000' COMMENT 'Tax Amount',
  `base_tax_amount` decimal(12,4) NOT NULL DEFAULT '0.0000' COMMENT 'Base Tax Amount',
  `shipping_amount` decimal(12,4) NOT NULL DEFAULT '0.0000' COMMENT 'Shipping Amount',
  `base_shipping_amount` decimal(12,4) NOT NULL DEFAULT '0.0000' COMMENT 'Base Shipping Amount',
  `shipping_tax_amount` decimal(12,4) DEFAULT NULL COMMENT 'Shipping Tax Amount',
  `base_shipping_tax_amount` decimal(12,4) DEFAULT NULL COMMENT 'Base Shipping Tax Amount',
  `discount_amount` decimal(12,4) NOT NULL DEFAULT '0.0000' COMMENT 'Discount Amount',
  `base_discount_amount` decimal(12,4) NOT NULL DEFAULT '0.0000' COMMENT 'Base Discount Amount',
  `grand_total` decimal(12,4) NOT NULL DEFAULT '0.0000' COMMENT 'Grand Total',
  `base_grand_total` decimal(12,4) NOT NULL DEFAULT '0.0000' COMMENT 'Base Grand Total',
  `customer_notes` text COMMENT 'Customer Notes',
  `applied_taxes` text COMMENT 'Applied Taxes',
  `discount_description` varchar(255) DEFAULT NULL COMMENT 'Discount Description',
  `shipping_discount_amount` decimal(12,4) DEFAULT NULL COMMENT 'Shipping Discount Amount',
  `base_shipping_discount_amount` decimal(12,4) DEFAULT NULL COMMENT 'Base Shipping Discount Amount',
  `subtotal_incl_tax` decimal(12,4) DEFAULT NULL COMMENT 'Subtotal Incl Tax',
  `base_subtotal_total_incl_tax` decimal(12,4) DEFAULT NULL COMMENT 'Base Subtotal Total Incl Tax',
  `discount_tax_compensation_amount` decimal(12,4) DEFAULT NULL COMMENT 'Discount Tax Compensation Amount',
  `base_discount_tax_compensation_amount` decimal(12,4) DEFAULT NULL COMMENT 'Base Discount Tax Compensation Amount',
  `shipping_discount_tax_compensation_amount` decimal(12,4) DEFAULT NULL COMMENT 'Shipping Discount Tax Compensation Amount',
  `base_shipping_discount_tax_compensation_amnt` decimal(12,4) DEFAULT NULL COMMENT 'Base Shipping Discount Tax Compensation Amount',
  `shipping_incl_tax` decimal(12,4) DEFAULT NULL COMMENT 'Shipping Incl Tax',
  `base_shipping_incl_tax` decimal(12,4) DEFAULT NULL COMMENT 'Base Shipping Incl Tax',
  `free_shipping` smallint(5) unsigned NOT NULL DEFAULT '0' COMMENT 'Free Shipping',
  `vat_id` text COMMENT 'Vat Id',
  `vat_is_valid` smallint(6) DEFAULT NULL COMMENT 'Vat Is Valid',
  `vat_request_id` text COMMENT 'Vat Request Id',
  `vat_request_date` text COMMENT 'Vat Request Date',
  `vat_request_success` smallint(6) DEFAULT NULL COMMENT 'Vat Request Success',
  `gift_message_id` int(11) DEFAULT NULL COMMENT 'Gift Message Id',
  PRIMARY KEY (`address_id`),
  KEY `QUOTE_ADDRESS_QUOTE_ID` (`quote_id`)
) ENGINE=InnoDB AUTO_INCREMENT=17 DEFAULT CHARSET=utf8 COMMENT='Sales Flat Quote Address';

--
-- Dumping data for table `quote_address`
--

INSERT INTO `quote_address` VALUES ('1','1','2016-03-15 21:25:57','2017-11-14 11:07:57','1',0,NULL,'billing','admin@admin.com',NULL,NULL,NULL,NULL,NULL,NULL,NULL,NULL,NULL,NULL,NULL,NULL,NULL,NULL,0,0,NULL,NULL,'0.0000','0.0000','0.0000','0.0000','0.0000','0.0000','0.0000','0.0000','0.0000',NULL,NULL,'0.0000','0.0000','0.0000','0.0000',NULL,'null',NULL,NULL,NULL,'0.0000',NULL,'0.0000','0.0000','0.0000',NULL,NULL,NULL,0,NULL,NULL,NULL,NULL,NULL,NULL),('2','1','2016-03-15 21:25:57','2017-11-14 11:07:57','1',0,NULL,'shipping','admin@admin.com',NULL,NULL,NULL,NULL,NULL,NULL,NULL,NULL,NULL,NULL,NULL,NULL,NULL,NULL,1,0,NULL,NULL,'0.0000','0.0000','0.0000','0.0000','0.0000','0.0000','0.0000','0.0000','0.0000',NULL,NULL,'0.0000','0.0000','0.0000','0.0000',NULL,'null',NULL,NULL,NULL,'0.0000',NULL,'0.0000','0.0000','0.0000',NULL,NULL,NULL,0,NULL,NULL,NULL,NULL,NULL,NULL),('3','2','2017-10-23 18:00:19','2017-11-14 11:07:57','2',0,NULL,'billing','anika@gmail.com',NULL,NULL,NULL,NULL,NULL,NULL,NULL,NULL,NULL,NULL,NULL,NULL,NULL,NULL,0,0,NULL,NULL,'0.0000','0.0000','0.0000','0.0000','0.0000','0.0000','0.0000','0.0000','0.0000',NULL,NULL,'0.0000','0.0000','0.0000','0.0000',NULL,'null',NULL,NULL,NULL,'0.0000',NULL,'0.0000','0.0000','0.0000',NULL,NULL,NULL,0,NULL,NULL,NULL,NULL,NULL,NULL),('4','2','2017-10-23 18:00:19','2017-11-14 11:07:57','2',0,NULL,'shipping','anika@gmail.com',NULL,NULL,NULL,NULL,NULL,NULL,NULL,NULL,NULL,NULL,NULL,NULL,NULL,NULL,1,1,NULL,NULL,'10.0000','569.0000','569.0000','569.0000','569.0000','0.0000','0.0000','0.0000','0.0000','0.0000','0.0000','0.0000','0.0000','569.0000','569.0000',NULL,'[]',NULL,'0.0000','0.0000','569.0000','569.0000','0.0000','0.0000','0.0000',NULL,'0.0000','0.0000',0,NULL,NULL,NULL,NULL,NULL,NULL),('6','3','2017-11-14 14:07:27','2017-11-14 15:22:44',NULL,0,NULL,'shipping','demo@demo.com',NULL,'Demo',NULL,'Demo',NULL,NULL,'Demo','Demo','Alabama','1','55555','US','5555',NULL,0,0,'flatrate_flatrate','Flat Rate - Fixed','9.0000','554.0000','554.0000','554.0000','554.0000','0.0000','0.0000','45.0000','45.0000','0.0000','0.0000','0.0000','0.0000','599.0000','599.0000',NULL,'[]',NULL,'0.0000','0.0000','554.0000','554.0000','0.0000','0.0000','0.0000',NULL,'45.0000','45.0000',0,NULL,NULL,NULL,NULL,NULL,NULL),('7','3','2017-11-14 15:22:44','0000-00-00 00:00:00',NULL,0,NULL,'billing','demo@demo.com',NULL,'Demo',NULL,'Demo',NULL,NULL,'Demo','Demo','Alabama','1','55555','US','5555',NULL,0,0,NULL,NULL,'0.0000','0.0000','0.0000','0.0000','0.0000','0.0000','0.0000','0.0000','0.0000',NULL,NULL,'0.0000','0.0000','0.0000','0.0000',NULL,'null',NULL,NULL,NULL,'0.0000',NULL,'0.0000','0.0000','0.0000',NULL,NULL,NULL,0,NULL,NULL,NULL,NULL,NULL,NULL),('9','4','2017-11-30 11:45:57','2017-11-30 13:18:42','3',1,'1','shipping','demo@demo.com',NULL,'demo',NULL,'demo',NULL,NULL,'demo','demo','Georgia','19','55555','US','55555',NULL,0,0,'flatrate_flatrate','Flat Rate - Fixed','1.0000','34.0000','34.0000','34.0000','34.0000','0.0000','0.0000','5.0000','5.0000','0.0000','0.0000','0.0000','0.0000','39.0000','39.0000',NULL,'[]',NULL,'0.0000','0.0000','34.0000','34.0000','0.0000','0.0000','0.0000',NULL,'5.0000','5.0000',0,NULL,NULL,NULL,NULL,NULL,NULL),('10','4','2017-11-30 13:18:45','0000-00-00 00:00:00','3',NULL,NULL,'billing','demo@demo.com',NULL,'demo',NULL,'demo',NULL,NULL,'demo','demo','Georgia','19','55555','US','55555',NULL,0,0,NULL,NULL,'0.0000','0.0000','0.0000','0.0000','0.0000','0.0000','0.0000','0.0000','0.0000',NULL,NULL,'0.0000','0.0000','0.0000','0.0000',NULL,'null',NULL,NULL,NULL,'0.0000',NULL,'0.0000','0.0000','0.0000',NULL,NULL,NULL,0,NULL,NULL,NULL,NULL,NULL,NULL),('11','5','2017-12-01 15:20:23','0000-00-00 00:00:00','3',0,'1','billing','demo@demo.com',NULL,'demo',NULL,'demo',NULL,NULL,'demo','demo','Georgia','19','55555','US','55555',NULL,0,0,NULL,NULL,'0.0000','0.0000','0.0000','0.0000','0.0000','0.0000','0.0000','0.0000','0.0000',NULL,NULL,'0.0000','0.0000','0.0000','0.0000',NULL,'null',NULL,NULL,NULL,'0.0000',NULL,'0.0000','0.0000','0.0000',NULL,NULL,NULL,0,NULL,NULL,NULL,NULL,NULL,NULL),('12','5','2017-12-01 15:20:23','2017-12-01 15:26:58','3',0,'1','shipping','demo@demo.com',NULL,'demo',NULL,'demo',NULL,NULL,'demo','demo','Georgia','19','55555','US','55555',NULL,0,1,'flatrate_flatrate','Flat Rate - Fixed','2.0000','103.0000','103.0000','103.0000','103.0000','0.0000','0.0000','5.0000','5.0000','0.0000','0.0000','0.0000','0.0000','108.0000','108.0000',NULL,'[]',NULL,'0.0000','0.0000','103.0000','103.0000','0.0000','0.0000','0.0000',NULL,'5.0000','5.0000',0,NULL,NULL,NULL,NULL,NULL,NULL),('13','6','2017-12-12 13:02:28','0000-00-00 00:00:00',NULL,0,NULL,'billing',NULL,NULL,NULL,NULL,NULL,NULL,NULL,NULL,NULL,NULL,NULL,NULL,NULL,NULL,NULL,0,0,NULL,NULL,'0.0000','0.0000','0.0000','0.0000','0.0000','0.0000','0.0000','0.0000','0.0000',NULL,NULL,'0.0000','0.0000','0.0000','0.0000',NULL,'null',NULL,NULL,NULL,'0.0000',NULL,'0.0000','0.0000','0.0000',NULL,NULL,NULL,0,NULL,NULL,NULL,NULL,NULL,NULL),('14','6','2017-12-12 13:02:28','0000-00-00 00:00:00',NULL,0,NULL,'shipping',NULL,NULL,NULL,NULL,NULL,NULL,NULL,NULL,NULL,NULL,NULL,NULL,NULL,NULL,NULL,1,0,NULL,NULL,'1.0000','65.0000','65.0000','65.0000','65.0000','0.0000','0.0000','0.0000','0.0000','0.0000','0.0000','0.0000','0.0000','65.0000','65.0000',NULL,'[]',NULL,'0.0000','0.0000','65.0000','65.0000','0.0000','0.0000','0.0000',NULL,'0.0000','0.0000',0,NULL,NULL,NULL,NULL,NULL,NULL),('15','7','2017-12-13 13:00:52','0000-00-00 00:00:00',NULL,0,NULL,'billing',NULL,NULL,NULL,NULL,NULL,NULL,NULL,NULL,NULL,NULL,NULL,NULL,NULL,NULL,NULL,0,0,NULL,NULL,'0.0000','0.0000','0.0000','0.0000','0.0000','0.0000','0.0000','0.0000','0.0000',NULL,NULL,'0.0000','0.0000','0.0000','0.0000',NULL,'null',NULL,NULL,NULL,'0.0000',NULL,'0.0000','0.0000','0.0000',NULL,NULL,NULL,0,NULL,NULL,NULL,NULL,NULL,NULL),('16','7','2017-12-13 13:00:53','0000-00-00 00:00:00',NULL,0,NULL,'shipping',NULL,NULL,NULL,NULL,NULL,NULL,NULL,NULL,NULL,NULL,NULL,NULL,NULL,NULL,NULL,1,0,NULL,NULL,'1.0000','49.0000','49.0000','49.0000','49.0000','0.0000','0.0000','0.0000','0.0000','0.0000','0.0000','0.0000','0.0000','49.0000','49.0000',NULL,'[]',NULL,'0.0000','0.0000','49.0000','49.0000','0.0000','0.0000','0.0000',NULL,'0.0000','0.0000',0,NULL,NULL,NULL,NULL,NULL,NULL);

--
-- Table structure for table `quote_address_item`
--

CREATE TABLE `quote_address_item` (
  `address_item_id` int(10) unsigned NOT NULL AUTO_INCREMENT COMMENT 'Address Item Id',
  `parent_item_id` int(10) unsigned DEFAULT NULL COMMENT 'Parent Item Id',
  `quote_address_id` int(10) unsigned NOT NULL DEFAULT '0' COMMENT 'Quote Address Id',
  `quote_item_id` int(10) unsigned NOT NULL DEFAULT '0' COMMENT 'Quote Item Id',
  `created_at` timestamp NOT NULL DEFAULT CURRENT_TIMESTAMP COMMENT 'Created At',
  `updated_at` timestamp NOT NULL DEFAULT '0000-00-00 00:00:00' ON UPDATE CURRENT_TIMESTAMP COMMENT 'Updated At',
  `applied_rule_ids` text COMMENT 'Applied Rule Ids',
  `additional_data` text COMMENT 'Additional Data',
  `weight` decimal(12,4) DEFAULT '0.0000' COMMENT 'Weight',
  `qty` decimal(12,4) NOT NULL DEFAULT '0.0000' COMMENT 'Qty',
  `discount_amount` decimal(12,4) DEFAULT '0.0000' COMMENT 'Discount Amount',
  `tax_amount` decimal(12,4) DEFAULT '0.0000' COMMENT 'Tax Amount',
  `row_total` decimal(12,4) NOT NULL DEFAULT '0.0000' COMMENT 'Row Total',
  `base_row_total` decimal(12,4) NOT NULL DEFAULT '0.0000' COMMENT 'Base Row Total',
  `row_total_with_discount` decimal(12,4) DEFAULT '0.0000' COMMENT 'Row Total With Discount',
  `base_discount_amount` decimal(12,4) DEFAULT '0.0000' COMMENT 'Base Discount Amount',
  `base_tax_amount` decimal(12,4) DEFAULT '0.0000' COMMENT 'Base Tax Amount',
  `row_weight` decimal(12,4) DEFAULT '0.0000' COMMENT 'Row Weight',
  `product_id` int(10) unsigned DEFAULT NULL COMMENT 'Product Id',
  `super_product_id` int(10) unsigned DEFAULT NULL COMMENT 'Super Product Id',
  `parent_product_id` int(10) unsigned DEFAULT NULL COMMENT 'Parent Product Id',
  `sku` varchar(255) DEFAULT NULL COMMENT 'Sku',
  `image` varchar(255) DEFAULT NULL COMMENT 'Image',
  `name` varchar(255) DEFAULT NULL COMMENT 'Name',
  `description` text COMMENT 'Description',
  `is_qty_decimal` int(10) unsigned DEFAULT NULL COMMENT 'Is Qty Decimal',
  `price` decimal(12,4) DEFAULT NULL COMMENT 'Price',
  `discount_percent` decimal(12,4) DEFAULT NULL COMMENT 'Discount Percent',
  `no_discount` int(10) unsigned DEFAULT NULL COMMENT 'No Discount',
  `tax_percent` decimal(12,4) DEFAULT NULL COMMENT 'Tax Percent',
  `base_price` decimal(12,4) DEFAULT NULL COMMENT 'Base Price',
  `base_cost` decimal(12,4) DEFAULT NULL COMMENT 'Base Cost',
  `price_incl_tax` decimal(12,4) DEFAULT NULL COMMENT 'Price Incl Tax',
  `base_price_incl_tax` decimal(12,4) DEFAULT NULL COMMENT 'Base Price Incl Tax',
  `row_total_incl_tax` decimal(12,4) DEFAULT NULL COMMENT 'Row Total Incl Tax',
  `base_row_total_incl_tax` decimal(12,4) DEFAULT NULL COMMENT 'Base Row Total Incl Tax',
  `discount_tax_compensation_amount` decimal(12,4) DEFAULT NULL COMMENT 'Discount Tax Compensation Amount',
  `base_discount_tax_compensation_amount` decimal(12,4) DEFAULT NULL COMMENT 'Base Discount Tax Compensation Amount',
  `free_shipping` int(10) unsigned DEFAULT NULL COMMENT 'Free Shipping',
  `gift_message_id` int(11) DEFAULT NULL COMMENT 'Gift Message Id',
  PRIMARY KEY (`address_item_id`),
  KEY `QUOTE_ADDRESS_ITEM_QUOTE_ADDRESS_ID` (`quote_address_id`),
  KEY `QUOTE_ADDRESS_ITEM_PARENT_ITEM_ID` (`parent_item_id`),
  KEY `QUOTE_ADDRESS_ITEM_QUOTE_ITEM_ID` (`quote_item_id`)
) ENGINE=InnoDB DEFAULT CHARSET=utf8 COMMENT='Sales Flat Quote Address Item';

--
-- Table structure for table `quote_id_mask`
--

CREATE TABLE `quote_id_mask` (
  `entity_id` int(10) unsigned NOT NULL AUTO_INCREMENT COMMENT 'Entity Id',
  `quote_id` int(10) unsigned NOT NULL COMMENT 'Quote ID',
  `masked_id` varchar(32) DEFAULT NULL COMMENT 'Masked ID',
  PRIMARY KEY (`entity_id`,`quote_id`),
  KEY `QUOTE_ID_MASK_QUOTE_ID` (`quote_id`),
  KEY `QUOTE_ID_MASK_MASKED_ID` (`masked_id`)
) ENGINE=InnoDB AUTO_INCREMENT=5 DEFAULT CHARSET=utf8 COMMENT='Quote ID and masked ID mapping';

--
-- Dumping data for table `quote_id_mask`
--

INSERT INTO `quote_id_mask` VALUES ('2','5','39a7e481781f64e554a010c620f534c0'),('3','6','8bac2bc8341b54ce4fa8f683127d9c06'),('1','3','c2b666bfd5b804570cc9b91927cba6a5'),('4','7','e15a3b0017a64661d4319dd6c713ac68');

--
-- Table structure for table `quote_item`
--

CREATE TABLE `quote_item` (
  `item_id` int(10) unsigned NOT NULL AUTO_INCREMENT COMMENT 'Item Id',
  `quote_id` int(10) unsigned NOT NULL DEFAULT '0' COMMENT 'Quote Id',
  `created_at` timestamp NOT NULL DEFAULT CURRENT_TIMESTAMP COMMENT 'Created At',
  `updated_at` timestamp NOT NULL DEFAULT '0000-00-00 00:00:00' ON UPDATE CURRENT_TIMESTAMP COMMENT 'Updated At',
  `product_id` int(10) unsigned DEFAULT NULL COMMENT 'Product Id',
  `store_id` smallint(5) unsigned DEFAULT NULL COMMENT 'Store Id',
  `parent_item_id` int(10) unsigned DEFAULT NULL COMMENT 'Parent Item Id',
  `is_virtual` smallint(5) unsigned DEFAULT NULL COMMENT 'Is Virtual',
  `sku` varchar(255) DEFAULT NULL COMMENT 'Sku',
  `name` varchar(255) DEFAULT NULL COMMENT 'Name',
  `description` text COMMENT 'Description',
  `applied_rule_ids` text COMMENT 'Applied Rule Ids',
  `additional_data` text COMMENT 'Additional Data',
  `is_qty_decimal` smallint(5) unsigned DEFAULT NULL COMMENT 'Is Qty Decimal',
  `no_discount` smallint(5) unsigned DEFAULT '0' COMMENT 'No Discount',
  `weight` decimal(12,4) DEFAULT '0.0000' COMMENT 'Weight',
  `qty` decimal(12,4) NOT NULL DEFAULT '0.0000' COMMENT 'Qty',
  `price` decimal(12,4) NOT NULL DEFAULT '0.0000' COMMENT 'Price',
  `base_price` decimal(12,4) NOT NULL DEFAULT '0.0000' COMMENT 'Base Price',
  `custom_price` decimal(12,4) DEFAULT NULL COMMENT 'Custom Price',
  `discount_percent` decimal(12,4) DEFAULT '0.0000' COMMENT 'Discount Percent',
  `discount_amount` decimal(12,4) DEFAULT '0.0000' COMMENT 'Discount Amount',
  `base_discount_amount` decimal(12,4) DEFAULT '0.0000' COMMENT 'Base Discount Amount',
  `tax_percent` decimal(12,4) DEFAULT '0.0000' COMMENT 'Tax Percent',
  `tax_amount` decimal(12,4) DEFAULT '0.0000' COMMENT 'Tax Amount',
  `base_tax_amount` decimal(12,4) DEFAULT '0.0000' COMMENT 'Base Tax Amount',
  `row_total` decimal(12,4) NOT NULL DEFAULT '0.0000' COMMENT 'Row Total',
  `base_row_total` decimal(12,4) NOT NULL DEFAULT '0.0000' COMMENT 'Base Row Total',
  `row_total_with_discount` decimal(12,4) DEFAULT '0.0000' COMMENT 'Row Total With Discount',
  `row_weight` decimal(12,4) DEFAULT '0.0000' COMMENT 'Row Weight',
  `product_type` varchar(255) DEFAULT NULL COMMENT 'Product Type',
  `base_tax_before_discount` decimal(12,4) DEFAULT NULL COMMENT 'Base Tax Before Discount',
  `tax_before_discount` decimal(12,4) DEFAULT NULL COMMENT 'Tax Before Discount',
  `original_custom_price` decimal(12,4) DEFAULT NULL COMMENT 'Original Custom Price',
  `redirect_url` varchar(255) DEFAULT NULL COMMENT 'Redirect Url',
  `base_cost` decimal(12,4) DEFAULT NULL COMMENT 'Base Cost',
  `price_incl_tax` decimal(12,4) DEFAULT NULL COMMENT 'Price Incl Tax',
  `base_price_incl_tax` decimal(12,4) DEFAULT NULL COMMENT 'Base Price Incl Tax',
  `row_total_incl_tax` decimal(12,4) DEFAULT NULL COMMENT 'Row Total Incl Tax',
  `base_row_total_incl_tax` decimal(12,4) DEFAULT NULL COMMENT 'Base Row Total Incl Tax',
  `discount_tax_compensation_amount` decimal(12,4) DEFAULT NULL COMMENT 'Discount Tax Compensation Amount',
  `base_discount_tax_compensation_amount` decimal(12,4) DEFAULT NULL COMMENT 'Base Discount Tax Compensation Amount',
  `free_shipping` smallint(5) unsigned NOT NULL DEFAULT '0' COMMENT 'Free Shipping',
  `gift_message_id` int(11) DEFAULT NULL COMMENT 'Gift Message Id',
  `weee_tax_applied` text COMMENT 'Weee Tax Applied',
  `weee_tax_applied_amount` decimal(12,4) DEFAULT NULL COMMENT 'Weee Tax Applied Amount',
  `weee_tax_applied_row_amount` decimal(12,4) DEFAULT NULL COMMENT 'Weee Tax Applied Row Amount',
  `weee_tax_disposition` decimal(12,4) DEFAULT NULL COMMENT 'Weee Tax Disposition',
  `weee_tax_row_disposition` decimal(12,4) DEFAULT NULL COMMENT 'Weee Tax Row Disposition',
  `base_weee_tax_applied_amount` decimal(12,4) DEFAULT NULL COMMENT 'Base Weee Tax Applied Amount',
  `base_weee_tax_applied_row_amnt` decimal(12,4) DEFAULT NULL COMMENT 'Base Weee Tax Applied Row Amnt',
  `base_weee_tax_disposition` decimal(12,4) DEFAULT NULL COMMENT 'Base Weee Tax Disposition',
  `base_weee_tax_row_disposition` decimal(12,4) DEFAULT NULL COMMENT 'Base Weee Tax Row Disposition',
  PRIMARY KEY (`item_id`),
  KEY `QUOTE_ITEM_PARENT_ITEM_ID` (`parent_item_id`),
  KEY `QUOTE_ITEM_PRODUCT_ID` (`product_id`),
  KEY `QUOTE_ITEM_QUOTE_ID` (`quote_id`),
  KEY `QUOTE_ITEM_STORE_ID` (`store_id`)
) ENGINE=InnoDB AUTO_INCREMENT=31 DEFAULT CHARSET=utf8 COMMENT='Sales Flat Quote Item';

--
-- Dumping data for table `quote_item`
--

INSERT INTO `quote_item` VALUES ('1','2','2017-10-23 18:03:46','0000-00-00 00:00:00','9',1,NULL,0,'6521','Olive Linen Floral Skirt',NULL,NULL,NULL,0,0,'1.0000','1.0000','39.0000','39.0000',NULL,'0.0000','0.0000','0.0000','0.0000','0.0000','0.0000','39.0000','39.0000','0.0000','1.0000','simple',NULL,NULL,NULL,NULL,NULL,'39.0000','39.0000','39.0000','39.0000','0.0000','0.0000',0,NULL,NULL,NULL,NULL,NULL,NULL,NULL,NULL,NULL,NULL),('2','2','2017-10-23 18:04:42','0000-00-00 00:00:00','1',1,NULL,0,'7565','Torn Leg Wrap Block Heel Sandals',NULL,NULL,NULL,0,0,'1.0000','1.0000','49.0000','49.0000',NULL,'0.0000','0.0000','0.0000','0.0000','0.0000','0.0000','49.0000','49.0000','0.0000','1.0000','simple',NULL,NULL,NULL,NULL,NULL,'49.0000','49.0000','49.0000','49.0000','0.0000','0.0000',0,NULL,NULL,NULL,NULL,NULL,NULL,NULL,NULL,NULL,NULL),('3','2','2017-10-23 18:04:47','0000-00-00 00:00:00','12',1,NULL,0,'3210','Black Label SuperBreak Backpack',NULL,NULL,NULL,0,0,'1.0000','1.0000','47.0000','47.0000',NULL,'0.0000','0.0000','0.0000','0.0000','0.0000','0.0000','47.0000','47.0000','0.0000','1.0000','simple',NULL,NULL,NULL,NULL,NULL,'47.0000','47.0000','47.0000','47.0000','0.0000','0.0000',0,NULL,NULL,NULL,NULL,NULL,NULL,NULL,NULL,NULL,NULL),('4','2','2017-10-23 18:04:52','0000-00-00 00:00:00','14',1,NULL,0,'1197','Soft Beach Bag',NULL,NULL,NULL,0,0,'1.0000','1.0000','42.0000','42.0000',NULL,'0.0000','0.0000','0.0000','0.0000','0.0000','0.0000','42.0000','42.0000','0.0000','1.0000','simple',NULL,NULL,NULL,NULL,NULL,'42.0000','42.0000','42.0000','42.0000','0.0000','0.0000',0,NULL,NULL,NULL,NULL,NULL,NULL,NULL,NULL,NULL,NULL),('5','2','2017-10-23 18:04:58','0000-00-00 00:00:00','15',1,NULL,0,'8766','Town X-Small',NULL,NULL,NULL,0,0,'1.0000','1.0000','44.0000','44.0000',NULL,'0.0000','0.0000','0.0000','0.0000','0.0000','0.0000','44.0000','44.0000','0.0000','1.0000','simple',NULL,NULL,NULL,NULL,NULL,'44.0000','44.0000','44.0000','44.0000','0.0000','0.0000',0,NULL,NULL,NULL,NULL,NULL,NULL,NULL,NULL,NULL,NULL),('6','2','2017-10-23 18:05:03','0000-00-00 00:00:00','17',1,NULL,0,'8871-green','Mia High Neck Dress',NULL,NULL,NULL,0,0,'1.0000','1.0000','66.0000','66.0000',NULL,'0.0000','0.0000','0.0000','0.0000','0.0000','0.0000','66.0000','66.0000','0.0000','1.0000','configurable',NULL,NULL,NULL,NULL,NULL,'66.0000','66.0000','66.0000','66.0000','0.0000','0.0000',0,NULL,NULL,NULL,NULL,NULL,NULL,NULL,NULL,NULL,NULL),('7','2','2017-10-23 18:05:03','0000-00-00 00:00:00','26',1,'6',0,'8871-green','8871-green',NULL,NULL,NULL,0,0,'1.0000','1.0000','0.0000','0.0000',NULL,'0.0000','0.0000','0.0000','0.0000','0.0000','0.0000','0.0000','0.0000','0.0000','0.0000','simple',NULL,NULL,NULL,NULL,NULL,NULL,NULL,NULL,NULL,NULL,NULL,0,NULL,NULL,NULL,NULL,NULL,NULL,NULL,NULL,NULL,NULL),('8','2','2017-10-23 18:05:07','0000-00-00 00:00:00','19',1,NULL,0,'5343-black','Violetta Ruffle Dress',NULL,NULL,NULL,0,0,'1.0000','1.0000','84.0000','84.0000',NULL,'0.0000','0.0000','0.0000','0.0000','0.0000','0.0000','84.0000','84.0000','0.0000','1.0000','configurable',NULL,NULL,NULL,NULL,NULL,'84.0000','84.0000','84.0000','84.0000','0.0000','0.0000',0,NULL,NULL,NULL,NULL,NULL,NULL,NULL,NULL,NULL,NULL),('9','2','2017-10-23 18:05:07','0000-00-00 00:00:00','31',1,'8',0,'5343-black','5343-black',NULL,NULL,NULL,0,0,'1.0000','1.0000','0.0000','0.0000',NULL,'0.0000','0.0000','0.0000','0.0000','0.0000','0.0000','0.0000','0.0000','0.0000','0.0000','simple',NULL,NULL,NULL,NULL,NULL,NULL,NULL,NULL,NULL,NULL,NULL,0,NULL,NULL,NULL,NULL,NULL,NULL,NULL,NULL,NULL,NULL),('10','2','2017-10-23 18:05:13','0000-00-00 00:00:00','11',1,NULL,0,'1321','Azalea Backpack',NULL,NULL,NULL,0,0,'1.0000','1.0000','64.0000','64.0000',NULL,'0.0000','0.0000','0.0000','0.0000','0.0000','0.0000','64.0000','64.0000','0.0000','1.0000','simple',NULL,NULL,NULL,NULL,NULL,'64.0000','64.0000','64.0000','64.0000','0.0000','0.0000',0,NULL,NULL,NULL,NULL,NULL,NULL,NULL,NULL,NULL,NULL),('11','2','2017-10-23 18:05:15','0000-00-00 00:00:00','10',1,NULL,0,'1165','Skye Wrap Dress',NULL,NULL,NULL,0,0,'1.0000','1.0000','69.0000','69.0000',NULL,'0.0000','0.0000','0.0000','0.0000','0.0000','0.0000','69.0000','69.0000','0.0000','1.0000','simple',NULL,NULL,NULL,NULL,NULL,'69.0000','69.0000','69.0000','69.0000','0.0000','0.0000',0,NULL,NULL,NULL,NULL,NULL,NULL,NULL,NULL,NULL,NULL),('12','2','2017-10-23 18:05:17','0000-00-00 00:00:00','2',1,NULL,0,'5654','Avery Off Shoulder Dress',NULL,NULL,NULL,0,0,'1.0000','1.0000','65.0000','65.0000',NULL,'0.0000','0.0000','0.0000','0.0000','0.0000','0.0000','65.0000','65.0000','0.0000','1.0000','simple',NULL,NULL,NULL,NULL,NULL,'65.0000','65.0000','65.0000','65.0000','0.0000','0.0000',0,NULL,NULL,NULL,NULL,NULL,NULL,NULL,NULL,NULL,NULL),('13','3','2017-11-14 14:07:27','0000-00-00 00:00:00','14',1,NULL,0,'1197','Soft Beach Bag',NULL,NULL,NULL,0,0,'1.0000','1.0000','61.0000','61.0000',NULL,'0.0000','0.0000','0.0000','0.0000','0.0000','0.0000','61.0000','61.0000','0.0000','1.0000','simple',NULL,NULL,NULL,NULL,NULL,'61.0000','61.0000','61.0000','61.0000','0.0000','0.0000',0,NULL,NULL,NULL,NULL,NULL,NULL,NULL,NULL,NULL,NULL),('14','3','2017-11-14 15:05:36','0000-00-00 00:00:00','9',1,NULL,0,'6521','Olive Linen Floral Skirt',NULL,NULL,NULL,0,0,'1.0000','1.0000','39.0000','39.0000',NULL,'0.0000','0.0000','0.0000','0.0000','0.0000','0.0000','39.0000','39.0000','0.0000','1.0000','simple',NULL,NULL,NULL,NULL,NULL,'39.0000','39.0000','39.0000','39.0000','0.0000','0.0000',0,NULL,NULL,NULL,NULL,NULL,NULL,NULL,NULL,NULL,NULL),('15','3','2017-11-14 15:05:43','0000-00-00 00:00:00','10',1,NULL,0,'1165','Skye Wrap Dress',NULL,NULL,NULL,0,0,'1.0000','1.0000','69.0000','69.0000',NULL,'0.0000','0.0000','0.0000','0.0000','0.0000','0.0000','69.0000','69.0000','0.0000','1.0000','simple',NULL,NULL,NULL,NULL,NULL,'69.0000','69.0000','69.0000','69.0000','0.0000','0.0000',0,NULL,NULL,NULL,NULL,NULL,NULL,NULL,NULL,NULL,NULL),('16','3','2017-11-14 15:05:58','0000-00-00 00:00:00','11',1,NULL,0,'1321','Azalea Backpack',NULL,NULL,NULL,0,0,'1.0000','1.0000','83.0000','83.0000',NULL,'0.0000','0.0000','0.0000','0.0000','0.0000','0.0000','83.0000','83.0000','0.0000','1.0000','simple',NULL,NULL,NULL,NULL,NULL,'83.0000','83.0000','83.0000','83.0000','0.0000','0.0000',0,NULL,NULL,NULL,NULL,NULL,NULL,NULL,NULL,NULL,NULL),('17','3','2017-11-14 15:07:15','0000-00-00 00:00:00','11',1,NULL,0,'1321','Azalea Backpack',NULL,NULL,NULL,0,0,'1.0000','1.0000','68.0000','68.0000',NULL,'0.0000','0.0000','0.0000','0.0000','0.0000','0.0000','68.0000','68.0000','0.0000','1.0000','simple',NULL,NULL,NULL,NULL,NULL,'68.0000','68.0000','68.0000','68.0000','0.0000','0.0000',0,NULL,NULL,NULL,NULL,NULL,NULL,NULL,NULL,NULL,NULL),('18','3','2017-11-14 15:11:47','0000-00-00 00:00:00','15',1,NULL,0,'8766','Town X-Small',NULL,NULL,NULL,0,0,'1.0000','1.0000','59.0000','59.0000',NULL,'0.0000','0.0000','0.0000','0.0000','0.0000','0.0000','59.0000','59.0000','0.0000','1.0000','simple',NULL,NULL,NULL,NULL,NULL,'59.0000','59.0000','59.0000','59.0000','0.0000','0.0000',0,NULL,NULL,NULL,NULL,NULL,NULL,NULL,NULL,NULL,NULL),('19','3','2017-11-14 15:12:04','0000-00-00 00:00:00','3',1,NULL,0,'6532','Bella Multi Print Skirts',NULL,NULL,NULL,0,0,'1.0000','1.0000','55.0000','55.0000',NULL,'0.0000','0.0000','0.0000','0.0000','0.0000','0.0000','55.0000','55.0000','0.0000','1.0000','simple',NULL,NULL,NULL,NULL,NULL,'55.0000','55.0000','55.0000','55.0000','0.0000','0.0000',0,NULL,NULL,NULL,NULL,NULL,NULL,NULL,NULL,NULL,NULL),('20','3','2017-11-14 15:12:23','0000-00-00 00:00:00','5',1,NULL,0,'8666','Ditzy Tee Dress',NULL,NULL,NULL,0,0,'1.0000','1.0000','55.0000','55.0000',NULL,'0.0000','0.0000','0.0000','0.0000','0.0000','0.0000','55.0000','55.0000','0.0000','1.0000','simple',NULL,NULL,NULL,NULL,NULL,'55.0000','55.0000','55.0000','55.0000','0.0000','0.0000',0,NULL,NULL,NULL,NULL,NULL,NULL,NULL,NULL,NULL,NULL),('21','3','2017-11-14 15:12:48','0000-00-00 00:00:00','2',1,NULL,0,'5654','Avery Off Shoulder Dress',NULL,NULL,NULL,0,0,'1.0000','1.0000','65.0000','65.0000',NULL,'0.0000','0.0000','0.0000','0.0000','0.0000','0.0000','65.0000','65.0000','0.0000','1.0000','simple',NULL,NULL,NULL,NULL,NULL,'65.0000','65.0000','65.0000','65.0000','0.0000','0.0000',0,NULL,NULL,NULL,NULL,NULL,NULL,NULL,NULL,NULL,NULL),('22','4','2017-11-30 11:53:15','0000-00-00 00:00:00','20',1,NULL,0,'1154-green','Yes Darling Skirt',NULL,NULL,NULL,0,0,'1.0000','1.0000','34.0000','34.0000',NULL,'0.0000','0.0000','0.0000','0.0000','0.0000','0.0000','34.0000','34.0000','0.0000','1.0000','configurable',NULL,NULL,NULL,NULL,NULL,'34.0000','34.0000','34.0000','34.0000','0.0000','0.0000',0,NULL,NULL,NULL,NULL,NULL,NULL,NULL,NULL,NULL,NULL),('23','4','2017-11-30 11:53:15','0000-00-00 00:00:00','33',1,'22',0,'1154-green','1154-green',NULL,NULL,NULL,0,0,'1.0000','1.0000','0.0000','0.0000',NULL,'0.0000','0.0000','0.0000','0.0000','0.0000','0.0000','0.0000','0.0000','0.0000','0.0000','simple',NULL,NULL,NULL,NULL,NULL,NULL,NULL,NULL,NULL,NULL,NULL,0,NULL,NULL,NULL,NULL,NULL,NULL,NULL,NULL,NULL,NULL),('24','5','2017-12-01 15:20:23','0000-00-00 00:00:00','20',1,NULL,0,'1154-blue','Yes Darling Skirt',NULL,NULL,NULL,0,0,'1.0000','1.0000','34.0000','34.0000',NULL,'0.0000','0.0000','0.0000','0.0000','0.0000','0.0000','34.0000','34.0000','0.0000','1.0000','configurable',NULL,NULL,NULL,NULL,NULL,'34.0000','34.0000','34.0000','34.0000','0.0000','0.0000',0,NULL,NULL,NULL,NULL,NULL,NULL,NULL,NULL,NULL,NULL),('25','5','2017-12-01 15:20:23','0000-00-00 00:00:00','34',1,'24',0,'1154-blue','1154-blue',NULL,NULL,NULL,0,0,'1.0000','1.0000','0.0000','0.0000',NULL,'0.0000','0.0000','0.0000','0.0000','0.0000','0.0000','0.0000','0.0000','0.0000','0.0000','simple',NULL,NULL,NULL,NULL,NULL,NULL,NULL,NULL,NULL,NULL,NULL,0,NULL,NULL,NULL,NULL,NULL,NULL,NULL,NULL,NULL,NULL),('27','5','2017-12-06 12:18:49','0000-00-00 00:00:00','10',1,NULL,0,'1165','Skye Wrap Dress',NULL,NULL,NULL,0,0,'1.0000','1.0000','69.0000','69.0000',NULL,'0.0000','0.0000','0.0000','0.0000','0.0000','0.0000','69.0000','69.0000','0.0000','1.0000','simple',NULL,NULL,NULL,NULL,NULL,'69.0000','69.0000','69.0000','69.0000','0.0000','0.0000',0,NULL,NULL,NULL,NULL,NULL,NULL,NULL,NULL,NULL,NULL),('28','6','2017-12-12 13:02:28','0000-00-00 00:00:00','2',1,NULL,0,'5654','Avery Off Shoulder Dress',NULL,NULL,NULL,0,0,'1.0000','1.0000','65.0000','65.0000',NULL,'0.0000','0.0000','0.0000','0.0000','0.0000','0.0000','65.0000','65.0000','0.0000','1.0000','simple',NULL,NULL,NULL,NULL,NULL,'65.0000','65.0000','65.0000','65.0000','0.0000','0.0000',0,NULL,NULL,NULL,NULL,NULL,NULL,NULL,NULL,NULL,NULL),('29','7','2017-12-13 13:00:53','0000-00-00 00:00:00','18',1,NULL,0,'8822-blue','Mixed Bouquet Skirt',NULL,NULL,NULL,0,0,'1.0000','1.0000','49.0000','49.0000',NULL,'0.0000','0.0000','0.0000','0.0000','0.0000','0.0000','49.0000','49.0000','0.0000','1.0000','configurable',NULL,NULL,NULL,NULL,NULL,'49.0000','49.0000','49.0000','49.0000','0.0000','0.0000',0,NULL,NULL,NULL,NULL,NULL,NULL,NULL,NULL,NULL,NULL),('30','7','2017-12-13 13:00:53','0000-00-00 00:00:00','28',1,'29',0,'8822-blue','8822-blue',NULL,NULL,NULL,0,0,'1.0000','1.0000','0.0000','0.0000',NULL,'0.0000','0.0000','0.0000','0.0000','0.0000','0.0000','0.0000','0.0000','0.0000','0.0000','simple',NULL,NULL,NULL,NULL,NULL,NULL,NULL,NULL,NULL,NULL,NULL,0,NULL,NULL,NULL,NULL,NULL,NULL,NULL,NULL,NULL,NULL);

--
-- Table structure for table `quote_item_option`
--

CREATE TABLE `quote_item_option` (
  `option_id` int(10) unsigned NOT NULL AUTO_INCREMENT COMMENT 'Option Id',
  `item_id` int(10) unsigned NOT NULL COMMENT 'Item Id',
  `product_id` int(10) unsigned NOT NULL COMMENT 'Product Id',
  `code` varchar(255) NOT NULL COMMENT 'Code',
  `value` text COMMENT 'Value',
  PRIMARY KEY (`option_id`),
  KEY `QUOTE_ITEM_OPTION_ITEM_ID` (`item_id`)
) ENGINE=InnoDB AUTO_INCREMENT=89 DEFAULT CHARSET=utf8 COMMENT='Sales Flat Quote Item Option';

--
-- Dumping data for table `quote_item_option`
--

INSERT INTO `quote_item_option` VALUES ('1','1','9','info_buyRequest','{\"uenc\":\"aHR0cDovL2R1bXBzLm1hZ2VudG8yLmRldi9mYXNoaW9uX2JvdXRpcXVlL29saXZlLWxpbmVuLWZsb3JhbC1za2lydC5odG1s\",\"product\":\"9\",\"selected_configurable_option\":\"\",\"related_product\":\"\",\"qty\":\"1\"}'),('2','2','1','info_buyRequest','{\"uenc\":\"aHR0cDovL2R1bXBzLm1hZ2VudG8yLmRldi9mYXNoaW9uX2JvdXRpcXVlL3Rvcm4tbGVnLXdyYXAtYmxvY2staGVlbC1zYW5kYWxzLmh0bWw,\",\"product\":\"1\",\"selected_configurable_option\":\"\",\"related_product\":\"\",\"qty\":\"1\"}'),('3','3','12','info_buyRequest','{\"uenc\":\"aHR0cDovL2R1bXBzLm1hZ2VudG8yLmRldi9mYXNoaW9uX2JvdXRpcXVlL2JsYWNrLWxhYmVsLXN1cGVyYnJlYWstYmFja3BhY2suaHRtbA,,\",\"product\":\"12\",\"selected_configurable_option\":\"\",\"related_product\":\"\",\"options\":{\"23\":\"56\",\"24\":\"58\"},\"qty\":\"1\"}'),('4','3','12','option_ids','23,24'),('5','3','12','option_23','56'),('6','3','12','option_24','58'),('7','4','14','info_buyRequest','{\"uenc\":\"aHR0cDovL2R1bXBzLm1hZ2VudG8yLmRldi9mYXNoaW9uX2JvdXRpcXVlL3NvZnQtYmVhY2gtYmFnLmh0bWw,\",\"product\":\"14\",\"selected_configurable_option\":\"\",\"related_product\":\"\",\"options\":{\"27\":\"67\",\"28\":\"69\"},\"qty\":\"1\"}'),('8','4','14','option_ids','27,28'),('9','4','14','option_27','67'),('10','4','14','option_28','69'),('11','5','15','info_buyRequest','{\"uenc\":\"aHR0cDovL2R1bXBzLm1hZ2VudG8yLmRldi9mYXNoaW9uX2JvdXRpcXVlL3Rvd24teC1zbWFsbC5odG1s\",\"product\":\"15\",\"selected_configurable_option\":\"\",\"related_product\":\"\",\"options\":{\"29\":\"72\",\"30\":\"73\"},\"qty\":\"1\"}'),('12','5','15','option_ids','29,30'),('13','5','15','option_29','72'),('14','5','15','option_30','73'),('15','6','17','info_buyRequest','{\"uenc\":\"aHR0cDovL2R1bXBzLm1hZ2VudG8yLmRldi9mYXNoaW9uX2JvdXRpcXVlL21pYS1oaWdoLW5lY2stZHJlc3MuaHRtbA,,\",\"product\":\"17\",\"selected_configurable_option\":\"\",\"related_product\":\"\",\"super_attribute\":{\"145\":\"30\"},\"options\":{\"73\":\"232\",\"74\":\"235\",\"75\":\"239\"},\"qty\":\"1\"}'),('16','6','17','option_ids','73,74,75'),('17','6','17','option_73','232'),('18','6','17','option_74','235'),('19','6','17','option_75','239'),('20','6','17','attributes','{\"145\":\"30\"}'),('21','6','26','product_qty_26','1'),('22','6','26','simple_product','26'),('23','7','26','info_buyRequest','{\"uenc\":\"aHR0cDovL2R1bXBzLm1hZ2VudG8yLmRldi9mYXNoaW9uX2JvdXRpcXVlL21pYS1oaWdoLW5lY2stZHJlc3MuaHRtbA,,\",\"product\":\"17\",\"selected_configurable_option\":\"\",\"related_product\":\"\",\"super_attribute\":{\"145\":\"30\"},\"options\":{\"73\":\"232\",\"74\":\"235\",\"75\":\"239\"},\"qty\":\"1\"}'),('24','7','26','option_73','232'),('25','7','26','option_74','235'),('26','7','26','option_75','239'),('27','7','26','parent_product_id','17'),('28','8','19','info_buyRequest','{\"uenc\":\"aHR0cDovL2R1bXBzLm1hZ2VudG8yLmRldi9mYXNoaW9uX2JvdXRpcXVlL3Zpb2xldHRhLXJ1ZmZsZS1kcmVzcy5odG1s\",\"product\":\"19\",\"selected_configurable_option\":\"\",\"related_product\":\"\",\"super_attribute\":{\"145\":\"25\"},\"qty\":\"1\"}'),('29','8','19','attributes','{\"145\":\"25\"}'),('30','8','31','product_qty_31','1'),('31','8','31','simple_product','31'),('32','9','31','info_buyRequest','{\"uenc\":\"aHR0cDovL2R1bXBzLm1hZ2VudG8yLmRldi9mYXNoaW9uX2JvdXRpcXVlL3Zpb2xldHRhLXJ1ZmZsZS1kcmVzcy5odG1s\",\"product\":\"19\",\"selected_configurable_option\":\"\",\"related_product\":\"\",\"super_attribute\":{\"145\":\"25\"},\"qty\":\"1\"}'),('33','9','31','parent_product_id','19'),('34','10','11','info_buyRequest','{\"uenc\":\"aHR0cDovL2R1bXBzLm1hZ2VudG8yLmRldi9mYXNoaW9uX2JvdXRpcXVlL2F6YWxlYS1iYWNrcGFjay5odG1s\",\"product\":\"11\",\"selected_configurable_option\":\"\",\"related_product\":\"\",\"options\":{\"21\":\"52\",\"22\":\"54\"},\"qty\":\"1\"}'),('35','10','11','option_ids','21,22'),('36','10','11','option_21','52'),('37','10','11','option_22','54'),('38','11','10','info_buyRequest','{\"uenc\":\"aHR0cDovL2R1bXBzLm1hZ2VudG8yLmRldi9mYXNoaW9uX2JvdXRpcXVlL3NreWUtd3JhcC1kcmVzcy5odG1s\",\"product\":\"10\",\"selected_configurable_option\":\"\",\"related_product\":\"\",\"qty\":\"1\"}'),('39','12','2','info_buyRequest','{\"uenc\":\"aHR0cDovL2R1bXBzLm1hZ2VudG8yLmRldi9mYXNoaW9uX2JvdXRpcXVlL2F2ZXJ5LW9mZi1zaG91bGRlci1kcmVzcy5odG1s\",\"product\":\"2\",\"selected_configurable_option\":\"\",\"related_product\":\"\",\"qty\":\"1\"}'),('40','13','14','info_buyRequest','{\"uenc\":\"aHR0cDovLzE5Mi4xNjguNDQuODIvdGhlbWUwOTkvc29mdC1iZWFjaC1iYWcuaHRtbD9vcHRpb25zPWNhcnQ,\",\"product\":\"14\",\"selected_configurable_option\":\"\",\"related_product\":\"\",\"options\":{\"27\":\"66\",\"28\":\"68\"},\"qty\":\"1\"}'),('41','13','14','option_ids','27,28'),('42','13','14','option_27','66'),('43','13','14','option_28','68'),('44','14','9','info_buyRequest','{\"uenc\":\"aHR0cDovLzE5Mi4xNjguNDQuODIvdGhlbWUwOTkv\",\"product\":\"9\",\"qty\":1}'),('45','15','10','info_buyRequest','{\"uenc\":\"aHR0cDovLzE5Mi4xNjguNDQuODIvdGhlbWUwOTkv\",\"product\":\"10\",\"qty\":1}'),('46','16','11','info_buyRequest','{\"uenc\":\"aHR0cDovLzE5Mi4xNjguNDQuODIvdGhlbWUwOTkvYXphbGVhLWJhY2twYWNrLmh0bWw_b3B0aW9ucz1jYXJ0\",\"product\":\"11\",\"selected_configurable_option\":\"\",\"related_product\":\"\",\"options\":{\"21\":\"51\",\"22\":\"53\"},\"qty\":\"1\"}'),('47','16','11','option_ids','21,22'),('48','16','11','option_21','51'),('49','16','11','option_22','53'),('50','17','11','info_buyRequest','{\"uenc\":\"aHR0cDovLzE5Mi4xNjguNDQuODIvdGhlbWUwOTkvYXphbGVhLWJhY2twYWNrLmh0bWw_b3B0aW9ucz1jYXJ0\",\"product\":\"11\",\"selected_configurable_option\":\"\",\"related_product\":\"\",\"options\":{\"21\":\"52\",\"22\":\"53\"},\"qty\":\"1\"}'),('51','17','11','option_ids','21,22'),('52','17','11','option_21','52'),('53','17','11','option_22','53'),('54','18','15','info_buyRequest','{\"uenc\":\"aHR0cDovLzE5Mi4xNjguNDQuODIvdGhlbWUwOTkvdG93bi14LXNtYWxsLmh0bWw_b3B0aW9ucz1jYXJ0\",\"product\":\"15\",\"selected_configurable_option\":\"\",\"related_product\":\"\",\"options\":{\"29\":\"71\",\"30\":\"73\"},\"qty\":\"1\"}'),('55','18','15','option_ids','29,30'),('56','18','15','option_29','71'),('57','18','15','option_30','73'),('58','19','3','info_buyRequest','{\"uenc\":\"aHR0cDovLzE5Mi4xNjguNDQuODIvdGhlbWUwOTkvYmVsbGEtbXVsdGktcHJpbnQtc2tpcnQuaHRtbA,,\",\"product\":\"3\",\"selected_configurable_option\":\"\",\"related_product\":\"\",\"qty\":\"1\"}'),('59','20','5','info_buyRequest','{\"uenc\":\"aHR0cDovLzE5Mi4xNjguNDQuODIvdGhlbWUwOTkvZGl0enktdGVlLWRyZXNzLmh0bWw,\",\"product\":\"5\",\"selected_configurable_option\":\"\",\"related_product\":\"\",\"qty\":\"1\"}'),('60','21','2','info_buyRequest','{\"uenc\":\"aHR0cDovLzE5Mi4xNjguNDQuODIvdGhlbWUwOTkvYXZlcnktb2ZmLXNob3VsZGVyLWRyZXNzLmh0bWw,\",\"product\":\"2\",\"selected_configurable_option\":\"\",\"related_product\":\"\",\"qty\":\"1\"}'),('61','22','20','info_buyRequest','{\"uenc\":\"aHR0cDovLzE5Mi4xNjguNDQuODIvdGhlbWUwOTkveWVzLWRhcmxpbmctc2tpcnQuaHRtbA,,\",\"product\":\"20\",\"selected_configurable_option\":\"\",\"related_product\":\"\",\"super_attribute\":{\"145\":\"30\"},\"qty\":\"1\"}'),('62','22','20','attributes','{\"145\":\"30\"}'),('63','22','33','product_qty_33','1'),('64','22','33','simple_product','33'),('65','23','33','info_buyRequest','{\"uenc\":\"aHR0cDovLzE5Mi4xNjguNDQuODIvdGhlbWUwOTkveWVzLWRhcmxpbmctc2tpcnQuaHRtbA,,\",\"product\":\"20\",\"selected_configurable_option\":\"\",\"related_product\":\"\",\"super_attribute\":{\"145\":\"30\"},\"qty\":\"1\"}'),('66','23','33','parent_product_id','20'),('67','24','20','info_buyRequest','{\"uenc\":\"aHR0cDovLzE5Mi4xNjguNDQuODIvdGhlbWUwOTkveWVzLWRhcmxpbmctc2tpcnQuaHRtbA,,\",\"product\":\"20\",\"selected_configurable_option\":\"\",\"related_product\":\"\",\"super_attribute\":{\"145\":\"27\"},\"qty\":\"1\"}'),('68','24','20','attributes','{\"145\":\"27\"}'),('69','24','34','product_qty_34','1'),('70','24','34','simple_product','34'),('71','25','34','info_buyRequest','{\"uenc\":\"aHR0cDovLzE5Mi4xNjguNDQuODIvdGhlbWUwOTkveWVzLWRhcmxpbmctc2tpcnQuaHRtbA,,\",\"product\":\"20\",\"selected_configurable_option\":\"\",\"related_product\":\"\",\"super_attribute\":{\"145\":\"27\"},\"qty\":\"1\"}'),('72','25','34','parent_product_id','20'),('74','27','10','info_buyRequest','{\"uenc\":\"aHR0cDovLzE5Mi4xNjguNDQuODIvdGhlbWUwOTkv\",\"product\":\"10\",\"qty\":1}'),('75','28','2','info_buyRequest','{\"uenc\":\"aHR0cDovLzE5Mi4xNjguNDQuODIvdGhlbWUwOTkv\",\"product\":\"2\",\"qty\":1}'),('76','29','18','info_buyRequest','{\"uenc\":\"aHR0cDovLzE5Mi4xNjguNDQuODIvdGhlbWUwOTkvbWl4ZWQtYm91cXVldC1za2lydC5odG1s\",\"product\":\"18\",\"selected_configurable_option\":\"\",\"related_product\":\"\",\"super_attribute\":{\"145\":\"27\"},\"options\":{\"76\":\"241\",\"77\":\"245\",\"78\":\"249\"},\"qty\":\"1\"}'),('77','29','18','option_ids','76,77,78'),('78','29','18','option_76','241'),('79','29','18','option_77','245'),('80','29','18','option_78','249'),('81','29','18','attributes','{\"145\":\"27\"}'),('82','29','28','product_qty_28','1'),('83','29','28','simple_product','28'),('84','30','28','info_buyRequest','{\"uenc\":\"aHR0cDovLzE5Mi4xNjguNDQuODIvdGhlbWUwOTkvbWl4ZWQtYm91cXVldC1za2lydC5odG1s\",\"product\":\"18\",\"selected_configurable_option\":\"\",\"related_product\":\"\",\"super_attribute\":{\"145\":\"27\"},\"options\":{\"76\":\"241\",\"77\":\"245\",\"78\":\"249\"},\"qty\":\"1\"}'),('85','30','28','option_76','241'),('86','30','28','option_77','245'),('87','30','28','option_78','249'),('88','30','28','parent_product_id','18');

--
-- Table structure for table `quote_payment`
--

CREATE TABLE `quote_payment` (
  `payment_id` int(10) unsigned NOT NULL AUTO_INCREMENT COMMENT 'Payment Id',
  `quote_id` int(10) unsigned NOT NULL DEFAULT '0' COMMENT 'Quote Id',
  `created_at` timestamp NOT NULL DEFAULT CURRENT_TIMESTAMP COMMENT 'Created At',
  `updated_at` timestamp NOT NULL DEFAULT '0000-00-00 00:00:00' ON UPDATE CURRENT_TIMESTAMP COMMENT 'Updated At',
  `method` varchar(255) DEFAULT NULL COMMENT 'Method',
  `cc_type` varchar(255) DEFAULT NULL COMMENT 'Cc Type',
  `cc_number_enc` varchar(255) DEFAULT NULL COMMENT 'Cc Number Enc',
  `cc_last_4` varchar(255) DEFAULT NULL COMMENT 'Cc Last 4',
  `cc_cid_enc` varchar(255) DEFAULT NULL COMMENT 'Cc Cid Enc',
  `cc_owner` varchar(255) DEFAULT NULL COMMENT 'Cc Owner',
  `cc_exp_month` varchar(255) DEFAULT NULL COMMENT 'Cc Exp Month',
  `cc_exp_year` smallint(5) unsigned DEFAULT '0' COMMENT 'Cc Exp Year',
  `cc_ss_owner` varchar(255) DEFAULT NULL COMMENT 'Cc Ss Owner',
  `cc_ss_start_month` smallint(5) unsigned DEFAULT '0' COMMENT 'Cc Ss Start Month',
  `cc_ss_start_year` smallint(5) unsigned DEFAULT '0' COMMENT 'Cc Ss Start Year',
  `po_number` varchar(255) DEFAULT NULL COMMENT 'Po Number',
  `additional_data` text COMMENT 'Additional Data',
  `cc_ss_issue` varchar(255) DEFAULT NULL COMMENT 'Cc Ss Issue',
  `additional_information` text COMMENT 'Additional Information',
  `paypal_payer_id` varchar(255) DEFAULT NULL COMMENT 'Paypal Payer Id',
  `paypal_payer_status` varchar(255) DEFAULT NULL COMMENT 'Paypal Payer Status',
  `paypal_correlation_id` varchar(255) DEFAULT NULL COMMENT 'Paypal Correlation Id',
  PRIMARY KEY (`payment_id`),
  KEY `QUOTE_PAYMENT_QUOTE_ID` (`quote_id`)
) ENGINE=InnoDB AUTO_INCREMENT=3 DEFAULT CHARSET=utf8 COMMENT='Sales Flat Quote Payment';

--
-- Dumping data for table `quote_payment`
--

INSERT INTO `quote_payment` VALUES ('1','3','2017-11-14 15:22:45','0000-00-00 00:00:00','checkmo',NULL,NULL,NULL,NULL,NULL,NULL,0,NULL,0,0,NULL,NULL,NULL,'null',NULL,NULL,NULL),('2','4','2017-11-30 13:18:45','0000-00-00 00:00:00','checkmo',NULL,NULL,NULL,NULL,NULL,NULL,0,NULL,0,0,NULL,NULL,NULL,'null',NULL,NULL,NULL);

--
-- Table structure for table `quote_shipping_rate`
--

CREATE TABLE `quote_shipping_rate` (
  `rate_id` int(10) unsigned NOT NULL AUTO_INCREMENT COMMENT 'Rate Id',
  `address_id` int(10) unsigned NOT NULL DEFAULT '0' COMMENT 'Address Id',
  `created_at` timestamp NOT NULL DEFAULT CURRENT_TIMESTAMP COMMENT 'Created At',
  `updated_at` timestamp NOT NULL DEFAULT '0000-00-00 00:00:00' ON UPDATE CURRENT_TIMESTAMP COMMENT 'Updated At',
  `carrier` varchar(255) DEFAULT NULL COMMENT 'Carrier',
  `carrier_title` varchar(255) DEFAULT NULL COMMENT 'Carrier Title',
  `code` varchar(255) DEFAULT NULL COMMENT 'Code',
  `method` varchar(255) DEFAULT NULL COMMENT 'Method',
  `method_description` text COMMENT 'Method Description',
  `price` decimal(12,4) NOT NULL DEFAULT '0.0000' COMMENT 'Price',
  `error_message` text COMMENT 'Error Message',
  `method_title` text COMMENT 'Method Title',
  PRIMARY KEY (`rate_id`),
  KEY `QUOTE_SHIPPING_RATE_ADDRESS_ID` (`address_id`)
) ENGINE=InnoDB AUTO_INCREMENT=8 DEFAULT CHARSET=utf8 COMMENT='Sales Flat Quote Shipping Rate';

--
-- Dumping data for table `quote_shipping_rate`
--

INSERT INTO `quote_shipping_rate` VALUES ('3','6','2017-11-14 15:22:45','0000-00-00 00:00:00','flatrate','Flat Rate','flatrate_flatrate','flatrate',NULL,'45.0000',NULL,'Fixed'),('6','9','2017-11-30 13:18:45','0000-00-00 00:00:00','flatrate','Flat Rate','flatrate_flatrate','flatrate',NULL,'5.0000',NULL,'Fixed'),('7','12','2017-12-01 15:26:58','0000-00-00 00:00:00','flatrate','Flat Rate','flatrate_flatrate','flatrate',NULL,'5.0000',NULL,'Fixed');

--
-- Table structure for table `rating`
--

CREATE TABLE `rating` (
  `rating_id` smallint(5) unsigned NOT NULL AUTO_INCREMENT COMMENT 'Rating Id',
  `entity_id` smallint(5) unsigned NOT NULL DEFAULT '0' COMMENT 'Entity Id',
  `rating_code` varchar(64) NOT NULL COMMENT 'Rating Code',
  `position` smallint(5) unsigned NOT NULL DEFAULT '0' COMMENT 'Rating Position On Storefront',
  `is_active` smallint(6) NOT NULL DEFAULT '1' COMMENT 'Rating is active.',
  PRIMARY KEY (`rating_id`),
  UNIQUE KEY `RATING_RATING_CODE` (`rating_code`),
  KEY `RATING_ENTITY_ID` (`entity_id`)
) ENGINE=InnoDB AUTO_INCREMENT=4 DEFAULT CHARSET=utf8 COMMENT='Ratings';

--
-- Dumping data for table `rating`
--

INSERT INTO `rating` VALUES (1,1,'Quality',0,1),(2,1,'Value',0,1),(3,1,'Price',0,1);

--
-- Table structure for table `rating_entity`
--

CREATE TABLE `rating_entity` (
  `entity_id` smallint(5) unsigned NOT NULL AUTO_INCREMENT COMMENT 'Entity Id',
  `entity_code` varchar(64) NOT NULL COMMENT 'Entity Code',
  PRIMARY KEY (`entity_id`),
  UNIQUE KEY `RATING_ENTITY_ENTITY_CODE` (`entity_code`)
) ENGINE=InnoDB AUTO_INCREMENT=4 DEFAULT CHARSET=utf8 COMMENT='Rating entities';

--
-- Dumping data for table `rating_entity`
--

INSERT INTO `rating_entity` VALUES (1,'product'),(2,'product_review'),(3,'review');

--
-- Table structure for table `rating_option`
--

CREATE TABLE `rating_option` (
  `option_id` int(10) unsigned NOT NULL AUTO_INCREMENT COMMENT 'Rating Option Id',
  `rating_id` smallint(5) unsigned NOT NULL DEFAULT '0' COMMENT 'Rating Id',
  `code` varchar(32) NOT NULL COMMENT 'Rating Option Code',
  `value` smallint(5) unsigned NOT NULL DEFAULT '0' COMMENT 'Rating Option Value',
  `position` smallint(5) unsigned NOT NULL DEFAULT '0' COMMENT 'Ration option position on Storefront',
  PRIMARY KEY (`option_id`),
  KEY `RATING_OPTION_RATING_ID` (`rating_id`)
) ENGINE=InnoDB AUTO_INCREMENT=16 DEFAULT CHARSET=utf8 COMMENT='Rating options';

--
-- Dumping data for table `rating_option`
--

INSERT INTO `rating_option` VALUES ('1',1,'1',1,1),('2',1,'2',2,2),('3',1,'3',3,3),('4',1,'4',4,4),('5',1,'5',5,5),('6',2,'1',1,1),('7',2,'2',2,2),('8',2,'3',3,3),('9',2,'4',4,4),('10',2,'5',5,5),('11',3,'1',1,1),('12',3,'2',2,2),('13',3,'3',3,3),('14',3,'4',4,4),('15',3,'5',5,5);

--
-- Table structure for table `rating_option_vote`
--

CREATE TABLE `rating_option_vote` (
  `vote_id` bigint(20) unsigned NOT NULL AUTO_INCREMENT COMMENT 'Vote id',
  `option_id` int(10) unsigned NOT NULL DEFAULT '0' COMMENT 'Vote option id',
  `remote_ip` varchar(16) NOT NULL COMMENT 'Customer IP',
  `remote_ip_long` bigint(20) NOT NULL DEFAULT '0' COMMENT 'Customer IP converted to long integer format',
  `customer_id` int(10) unsigned DEFAULT '0' COMMENT 'Customer Id',
  `entity_pk_value` bigint(20) unsigned NOT NULL DEFAULT '0' COMMENT 'Product id',
  `rating_id` smallint(5) unsigned NOT NULL DEFAULT '0' COMMENT 'Rating id',
  `review_id` bigint(20) unsigned DEFAULT NULL COMMENT 'Review id',
  `percent` smallint(6) NOT NULL DEFAULT '0' COMMENT 'Percent amount',
  `value` smallint(6) NOT NULL DEFAULT '0' COMMENT 'Vote option value',
  PRIMARY KEY (`vote_id`),
  KEY `RATING_OPTION_VOTE_OPTION_ID` (`option_id`),
  KEY `RATING_OPTION_VOTE_REVIEW_ID_REVIEW_REVIEW_ID` (`review_id`)
) ENGINE=InnoDB AUTO_INCREMENT=73 DEFAULT CHARSET=utf8 COMMENT='Rating option values';

--
-- Dumping data for table `rating_option_vote`
--

INSERT INTO `rating_option_vote` VALUES (1,'13','127.0.0.1',2130706433,'2',1,3,1,60,3),(2,'8','127.0.0.1',2130706433,'2',1,2,1,60,3),(3,'2','127.0.0.1',2130706433,'2',1,1,1,40,2),(4,'13','127.0.0.1',2130706433,'2',12,3,2,60,3),(5,'8','127.0.0.1',2130706433,'2',12,2,2,60,3),(6,'9','127.0.0.1',2130706433,'2',13,2,3,80,4),(7,'3','127.0.0.1',2130706433,'2',13,1,3,60,3),(8,'12','127.0.0.1',2130706433,'2',13,3,3,40,2),(9,'9','127.0.0.1',2130706433,'2',14,2,4,80,4),(10,'2','127.0.0.1',2130706433,'2',14,1,4,40,2),(11,'13','127.0.0.1',2130706433,'2',14,3,4,60,3),(12,'11','127.0.0.1',2130706433,'2',15,3,5,20,1),(13,'8','127.0.0.1',2130706433,'2',15,2,5,60,3),(14,'3','127.0.0.1',2130706433,'2',15,1,5,60,3),(15,'13','127.0.0.1',2130706433,'2',16,3,6,60,3),(16,'7','127.0.0.1',2130706433,'2',16,2,6,40,2),(17,'2','127.0.0.1',2130706433,'2',16,1,6,40,2),(18,'13','127.0.0.1',2130706433,'2',17,3,7,60,3),(19,'7','127.0.0.1',2130706433,'2',17,2,7,40,2),(20,'2','127.0.0.1',2130706433,'2',17,1,7,40,2),(21,'9','127.0.0.1',2130706433,'2',18,2,8,80,4),(22,'1','127.0.0.1',2130706433,'2',18,1,8,20,1),(23,'13','127.0.0.1',2130706433,'2',18,3,8,60,3),(24,'15','127.0.0.1',2130706433,'2',19,3,9,100,5),(25,'8','127.0.0.1',2130706433,'2',19,2,9,60,3),(26,'5','127.0.0.1',2130706433,'2',19,1,9,100,5),(27,'14','127.0.0.1',2130706433,'2',11,3,10,80,4),(28,'8','127.0.0.1',2130706433,'2',11,2,10,60,3),(29,'3','127.0.0.1',2130706433,'2',11,1,10,60,3),(30,'14','127.0.0.1',2130706433,'2',10,3,11,80,4),(31,'7','127.0.0.1',2130706433,'2',10,2,11,40,2),(32,'2','127.0.0.1',2130706433,'2',10,1,11,40,2),(33,'14','127.0.0.1',2130706433,'2',2,3,12,80,4),(34,'8','127.0.0.1',2130706433,'2',2,2,12,60,3),(35,'2','127.0.0.1',2130706433,'2',2,1,12,40,2),(36,'9','127.0.0.1',2130706433,'2',3,2,13,80,4),(37,'2','127.0.0.1',2130706433,'2',3,1,13,40,2),(38,'13','127.0.0.1',2130706433,'2',3,3,13,60,3),(39,'15','127.0.0.1',2130706433,'2',4,3,14,100,5),(40,'8','127.0.0.1',2130706433,'2',4,2,14,60,3),(41,'2','127.0.0.1',2130706433,'2',4,1,14,40,2),(42,'14','127.0.0.1',2130706433,'2',5,3,15,80,4),(43,'2','127.0.0.1',2130706433,'2',5,1,15,40,2),(44,'14','127.0.0.1',2130706433,'2',6,3,16,80,4),(45,'7','127.0.0.1',2130706433,'2',6,2,16,40,2),(46,'3','127.0.0.1',2130706433,'2',6,1,16,60,3),(47,'8','127.0.0.1',2130706433,'2',7,2,17,60,3),(48,'2','127.0.0.1',2130706433,'2',7,1,17,40,2),(49,'15','127.0.0.1',2130706433,'2',8,3,18,100,5),(50,'9','127.0.0.1',2130706433,'2',8,2,18,80,4),(51,'2','127.0.0.1',2130706433,'2',8,1,18,40,2),(52,'14','127.0.0.1',2130706433,'2',9,3,19,80,4),(53,'2','127.0.0.1',2130706433,'2',9,1,19,40,2),(54,'14','127.0.0.1',2130706433,'2',20,3,20,80,4),(55,'9','127.0.0.1',2130706433,'2',20,2,20,80,4),(56,'4','127.0.0.1',2130706433,'2',20,1,20,80,4),(57,'14','127.0.0.1',2130706433,'2',9,3,21,80,4),(58,'8','127.0.0.1',2130706433,'2',9,2,21,60,3),(59,'2','127.0.0.1',2130706433,'2',9,1,21,40,2),(60,'13','127.0.0.1',2130706433,'2',4,3,22,60,3),(61,'2','127.0.0.1',2130706433,'2',4,1,22,40,2),(62,'7','127.0.0.1',2130706433,'2',2,2,23,40,2),(63,'2','127.0.0.1',2130706433,'2',2,1,23,40,2),(64,'12','127.0.0.1',2130706433,'2',2,3,23,40,2),(65,'12','127.0.0.1',2130706433,'2',14,3,24,40,2),(66,'8','127.0.0.1',2130706433,'2',14,2,24,60,3),(67,'2','127.0.0.1',2130706433,'2',14,1,24,40,2),(68,'14','127.0.0.1',2130706433,'2',1,3,25,80,4),(69,'6','127.0.0.1',2130706433,'2',1,2,25,20,1),(70,'3','127.0.0.1',2130706433,'2',1,1,25,60,3),(71,'8','127.0.0.1',2130706433,'2',17,2,26,60,3),(72,'2','127.0.0.1',2130706433,'2',17,1,26,40,2);

--
-- Table structure for table `rating_option_vote_aggregated`
--

CREATE TABLE `rating_option_vote_aggregated` (
  `primary_id` int(11) NOT NULL AUTO_INCREMENT COMMENT 'Vote aggregation id',
  `rating_id` smallint(5) unsigned NOT NULL DEFAULT '0' COMMENT 'Rating id',
  `entity_pk_value` bigint(20) unsigned NOT NULL DEFAULT '0' COMMENT 'Product id',
  `vote_count` int(10) unsigned NOT NULL DEFAULT '0' COMMENT 'Vote dty',
  `vote_value_sum` int(10) unsigned NOT NULL DEFAULT '0' COMMENT 'General vote sum',
  `percent` smallint(6) NOT NULL DEFAULT '0' COMMENT 'Vote percent',
  `percent_approved` smallint(6) DEFAULT '0' COMMENT 'Vote percent approved by admin',
  `store_id` smallint(5) unsigned NOT NULL DEFAULT '0' COMMENT 'Store Id',
  PRIMARY KEY (`primary_id`),
  KEY `RATING_OPTION_VOTE_AGGREGATED_RATING_ID` (`rating_id`),
  KEY `RATING_OPTION_VOTE_AGGREGATED_STORE_ID` (`store_id`)
) ENGINE=InnoDB AUTO_INCREMENT=115 DEFAULT CHARSET=utf8 COMMENT='Rating vote aggregated';

--
-- Dumping data for table `rating_option_vote_aggregated`
--

INSERT INTO `rating_option_vote_aggregated` VALUES ('1',3,1,'2','7',70,70,0),('2',3,1,'2','7',70,70,1),('3',2,1,'2','4',40,40,0),('4',2,1,'2','4',40,40,1),('5',1,1,'2','5',50,50,0),('6',1,1,'2','5',50,50,1),('7',3,12,'1','3',60,60,0),('8',3,12,'1','3',60,60,1),('9',2,12,'1','3',60,60,0),('10',2,12,'1','3',60,60,1),('11',2,13,'1','4',80,80,0),('12',2,13,'1','4',80,80,1),('13',1,13,'1','3',60,60,0),('14',1,13,'1','3',60,60,1),('15',3,13,'1','2',40,40,0),('16',3,13,'1','2',40,40,1),('17',2,14,'2','7',70,70,0),('18',2,14,'2','7',70,70,1),('19',1,14,'2','4',40,40,0),('20',1,14,'2','4',40,40,1),('21',3,14,'2','5',50,50,0),('22',3,14,'2','5',50,50,1),('23',3,15,'1','1',20,20,0),('24',3,15,'1','1',20,20,1),('25',2,15,'1','3',60,60,0),('26',2,15,'1','3',60,60,1),('27',1,15,'1','3',60,60,0),('28',1,15,'1','3',60,60,1),('29',3,16,'1','3',60,60,0),('30',3,16,'1','3',60,60,1),('31',2,16,'1','2',40,40,0),('32',2,16,'1','2',40,40,1),('33',1,16,'1','2',40,40,0),('34',1,16,'1','2',40,40,1),('35',3,17,'1','3',60,60,0),('36',3,17,'1','3',60,60,1),('37',2,17,'2','5',50,50,0),('38',2,17,'2','5',50,50,1),('39',1,17,'2','4',40,40,0),('40',1,17,'2','4',40,40,1),('41',2,18,'1','4',80,80,0),('42',2,18,'1','4',80,80,1),('43',1,18,'1','1',20,20,0),('44',1,18,'1','1',20,20,1),('45',3,18,'1','3',60,60,0),('46',3,18,'1','3',60,60,1),('47',3,19,'1','5',100,100,0),('48',3,19,'1','5',100,100,1),('49',2,19,'1','3',60,60,0),('50',2,19,'1','3',60,60,1),('51',1,19,'1','5',100,100,0),('52',1,19,'1','5',100,100,1),('53',3,11,'1','4',80,80,0),('54',3,11,'1','4',80,80,1),('55',2,11,'1','3',60,60,0),('56',2,11,'1','3',60,60,1),('57',1,11,'1','3',60,60,0),('58',1,11,'1','3',60,60,1),('59',3,10,'1','4',80,80,0),('60',3,10,'1','4',80,80,1),('61',2,10,'1','2',40,40,0),('62',2,10,'1','2',40,40,1),('63',1,10,'1','2',40,40,0),('64',1,10,'1','2',40,40,1),('65',3,2,'2','6',60,60,0),('66',3,2,'2','6',60,60,1),('67',2,2,'2','5',50,50,0),('68',2,2,'2','5',50,50,1),('69',1,2,'2','4',40,40,0),('70',1,2,'2','4',40,40,1),('71',2,3,'1','4',80,80,0),('72',2,3,'1','4',80,80,1),('73',1,3,'1','2',40,40,0),('74',1,3,'1','2',40,40,1),('75',3,3,'1','3',60,60,0),('76',3,3,'1','3',60,60,1),('77',3,4,'2','8',80,80,0),('78',3,4,'2','8',80,80,1),('79',2,4,'1','3',60,60,0),('80',2,4,'1','3',60,60,1),('81',1,4,'2','4',40,40,0),('82',1,4,'2','4',40,40,1),('83',3,5,'1','4',80,80,0),('84',3,5,'1','4',80,80,1),('85',1,5,'1','2',40,40,0),('86',1,5,'1','2',40,40,1),('87',3,6,'1','4',80,80,0),('88',3,6,'1','4',80,80,1),('89',2,6,'1','2',40,40,0),('90',2,6,'1','2',40,40,1),('91',1,6,'1','3',60,60,0),('92',1,6,'1','3',60,60,1),('93',2,7,'1','3',60,60,0),('94',2,7,'1','3',60,60,1),('95',1,7,'1','2',40,40,0),('96',1,7,'1','2',40,40,1),('97',3,8,'1','5',100,100,0),('98',3,8,'1','5',100,100,1),('99',2,8,'1','4',80,80,0),('100',2,8,'1','4',80,80,1),('101',1,8,'1','2',40,40,0),('102',1,8,'1','2',40,40,1),('103',3,9,'2','8',80,80,0),('104',3,9,'2','8',80,80,1),('105',1,9,'2','4',40,40,0),('106',1,9,'2','4',40,40,1),('107',3,20,'1','4',80,80,0),('108',3,20,'1','4',80,80,1),('109',2,20,'1','4',80,80,0),('110',2,20,'1','4',80,80,1),('111',1,20,'1','4',80,80,0),('112',1,20,'1','4',80,80,1),('113',2,9,'1','3',60,60,0),('114',2,9,'1','3',60,60,1);

--
-- Table structure for table `rating_store`
--

CREATE TABLE `rating_store` (
  `rating_id` smallint(5) unsigned NOT NULL DEFAULT '0' COMMENT 'Rating id',
  `store_id` smallint(5) unsigned NOT NULL DEFAULT '0' COMMENT 'Store id',
  PRIMARY KEY (`rating_id`,`store_id`),
  KEY `RATING_STORE_STORE_ID` (`store_id`)
) ENGINE=InnoDB DEFAULT CHARSET=utf8 COMMENT='Rating Store';

--
