-- Magento DB backup
--
-- Host: localhost    Database: magento_theme099
-- ------------------------------------------------------


--
-- Table structure for table `admin_passwords`
--

CREATE TABLE `admin_passwords` (
  `password_id` int(10) unsigned NOT NULL AUTO_INCREMENT COMMENT 'Password Id',
  `user_id` int(10) unsigned NOT NULL DEFAULT '0' COMMENT 'User Id',
  `password_hash` varchar(100) DEFAULT NULL COMMENT 'Password Hash',
  `expires` int(10) unsigned NOT NULL DEFAULT '0' COMMENT 'Expires',
  `last_updated` int(10) unsigned NOT NULL DEFAULT '0' COMMENT 'Last Updated',
  PRIMARY KEY (`password_id`),
  KEY `ADMIN_PASSWORDS_USER_ID` (`user_id`)
) ENGINE=InnoDB AUTO_INCREMENT=2 DEFAULT CHARSET=utf8 COMMENT='Admin Passwords';

--
-- Dumping data for table `admin_passwords`
--

INSERT INTO `admin_passwords` VALUES ('1','1','8356875531f7b67a06efb243c1670e83de4a2b4eaa8de15ac907fa2f94037423:xHjKElYroBRY2VdvWFPUNmwQhWWuGZus:1','0','1510657678');

--
-- Table structure for table `admin_system_messages`
--

CREATE TABLE `admin_system_messages` (
  `identity` varchar(100) NOT NULL COMMENT 'Message id',
  `severity` smallint(5) unsigned NOT NULL DEFAULT '0' COMMENT 'Problem type',
  `created_at` timestamp NOT NULL DEFAULT CURRENT_TIMESTAMP COMMENT 'Create date',
  PRIMARY KEY (`identity`)
) ENGINE=InnoDB DEFAULT CHARSET=utf8 COMMENT='Admin System Messages';

--
-- Dumping data for table `admin_system_messages`
--

INSERT INTO `admin_system_messages` VALUES ('b5b5de0a0651791ec61cdd9636a7e87b',2,'2017-11-14 12:06:03');

--
-- Table structure for table `admin_user`
--



--
-- Dumping data for table `admin_user`
--

INSERT INTO `admin_user` VALUES ('1','admin','User','admin@admin.com','admin','8356875531f7b67a06efb243c1670e83de4a2b4eaa8de15ac907fa2f94037423:xHjKElYroBRY2VdvWFPUNmwQhWWuGZus:1','2017-06-15 11:55:27','2018-01-11 15:22:34','2018-01-11 15:12:50',44,0,1,'{\"configState\":{\"theme_options_general\":\"1\",\"theme_options_typography\":\"1\",\"theme_options_category_page\":\"1\",\"theme_options_header\":\"1\",\"theme_options_footer\":\"1\",\"google_map_contacts\":\"1\",\"theme_options_product_page\":\"1\",\"theme_options_sidebar\":\"1\",\"google_map_general\":\"0\",\"google_map_home\":\"0\",\"google_map_footer\":\"0\",\"ajaxcompare_config\":\"1\",\"ajaxsearch_ajaxsearch\":\"1\",\"tm_blog_general\":\"1\",\"tm_blog_post_view\":\"0\",\"tm_blog_sidebar\":\"0\",\"tm_blog_social_sharing\":\"0\",\"newsletter_popup_general\":\"1\",\"newsletter_popup_social\":\"1\",\"admin_url\":\"0\",\"admin_security\":\"1\",\"admin_emails\":\"0\",\"admin_startup\":\"0\",\"admin_dashboard\":\"0\",\"admin_captcha\":\"0\",\"currency_options\":\"1\",\"currency_yahoofinance\":\"1\",\"currency_fixerio\":\"1\",\"currency_webservicex\":\"1\",\"currency_import\":\"1\",\"instagram_feed_general\":\"1\",\"instagram_feed_homepage\":\"1\",\"instagram_feed_category\":\"0\",\"instagram_feed_product\":\"0\",\"instagram_feed_cmspage\":\"0\",\"instagram_feed_advanced\":\"0\",\"tm_amp_general\":\"1\"}}',NULL,NULL,'en_US',0,NULL,NULL),('2','dump','dump','dump@dump.com','dump','ae9768c35bc8a9a77da69433b054d82c1a45c279bac6491d33c53051bc818e2c:QHwcQgPsbSiZN7XSTCTAhzzt5BwxhVqc:1','2017-10-20 07:18:27','2017-11-14 11:07:58','2017-10-29 12:56:42',3,0,1,'null',NULL,NULL,'en_US',0,NULL,NULL);

--
-- Table structure for table `admin_user_session`
--

CREATE TABLE `admin_user_session` (
  `id` int(10) unsigned NOT NULL AUTO_INCREMENT COMMENT 'Entity ID',
  `session_id` varchar(128) NOT NULL COMMENT 'Session id value',
  `user_id` int(10) unsigned DEFAULT NULL COMMENT 'Admin User ID',
  `status` smallint(5) unsigned NOT NULL DEFAULT '1' COMMENT 'Current Session status',
  `created_at` timestamp NOT NULL DEFAULT CURRENT_TIMESTAMP COMMENT 'Created Time',
  `updated_at` timestamp NOT NULL DEFAULT CURRENT_TIMESTAMP ON UPDATE CURRENT_TIMESTAMP COMMENT 'Update Time',
  `ip` varchar(15) NOT NULL COMMENT 'Remote user IP',
  PRIMARY KEY (`id`),
  KEY `ADMIN_USER_SESSION_SESSION_ID` (`session_id`),
  KEY `ADMIN_USER_SESSION_USER_ID` (`user_id`)
) ENGINE=InnoDB AUTO_INCREMENT=59 DEFAULT CHARSET=utf8 COMMENT='Admin User sessions table';

--
-- Dumping data for table `admin_user_session`
--

INSERT INTO `admin_user_session` VALUES ('1','429skgu9ua2cpi100ivbbgr5e5','1',1,'2016-09-30 01:30:20','2016-09-30 02:17:38','192.168.0.107'),('2','s2g18evkqniftaj4fe117chms5','3',1,'2016-10-14 08:17:09','2016-10-14 08:26:25','192.168.0.103'),('3','337b1ohps10t3pfm95o2f9ijj6','3',1,'2016-10-14 18:56:05','2016-10-14 19:21:30','192.168.0.103'),('4','scphqhvkhrgetpmg65itcbf5b5','4',1,'2017-01-06 10:38:00','2017-01-06 10:50:19','192.168.0.104'),('5','1qien8c1sa28o5n3oi298cr2m5','5',1,'2017-01-19 10:55:44','2017-01-19 10:58:37','192.168.0.104'),('6','bqk2p3vesacjcrrta7m9jq4943','5',1,'2017-01-19 11:35:35','2017-01-19 11:55:28','192.168.0.104'),('7','qflnsrl4njc0vfo5ku19vkegr4','5',1,'2017-01-19 13:28:16','2017-01-19 13:50:12','192.168.0.104'),('8','oj6d3a2kj3moee9acr9q3vnn36','4',1,'2017-02-06 12:28:58','2017-02-06 12:45:08','192.168.0.104'),('9','k02nn5vuo0v3j1ooonfsq4g1h5','4',1,'2017-03-05 14:37:53','2017-03-05 14:44:18','192.168.0.104'),('10','826q9aca20jku8rvu7aa2f2305','6',1,'2017-06-08 07:41:40','2017-06-08 07:41:42','127.0.0.1'),('11','40p1g6obb3ekbk02isflp0k032','6',1,'2017-06-08 07:57:53','2017-06-08 07:59:24','127.0.0.1'),('12','a2p04kkr7rqucgdnbkedbjjn60','1',2,'2017-06-15 12:03:58','2017-11-15 08:55:31','10.0.2.2'),('13','pudat7fbuog6gte0p2atf81hp4','1',2,'2017-06-16 02:27:10','2017-11-15 08:55:31','10.0.2.2'),('14','7r8ra8a27drh8um5vigullckr0','1',2,'2017-06-16 02:57:27','2017-11-15 08:55:31','10.0.2.2'),('15','eo9tocifdk6qdmum8u7kvht2h3','1',2,'2017-06-16 03:47:34','2017-11-15 08:55:31','10.0.2.2'),('16','kvfq59e3dnpokiqtcf232na6m6','1',2,'2017-06-16 06:31:34','2017-11-15 08:55:31','10.0.2.2'),('17','fd1hludvhfl9hl9dr1at866v31','1',2,'2017-06-20 06:15:23','2017-11-15 08:55:31','10.0.2.2'),('18','0f82pnpe9saq7ga33d28p18p06','1',2,'2017-06-20 06:37:14','2017-11-15 08:55:31','10.0.2.2'),('19','9aco9cqh45bh4qbg2ae5eslhr2','1',2,'2017-06-22 11:40:59','2017-11-15 08:55:31','10.0.2.2'),('20','s702avq987mb4bs8omvvmok8g1','2',1,'2017-10-23 15:39:15','2017-10-23 16:53:33','127.0.0.1'),('21','8q7gigqfhq8rh75pm4d5inoe87','2',1,'2017-10-23 17:29:47','2017-10-23 18:15:27','127.0.0.1'),('22','74dsgp9fs3vv73mtm3jvjcj7c2','2',1,'2017-10-29 12:56:42','2017-10-29 12:59:45','127.0.0.1'),('23','7bs5dlap186qli68096ttrb222','1',2,'2017-10-31 12:56:15','2017-11-15 08:55:31','127.0.0.1'),('24','t2mn4vjc974g8ptpcjck2udgg5','1',2,'2017-11-14 12:06:01','2017-11-15 08:55:31','10.0.2.2'),('25','67simnds22f1kts09ph1jhi772','1',2,'2017-11-15 08:55:31','2017-11-15 10:00:36','10.0.2.2'),('26','4num5fs6371365ivbbo7bhpnk0','1',2,'2017-11-15 10:00:36','2017-11-15 11:14:03','10.0.2.2'),('27','kmucsltd1hal01hd9ru97uono2','1',2,'2017-11-15 11:14:03','2017-11-15 12:13:02','10.0.2.2'),('28','0mpjflbkvsn6eb8540agksm387','1',2,'2017-11-15 12:13:02','2017-11-15 15:11:00','10.0.2.2'),('29','gn5a2uf709j42e6tsm7j7ki1s2','1',2,'2017-11-15 15:10:59','2017-11-16 10:37:39','10.0.2.2'),('30','60miclop32pvmadse1btlqn702','1',2,'2017-11-16 10:37:39','2017-11-16 12:06:14','10.0.2.2'),('31','936s57lnov34g0v6rmqmnuqao0','1',2,'2017-11-16 12:06:14','2017-11-16 13:21:27','10.0.2.2'),('32','pqiiea5a1q5di72s21eriogti7','1',2,'2017-11-16 13:21:27','2017-11-17 08:49:22','10.0.2.2'),('33','jefrm6dv5d0l38stkq7gr321c2','1',2,'2017-11-17 08:49:22','2017-11-17 10:06:00','10.0.2.2'),('34','vqlk0nd2n4kupvo71a8vm19ok0','1',2,'2017-11-17 10:06:00','2017-11-28 15:48:57','10.0.2.2'),('35','pp0sbv859frv94sbec5v81p3k4','1',2,'2017-11-28 15:48:57','2017-11-29 14:00:10','10.0.2.2'),('36','fn3did1os8qfphtp49p0hl7ir2','1',2,'2017-11-29 14:00:10','2017-11-29 14:50:50','10.0.2.2'),('37','dh8ev1s4p7l3trogc3277gh4p0','1',2,'2017-11-29 14:50:50','2017-11-30 09:10:30','10.0.2.2'),('38','q51kh4uecac7jtnrmojba4h306','1',2,'2017-11-30 09:10:30','2017-11-30 11:21:04','10.0.2.2'),('39','poc19v47qde9a3kavk5dvqurs5','1',2,'2017-11-30 11:21:04','2017-11-30 12:58:34','10.0.2.2'),('40','4redsgthorh9s8ctir5gjlnco1','1',2,'2017-11-30 12:58:34','2017-12-01 13:31:44','10.0.2.2'),('41','gnb7ikdeu1vumtmsj8lnnurv67','1',2,'2017-12-01 13:31:44','2017-12-01 15:41:15','10.0.2.2'),('42','q88ho1mi5lhckq6iiqbls0l4p0','1',2,'2017-12-01 15:41:15','2017-12-01 16:34:09','10.0.2.2'),('43','q3p55pgurm7n3aefng23k1jpt4','1',2,'2017-12-01 16:34:09','2017-12-06 09:13:59','10.0.2.2'),('44','3d54d5ei63fmthqso28fo8br61','1',2,'2017-12-06 09:13:59','2017-12-06 12:51:58','10.0.2.2'),('45','9fqbu2fdoto78vl3h6d0rikfg2','1',2,'2017-12-06 12:51:58','2017-12-06 13:55:38','10.0.2.2'),('46','u08ng9577d7pmld0cjnpvnikk7','1',2,'2017-12-06 13:55:38','2017-12-08 08:48:55','10.0.2.2'),('47','qu98ls6ua6ed055mfs5375r347','1',2,'2017-12-08 08:48:55','2017-12-08 13:46:24','10.0.2.2'),('48','tbtq7di3pfhu2lvqm1r9k4gv15','1',2,'2017-12-08 13:46:24','2017-12-08 15:02:32','10.0.2.2'),('49','v0pgghjltps2uuk4ebrp7a0jp3','1',2,'2017-12-08 15:02:32','2017-12-13 12:23:59','10.0.2.2'),('50','u3s56c02mi5nqso58rlqft7l71','1',2,'2017-12-13 12:23:59','2017-12-13 13:10:39','10.0.2.2'),('51','3945s4n26coucvqb2mnq4r1ju1','1',2,'2017-12-13 13:10:39','2017-12-27 10:54:06','10.0.2.2'),('52','vr445c92e8o93d6fsos2uavhg6','1',2,'2017-12-27 10:54:06','2017-12-28 10:40:36','10.0.2.2'),('53','tqde0m89lmo8hm360tvfk0eea7','1',2,'2017-12-28 10:40:36','2017-12-28 14:38:27','10.0.2.2'),('54','t88487qgi10m74pjglkmtmuor5','1',2,'2017-12-28 14:38:27','2018-01-10 15:02:28','10.0.2.2'),('55','2fk2vjleu61r7aq7euaah6l857','1',2,'2018-01-10 15:02:28','2018-01-10 15:48:42','10.0.2.2'),('56','1sn6vhgus2vitdq36m1ukphco0','1',2,'2018-01-10 15:48:42','2018-01-11 12:05:41','10.0.2.2'),('57','j2443n3cpr0ecioaohvq9pg8t3','1',2,'2018-01-11 12:05:41','2018-01-11 15:12:50','10.0.2.2'),('58','lnnpvdhv50ht9gq3bl17nvvso0','1',1,'2018-01-11 15:12:50','2018-01-11 15:32:36','10.0.2.2');

--
-- Table structure for table `adminnotification_inbox`
--

CREATE TABLE `adminnotification_inbox` (
  `notification_id` int(10) unsigned NOT NULL AUTO_INCREMENT COMMENT 'Notification id',
  `severity` smallint(5) unsigned NOT NULL DEFAULT '0' COMMENT 'Problem type',
  `date_added` timestamp NOT NULL DEFAULT CURRENT_TIMESTAMP COMMENT 'Create date',
  `title` varchar(255) NOT NULL COMMENT 'Title',
  `description` text COMMENT 'Description',
  `url` varchar(255) DEFAULT NULL COMMENT 'Url',
  `is_read` smallint(5) unsigned NOT NULL DEFAULT '0' COMMENT 'Flag if notification read',
  `is_remove` smallint(5) unsigned NOT NULL DEFAULT '0' COMMENT 'Flag if notification might be removed',
  PRIMARY KEY (`notification_id`),
  KEY `ADMINNOTIFICATION_INBOX_SEVERITY` (`severity`),
  KEY `ADMINNOTIFICATION_INBOX_IS_READ` (`is_read`),
  KEY `ADMINNOTIFICATION_INBOX_IS_REMOVE` (`is_remove`)
) ENGINE=InnoDB AUTO_INCREMENT=11 DEFAULT CHARSET=utf8 COMMENT='Adminnotification Inbox';

--
-- Dumping data for table `adminnotification_inbox`
--

INSERT INTO `adminnotification_inbox` VALUES ('1',1,'2016-03-29 21:24:35','Magento Community Edition 2.0.3 Includes Functional and Security Updates – 3/30/2016','Magento Community Edition 2.0.3 is now available and contains important security updates, as well as performance improvements and functional enhancements. Full details on the functional enhancements are included in the release notes at http://devdocs.magento.com/guides/v2.0/release-notes/ReleaseNotes2.0.3CE.html. More information on the security updates can be found on the Magento Security Center at https://magento.com/security/patches/magento-203-security-update.','https://magento.com/security/patches/magento-203-security-update',1,0),('2',1,'2016-03-31 03:40:23','New Release: Magento Community Edition 2.0.4 – 3/31/2016','We have released Magento Community Edition 2.0.4 to address a packaging issue with yesterday’s release. If you have already installed Enterprise Edition 2.0.3, you must replace it with the new version to ensure that your site receives all security enhancements. Learn more at https://magento.com/security/patches/magento-204-security-update','https://magento.com/security/patches/magento-204-security-update',1,0),('3',4,'2017-01-19 12:59:15','New Magento DevBox Beta Speeds Magento 2 Setup – 1/19/2017','Magento DevBox Beta makes it faster and easier than ever to setup your Magento 2 development environment. Read our blog post to find out more at: https://magento.com/blog/technical/set-your-magento-2-development-environment-faster.','https://magento.com/blog/technical/set-your-magento-2-development-environment-faster',1,0),('4',1,'2017-02-07 16:02:30','Community Editions 2.1.4 and 2.0.12 Resolve Zend Framework Security Issue & Enhance Product Quality – 2/7/2017','Community Editions 2.1.4 and 2.0.12 address the recent Zend Framework 1 security vulnerability and improve catalog, payments, and sales modules. Review the release notes for more information:  http://devdocs.magento.com/guides/v2.1/release-notes/bk-release-notes.html','http://devdocs.magento.com/guides/v2.1/release-notes/bk-release-notes.html',1,0),('5',4,'2017-02-17 17:09:01','Inspirational athlete, Serena Williams, will join Magento at Imagine 2017.','Imagine 2017 will bring together 3000+ international commerce experts to exchange ideas on the future of commerce. Don’t miss this opportunity to hear from inspirational athlete, Serena Williams, and Stella & Dot CEO, Jessica Herrin. Join us in Las Vegas, April 3-5. Register now at https://imagine.magento.com/\n','https://imagine.magento.com/',1,0),('6',4,'2017-02-21 13:06:57','Community Editions 2.1.5 and 2.0.13 Update Magento Copyright – 2/21/2017','Community Editions 2.1.5 and 2.0.13 contain 2017 copyright updates. That’s it. Nothing else. Isolating these changes in a single release is intended to simplify future updates and developer workflow. For more information, please review the release notes:   http://devdocs.magento.com/guides/v2.1/release-notes/bk-release-notes.html.','http://devdocs.magento.com/guides/v2.1/release-notes/bk-release-notes.html',1,0),('7',1,'2017-06-21 13:29:32','Magento Community Edition 2.0.15 is Now Available with an Important PayPal Update. Upgrade by June 30, 2017 to Avoid Service Disruptions – 6/21/2017','As of June 30, 2017, PayPal Instant Payment Notifications will no longer allow you to use HTTP to post messages back to PayPal for verification. To avoid service disruptions, all merchants using PayPal and Magento 2.0.x must upgrade to Community Edition 2.0.15 by June 30, 2017. All Magento 2.1.x versions already support this change, so no update is required. The new version is available from  the Community Edition Download Page (https://magento.com/tech-resources/download) and more information is available from PayPal at https://www.paypal-knowledge.com/infocenter/index?page=content&widgetview=true&id=FAQ1916&viewlocale=en_US','https://magento.com/tech-resources/download ',1,0),('8',4,'2017-12-12 20:00:41','Magento Open Source 2.2.2 Accelerates Growth with Instant Purchase Checkout, Integrated Email Marketing Automation, Advanced Reporting, and More – 12/12/2017','Our newest release of Magento Open Source equips merchants with powerful tools to accelerate growth and improve operational efficiency. It boosts conversion rates with a streamlined Instant Purchase checkout, jump-starts sales with integrated dotmailer email marketing automation, delivers actionable insights through Advanced Reporting, and provides integrated multi-carrier shipping and fulfillment capabilities with Magento Shipping. https://magento.com/blog/magento-news/new-instant-purchase-checkout-boosts-sales ','https://magento.com/blog/magento-news/new-instant-purchase-checkout-boosts-sales ',0,0),('9',4,'2017-12-26 18:23:50','Survey: Do you use site personalization tools? If yes, please take our survey.','We\'d like to invite you to take our online survey on site personalization and optimization tools. Your input is valuable and will help to inform the products we bring to market.\n\nThe survey should take no more than 5 minutes to complete. \n\nTo get started, go to: \nhttps://www.surveymonkey.com/r/NF9ZH8D\n\nThank you in advance for your participation.','https://www.surveymonkey.com/r/NF9ZH8D',0,0),('10',4,'2017-12-27 15:45:11','Magento Survey: Take our quick survey on payments risk &amp; fraud.','We\'d like to invite you to take our online survey on payments risk and fraud. The survey should take no more than 2 minutes to complete.\n\nTo get started, go to: \nhttps://www.surveymonkey.co.uk/r/J8SQ9VG\n\nThank you in advance for your participation.\n\n~The Magento Team','https://www.surveymonkey.co.uk/r/J8SQ9VG',0,0);

--
-- Table structure for table `authorization_role`
--

CREATE TABLE `authorization_role` (
  `role_id` int(10) unsigned NOT NULL AUTO_INCREMENT COMMENT 'Role ID',
  `parent_id` int(10) unsigned NOT NULL DEFAULT '0' COMMENT 'Parent Role ID',
  `tree_level` smallint(5) unsigned NOT NULL DEFAULT '0' COMMENT 'Role Tree Level',
  `sort_order` smallint(5) unsigned NOT NULL DEFAULT '0' COMMENT 'Role Sort Order',
  `role_type` varchar(1) NOT NULL DEFAULT '0' COMMENT 'Role Type',
  `user_id` int(10) unsigned NOT NULL DEFAULT '0' COMMENT 'User ID',
  `user_type` varchar(16) DEFAULT NULL COMMENT 'User Type',
  `role_name` varchar(50) DEFAULT NULL COMMENT 'Role Name',
  PRIMARY KEY (`role_id`),
  KEY `AUTHORIZATION_ROLE_PARENT_ID_SORT_ORDER` (`parent_id`,`sort_order`),
  KEY `AUTHORIZATION_ROLE_TREE_LEVEL` (`tree_level`)
) ENGINE=InnoDB AUTO_INCREMENT=23 DEFAULT CHARSET=utf8 COMMENT='Admin Role Table';

--
-- Dumping data for table `authorization_role`
--

INSERT INTO `authorization_role` VALUES ('1','0',1,1,'G','0','2','Administrators'),('2','1',2,0,'U','1','2','admin'),('3','1',2,0,'U','2','2','grey'),('4','1',2,0,'U','3','2','haha'),('5','1',2,0,'U','4','2','addmin'),('6','1',2,0,'U','5','2','aadmin'),('7','1',2,0,'U','6','2','dump'),('22','0',1,0,'U','15','1','115');

--
-- Table structure for table `authorization_rule`
--

CREATE TABLE `authorization_rule` (
  `rule_id` int(10) unsigned NOT NULL AUTO_INCREMENT COMMENT 'Rule ID',
  `role_id` int(10) unsigned NOT NULL DEFAULT '0' COMMENT 'Role ID',
  `resource_id` varchar(255) DEFAULT NULL COMMENT 'Resource ID',
  `privileges` varchar(20) DEFAULT NULL COMMENT 'Privileges',
  `permission` varchar(10) DEFAULT NULL COMMENT 'Permission',
  PRIMARY KEY (`rule_id`),
  KEY `AUTHORIZATION_RULE_RESOURCE_ID_ROLE_ID` (`resource_id`,`role_id`),
  KEY `AUTHORIZATION_RULE_ROLE_ID_RESOURCE_ID` (`role_id`,`resource_id`)
) ENGINE=InnoDB AUTO_INCREMENT=10114 DEFAULT CHARSET=utf8 COMMENT='Admin Rule Table';

--
-- Dumping data for table `authorization_rule`
--

INSERT INTO `authorization_rule` VALUES ('1','1','Magento_Backend::all',NULL,'allow'),('9878','22','Magento_Backend::all',NULL,'deny'),('9879','22','Magento_Backend::admin',NULL,'allow'),('9880','22','Magento_Backend::dashboard',NULL,'deny'),('9881','22','TemplateMonster_ShopByBrand::brand',NULL,'deny'),('9882','22','TemplateMonster_ShopByBrand::brand_save',NULL,'deny'),('9883','22','TemplateMonster_ShopByBrand::brand_delete',NULL,'deny'),('9884','22','Magento_Sales::sales',NULL,'deny'),('9885','22','Magento_Sales::sales_operation',NULL,'deny'),('9886','22','Magento_Sales::sales_order',NULL,'deny'),('9887','22','Magento_Sales::actions',NULL,'deny'),('9888','22','Magento_Sales::create',NULL,'deny'),('9889','22','Magento_Sales::actions_view',NULL,'deny'),('9890','22','Magento_Sales::email',NULL,'deny'),('9891','22','Magento_Sales::reorder',NULL,'deny'),('9892','22','Magento_Sales::actions_edit',NULL,'deny'),('9893','22','Magento_Sales::cancel',NULL,'deny'),('9894','22','Magento_Sales::review_payment',NULL,'deny'),('9895','22','Magento_Sales::capture',NULL,'deny'),('9896','22','Magento_Sales::invoice',NULL,'deny'),('9897','22','Magento_Sales::creditmemo',NULL,'deny'),('9898','22','Magento_Sales::hold',NULL,'deny'),('9899','22','Magento_Sales::unhold',NULL,'deny'),('9900','22','Magento_Sales::ship',NULL,'deny'),('9901','22','Magento_Sales::comment',NULL,'deny'),('9902','22','Magento_Sales::emails',NULL,'deny'),('9903','22','Magento_Sales::sales_invoice',NULL,'deny'),('9904','22','Magento_Sales::shipment',NULL,'deny'),('9905','22','Magento_Sales::sales_creditmemo',NULL,'deny'),('9906','22','Magento_Paypal::billing_agreement',NULL,'deny'),('9907','22','Magento_Paypal::billing_agreement_actions',NULL,'deny'),('9908','22','Magento_Paypal::billing_agreement_actions_view',NULL,'deny'),('9909','22','Magento_Paypal::actions_manage',NULL,'deny'),('9910','22','Magento_Paypal::use',NULL,'deny'),('9911','22','Magento_Sales::transactions',NULL,'deny'),('9912','22','Magento_Sales::transactions_fetch',NULL,'deny'),('9913','22','Magento_Catalog::catalog',NULL,'allow'),('9914','22','Magento_Catalog::catalog_inventory',NULL,'allow'),('9915','22','Magento_Catalog::products',NULL,'allow'),('9916','22','Magento_Catalog::categories',NULL,'deny'),('9917','22','TemplateMonster_FilmSlider::filmsliders',NULL,'deny'),('9918','22','TemplateMonster_FilmSlider::filmslider_grid',NULL,'deny'),('9919','22','TemplateMonster_FilmSlider::filmslider_save',NULL,'deny'),('9920','22','TemplateMonster_FilmSlider::filmslider_edit',NULL,'deny'),('9921','22','TemplateMonster_FilmSlider::filmslider_remove',NULL,'deny'),('9922','22','TemplateMonster_FilmSlider::filmslider_mass',NULL,'deny'),('9923','22','TemplateMonster_FilmSlider::filmslider_item_edit',NULL,'deny'),('9924','22','TemplateMonster_FilmSlider::filmslider_item_save',NULL,'deny'),('9925','22','TemplateMonster_FilmSlider::filmslider_item_remove',NULL,'deny'),('9926','22','Magento_Customer::customer',NULL,'deny'),('9927','22','Magento_Customer::manage',NULL,'deny'),('9928','22','Magento_Customer::online',NULL,'deny'),('9929','22','Magento_Cart::cart',NULL,'deny'),('9930','22','Magento_Cart::manage',NULL,'deny'),('9931','22','Magento_Backend::myaccount',NULL,'deny'),('9932','22','Magento_Backend::marketing',NULL,'deny'),('9933','22','Magento_CatalogRule::promo',NULL,'deny'),('9934','22','Magento_CatalogRule::promo_catalog',NULL,'deny'),('9935','22','Magento_SalesRule::quote',NULL,'deny'),('9936','22','Magento_Backend::marketing_communications',NULL,'deny'),('9937','22','Magento_Email::template',NULL,'deny'),('9938','22','Magento_Newsletter::template',NULL,'deny'),('9939','22','Magento_Newsletter::queue',NULL,'deny'),('9940','22','Magento_Newsletter::subscriber',NULL,'deny'),('9941','22','Magento_Backend::marketing_seo',NULL,'deny'),('9942','22','Magento_Search::search',NULL,'deny'),('9943','22','Magento_Search::synonyms',NULL,'deny'),('9944','22','Magento_UrlRewrite::urlrewrite',NULL,'deny'),('9945','22','Magento_Sitemap::sitemap',NULL,'deny'),('9946','22','Magento_Backend::marketing_user_content',NULL,'deny'),('9947','22','Magento_Review::reviews_all',NULL,'deny'),('9948','22','Magento_Review::pending',NULL,'deny'),('9949','22','Magento_Backend::content',NULL,'deny'),('9950','22','Magento_Backend::content_elements',NULL,'deny'),('9951','22','Magento_Cms::page',NULL,'deny'),('9952','22','Magento_Cms::save',NULL,'deny'),('9953','22','Magento_Cms::page_delete',NULL,'deny'),('9954','22','Magento_Cms::block',NULL,'deny'),('9955','22','Magento_Widget::widget_instance',NULL,'deny'),('9956','22','Magento_Cms::media_gallery',NULL,'deny'),('9957','22','Magento_Backend::design',NULL,'deny'),('9958','22','Magento_Theme::theme',NULL,'deny'),('9959','22','Magento_Backend::schedule',NULL,'deny'),('9960','22','Magento_Backend::content_translation',NULL,'deny'),('9961','22','Magento_Reports::report',NULL,'deny'),('9962','22','Magento_Reports::report_marketing',NULL,'deny'),('9963','22','Magento_Reports::shopcart',NULL,'deny'),('9964','22','Magento_Reports::product',NULL,'deny'),('9965','22','Magento_Reports::abandoned',NULL,'deny'),('9966','22','Magento_Reports::report_search',NULL,'deny'),('9967','22','Magento_Newsletter::problem',NULL,'deny'),('9968','22','Magento_Reports::review',NULL,'deny'),('9969','22','Magento_Reports::review_customer',NULL,'deny'),('9970','22','Magento_Reports::review_product',NULL,'deny'),('9971','22','Magento_Reports::salesroot',NULL,'deny'),('9972','22','Magento_Reports::salesroot_sales',NULL,'deny'),('9973','22','Magento_Reports::tax',NULL,'deny'),('9974','22','Magento_Reports::invoiced',NULL,'deny'),('9975','22','Magento_Reports::shipping',NULL,'deny'),('9976','22','Magento_Reports::refunded',NULL,'deny'),('9977','22','Magento_Reports::coupons',NULL,'deny'),('9978','22','Magento_Paypal::paypal_settlement_reports',NULL,'deny'),('9979','22','Magento_Paypal::paypal_settlement_reports_view',NULL,'deny'),('9980','22','Magento_Paypal::fetch',NULL,'deny'),('9981','22','Magento_Braintree::settlement_report',NULL,'deny'),('9982','22','Magento_Reports::customers',NULL,'deny'),('9983','22','Magento_Reports::totals',NULL,'deny'),('9984','22','Magento_Reports::customers_orders',NULL,'deny'),('9985','22','Magento_Reports::accounts',NULL,'deny'),('9986','22','Magento_Reports::report_products',NULL,'deny'),('9987','22','Magento_Reports::viewed',NULL,'deny'),('9988','22','Magento_Reports::bestsellers',NULL,'deny'),('9989','22','Magento_Reports::lowstock',NULL,'deny'),('9990','22','Magento_Reports::sold',NULL,'deny'),('9991','22','Magento_Reports::downloads',NULL,'deny'),('9992','22','Magento_Reports::statistics',NULL,'deny'),('9993','22','Magento_Reports::statistics_refresh',NULL,'deny'),('9994','22','Magento_Backend::stores',NULL,'allow'),('9995','22','Magento_Backend::stores_settings',NULL,'allow'),('9996','22','Magento_Backend::store',NULL,'allow'),('9997','22','Magento_Config::config',NULL,'deny'),('9998','22','Magento_Newsletter::newsletter',NULL,'deny'),('9999','22','Magento_Catalog::config_catalog',NULL,'deny'),('10000','22','Magento_CatalogSearch::config_catalog_search',NULL,'deny'),('10001','22','Magento_Payment::payment',NULL,'deny'),('10002','22','Magento_Payment::payment_services',NULL,'deny'),('10003','22','Magento_Cms::config_cms',NULL,'deny'),('10004','22','TemplateMonster_CountdownTimer::config_countdown',NULL,'deny'),('10005','22','Magento_Downloadable::downloadable',NULL,'deny'),('10006','22','Magento_Contact::contact',NULL,'deny'),('10007','22','Magento_GoogleAnalytics::google',NULL,'deny'),('10008','22','Magento_Sales::fraud_protection',NULL,'deny'),('10009','22','Magento_CatalogInventory::cataloginventory',NULL,'deny'),('10010','22','Magento_Shipping::shipping_policy',NULL,'deny'),('10011','22','Magento_Shipping::config_shipping',NULL,'deny'),('10012','22','Magento_Shipping::carriers',NULL,'deny'),('10013','22','Magento_Multishipping::config_multishipping',NULL,'deny'),('10014','22','TemplateMonster_Blog::config_blog',NULL,'deny'),('10015','22','Magento_Config::config_general',NULL,'deny'),('10016','22','TemplateMonster_Parallax::parallax_config',NULL,'deny'),('10017','22','Magento_Config::web',NULL,'deny'),('10018','22','Magento_Config::config_design',NULL,'deny'),('10019','22','Magento_Paypal::paypal',NULL,'deny'),('10020','22','Magento_Customer::config_customer',NULL,'deny'),('10021','22','Magento_Tax::config_tax',NULL,'deny'),('10022','22','Magento_Checkout::checkout',NULL,'deny'),('10023','22','Magento_Sales::config_sales',NULL,'deny'),('10024','22','Magento_Persistent::persistent',NULL,'deny'),('10025','22','Magento_Sales::sales_email',NULL,'deny'),('10026','22','Magento_Sales::sales_pdf',NULL,'deny'),('10027','22','Magento_Reports::reports',NULL,'deny'),('10028','22','Magento_Sitemap::config_sitemap',NULL,'deny'),('10029','22','Magento_Wishlist::config_wishlist',NULL,'deny'),('10030','22','Magento_Config::config_system',NULL,'deny'),('10031','22','TemplateMonster_SiteMaintenance::config_site_maintenance',NULL,'deny'),('10032','22','TemplateMonster_ShopByBrand::config_shopbybrand',NULL,'deny'),('10033','22','TemplateMonster_Megamenu::config_megamenu',NULL,'deny'),('10034','22','TemplateMonster_CatalogImagesGrid::config_catalogimagesgrid',NULL,'deny'),('10035','22','TemplateMonster_AjaxCompare::config_ajaxcompare',NULL,'deny'),('10036','22','TemplateMonster_AjaxSearch::config_ajaxsearch',NULL,'deny'),('10037','22','Magento_SalesRule::config_promo',NULL,'deny'),('10038','22','Magento_Config::advanced',NULL,'deny'),('10039','22','Zemez_Amp::config_tm_amp',NULL,'deny'),('10040','22','Magento_Config::config_admin',NULL,'deny'),('10041','22','TemplateMonster_NewsletterPopup::newsletter_popup_config',NULL,'deny'),('10042','22','TemplateMonster_NewsletterPopup::newsletter_popup_reset',NULL,'deny'),('10043','22','Magento_Config::trans_email',NULL,'deny'),('10044','22','TemplateMonster_SocialLogin::social_login_config',NULL,'deny'),('10045','22','TemplateMonster_ThemeOptions::theme_options_config',NULL,'deny'),('10046','22','TemplateMonster_ThemeOptions::theme_options_export',NULL,'deny'),('10047','22','TemplateMonster_ThemeOptions::theme_options_import',NULL,'deny'),('10048','22','Magento_Config::dev',NULL,'deny'),('10049','22','Magento_Config::currency',NULL,'deny'),('10050','22','Magento_Rss::rss',NULL,'deny'),('10051','22','Magento_Config::sendfriend',NULL,'deny'),('10052','22','Magento_NewRelicReporting::config_newrelicreporting',NULL,'deny'),('10053','22','Magento_CheckoutAgreements::checkoutagreement',NULL,'deny'),('10054','22','Magento_Sales::order_statuses',NULL,'deny'),('10055','22','Magento_Tax::manage_tax',NULL,'deny'),('10056','22','Magento_CurrencySymbol::system_currency',NULL,'deny'),('10057','22','Magento_CurrencySymbol::currency_rates',NULL,'deny'),('10058','22','Magento_CurrencySymbol::symbols',NULL,'deny'),('10059','22','Magento_Backend::stores_attributes',NULL,'deny'),('10060','22','Magento_Catalog::attributes_attributes',NULL,'deny'),('10061','22','Magento_Catalog::update_attributes',NULL,'deny'),('10062','22','Magento_Catalog::sets',NULL,'deny'),('10063','22','Magento_Review::ratings',NULL,'deny'),('10064','22','Magento_Swatches::iframe',NULL,'deny'),('10065','22','Magento_Backend::stores_other_settings',NULL,'deny'),('10066','22','Magento_Customer::group',NULL,'deny'),('10067','22','Magento_Backend::system',NULL,'deny'),('10068','22','Magento_Backend::convert',NULL,'deny'),('10069','22','Magento_ImportExport::import',NULL,'deny'),('10070','22','Magento_ImportExport::export',NULL,'deny'),('10071','22','Magento_TaxImportExport::import_export',NULL,'deny'),('10072','22','Magento_ImportExport::history',NULL,'deny'),('10073','22','Magento_Backend::extensions',NULL,'deny'),('10074','22','Magento_Backend::local',NULL,'deny'),('10075','22','Magento_Backend::custom',NULL,'deny'),('10076','22','Magento_Backend::tools',NULL,'deny'),('10077','22','Magento_Backend::cache',NULL,'deny'),('10078','22','Magento_Backend::setup_wizard',NULL,'deny'),('10079','22','Magento_Backup::backup',NULL,'deny'),('10080','22','Magento_Backup::rollback',NULL,'deny'),('10081','22','Magento_Indexer::index',NULL,'deny'),('10082','22','Magento_Indexer::changeMode',NULL,'deny'),('10083','22','Magento_User::acl',NULL,'deny'),('10084','22','Magento_User::acl_users',NULL,'deny'),('10085','22','Magento_User::locks',NULL,'deny'),('10086','22','Magento_User::acl_roles',NULL,'deny'),('10087','22','Magento_Backend::system_other_settings',NULL,'deny'),('10088','22','Magento_AdminNotification::adminnotification',NULL,'deny'),('10089','22','Magento_AdminNotification::show_toolbar',NULL,'deny'),('10090','22','Magento_AdminNotification::show_list',NULL,'deny'),('10091','22','Magento_AdminNotification::mark_as_read',NULL,'deny'),('10092','22','Magento_AdminNotification::adminnotification_remove',NULL,'deny'),('10093','22','Magento_Variable::variable',NULL,'deny'),('10094','22','Magento_EncryptionKey::crypt_key',NULL,'deny'),('10095','22','Magento_Backend::global_search',NULL,'deny'),('10096','22','TemplateMonster_Base::modules',NULL,'deny'),('10097','22','TemplateMonster_Blog::blog_elements',NULL,'deny'),('10098','22','TemplateMonster_Blog::category',NULL,'deny'),('10099','22','TemplateMonster_Blog::category_save',NULL,'deny'),('10100','22','TemplateMonster_Blog::category_delete',NULL,'deny'),('10101','22','TemplateMonster_Blog::post',NULL,'deny'),('10102','22','TemplateMonster_Blog::post_save',NULL,'deny'),('10103','22','TemplateMonster_Blog::post_delete',NULL,'deny'),('10104','22','TemplateMonster_Blog::comment',NULL,'deny'),('10105','22','TemplateMonster_Blog::comment_save',NULL,'deny'),('10106','22','TemplateMonster_Blog::comment_delete',NULL,'deny'),('10107','22','TemplateMonster_Parallax::parallax',NULL,'deny'),('10108','22','TemplateMonster_Parallax::parallax_block',NULL,'deny'),('10109','22','TemplateMonster_Parallax::block_save',NULL,'deny'),('10110','22','TemplateMonster_Parallax::block_delete',NULL,'deny'),('10111','22','TemplateMonster_Parallax::parallax_item',NULL,'deny'),('10112','22','TemplateMonster_Parallax::item_save',NULL,'deny'),('10113','22','TemplateMonster_Parallax::item_delete',NULL,'deny');

--
-- Table structure for table `cache`
--

CREATE TABLE `cache` (
  `id` varchar(200) NOT NULL COMMENT 'Cache Id',
  `data` mediumblob COMMENT 'Cache Data',
  `create_time` int(11) DEFAULT NULL COMMENT 'Cache Creation Time',
  `update_time` int(11) DEFAULT NULL COMMENT 'Time of Cache Updating',
  `expire_time` int(11) DEFAULT NULL COMMENT 'Cache Expiration Time',
  PRIMARY KEY (`id`),
  KEY `CACHE_EXPIRE_TIME` (`expire_time`)
) ENGINE=InnoDB DEFAULT CHARSET=utf8 COMMENT='Caches';

--
-- Table structure for table `cache_tag`
--

CREATE TABLE `cache_tag` (
  `tag` varchar(100) NOT NULL COMMENT 'Tag',
  `cache_id` varchar(200) NOT NULL COMMENT 'Cache Id',
  PRIMARY KEY (`tag`,`cache_id`),
  KEY `CACHE_TAG_CACHE_ID` (`cache_id`)
) ENGINE=InnoDB DEFAULT CHARSET=utf8 COMMENT='Tag Caches';

--
-- Table structure for table `captcha_log`
--

CREATE TABLE `captcha_log` (
  `type` varchar(32) NOT NULL COMMENT 'Type',
  `value` varchar(32) NOT NULL COMMENT 'Value',
  `count` int(10) unsigned NOT NULL DEFAULT '0' COMMENT 'Count',
  `updated_at` timestamp NULL DEFAULT NULL COMMENT 'Update Time',
  PRIMARY KEY (`type`,`value`)
) ENGINE=InnoDB DEFAULT CHARSET=utf8 COMMENT='Count Login Attempts';

--
-- Table structure for table `catalog_category_entity`
--

CREATE TABLE `catalog_category_entity` (
  `entity_id` int(10) unsigned NOT NULL AUTO_INCREMENT COMMENT 'Entity ID',
  `attribute_set_id` smallint(5) unsigned NOT NULL DEFAULT '0' COMMENT 'Attriute Set ID',
  `parent_id` int(10) unsigned NOT NULL DEFAULT '0' COMMENT 'Parent Category ID',
  `created_at` timestamp NOT NULL DEFAULT CURRENT_TIMESTAMP COMMENT 'Creation Time',
  `updated_at` timestamp NOT NULL DEFAULT CURRENT_TIMESTAMP ON UPDATE CURRENT_TIMESTAMP COMMENT 'Update Time',
  `path` varchar(255) NOT NULL COMMENT 'Tree Path',
  `position` int(11) NOT NULL COMMENT 'Position',
  `level` int(11) NOT NULL DEFAULT '0' COMMENT 'Tree Level',
  `children_count` int(11) NOT NULL COMMENT 'Child Count',
  PRIMARY KEY (`entity_id`),
  KEY `CATALOG_CATEGORY_ENTITY_LEVEL` (`level`),
  KEY `CATALOG_CATEGORY_ENTITY_PATH` (`path`)
) ENGINE=InnoDB AUTO_INCREMENT=42 DEFAULT CHARSET=utf8 COMMENT='Catalog Category Table';

--
-- Dumping data for table `catalog_category_entity`
--

INSERT INTO `catalog_category_entity` VALUES ('1',0,'0','2016-03-12 02:24:48','2017-10-23 15:46:32','1','0','0','40'),('2',3,'1','2016-03-12 02:24:49','2017-10-23 15:46:32','1/2','1','1','39'),('3',3,'2','2017-10-23 15:40:02','2017-11-29 14:58:43','1/2/3','1','2','30'),('4',3,'2','2017-10-23 15:40:08','2017-10-23 15:40:08','1/2/4','2','2','0'),('5',3,'2','2017-10-23 15:40:14','2017-10-23 15:40:14','1/2/5','3','2','0'),('6',3,'2','2017-10-23 15:40:18','2017-10-23 15:40:18','1/2/6','4','2','0'),('7',3,'2','2017-10-23 15:40:26','2017-10-23 15:40:26','1/2/7','5','2','0'),('8',3,'2','2017-10-23 15:40:34','2017-10-23 15:41:04','1/2/8','6','2','3'),('9',3,'8','2017-10-23 15:40:52','2017-10-23 15:40:52','1/2/8/9','1','3','0'),('10',3,'8','2017-10-23 15:40:58','2017-10-23 15:40:58','1/2/8/10','2','3','0'),('11',3,'8','2017-10-23 15:41:04','2017-10-23 15:41:05','1/2/8/11','3','3','0'),('12',3,'3','2017-10-23 15:41:12','2017-10-23 15:42:46','1/2/3/12','1','3','5'),('13',3,'3','2017-10-23 15:41:23','2017-10-23 15:43:35','1/2/3/13','2','3','5'),('14',3,'3','2017-10-23 15:41:28','2017-10-23 15:44:22','1/2/3/14','3','3','5'),('15',3,'3','2017-10-23 15:41:33','2017-10-23 15:45:39','1/2/3/15','4','3','5'),('16',3,'3','2017-10-23 15:41:41','2017-10-23 15:46:32','1/2/3/16','5','3','5'),('17',3,'12','2017-10-23 15:42:16','2017-10-23 15:42:16','1/2/3/12/17','1','4','0'),('18',3,'12','2017-10-23 15:42:24','2017-10-23 15:42:25','1/2/3/12/18','2','4','0'),('19',3,'12','2017-10-23 15:42:36','2017-10-23 15:42:36','1/2/3/12/19','3','4','0'),('20',3,'12','2017-10-23 15:42:41','2017-10-23 15:42:41','1/2/3/12/20','4','4','0'),('21',3,'12','2017-10-23 15:42:46','2017-10-23 15:42:46','1/2/3/12/21','5','4','0'),('22',3,'13','2017-10-23 15:43:03','2017-10-23 15:43:03','1/2/3/13/22','1','4','0'),('23',3,'13','2017-10-23 15:43:12','2017-10-23 15:43:12','1/2/3/13/23','2','4','0'),('24',3,'13','2017-10-23 15:43:22','2017-10-23 15:43:22','1/2/3/13/24','3','4','0'),('25',3,'13','2017-10-23 15:43:30','2017-10-23 15:43:30','1/2/3/13/25','4','4','0'),('26',3,'13','2017-10-23 15:43:35','2017-10-23 15:43:35','1/2/3/13/26','5','4','0'),('27',3,'14','2017-10-23 15:43:59','2017-10-23 15:43:59','1/2/3/14/27','1','4','0'),('28',3,'14','2017-10-23 15:44:05','2017-10-23 15:44:05','1/2/3/14/28','2','4','0'),('29',3,'14','2017-10-23 15:44:11','2017-10-23 15:44:11','1/2/3/14/29','3','4','0'),('30',3,'14','2017-10-23 15:44:15','2017-10-23 15:44:15','1/2/3/14/30','4','4','0'),('31',3,'14','2017-10-23 15:44:22','2017-10-23 15:44:22','1/2/3/14/31','5','4','0'),('32',3,'15','2017-10-23 15:44:46','2017-10-23 15:44:46','1/2/3/15/32','1','4','0'),('33',3,'15','2017-10-23 15:44:57','2017-10-23 15:44:57','1/2/3/15/33','2','4','0'),('34',3,'15','2017-10-23 15:45:00','2017-10-23 15:45:00','1/2/3/15/34','3','4','0'),('35',3,'15','2017-10-23 15:45:05','2017-10-23 15:45:05','1/2/3/15/35','4','4','0'),('36',3,'15','2017-10-23 15:45:39','2017-10-23 15:45:39','1/2/3/15/36','5','4','0'),('37',3,'16','2017-10-23 15:46:07','2017-10-23 15:46:07','1/2/3/16/37','1','4','0'),('38',3,'16','2017-10-23 15:46:12','2017-10-23 15:46:12','1/2/3/16/38','2','4','0'),('39',3,'16','2017-10-23 15:46:18','2017-10-23 15:46:18','1/2/3/16/39','3','4','0'),('40',3,'16','2017-10-23 15:46:24','2017-10-23 15:46:24','1/2/3/16/40','4','4','0'),('41',3,'16','2017-10-23 15:46:32','2017-10-23 15:46:32','1/2/3/16/41','5','4','0');

--
-- Table structure for table `catalog_category_entity_datetime`
--

CREATE TABLE `catalog_category_entity_datetime` (
  `value_id` int(11) NOT NULL AUTO_INCREMENT COMMENT 'Value ID',
  `attribute_id` smallint(5) unsigned NOT NULL DEFAULT '0' COMMENT 'Attribute ID',
  `store_id` smallint(5) unsigned NOT NULL DEFAULT '0' COMMENT 'Store ID',
  `entity_id` int(10) unsigned NOT NULL DEFAULT '0' COMMENT 'Entity ID',
  `value` datetime DEFAULT NULL COMMENT 'Value',
  PRIMARY KEY (`value_id`),
  UNIQUE KEY `CATALOG_CATEGORY_ENTITY_DATETIME_ENTITY_ID_ATTRIBUTE_ID_STORE_ID` (`entity_id`,`attribute_id`,`store_id`),
  KEY `CATALOG_CATEGORY_ENTITY_DATETIME_ENTITY_ID` (`entity_id`),
  KEY `CATALOG_CATEGORY_ENTITY_DATETIME_ATTRIBUTE_ID` (`attribute_id`),
  KEY `CATALOG_CATEGORY_ENTITY_DATETIME_STORE_ID` (`store_id`)
) ENGINE=InnoDB AUTO_INCREMENT=5 DEFAULT CHARSET=utf8 COMMENT='Catalog Category Datetime Attribute Backend Table';

--
-- Dumping data for table `catalog_category_entity_datetime`
--

INSERT INTO `catalog_category_entity_datetime` VALUES ('1',58,0,'1',NULL),('2',58,0,'2',NULL),('3',58,0,'3',NULL),('4',59,0,'3',NULL);

--
-- Table structure for table `catalog_category_entity_decimal`
--

CREATE TABLE `catalog_category_entity_decimal` (
  `value_id` int(11) NOT NULL AUTO_INCREMENT COMMENT 'Value ID',
  `attribute_id` smallint(5) unsigned NOT NULL DEFAULT '0' COMMENT 'Attribute ID',
  `store_id` smallint(5) unsigned NOT NULL DEFAULT '0' COMMENT 'Store ID',
  `entity_id` int(10) unsigned NOT NULL DEFAULT '0' COMMENT 'Entity ID',
  `value` decimal(12,4) DEFAULT NULL COMMENT 'Value',
  PRIMARY KEY (`value_id`),
  UNIQUE KEY `CATALOG_CATEGORY_ENTITY_DECIMAL_ENTITY_ID_ATTRIBUTE_ID_STORE_ID` (`entity_id`,`attribute_id`,`store_id`),
  KEY `CATALOG_CATEGORY_ENTITY_DECIMAL_ENTITY_ID` (`entity_id`),
  KEY `CATALOG_CATEGORY_ENTITY_DECIMAL_ATTRIBUTE_ID` (`attribute_id`),
  KEY `CATALOG_CATEGORY_ENTITY_DECIMAL_STORE_ID` (`store_id`)
) ENGINE=InnoDB DEFAULT CHARSET=utf8 COMMENT='Catalog Category Decimal Attribute Backend Table';

--
-- Table structure for table `catalog_category_entity_int`
--

CREATE TABLE `catalog_category_entity_int` (
  `value_id` int(11) NOT NULL AUTO_INCREMENT COMMENT 'Value ID',
  `attribute_id` smallint(5) unsigned NOT NULL DEFAULT '0' COMMENT 'Attribute ID',
  `store_id` smallint(5) unsigned NOT NULL DEFAULT '0' COMMENT 'Store ID',
  `entity_id` int(10) unsigned NOT NULL DEFAULT '0' COMMENT 'Entity ID',
  `value` int(11) DEFAULT NULL COMMENT 'Value',
  PRIMARY KEY (`value_id`),
  UNIQUE KEY `CATALOG_CATEGORY_ENTITY_INT_ENTITY_ID_ATTRIBUTE_ID_STORE_ID` (`entity_id`,`attribute_id`,`store_id`),
  KEY `CATALOG_CATEGORY_ENTITY_INT_ENTITY_ID` (`entity_id`),
  KEY `CATALOG_CATEGORY_ENTITY_INT_ATTRIBUTE_ID` (`attribute_id`),
  KEY `CATALOG_CATEGORY_ENTITY_INT_STORE_ID` (`store_id`)
) ENGINE=InnoDB AUTO_INCREMENT=203 DEFAULT CHARSET=utf8 COMMENT='Catalog Category Integer Attribute Backend Table';

--
-- Dumping data for table `catalog_category_entity_int`
--

INSERT INTO `catalog_category_entity_int` VALUES ('1',66,0,'1','1'),('2',43,0,'2','1'),('3',66,0,'2','1'),('4',43,0,'3','1'),('5',51,0,'3','1'),('6',66,0,'3','1'),('7',67,0,'3','0'),('8',68,0,'3','0'),('9',43,0,'4','1'),('10',51,0,'4','1'),('11',66,0,'4','1'),('12',67,0,'4','0'),('13',68,0,'4','0'),('14',43,0,'5','1'),('15',51,0,'5','1'),('16',66,0,'5','1'),('17',67,0,'5','0'),('18',68,0,'5','0'),('19',43,0,'6','1'),('20',51,0,'6','1'),('21',66,0,'6','1'),('22',67,0,'6','0'),('23',68,0,'6','0'),('24',43,0,'7','1'),('25',51,0,'7','1'),('26',66,0,'7','1'),('27',67,0,'7','0'),('28',68,0,'7','0'),('29',43,0,'8','1'),('30',51,0,'8','1'),('31',66,0,'8','1'),('32',67,0,'8','0'),('33',68,0,'8','0'),('34',43,0,'9','1'),('35',51,0,'9','1'),('36',66,0,'9','1'),('37',67,0,'9','0'),('38',68,0,'9','0'),('39',43,0,'10','1'),('40',51,0,'10','1'),('41',66,0,'10','1'),('42',67,0,'10','0'),('43',68,0,'10','0'),('44',43,0,'11','1'),('45',51,0,'11','1'),('46',66,0,'11','1'),('47',67,0,'11','0'),('48',68,0,'11','0'),('49',43,0,'12','1'),('50',51,0,'12','1'),('51',66,0,'12','1'),('52',67,0,'12','0'),('53',68,0,'12','0'),('54',43,0,'13','1'),('55',51,0,'13','1'),('56',66,0,'13','1'),('57',67,0,'13','0'),('58',68,0,'13','0'),('59',43,0,'14','1'),('60',51,0,'14','1'),('61',66,0,'14','1'),('62',67,0,'14','0'),('63',68,0,'14','0'),('64',43,0,'15','1'),('65',51,0,'15','1'),('66',66,0,'15','1'),('67',67,0,'15','0'),('68',68,0,'15','0'),('69',43,0,'16','1'),('70',51,0,'16','1'),('71',66,0,'16','1'),('72',67,0,'16','0'),('73',68,0,'16','0'),('74',43,0,'17','1'),('75',51,0,'17','1'),('76',66,0,'17','1'),('77',67,0,'17','0'),('78',68,0,'17','0'),('79',43,0,'18','1'),('80',51,0,'18','1'),('81',66,0,'18','1'),('82',67,0,'18','0'),('83',68,0,'18','0'),('84',43,0,'19','1'),('85',51,0,'19','1'),('86',66,0,'19','1'),('87',67,0,'19','0'),('88',68,0,'19','0'),('89',43,0,'20','1'),('90',51,0,'20','1'),('91',66,0,'20','1'),('92',67,0,'20','0'),('93',68,0,'20','0'),('94',43,0,'21','1'),('95',51,0,'21','1'),('96',66,0,'21','1'),('97',67,0,'21','0'),('98',68,0,'21','0'),('99',43,0,'22','1'),('100',51,0,'22','1'),('101',66,0,'22','1'),('102',67,0,'22','0'),('103',68,0,'22','0'),('104',43,0,'23','1'),('105',51,0,'23','1'),('106',66,0,'23','1'),('107',67,0,'23','0'),('108',68,0,'23','0'),('109',43,0,'24','1'),('110',51,0,'24','1'),('111',66,0,'24','1'),('112',67,0,'24','0'),('113',68,0,'24','0'),('114',43,0,'25','1'),('115',51,0,'25','1'),('116',66,0,'25','1'),('117',67,0,'25','0'),('118',68,0,'25','0'),('119',43,0,'26','1'),('120',51,0,'26','1'),('121',66,0,'26','1'),('122',67,0,'26','0'),('123',68,0,'26','0'),('124',43,0,'27','1'),('125',51,0,'27','1'),('126',66,0,'27','1'),('127',67,0,'27','0'),('128',68,0,'27','0'),('129',43,0,'28','1'),('130',51,0,'28','1'),('131',66,0,'28','1'),('132',67,0,'28','0'),('133',68,0,'28','0'),('134',43,0,'29','1'),('135',51,0,'29','1'),('136',66,0,'29','1'),('137',67,0,'29','0'),('138',68,0,'29','0'),('139',43,0,'30','1'),('140',51,0,'30','1'),('141',66,0,'30','1'),('142',67,0,'30','0'),('143',68,0,'30','0'),('144',43,0,'31','1'),('145',51,0,'31','1'),('146',66,0,'31','1'),('147',67,0,'31','0'),('148',68,0,'31','0'),('149',43,0,'32','1'),('150',51,0,'32','1'),('151',66,0,'32','1'),('152',67,0,'32','0'),('153',68,0,'32','0'),('154',43,0,'33','1'),('155',51,0,'33','1'),('156',66,0,'33','1'),('157',67,0,'33','0'),('158',68,0,'33','0'),('159',43,0,'34','1'),('160',51,0,'34','1'),('161',66,0,'34','1'),('162',67,0,'34','0'),('163',68,0,'34','0'),('164',43,0,'35','1'),('165',51,0,'35','1'),('166',66,0,'35','1'),('167',67,0,'35','0'),('168',68,0,'35','0'),('169',43,0,'36','1'),('170',51,0,'36','1'),('171',66,0,'36','1'),('172',67,0,'36','0'),('173',68,0,'36','0'),('174',43,0,'37','1'),('175',51,0,'37','1'),('176',66,0,'37','1'),('177',67,0,'37','0'),('178',68,0,'37','0'),('179',43,0,'38','1'),('180',51,0,'38','1'),('181',66,0,'38','1'),('182',67,0,'38','0'),('183',68,0,'38','0'),('184',43,0,'39','1'),('185',51,0,'39','1'),('186',66,0,'39','1'),('187',67,0,'39','0'),('188',68,0,'39','0'),('189',43,0,'40','1'),('190',51,0,'40','1'),('191',66,0,'40','1'),('192',67,0,'40','0'),('193',68,0,'40','0'),('194',43,0,'41','1'),('195',51,0,'41','1'),('196',66,0,'41','1'),('197',67,0,'41','0'),('198',68,0,'41','0'),('199',50,0,'3',NULL),('200',147,0,'3','0'),('201',150,0,'3','1'),('202',155,0,'3','1');

--
-- Table structure for table `catalog_category_entity_text`
--

CREATE TABLE `catalog_category_entity_text` (
  `value_id` int(11) NOT NULL AUTO_INCREMENT COMMENT 'Value ID',
  `attribute_id` smallint(5) unsigned NOT NULL DEFAULT '0' COMMENT 'Attribute ID',
  `store_id` smallint(5) unsigned NOT NULL DEFAULT '0' COMMENT 'Store ID',
  `entity_id` int(10) unsigned NOT NULL DEFAULT '0' COMMENT 'Entity ID',
  `value` text COMMENT 'Value',
  PRIMARY KEY (`value_id`),
  UNIQUE KEY `CATALOG_CATEGORY_ENTITY_TEXT_ENTITY_ID_ATTRIBUTE_ID_STORE_ID` (`entity_id`,`attribute_id`,`store_id`),
  KEY `CATALOG_CATEGORY_ENTITY_TEXT_ENTITY_ID` (`entity_id`),
  KEY `CATALOG_CATEGORY_ENTITY_TEXT_ATTRIBUTE_ID` (`attribute_id`),
  KEY `CATALOG_CATEGORY_ENTITY_TEXT_STORE_ID` (`store_id`)
) ENGINE=InnoDB AUTO_INCREMENT=8 DEFAULT CHARSET=utf8 COMMENT='Catalog Category Text Attribute Backend Table';

--
-- Dumping data for table `catalog_category_entity_text`
--

INSERT INTO `catalog_category_entity_text` VALUES ('1',64,0,'1',NULL),('2',64,0,'2',NULL),('3',44,0,'3',NULL),('4',47,0,'3',NULL),('5',48,0,'3',NULL),('6',61,0,'3',NULL),('7',154,0,'3','[[{\"width\":\"3\",\"css_class\":\"\",\"entities\":[{\"value\":\"subcat:12\",\"text\":\"Men\"}]},{\"width\":\"3\",\"css_class\":\"\",\"entities\":[{\"value\":\"subcat:13\",\"text\":\"Women\"}]},{\"width\":\"3\",\"css_class\":\"\",\"entities\":[{\"value\":\"subcat:14\",\"text\":\"Kids\"}]},{\"width\":\"3\",\"css_class\":\"\",\"entities\":[{\"value\":\"subcat:15\",\"text\":\"Teens\"}]}]]');

--
-- Table structure for table `catalog_category_entity_varchar`
--

CREATE TABLE `catalog_category_entity_varchar` (
  `value_id` int(11) NOT NULL AUTO_INCREMENT COMMENT 'Value ID',
  `attribute_id` smallint(5) unsigned NOT NULL DEFAULT '0' COMMENT 'Attribute ID',
  `store_id` smallint(5) unsigned NOT NULL DEFAULT '0' COMMENT 'Store ID',
  `entity_id` int(10) unsigned NOT NULL DEFAULT '0' COMMENT 'Entity ID',
  `value` varchar(255) DEFAULT NULL COMMENT 'Value',
  PRIMARY KEY (`value_id`),
  UNIQUE KEY `CATALOG_CATEGORY_ENTITY_VARCHAR_ENTITY_ID_ATTRIBUTE_ID_STORE_ID` (`entity_id`,`attribute_id`,`store_id`),
  KEY `CATALOG_CATEGORY_ENTITY_VARCHAR_ENTITY_ID` (`entity_id`),
  KEY `CATALOG_CATEGORY_ENTITY_VARCHAR_ATTRIBUTE_ID` (`attribute_id`),
  KEY `CATALOG_CATEGORY_ENTITY_VARCHAR_STORE_ID` (`store_id`)
) ENGINE=InnoDB AUTO_INCREMENT=169 DEFAULT CHARSET=utf8 COMMENT='Catalog Category Varchar Attribute Backend Table';

--
-- Dumping data for table `catalog_category_entity_varchar`
--

INSERT INTO `catalog_category_entity_varchar` VALUES ('1',42,0,'1','Root Catalog'),('2',42,0,'2','Default Category'),('3',49,0,'2','PRODUCTS'),('4',42,0,'3','Men'),('5',49,0,'3','PRODUCTS'),('6',113,0,'3','men'),('7',114,0,'3','men'),('8',42,0,'4','Women'),('9',49,0,'4','PRODUCTS'),('10',113,0,'4','women'),('11',114,0,'4','women'),('12',42,0,'5','Kids'),('13',49,0,'5','PRODUCTS'),('14',113,0,'5','kids'),('15',114,0,'5','kids'),('16',42,0,'6','Teens'),('17',49,0,'6','PRODUCTS'),('18',113,0,'6','teens'),('19',114,0,'6','teens'),('20',42,0,'7','Accessories'),('21',49,0,'7','PRODUCTS'),('22',113,0,'7','accessories'),('23',114,0,'7','accessories'),('24',42,0,'8','Product types'),('25',49,0,'8','PRODUCTS'),('26',113,0,'8','product-types'),('27',114,0,'8','product-types'),('28',42,0,'9','Configurable products'),('29',49,0,'9','PRODUCTS'),('30',113,0,'9','configurable-products'),('31',114,0,'9','product-types/configurable-products'),('32',42,0,'10','Simple products'),('33',49,0,'10','PRODUCTS'),('34',113,0,'10','simple-products'),('35',114,0,'10','product-types/simple-products'),('36',42,0,'11','Products with options'),('37',49,0,'11','PRODUCTS'),('38',113,0,'11','products-with-options'),('39',114,0,'11','product-types/products-with-options'),('40',42,0,'12','Men'),('41',49,0,'12','PRODUCTS'),('42',113,0,'12','men'),('43',114,0,'12','men/men'),('44',42,0,'13','Women'),('45',49,0,'13','PRODUCTS'),('46',113,0,'13','women'),('47',114,0,'13','men/women'),('48',42,0,'14','Kids'),('49',49,0,'14','PRODUCTS'),('50',113,0,'14','kids'),('51',114,0,'14','men/kids'),('52',42,0,'15','Teens'),('53',49,0,'15','PRODUCTS'),('54',113,0,'15','teens'),('55',114,0,'15','men/teens'),('56',42,0,'16','Accessories'),('57',49,0,'16','PRODUCTS'),('58',113,0,'16','accessories'),('59',114,0,'16','men/accessories'),('60',42,0,'17','Accessories'),('61',49,0,'17','PRODUCTS'),('62',113,0,'17','accessories'),('63',114,0,'17','men/men/accessories'),('64',42,0,'18','Women'),('65',49,0,'18','PRODUCTS'),('66',113,0,'18','women'),('67',114,0,'18','men/men/women'),('68',42,0,'19','Men'),('69',49,0,'19','PRODUCTS'),('70',113,0,'19','men'),('71',114,0,'19','men/men/men'),('72',42,0,'20','Teens'),('73',49,0,'20','PRODUCTS'),('74',113,0,'20','teens'),('75',114,0,'20','men/men/teens'),('76',42,0,'21','Kids'),('77',49,0,'21','PRODUCTS'),('78',113,0,'21','kids'),('79',114,0,'21','men/men/kids'),('80',42,0,'22','Accessories'),('81',49,0,'22','PRODUCTS'),('82',113,0,'22','accessories'),('83',114,0,'22','men/women/accessories'),('84',42,0,'23','Kids'),('85',49,0,'23','PRODUCTS'),('86',113,0,'23','kids'),('87',114,0,'23','men/women/kids'),('88',42,0,'24','Teens'),('89',49,0,'24','PRODUCTS'),('90',113,0,'24','teens'),('91',114,0,'24','men/women/teens'),('92',42,0,'25','Women'),('93',49,0,'25','PRODUCTS'),('94',113,0,'25','women'),('95',114,0,'25','men/women/women'),('96',42,0,'26','Men'),('97',49,0,'26','PRODUCTS'),('98',113,0,'26','men'),('99',114,0,'26','men/women/men'),('100',42,0,'27','Kids'),('101',49,0,'27','PRODUCTS'),('102',113,0,'27','kids'),('103',114,0,'27','men/kids/kids'),('104',42,0,'28','Accessories'),('105',49,0,'28','PRODUCTS'),('106',113,0,'28','accessories'),('107',114,0,'28','men/kids/accessories'),('108',42,0,'29','Women'),('109',49,0,'29','PRODUCTS'),('110',113,0,'29','women'),('111',114,0,'29','men/kids/women'),('112',42,0,'30','Men'),('113',49,0,'30','PRODUCTS'),('114',113,0,'30','men'),('115',114,0,'30','men/kids/men'),('116',42,0,'31','Teens'),('117',49,0,'31','PRODUCTS'),('118',113,0,'31','teens'),('119',114,0,'31','men/kids/teens'),('120',42,0,'32','Accessories'),('121',49,0,'32','PRODUCTS'),('122',113,0,'32','accessories'),('123',114,0,'32','men/teens/accessories'),('124',42,0,'33','Teens'),('125',49,0,'33','PRODUCTS'),('126',113,0,'33','teens'),('127',114,0,'33','men/teens/teens'),('128',42,0,'34','Men'),('129',49,0,'34','PRODUCTS'),('130',113,0,'34','men'),('131',114,0,'34','men/teens/men'),('132',42,0,'35','Women'),('133',49,0,'35','PRODUCTS'),('134',113,0,'35','women'),('135',114,0,'35','men/teens/women'),('136',42,0,'36','Kids'),('137',49,0,'36','PRODUCTS'),('138',113,0,'36','kids'),('139',114,0,'36','men/teens/kids'),('140',42,0,'37','Teens'),('141',49,0,'37','PRODUCTS'),('142',113,0,'37','teens'),('143',114,0,'37','men/accessories/teens'),('144',42,0,'38','Kids'),('145',49,0,'38','PRODUCTS'),('146',113,0,'38','kids'),('147',114,0,'38','men/accessories/kids'),('148',42,0,'39','Women'),('149',49,0,'39','PRODUCTS'),('150',113,0,'39','women'),('151',114,0,'39','men/accessories/women'),('152',42,0,'40','Men'),('153',49,0,'40','PRODUCTS'),('154',113,0,'40','men'),('155',114,0,'40','men/accessories/men'),('156',42,0,'41','Accessories'),('157',49,0,'41','PRODUCTS'),('158',113,0,'41','accessories'),('159',114,0,'41','men/accessories/accessories'),('161',46,0,'3',NULL),('162',57,0,'3',NULL),('163',60,0,'3',NULL),('164',148,0,'3',NULL),('165',152,0,'3',NULL),('166',153,0,'3',NULL),('167',156,0,'3',NULL),('168',157,0,'3','static');

--
-- Table structure for table `catalog_category_flat_store_1`
--

CREATE TABLE `catalog_category_flat_store_1` (
  `entity_id` int(10) unsigned NOT NULL COMMENT 'entity_id',
  `attribute_set_id` smallint(5) unsigned NOT NULL DEFAULT '0' COMMENT 'attribute_set_id',
  `parent_id` int(10) unsigned NOT NULL DEFAULT '0' COMMENT 'parent_id',
  `created_at` timestamp NOT NULL DEFAULT CURRENT_TIMESTAMP COMMENT 'created_at',
  `updated_at` timestamp NOT NULL DEFAULT CURRENT_TIMESTAMP COMMENT 'updated_at',
  `path` varchar(255) NOT NULL DEFAULT '' COMMENT 'path',
  `position` int(11) NOT NULL COMMENT 'position',
  `level` int(11) NOT NULL DEFAULT '0' COMMENT 'level',
  `children_count` int(11) NOT NULL COMMENT 'children_count',
  `store_id` smallint(5) unsigned NOT NULL DEFAULT '0' COMMENT 'Store Id',
  `all_children` text COMMENT 'All Children',
  `available_sort_by` text COMMENT 'Available Product Listing Sort By',
  `children` text COMMENT 'Children',
  `custom_apply_to_products` int(11) DEFAULT NULL COMMENT 'Apply To Products',
  `custom_design` varchar(255) DEFAULT NULL COMMENT 'Custom Design',
  `custom_design_from` datetime DEFAULT NULL COMMENT 'Active From',
  `custom_design_to` datetime DEFAULT NULL COMMENT 'Active To',
  `custom_layout_update` text COMMENT 'Custom Layout Update',
  `custom_use_parent_settings` int(11) DEFAULT NULL COMMENT 'Use Parent Category Settings',
  `default_sort_by` varchar(255) DEFAULT NULL COMMENT 'Default Product Listing Sort By',
  `description` text COMMENT 'Description',
  `display_mode` varchar(255) DEFAULT NULL COMMENT 'Display Mode',
  `filter_price_range` decimal(12,4) DEFAULT NULL COMMENT 'Layered Navigation Price Step',
  `grid_activate` int(11) DEFAULT NULL COMMENT 'Activate Image Grid',
  `icon_class` varchar(255) DEFAULT NULL COMMENT 'Css class for Font Icon',
  `image` varchar(255) DEFAULT NULL COMMENT 'Image',
  `include_in_menu` int(11) DEFAULT NULL COMMENT 'Include in Navigation Menu',
  `is_active` int(11) DEFAULT NULL COMMENT 'Is Active',
  `is_anchor` int(11) DEFAULT NULL COMMENT 'Is Anchor',
  `landing_page` int(11) DEFAULT NULL COMMENT 'CMS Block',
  `meta_description` text COMMENT 'Meta Description',
  `meta_keywords` text COMMENT 'Meta Keywords',
  `meta_title` varchar(255) DEFAULT NULL COMMENT 'Page Title',
  `mm_configurator` text COMMENT 'Configurator',
  `mm_css_class` varchar(255) DEFAULT NULL COMMENT 'Css class',
  `mm_image` varchar(255) DEFAULT NULL COMMENT 'Category image',
  `mm_label` varchar(255) DEFAULT NULL COMMENT 'Label',
  `mm_number_of_subcategories` varchar(255) DEFAULT NULL COMMENT 'Number of subcategories to show (if empty show all)',
  `mm_show_subcategories` int(11) DEFAULT NULL COMMENT 'Show subcategories for this category',
  `mm_turn_on` int(11) DEFAULT NULL COMMENT 'Turn on megamenu for this category',
  `mm_view_mode` varchar(255) DEFAULT NULL COMMENT 'View Mode',
  `name` varchar(255) DEFAULT NULL COMMENT 'Name',
  `page_layout` varchar(255) DEFAULT NULL COMMENT 'Page Layout',
  `path_in_store` text COMMENT 'Path In Store',
  `thumbnail` varchar(255) DEFAULT NULL COMMENT 'Thumbnail',
  `url_key` varchar(255) DEFAULT NULL COMMENT 'URL Key',
  `url_path` varchar(255) DEFAULT NULL COMMENT 'Url Path',
  PRIMARY KEY (`entity_id`),
  KEY `CATALOG_CATEGORY_FLAT_STORE_1_TMP_STORE_ID` (`store_id`),
  KEY `CATALOG_CATEGORY_FLAT_STORE_1_TMP_PATH` (`path`),
  KEY `CATALOG_CATEGORY_FLAT_STORE_1_TMP_LEVEL` (`level`)
) ENGINE=InnoDB DEFAULT CHARSET=utf8 COMMENT='Catalog Category Flat';

--
-- Dumping data for table `catalog_category_flat_store_1`
--

INSERT INTO `catalog_category_flat_store_1` VALUES ('1',0,'0','2016-03-12 02:24:48','2017-10-23 15:46:32','1','0','0','40',1,NULL,NULL,NULL,NULL,NULL,NULL,NULL,NULL,NULL,NULL,NULL,NULL,NULL,NULL,NULL,NULL,'1',NULL,NULL,NULL,NULL,NULL,NULL,NULL,NULL,NULL,NULL,NULL,NULL,NULL,NULL,'Root Catalog',NULL,NULL,NULL,NULL,NULL),('2',3,'1','2016-03-12 02:24:49','2017-10-23 15:46:32','1/2','1','1','39',1,NULL,NULL,NULL,NULL,NULL,NULL,NULL,NULL,NULL,NULL,NULL,'PRODUCTS',NULL,NULL,NULL,NULL,'1','1',NULL,NULL,NULL,NULL,NULL,NULL,NULL,NULL,NULL,NULL,NULL,NULL,NULL,'Default Category',NULL,NULL,NULL,NULL,NULL),('3',3,'2','2017-10-23 15:40:02','2017-11-29 14:58:43','1/2/3','1','2','30',1,NULL,NULL,NULL,'0',NULL,NULL,NULL,NULL,'0',NULL,NULL,'PRODUCTS',NULL,'0',NULL,NULL,'1','1','1',NULL,NULL,NULL,NULL,'[[{\"width\":\"3\",\"css_class\":\"\",\"entities\":[{\"value\":\"subcat:12\",\"text\":\"Men\"}]},{\"width\":\"3\",\"css_class\":\"\",\"entities\":[{\"value\":\"subcat:13\",\"text\":\"Women\"}]},{\"width\":\"3\",\"css_class\":\"\",\"entities\":[{\"value\":\"subcat:14\",\"text\":\"Kids\"}]},{\"width\":\"3\",\"css_class\":\"\",\"entities\":[{\"value\":\"subcat:15\",\"text\":\"Teens\"}]}]]',NULL,NULL,NULL,NULL,'1','1','static','Men',NULL,NULL,NULL,'men','men'),('4',3,'2','2017-10-23 15:40:08','2017-10-23 15:40:08','1/2/4','2','2','0',1,NULL,NULL,NULL,'0',NULL,NULL,NULL,NULL,'0',NULL,NULL,'PRODUCTS',NULL,NULL,NULL,NULL,'1','1','1',NULL,NULL,NULL,NULL,NULL,NULL,NULL,NULL,NULL,NULL,NULL,NULL,'Women',NULL,NULL,NULL,'women','women'),('5',3,'2','2017-10-23 15:40:14','2017-10-23 15:40:14','1/2/5','3','2','0',1,NULL,NULL,NULL,'0',NULL,NULL,NULL,NULL,'0',NULL,NULL,'PRODUCTS',NULL,NULL,NULL,NULL,'1','1','1',NULL,NULL,NULL,NULL,NULL,NULL,NULL,NULL,NULL,NULL,NULL,NULL,'Kids',NULL,NULL,NULL,'kids','kids'),('6',3,'2','2017-10-23 15:40:18','2017-10-23 15:40:18','1/2/6','4','2','0',1,NULL,NULL,NULL,'0',NULL,NULL,NULL,NULL,'0',NULL,NULL,'PRODUCTS',NULL,NULL,NULL,NULL,'1','1','1',NULL,NULL,NULL,NULL,NULL,NULL,NULL,NULL,NULL,NULL,NULL,NULL,'Teens',NULL,NULL,NULL,'teens','teens'),('7',3,'2','2017-10-23 15:40:26','2017-10-23 15:40:26','1/2/7','5','2','0',1,NULL,NULL,NULL,'0',NULL,NULL,NULL,NULL,'0',NULL,NULL,'PRODUCTS',NULL,NULL,NULL,NULL,'1','1','1',NULL,NULL,NULL,NULL,NULL,NULL,NULL,NULL,NULL,NULL,NULL,NULL,'Accessories',NULL,NULL,NULL,'accessories','accessories'),('8',3,'2','2017-10-23 15:40:34','2017-10-23 15:41:04','1/2/8','6','2','3',1,NULL,NULL,NULL,'0',NULL,NULL,NULL,NULL,'0',NULL,NULL,'PRODUCTS',NULL,NULL,NULL,NULL,'1','1','1',NULL,NULL,NULL,NULL,NULL,NULL,NULL,NULL,NULL,NULL,NULL,NULL,'Product types',NULL,NULL,NULL,'product-types','product-types'),('9',3,'8','2017-10-23 15:40:52','2017-10-23 15:40:52','1/2/8/9','1','3','0',1,NULL,NULL,NULL,'0',NULL,NULL,NULL,NULL,'0',NULL,NULL,'PRODUCTS',NULL,NULL,NULL,NULL,'1','1','1',NULL,NULL,NULL,NULL,NULL,NULL,NULL,NULL,NULL,NULL,NULL,NULL,'Configurable products',NULL,NULL,NULL,'configurable-products','product-types/configurable-products'),('10',3,'8','2017-10-23 15:40:58','2017-10-23 15:40:58','1/2/8/10','2','3','0',1,NULL,NULL,NULL,'0',NULL,NULL,NULL,NULL,'0',NULL,NULL,'PRODUCTS',NULL,NULL,NULL,NULL,'1','1','1',NULL,NULL,NULL,NULL,NULL,NULL,NULL,NULL,NULL,NULL,NULL,NULL,'Simple products',NULL,NULL,NULL,'simple-products','product-types/simple-products'),('11',3,'8','2017-10-23 15:41:04','2017-10-23 15:41:05','1/2/8/11','3','3','0',1,NULL,NULL,NULL,'0',NULL,NULL,NULL,NULL,'0',NULL,NULL,'PRODUCTS',NULL,NULL,NULL,NULL,'1','1','1',NULL,NULL,NULL,NULL,NULL,NULL,NULL,NULL,NULL,NULL,NULL,NULL,'Products with options',NULL,NULL,NULL,'products-with-options','product-types/products-with-options'),('12',3,'3','2017-10-23 15:41:12','2017-10-23 15:42:46','1/2/3/12','1','3','5',1,NULL,NULL,NULL,'0',NULL,NULL,NULL,NULL,'0',NULL,NULL,'PRODUCTS',NULL,NULL,NULL,NULL,'1','1','1',NULL,NULL,NULL,NULL,NULL,NULL,NULL,NULL,NULL,NULL,NULL,NULL,'Men',NULL,NULL,NULL,'men','men/men'),('13',3,'3','2017-10-23 15:41:23','2017-10-23 15:43:35','1/2/3/13','2','3','5',1,NULL,NULL,NULL,'0',NULL,NULL,NULL,NULL,'0',NULL,NULL,'PRODUCTS',NULL,NULL,NULL,NULL,'1','1','1',NULL,NULL,NULL,NULL,NULL,NULL,NULL,NULL,NULL,NULL,NULL,NULL,'Women',NULL,NULL,NULL,'women','men/women'),('14',3,'3','2017-10-23 15:41:28','2017-10-23 15:44:22','1/2/3/14','3','3','5',1,NULL,NULL,NULL,'0',NULL,NULL,NULL,NULL,'0',NULL,NULL,'PRODUCTS',NULL,NULL,NULL,NULL,'1','1','1',NULL,NULL,NULL,NULL,NULL,NULL,NULL,NULL,NULL,NULL,NULL,NULL,'Kids',NULL,NULL,NULL,'kids','men/kids'),('15',3,'3','2017-10-23 15:41:33','2017-10-23 15:45:39','1/2/3/15','4','3','5',1,NULL,NULL,NULL,'0',NULL,NULL,NULL,NULL,'0',NULL,NULL,'PRODUCTS',NULL,NULL,NULL,NULL,'1','1','1',NULL,NULL,NULL,NULL,NULL,NULL,NULL,NULL,NULL,NULL,NULL,NULL,'Teens',NULL,NULL,NULL,'teens','men/teens'),('16',3,'3','2017-10-23 15:41:41','2017-10-23 15:46:32','1/2/3/16','5','3','5',1,NULL,NULL,NULL,'0',NULL,NULL,NULL,NULL,'0',NULL,NULL,'PRODUCTS',NULL,NULL,NULL,NULL,'1','1','1',NULL,NULL,NULL,NULL,NULL,NULL,NULL,NULL,NULL,NULL,NULL,NULL,'Accessories',NULL,NULL,NULL,'accessories','men/accessories'),('17',3,'12','2017-10-23 15:42:16','2017-10-23 15:42:16','1/2/3/12/17','1','4','0',1,NULL,NULL,NULL,'0',NULL,NULL,NULL,NULL,'0',NULL,NULL,'PRODUCTS',NULL,NULL,NULL,NULL,'1','1','1',NULL,NULL,NULL,NULL,NULL,NULL,NULL,NULL,NULL,NULL,NULL,NULL,'Accessories',NULL,NULL,NULL,'accessories','men/men/accessories'),('18',3,'12','2017-10-23 15:42:24','2017-10-23 15:42:25','1/2/3/12/18','2','4','0',1,NULL,NULL,NULL,'0',NULL,NULL,NULL,NULL,'0',NULL,NULL,'PRODUCTS',NULL,NULL,NULL,NULL,'1','1','1',NULL,NULL,NULL,NULL,NULL,NULL,NULL,NULL,NULL,NULL,NULL,NULL,'Women',NULL,NULL,NULL,'women','men/men/women'),('19',3,'12','2017-10-23 15:42:36','2017-10-23 15:42:36','1/2/3/12/19','3','4','0',1,NULL,NULL,NULL,'0',NULL,NULL,NULL,NULL,'0',NULL,NULL,'PRODUCTS',NULL,NULL,NULL,NULL,'1','1','1',NULL,NULL,NULL,NULL,NULL,NULL,NULL,NULL,NULL,NULL,NULL,NULL,'Men',NULL,NULL,NULL,'men','men/men/men'),('20',3,'12','2017-10-23 15:42:41','2017-10-23 15:42:41','1/2/3/12/20','4','4','0',1,NULL,NULL,NULL,'0',NULL,NULL,NULL,NULL,'0',NULL,NULL,'PRODUCTS',NULL,NULL,NULL,NULL,'1','1','1',NULL,NULL,NULL,NULL,NULL,NULL,NULL,NULL,NULL,NULL,NULL,NULL,'Teens',NULL,NULL,NULL,'teens','men/men/teens'),('21',3,'12','2017-10-23 15:42:46','2017-10-23 15:42:46','1/2/3/12/21','5','4','0',1,NULL,NULL,NULL,'0',NULL,NULL,NULL,NULL,'0',NULL,NULL,'PRODUCTS',NULL,NULL,NULL,NULL,'1','1','1',NULL,NULL,NULL,NULL,NULL,NULL,NULL,NULL,NULL,NULL,NULL,NULL,'Kids',NULL,NULL,NULL,'kids','men/men/kids'),('22',3,'13','2017-10-23 15:43:03','2017-10-23 15:43:03','1/2/3/13/22','1','4','0',1,NULL,NULL,NULL,'0',NULL,NULL,NULL,NULL,'0',NULL,NULL,'PRODUCTS',NULL,NULL,NULL,NULL,'1','1','1',NULL,NULL,NULL,NULL,NULL,NULL,NULL,NULL,NULL,NULL,NULL,NULL,'Accessories',NULL,NULL,NULL,'accessories','men/women/accessories'),('23',3,'13','2017-10-23 15:43:12','2017-10-23 15:43:12','1/2/3/13/23','2','4','0',1,NULL,NULL,NULL,'0',NULL,NULL,NULL,NULL,'0',NULL,NULL,'PRODUCTS',NULL,NULL,NULL,NULL,'1','1','1',NULL,NULL,NULL,NULL,NULL,NULL,NULL,NULL,NULL,NULL,NULL,NULL,'Kids',NULL,NULL,NULL,'kids','men/women/kids'),('24',3,'13','2017-10-23 15:43:22','2017-10-23 15:43:22','1/2/3/13/24','3','4','0',1,NULL,NULL,NULL,'0',NULL,NULL,NULL,NULL,'0',NULL,NULL,'PRODUCTS',NULL,NULL,NULL,NULL,'1','1','1',NULL,NULL,NULL,NULL,NULL,NULL,NULL,NULL,NULL,NULL,NULL,NULL,'Teens',NULL,NULL,NULL,'teens','men/women/teens'),('25',3,'13','2017-10-23 15:43:30','2017-10-23 15:43:30','1/2/3/13/25','4','4','0',1,NULL,NULL,NULL,'0',NULL,NULL,NULL,NULL,'0',NULL,NULL,'PRODUCTS',NULL,NULL,NULL,NULL,'1','1','1',NULL,NULL,NULL,NULL,NULL,NULL,NULL,NULL,NULL,NULL,NULL,NULL,'Women',NULL,NULL,NULL,'women','men/women/women'),('26',3,'13','2017-10-23 15:43:35','2017-10-23 15:43:35','1/2/3/13/26','5','4','0',1,NULL,NULL,NULL,'0',NULL,NULL,NULL,NULL,'0',NULL,NULL,'PRODUCTS',NULL,NULL,NULL,NULL,'1','1','1',NULL,NULL,NULL,NULL,NULL,NULL,NULL,NULL,NULL,NULL,NULL,NULL,'Men',NULL,NULL,NULL,'men','men/women/men'),('27',3,'14','2017-10-23 15:43:59','2017-10-23 15:43:59','1/2/3/14/27','1','4','0',1,NULL,NULL,NULL,'0',NULL,NULL,NULL,NULL,'0',NULL,NULL,'PRODUCTS',NULL,NULL,NULL,NULL,'1','1','1',NULL,NULL,NULL,NULL,NULL,NULL,NULL,NULL,NULL,NULL,NULL,NULL,'Kids',NULL,NULL,NULL,'kids','men/kids/kids'),('28',3,'14','2017-10-23 15:44:05','2017-10-23 15:44:05','1/2/3/14/28','2','4','0',1,NULL,NULL,NULL,'0',NULL,NULL,NULL,NULL,'0',NULL,NULL,'PRODUCTS',NULL,NULL,NULL,NULL,'1','1','1',NULL,NULL,NULL,NULL,NULL,NULL,NULL,NULL,NULL,NULL,NULL,NULL,'Accessories',NULL,NULL,NULL,'accessories','men/kids/accessories'),('29',3,'14','2017-10-23 15:44:11','2017-10-23 15:44:11','1/2/3/14/29','3','4','0',1,NULL,NULL,NULL,'0',NULL,NULL,NULL,NULL,'0',NULL,NULL,'PRODUCTS',NULL,NULL,NULL,NULL,'1','1','1',NULL,NULL,NULL,NULL,NULL,NULL,NULL,NULL,NULL,NULL,NULL,NULL,'Women',NULL,NULL,NULL,'women','men/kids/women'),('30',3,'14','2017-10-23 15:44:15','2017-10-23 15:44:15','1/2/3/14/30','4','4','0',1,NULL,NULL,NULL,'0',NULL,NULL,NULL,NULL,'0',NULL,NULL,'PRODUCTS',NULL,NULL,NULL,NULL,'1','1','1',NULL,NULL,NULL,NULL,NULL,NULL,NULL,NULL,NULL,NULL,NULL,NULL,'Men',NULL,NULL,NULL,'men','men/kids/men'),('31',3,'14','2017-10-23 15:44:22','2017-10-23 15:44:22','1/2/3/14/31','5','4','0',1,NULL,NULL,NULL,'0',NULL,NULL,NULL,NULL,'0',NULL,NULL,'PRODUCTS',NULL,NULL,NULL,NULL,'1','1','1',NULL,NULL,NULL,NULL,NULL,NULL,NULL,NULL,NULL,NULL,NULL,NULL,'Teens',NULL,NULL,NULL,'teens','men/kids/teens'),('32',3,'15','2017-10-23 15:44:46','2017-10-23 15:44:46','1/2/3/15/32','1','4','0',1,NULL,NULL,NULL,'0',NULL,NULL,NULL,NULL,'0',NULL,NULL,'PRODUCTS',NULL,NULL,NULL,NULL,'1','1','1',NULL,NULL,NULL,NULL,NULL,NULL,NULL,NULL,NULL,NULL,NULL,NULL,'Accessories',NULL,NULL,NULL,'accessories','men/teens/accessories'),('33',3,'15','2017-10-23 15:44:57','2017-10-23 15:44:57','1/2/3/15/33','2','4','0',1,NULL,NULL,NULL,'0',NULL,NULL,NULL,NULL,'0',NULL,NULL,'PRODUCTS',NULL,NULL,NULL,NULL,'1','1','1',NULL,NULL,NULL,NULL,NULL,NULL,NULL,NULL,NULL,NULL,NULL,NULL,'Teens',NULL,NULL,NULL,'teens','men/teens/teens'),('34',3,'15','2017-10-23 15:45:00','2017-10-23 15:45:00','1/2/3/15/34','3','4','0',1,NULL,NULL,NULL,'0',NULL,NULL,NULL,NULL,'0',NULL,NULL,'PRODUCTS',NULL,NULL,NULL,NULL,'1','1','1',NULL,NULL,NULL,NULL,NULL,NULL,NULL,NULL,NULL,NULL,NULL,NULL,'Men',NULL,NULL,NULL,'men','men/teens/men'),('35',3,'15','2017-10-23 15:45:05','2017-10-23 15:45:05','1/2/3/15/35','4','4','0',1,NULL,NULL,NULL,'0',NULL,NULL,NULL,NULL,'0',NULL,NULL,'PRODUCTS',NULL,NULL,NULL,NULL,'1','1','1',NULL,NULL,NULL,NULL,NULL,NULL,NULL,NULL,NULL,NULL,NULL,NULL,'Women',NULL,NULL,NULL,'women','men/teens/women'),('36',3,'15','2017-10-23 15:45:39','2017-10-23 15:45:39','1/2/3/15/36','5','4','0',1,NULL,NULL,NULL,'0',NULL,NULL,NULL,NULL,'0',NULL,NULL,'PRODUCTS',NULL,NULL,NULL,NULL,'1','1','1',NULL,NULL,NULL,NULL,NULL,NULL,NULL,NULL,NULL,NULL,NULL,NULL,'Kids',NULL,NULL,NULL,'kids','men/teens/kids'),('37',3,'16','2017-10-23 15:46:07','2017-10-23 15:46:07','1/2/3/16/37','1','4','0',1,NULL,NULL,NULL,'0',NULL,NULL,NULL,NULL,'0',NULL,NULL,'PRODUCTS',NULL,NULL,NULL,NULL,'1','1','1',NULL,NULL,NULL,NULL,NULL,NULL,NULL,NULL,NULL,NULL,NULL,NULL,'Teens',NULL,NULL,NULL,'teens','men/accessories/teens'),('38',3,'16','2017-10-23 15:46:12','2017-10-23 15:46:12','1/2/3/16/38','2','4','0',1,NULL,NULL,NULL,'0',NULL,NULL,NULL,NULL,'0',NULL,NULL,'PRODUCTS',NULL,NULL,NULL,NULL,'1','1','1',NULL,NULL,NULL,NULL,NULL,NULL,NULL,NULL,NULL,NULL,NULL,NULL,'Kids',NULL,NULL,NULL,'kids','men/accessories/kids'),('39',3,'16','2017-10-23 15:46:18','2017-10-23 15:46:18','1/2/3/16/39','3','4','0',1,NULL,NULL,NULL,'0',NULL,NULL,NULL,NULL,'0',NULL,NULL,'PRODUCTS',NULL,NULL,NULL,NULL,'1','1','1',NULL,NULL,NULL,NULL,NULL,NULL,NULL,NULL,NULL,NULL,NULL,NULL,'Women',NULL,NULL,NULL,'women','men/accessories/women'),('40',3,'16','2017-10-23 15:46:24','2017-10-23 15:46:24','1/2/3/16/40','4','4','0',1,NULL,NULL,NULL,'0',NULL,NULL,NULL,NULL,'0',NULL,NULL,'PRODUCTS',NULL,NULL,NULL,NULL,'1','1','1',NULL,NULL,NULL,NULL,NULL,NULL,NULL,NULL,NULL,NULL,NULL,NULL,'Men',NULL,NULL,NULL,'men','men/accessories/men'),('41',3,'16','2017-10-23 15:46:32','2017-10-23 15:46:32','1/2/3/16/41','5','4','0',1,NULL,NULL,NULL,'0',NULL,NULL,NULL,NULL,'0',NULL,NULL,'PRODUCTS',NULL,NULL,NULL,NULL,'1','1','1',NULL,NULL,NULL,NULL,NULL,NULL,NULL,NULL,NULL,NULL,NULL,NULL,'Accessories',NULL,NULL,NULL,'accessories','men/accessories/accessories');

--
-- Table structure for table `catalog_category_flat_store_2`
--

CREATE TABLE `catalog_category_flat_store_2` (
  `entity_id` int(10) unsigned NOT NULL COMMENT 'entity_id',
  `attribute_set_id` smallint(5) unsigned NOT NULL DEFAULT '0' COMMENT 'attribute_set_id',
  `parent_id` int(10) unsigned NOT NULL DEFAULT '0' COMMENT 'parent_id',
  `created_at` timestamp NOT NULL DEFAULT CURRENT_TIMESTAMP COMMENT 'created_at',
  `updated_at` timestamp NOT NULL DEFAULT CURRENT_TIMESTAMP COMMENT 'updated_at',
  `path` varchar(255) NOT NULL DEFAULT '' COMMENT 'path',
  `position` int(11) NOT NULL COMMENT 'position',
  `level` int(11) NOT NULL DEFAULT '0' COMMENT 'level',
  `children_count` int(11) NOT NULL COMMENT 'children_count',
  `store_id` smallint(5) unsigned NOT NULL DEFAULT '0' COMMENT 'Store Id',
  `all_children` text COMMENT 'All Children',
  `available_sort_by` text COMMENT 'Available Product Listing Sort By',
  `children` text COMMENT 'Children',
  `custom_apply_to_products` int(11) DEFAULT NULL COMMENT 'Apply To Products',
  `custom_design` varchar(255) DEFAULT NULL COMMENT 'Custom Design',
  `custom_design_from` datetime DEFAULT NULL COMMENT 'Active From',
  `custom_design_to` datetime DEFAULT NULL COMMENT 'Active To',
  `custom_layout_update` text COMMENT 'Custom Layout Update',
  `custom_use_parent_settings` int(11) DEFAULT NULL COMMENT 'Use Parent Category Settings',
  `default_sort_by` varchar(255) DEFAULT NULL COMMENT 'Default Product Listing Sort By',
  `description` text COMMENT 'Description',
  `display_mode` varchar(255) DEFAULT NULL COMMENT 'Display Mode',
  `filter_price_range` decimal(12,4) DEFAULT NULL COMMENT 'Layered Navigation Price Step',
  `image` varchar(255) DEFAULT NULL COMMENT 'Image',
  `include_in_menu` int(11) DEFAULT NULL COMMENT 'Include in Navigation Menu',
  `is_active` int(11) DEFAULT NULL COMMENT 'Is Active',
  `is_anchor` int(11) DEFAULT NULL COMMENT 'Is Anchor',
  `landing_page` int(11) DEFAULT NULL COMMENT 'CMS Block',
  `meta_description` text COMMENT 'Meta Description',
  `meta_keywords` text COMMENT 'Meta Keywords',
  `meta_title` varchar(255) DEFAULT NULL COMMENT 'Page Title',
  `name` varchar(255) DEFAULT NULL COMMENT 'Name',
  `page_layout` varchar(255) DEFAULT NULL COMMENT 'Page Layout',
  `path_in_store` text COMMENT 'Path In Store',
  `url_key` varchar(255) DEFAULT NULL COMMENT 'URL Key',
  `url_path` varchar(255) DEFAULT NULL COMMENT 'Url Path',
  PRIMARY KEY (`entity_id`),
  KEY `CATALOG_CATEGORY_FLAT_STORE_2_TMP_STORE_ID` (`store_id`),
  KEY `CATALOG_CATEGORY_FLAT_STORE_2_TMP_PATH` (`path`),
  KEY `CATALOG_CATEGORY_FLAT_STORE_2_TMP_LEVEL` (`level`)
) ENGINE=InnoDB DEFAULT CHARSET=utf8 COMMENT='Catalog Category Flat';

--
-- Dumping data for table `catalog_category_flat_store_2`
--

INSERT INTO `catalog_category_flat_store_2` VALUES ('1',0,'0','2016-03-12 02:24:48','2017-10-23 15:46:32','1','0','0','40',2,NULL,NULL,NULL,NULL,NULL,NULL,NULL,NULL,NULL,NULL,NULL,NULL,NULL,NULL,'1',NULL,NULL,NULL,NULL,NULL,NULL,'Root Catalog',NULL,NULL,NULL,NULL),('2',3,'1','2016-03-12 02:24:49','2017-10-23 15:46:32','1/2','1','1','39',2,NULL,NULL,NULL,NULL,NULL,NULL,NULL,NULL,NULL,NULL,NULL,'PRODUCTS',NULL,NULL,'1','1',NULL,NULL,NULL,NULL,NULL,'Default Category',NULL,NULL,NULL,NULL),('3',3,'2','2017-10-23 15:40:02','2017-10-23 15:46:32','1/2/3','1','2','30',2,NULL,NULL,NULL,'0',NULL,NULL,NULL,NULL,'0',NULL,NULL,'PRODUCTS',NULL,NULL,'1','1','1',NULL,NULL,NULL,NULL,'Men',NULL,NULL,'men','men'),('4',3,'2','2017-10-23 15:40:08','2017-10-23 15:40:08','1/2/4','2','2','0',2,NULL,NULL,NULL,'0',NULL,NULL,NULL,NULL,'0',NULL,NULL,'PRODUCTS',NULL,NULL,'1','1','1',NULL,NULL,NULL,NULL,'Women',NULL,NULL,'women','women'),('5',3,'2','2017-10-23 15:40:14','2017-10-23 15:40:14','1/2/5','3','2','0',2,NULL,NULL,NULL,'0',NULL,NULL,NULL,NULL,'0',NULL,NULL,'PRODUCTS',NULL,NULL,'1','1','1',NULL,NULL,NULL,NULL,'Kids',NULL,NULL,'kids','kids'),('6',3,'2','2017-10-23 15:40:18','2017-10-23 15:40:18','1/2/6','4','2','0',2,NULL,NULL,NULL,'0',NULL,NULL,NULL,NULL,'0',NULL,NULL,'PRODUCTS',NULL,NULL,'1','1','1',NULL,NULL,NULL,NULL,'Teens',NULL,NULL,'teens','teens'),('7',3,'2','2017-10-23 15:40:26','2017-10-23 15:40:26','1/2/7','5','2','0',2,NULL,NULL,NULL,'0',NULL,NULL,NULL,NULL,'0',NULL,NULL,'PRODUCTS',NULL,NULL,'1','1','1',NULL,NULL,NULL,NULL,'Accessories',NULL,NULL,'accessories','accessories'),('8',3,'2','2017-10-23 15:40:34','2017-10-23 15:41:04','1/2/8','6','2','3',2,NULL,NULL,NULL,'0',NULL,NULL,NULL,NULL,'0',NULL,NULL,'PRODUCTS',NULL,NULL,'1','1','1',NULL,NULL,NULL,NULL,'Product types',NULL,NULL,'product-types','product-types'),('9',3,'8','2017-10-23 15:40:52','2017-10-23 15:40:52','1/2/8/9','1','3','0',2,NULL,NULL,NULL,'0',NULL,NULL,NULL,NULL,'0',NULL,NULL,'PRODUCTS',NULL,NULL,'1','1','1',NULL,NULL,NULL,NULL,'Configurable products',NULL,NULL,'configurable-products','product-types/configurable-products'),('10',3,'8','2017-10-23 15:40:58','2017-10-23 15:40:58','1/2/8/10','2','3','0',2,NULL,NULL,NULL,'0',NULL,NULL,NULL,NULL,'0',NULL,NULL,'PRODUCTS',NULL,NULL,'1','1','1',NULL,NULL,NULL,NULL,'Simple products',NULL,NULL,'simple-products','product-types/simple-products'),('11',3,'8','2017-10-23 15:41:04','2017-10-23 15:41:05','1/2/8/11','3','3','0',2,NULL,NULL,NULL,'0',NULL,NULL,NULL,NULL,'0',NULL,NULL,'PRODUCTS',NULL,NULL,'1','1','1',NULL,NULL,NULL,NULL,'Products with options',NULL,NULL,'products-with-options','product-types/products-with-options'),('12',3,'3','2017-10-23 15:41:12','2017-10-23 15:42:46','1/2/3/12','1','3','5',2,NULL,NULL,NULL,'0',NULL,NULL,NULL,NULL,'0',NULL,NULL,'PRODUCTS',NULL,NULL,'1','1','1',NULL,NULL,NULL,NULL,'Men',NULL,NULL,'men','men/men'),('13',3,'3','2017-10-23 15:41:23','2017-10-23 15:43:35','1/2/3/13','2','3','5',2,NULL,NULL,NULL,'0',NULL,NULL,NULL,NULL,'0',NULL,NULL,'PRODUCTS',NULL,NULL,'1','1','1',NULL,NULL,NULL,NULL,'Women',NULL,NULL,'women','men/women'),('14',3,'3','2017-10-23 15:41:28','2017-10-23 15:44:22','1/2/3/14','3','3','5',2,NULL,NULL,NULL,'0',NULL,NULL,NULL,NULL,'0',NULL,NULL,'PRODUCTS',NULL,NULL,'1','1','1',NULL,NULL,NULL,NULL,'Kids',NULL,NULL,'kids','men/kids'),('15',3,'3','2017-10-23 15:41:33','2017-10-23 15:45:39','1/2/3/15','4','3','5',2,NULL,NULL,NULL,'0',NULL,NULL,NULL,NULL,'0',NULL,NULL,'PRODUCTS',NULL,NULL,'1','1','1',NULL,NULL,NULL,NULL,'Teens',NULL,NULL,'teens','men/teens'),('16',3,'3','2017-10-23 15:41:41','2017-10-23 15:46:32','1/2/3/16','5','3','5',2,NULL,NULL,NULL,'0',NULL,NULL,NULL,NULL,'0',NULL,NULL,'PRODUCTS',NULL,NULL,'1','1','1',NULL,NULL,NULL,NULL,'Accessories',NULL,NULL,'accessories','men/accessories'),('17',3,'12','2017-10-23 15:42:16','2017-10-23 15:42:16','1/2/3/12/17','1','4','0',2,NULL,NULL,NULL,'0',NULL,NULL,NULL,NULL,'0',NULL,NULL,'PRODUCTS',NULL,NULL,'1','1','1',NULL,NULL,NULL,NULL,'Accessories',NULL,NULL,'accessories','men/men/accessories'),('18',3,'12','2017-10-23 15:42:24','2017-10-23 15:42:25','1/2/3/12/18','2','4','0',2,NULL,NULL,NULL,'0',NULL,NULL,NULL,NULL,'0',NULL,NULL,'PRODUCTS',NULL,NULL,'1','1','1',NULL,NULL,NULL,NULL,'Women',NULL,NULL,'women','men/men/women'),('19',3,'12','2017-10-23 15:42:36','2017-10-23 15:42:36','1/2/3/12/19','3','4','0',2,NULL,NULL,NULL,'0',NULL,NULL,NULL,NULL,'0',NULL,NULL,'PRODUCTS',NULL,NULL,'1','1','1',NULL,NULL,NULL,NULL,'Men',NULL,NULL,'men','men/men/men'),('20',3,'12','2017-10-23 15:42:41','2017-10-23 15:42:41','1/2/3/12/20','4','4','0',2,NULL,NULL,NULL,'0',NULL,NULL,NULL,NULL,'0',NULL,NULL,'PRODUCTS',NULL,NULL,'1','1','1',NULL,NULL,NULL,NULL,'Teens',NULL,NULL,'teens','men/men/teens'),('21',3,'12','2017-10-23 15:42:46','2017-10-23 15:42:46','1/2/3/12/21','5','4','0',2,NULL,NULL,NULL,'0',NULL,NULL,NULL,NULL,'0',NULL,NULL,'PRODUCTS',NULL,NULL,'1','1','1',NULL,NULL,NULL,NULL,'Kids',NULL,NULL,'kids','men/men/kids'),('22',3,'13','2017-10-23 15:43:03','2017-10-23 15:43:03','1/2/3/13/22','1','4','0',2,NULL,NULL,NULL,'0',NULL,NULL,NULL,NULL,'0',NULL,NULL,'PRODUCTS',NULL,NULL,'1','1','1',NULL,NULL,NULL,NULL,'Accessories',NULL,NULL,'accessories','men/women/accessories'),('23',3,'13','2017-10-23 15:43:12','2017-10-23 15:43:12','1/2/3/13/23','2','4','0',2,NULL,NULL,NULL,'0',NULL,NULL,NULL,NULL,'0',NULL,NULL,'PRODUCTS',NULL,NULL,'1','1','1',NULL,NULL,NULL,NULL,'Kids',NULL,NULL,'kids','men/women/kids'),('24',3,'13','2017-10-23 15:43:22','2017-10-23 15:43:22','1/2/3/13/24','3','4','0',2,NULL,NULL,NULL,'0',NULL,NULL,NULL,NULL,'0',NULL,NULL,'PRODUCTS',NULL,NULL,'1','1','1',NULL,NULL,NULL,NULL,'Teens',NULL,NULL,'teens','men/women/teens'),('25',3,'13','2017-10-23 15:43:30','2017-10-23 15:43:30','1/2/3/13/25','4','4','0',2,NULL,NULL,NULL,'0',NULL,NULL,NULL,NULL,'0',NULL,NULL,'PRODUCTS',NULL,NULL,'1','1','1',NULL,NULL,NULL,NULL,'Women',NULL,NULL,'women','men/women/women'),('26',3,'13','2017-10-23 15:43:35','2017-10-23 15:43:35','1/2/3/13/26','5','4','0',2,NULL,NULL,NULL,'0',NULL,NULL,NULL,NULL,'0',NULL,NULL,'PRODUCTS',NULL,NULL,'1','1','1',NULL,NULL,NULL,NULL,'Men',NULL,NULL,'men','men/women/men'),('27',3,'14','2017-10-23 15:43:59','2017-10-23 15:43:59','1/2/3/14/27','1','4','0',2,NULL,NULL,NULL,'0',NULL,NULL,NULL,NULL,'0',NULL,NULL,'PRODUCTS',NULL,NULL,'1','1','1',NULL,NULL,NULL,NULL,'Kids',NULL,NULL,'kids','men/kids/kids'),('28',3,'14','2017-10-23 15:44:05','2017-10-23 15:44:05','1/2/3/14/28','2','4','0',2,NULL,NULL,NULL,'0',NULL,NULL,NULL,NULL,'0',NULL,NULL,'PRODUCTS',NULL,NULL,'1','1','1',NULL,NULL,NULL,NULL,'Accessories',NULL,NULL,'accessories','men/kids/accessories'),('29',3,'14','2017-10-23 15:44:11','2017-10-23 15:44:11','1/2/3/14/29','3','4','0',2,NULL,NULL,NULL,'0',NULL,NULL,NULL,NULL,'0',NULL,NULL,'PRODUCTS',NULL,NULL,'1','1','1',NULL,NULL,NULL,NULL,'Women',NULL,NULL,'women','men/kids/women'),('30',3,'14','2017-10-23 15:44:15','2017-10-23 15:44:15','1/2/3/14/30','4','4','0',2,NULL,NULL,NULL,'0',NULL,NULL,NULL,NULL,'0',NULL,NULL,'PRODUCTS',NULL,NULL,'1','1','1',NULL,NULL,NULL,NULL,'Men',NULL,NULL,'men','men/kids/men'),('31',3,'14','2017-10-23 15:44:22','2017-10-23 15:44:22','1/2/3/14/31','5','4','0',2,NULL,NULL,NULL,'0',NULL,NULL,NULL,NULL,'0',NULL,NULL,'PRODUCTS',NULL,NULL,'1','1','1',NULL,NULL,NULL,NULL,'Teens',NULL,NULL,'teens','men/kids/teens'),('32',3,'15','2017-10-23 15:44:46','2017-10-23 15:44:46','1/2/3/15/32','1','4','0',2,NULL,NULL,NULL,'0',NULL,NULL,NULL,NULL,'0',NULL,NULL,'PRODUCTS',NULL,NULL,'1','1','1',NULL,NULL,NULL,NULL,'Accessories',NULL,NULL,'accessories','men/teens/accessories'),('33',3,'15','2017-10-23 15:44:57','2017-10-23 15:44:57','1/2/3/15/33','2','4','0',2,NULL,NULL,NULL,'0',NULL,NULL,NULL,NULL,'0',NULL,NULL,'PRODUCTS',NULL,NULL,'1','1','1',NULL,NULL,NULL,NULL,'Teens',NULL,NULL,'teens','men/teens/teens'),('34',3,'15','2017-10-23 15:45:00','2017-10-23 15:45:00','1/2/3/15/34','3','4','0',2,NULL,NULL,NULL,'0',NULL,NULL,NULL,NULL,'0',NULL,NULL,'PRODUCTS',NULL,NULL,'1','1','1',NULL,NULL,NULL,NULL,'Men',NULL,NULL,'men','men/teens/men'),('35',3,'15','2017-10-23 15:45:05','2017-10-23 15:45:05','1/2/3/15/35','4','4','0',2,NULL,NULL,NULL,'0',NULL,NULL,NULL,NULL,'0',NULL,NULL,'PRODUCTS',NULL,NULL,'1','1','1',NULL,NULL,NULL,NULL,'Women',NULL,NULL,'women','men/teens/women'),('36',3,'15','2017-10-23 15:45:39','2017-10-23 15:45:39','1/2/3/15/36','5','4','0',2,NULL,NULL,NULL,'0',NULL,NULL,NULL,NULL,'0',NULL,NULL,'PRODUCTS',NULL,NULL,'1','1','1',NULL,NULL,NULL,NULL,'Kids',NULL,NULL,'kids','men/teens/kids'),('37',3,'16','2017-10-23 15:46:07','2017-10-23 15:46:07','1/2/3/16/37','1','4','0',2,NULL,NULL,NULL,'0',NULL,NULL,NULL,NULL,'0',NULL,NULL,'PRODUCTS',NULL,NULL,'1','1','1',NULL,NULL,NULL,NULL,'Teens',NULL,NULL,'teens','men/accessories/teens'),('38',3,'16','2017-10-23 15:46:12','2017-10-23 15:46:12','1/2/3/16/38','2','4','0',2,NULL,NULL,NULL,'0',NULL,NULL,NULL,NULL,'0',NULL,NULL,'PRODUCTS',NULL,NULL,'1','1','1',NULL,NULL,NULL,NULL,'Kids',NULL,NULL,'kids','men/accessories/kids'),('39',3,'16','2017-10-23 15:46:18','2017-10-23 15:46:18','1/2/3/16/39','3','4','0',2,NULL,NULL,NULL,'0',NULL,NULL,NULL,NULL,'0',NULL,NULL,'PRODUCTS',NULL,NULL,'1','1','1',NULL,NULL,NULL,NULL,'Women',NULL,NULL,'women','men/accessories/women'),('40',3,'16','2017-10-23 15:46:24','2017-10-23 15:46:24','1/2/3/16/40','4','4','0',2,NULL,NULL,NULL,'0',NULL,NULL,NULL,NULL,'0',NULL,NULL,'PRODUCTS',NULL,NULL,'1','1','1',NULL,NULL,NULL,NULL,'Men',NULL,NULL,'men','men/accessories/men'),('41',3,'16','2017-10-23 15:46:32','2017-10-23 15:46:32','1/2/3/16/41','5','4','0',2,NULL,NULL,NULL,'0',NULL,NULL,NULL,NULL,'0',NULL,NULL,'PRODUCTS',NULL,NULL,'1','1','1',NULL,NULL,NULL,NULL,'Accessories',NULL,NULL,'accessories','men/accessories/accessories');

--
-- Table structure for table `catalog_category_flat_store_3`
--

CREATE TABLE `catalog_category_flat_store_3` (
  `entity_id` int(10) unsigned NOT NULL COMMENT 'entity_id',
  `attribute_set_id` smallint(5) unsigned NOT NULL DEFAULT '0' COMMENT 'attribute_set_id',
  `parent_id` int(10) unsigned NOT NULL DEFAULT '0' COMMENT 'parent_id',
  `created_at` timestamp NOT NULL DEFAULT CURRENT_TIMESTAMP COMMENT 'created_at',
  `updated_at` timestamp NOT NULL DEFAULT CURRENT_TIMESTAMP COMMENT 'updated_at',
  `path` varchar(255) NOT NULL DEFAULT '' COMMENT 'path',
  `position` int(11) NOT NULL COMMENT 'position',
  `level` int(11) NOT NULL DEFAULT '0' COMMENT 'level',
  `children_count` int(11) NOT NULL COMMENT 'children_count',
  `store_id` smallint(5) unsigned NOT NULL DEFAULT '0' COMMENT 'Store Id',
  `all_children` text COMMENT 'All Children',
  `available_sort_by` text COMMENT 'Available Product Listing Sort By',
  `children` text COMMENT 'Children',
  `custom_apply_to_products` int(11) DEFAULT NULL COMMENT 'Apply To Products',
  `custom_design` varchar(255) DEFAULT NULL COMMENT 'Custom Design',
  `custom_design_from` datetime DEFAULT NULL COMMENT 'Active From',
  `custom_design_to` datetime DEFAULT NULL COMMENT 'Active To',
  `custom_layout_update` text COMMENT 'Custom Layout Update',
  `custom_use_parent_settings` int(11) DEFAULT NULL COMMENT 'Use Parent Category Settings',
  `default_sort_by` varchar(255) DEFAULT NULL COMMENT 'Default Product Listing Sort By',
  `description` text COMMENT 'Description',
  `display_mode` varchar(255) DEFAULT NULL COMMENT 'Display Mode',
  `filter_price_range` decimal(12,4) DEFAULT NULL COMMENT 'Layered Navigation Price Step',
  `image` varchar(255) DEFAULT NULL COMMENT 'Image',
  `include_in_menu` int(11) DEFAULT NULL COMMENT 'Include in Navigation Menu',
  `is_active` int(11) DEFAULT NULL COMMENT 'Is Active',
  `is_anchor` int(11) DEFAULT NULL COMMENT 'Is Anchor',
  `landing_page` int(11) DEFAULT NULL COMMENT 'CMS Block',
  `meta_description` text COMMENT 'Meta Description',
  `meta_keywords` text COMMENT 'Meta Keywords',
  `meta_title` varchar(255) DEFAULT NULL COMMENT 'Page Title',
  `name` varchar(255) DEFAULT NULL COMMENT 'Name',
  `page_layout` varchar(255) DEFAULT NULL COMMENT 'Page Layout',
  `path_in_store` text COMMENT 'Path In Store',
  `url_key` varchar(255) DEFAULT NULL COMMENT 'URL Key',
  `url_path` varchar(255) DEFAULT NULL COMMENT 'Url Path',
  PRIMARY KEY (`entity_id`),
  KEY `CATALOG_CATEGORY_FLAT_STORE_3_TMP_STORE_ID` (`store_id`),
  KEY `CATALOG_CATEGORY_FLAT_STORE_3_TMP_PATH` (`path`),
  KEY `CATALOG_CATEGORY_FLAT_STORE_3_TMP_LEVEL` (`level`)
) ENGINE=InnoDB DEFAULT CHARSET=utf8 COMMENT='Catalog Category Flat';

--
-- Dumping data for table `catalog_category_flat_store_3`
--

INSERT INTO `catalog_category_flat_store_3` VALUES ('1',0,'0','2016-03-12 02:24:48','2017-10-23 15:46:32','1','0','0','40',3,NULL,NULL,NULL,NULL,NULL,NULL,NULL,NULL,NULL,NULL,NULL,NULL,NULL,NULL,'1',NULL,NULL,NULL,NULL,NULL,NULL,'Root Catalog',NULL,NULL,NULL,NULL),('2',3,'1','2016-03-12 02:24:49','2017-10-23 15:46:32','1/2','1','1','39',3,NULL,NULL,NULL,NULL,NULL,NULL,NULL,NULL,NULL,NULL,NULL,'PRODUCTS',NULL,NULL,'1','1',NULL,NULL,NULL,NULL,NULL,'Default Category',NULL,NULL,NULL,NULL),('3',3,'2','2017-10-23 15:40:02','2017-10-23 15:46:32','1/2/3','1','2','30',3,NULL,NULL,NULL,'0',NULL,NULL,NULL,NULL,'0',NULL,NULL,'PRODUCTS',NULL,NULL,'1','1','1',NULL,NULL,NULL,NULL,'Men',NULL,NULL,'men','men'),('4',3,'2','2017-10-23 15:40:08','2017-10-23 15:40:08','1/2/4','2','2','0',3,NULL,NULL,NULL,'0',NULL,NULL,NULL,NULL,'0',NULL,NULL,'PRODUCTS',NULL,NULL,'1','1','1',NULL,NULL,NULL,NULL,'Women',NULL,NULL,'women','women'),('5',3,'2','2017-10-23 15:40:14','2017-10-23 15:40:14','1/2/5','3','2','0',3,NULL,NULL,NULL,'0',NULL,NULL,NULL,NULL,'0',NULL,NULL,'PRODUCTS',NULL,NULL,'1','1','1',NULL,NULL,NULL,NULL,'Kids',NULL,NULL,'kids','kids'),('6',3,'2','2017-10-23 15:40:18','2017-10-23 15:40:18','1/2/6','4','2','0',3,NULL,NULL,NULL,'0',NULL,NULL,NULL,NULL,'0',NULL,NULL,'PRODUCTS',NULL,NULL,'1','1','1',NULL,NULL,NULL,NULL,'Teens',NULL,NULL,'teens','teens'),('7',3,'2','2017-10-23 15:40:26','2017-10-23 15:40:26','1/2/7','5','2','0',3,NULL,NULL,NULL,'0',NULL,NULL,NULL,NULL,'0',NULL,NULL,'PRODUCTS',NULL,NULL,'1','1','1',NULL,NULL,NULL,NULL,'Accessories',NULL,NULL,'accessories','accessories'),('8',3,'2','2017-10-23 15:40:34','2017-10-23 15:41:04','1/2/8','6','2','3',3,NULL,NULL,NULL,'0',NULL,NULL,NULL,NULL,'0',NULL,NULL,'PRODUCTS',NULL,NULL,'1','1','1',NULL,NULL,NULL,NULL,'Product types',NULL,NULL,'product-types','product-types'),('9',3,'8','2017-10-23 15:40:52','2017-10-23 15:40:52','1/2/8/9','1','3','0',3,NULL,NULL,NULL,'0',NULL,NULL,NULL,NULL,'0',NULL,NULL,'PRODUCTS',NULL,NULL,'1','1','1',NULL,NULL,NULL,NULL,'Configurable products',NULL,NULL,'configurable-products','product-types/configurable-products'),('10',3,'8','2017-10-23 15:40:58','2017-10-23 15:40:58','1/2/8/10','2','3','0',3,NULL,NULL,NULL,'0',NULL,NULL,NULL,NULL,'0',NULL,NULL,'PRODUCTS',NULL,NULL,'1','1','1',NULL,NULL,NULL,NULL,'Simple products',NULL,NULL,'simple-products','product-types/simple-products'),('11',3,'8','2017-10-23 15:41:04','2017-10-23 15:41:05','1/2/8/11','3','3','0',3,NULL,NULL,NULL,'0',NULL,NULL,NULL,NULL,'0',NULL,NULL,'PRODUCTS',NULL,NULL,'1','1','1',NULL,NULL,NULL,NULL,'Products with options',NULL,NULL,'products-with-options','product-types/products-with-options'),('12',3,'3','2017-10-23 15:41:12','2017-10-23 15:42:46','1/2/3/12','1','3','5',3,NULL,NULL,NULL,'0',NULL,NULL,NULL,NULL,'0',NULL,NULL,'PRODUCTS',NULL,NULL,'1','1','1',NULL,NULL,NULL,NULL,'Men',NULL,NULL,'men','men/men'),('13',3,'3','2017-10-23 15:41:23','2017-10-23 15:43:35','1/2/3/13','2','3','5',3,NULL,NULL,NULL,'0',NULL,NULL,NULL,NULL,'0',NULL,NULL,'PRODUCTS',NULL,NULL,'1','1','1',NULL,NULL,NULL,NULL,'Women',NULL,NULL,'women','men/women'),('14',3,'3','2017-10-23 15:41:28','2017-10-23 15:44:22','1/2/3/14','3','3','5',3,NULL,NULL,NULL,'0',NULL,NULL,NULL,NULL,'0',NULL,NULL,'PRODUCTS',NULL,NULL,'1','1','1',NULL,NULL,NULL,NULL,'Kids',NULL,NULL,'kids','men/kids'),('15',3,'3','2017-10-23 15:41:33','2017-10-23 15:45:39','1/2/3/15','4','3','5',3,NULL,NULL,NULL,'0',NULL,NULL,NULL,NULL,'0',NULL,NULL,'PRODUCTS',NULL,NULL,'1','1','1',NULL,NULL,NULL,NULL,'Teens',NULL,NULL,'teens','men/teens'),('16',3,'3','2017-10-23 15:41:41','2017-10-23 15:46:32','1/2/3/16','5','3','5',3,NULL,NULL,NULL,'0',NULL,NULL,NULL,NULL,'0',NULL,NULL,'PRODUCTS',NULL,NULL,'1','1','1',NULL,NULL,NULL,NULL,'Accessories',NULL,NULL,'accessories','men/accessories'),('17',3,'12','2017-10-23 15:42:16','2017-10-23 15:42:16','1/2/3/12/17','1','4','0',3,NULL,NULL,NULL,'0',NULL,NULL,NULL,NULL,'0',NULL,NULL,'PRODUCTS',NULL,NULL,'1','1','1',NULL,NULL,NULL,NULL,'Accessories',NULL,NULL,'accessories','men/men/accessories'),('18',3,'12','2017-10-23 15:42:24','2017-10-23 15:42:25','1/2/3/12/18','2','4','0',3,NULL,NULL,NULL,'0',NULL,NULL,NULL,NULL,'0',NULL,NULL,'PRODUCTS',NULL,NULL,'1','1','1',NULL,NULL,NULL,NULL,'Women',NULL,NULL,'women','men/men/women'),('19',3,'12','2017-10-23 15:42:36','2017-10-23 15:42:36','1/2/3/12/19','3','4','0',3,NULL,NULL,NULL,'0',NULL,NULL,NULL,NULL,'0',NULL,NULL,'PRODUCTS',NULL,NULL,'1','1','1',NULL,NULL,NULL,NULL,'Men',NULL,NULL,'men','men/men/men'),('20',3,'12','2017-10-23 15:42:41','2017-10-23 15:42:41','1/2/3/12/20','4','4','0',3,NULL,NULL,NULL,'0',NULL,NULL,NULL,NULL,'0',NULL,NULL,'PRODUCTS',NULL,NULL,'1','1','1',NULL,NULL,NULL,NULL,'Teens',NULL,NULL,'teens','men/men/teens'),('21',3,'12','2017-10-23 15:42:46','2017-10-23 15:42:46','1/2/3/12/21','5','4','0',3,NULL,NULL,NULL,'0',NULL,NULL,NULL,NULL,'0',NULL,NULL,'PRODUCTS',NULL,NULL,'1','1','1',NULL,NULL,NULL,NULL,'Kids',NULL,NULL,'kids','men/men/kids'),('22',3,'13','2017-10-23 15:43:03','2017-10-23 15:43:03','1/2/3/13/22','1','4','0',3,NULL,NULL,NULL,'0',NULL,NULL,NULL,NULL,'0',NULL,NULL,'PRODUCTS',NULL,NULL,'1','1','1',NULL,NULL,NULL,NULL,'Accessories',NULL,NULL,'accessories','men/women/accessories'),('23',3,'13','2017-10-23 15:43:12','2017-10-23 15:43:12','1/2/3/13/23','2','4','0',3,NULL,NULL,NULL,'0',NULL,NULL,NULL,NULL,'0',NULL,NULL,'PRODUCTS',NULL,NULL,'1','1','1',NULL,NULL,NULL,NULL,'Kids',NULL,NULL,'kids','men/women/kids'),('24',3,'13','2017-10-23 15:43:22','2017-10-23 15:43:22','1/2/3/13/24','3','4','0',3,NULL,NULL,NULL,'0',NULL,NULL,NULL,NULL,'0',NULL,NULL,'PRODUCTS',NULL,NULL,'1','1','1',NULL,NULL,NULL,NULL,'Teens',NULL,NULL,'teens','men/women/teens'),('25',3,'13','2017-10-23 15:43:30','2017-10-23 15:43:30','1/2/3/13/25','4','4','0',3,NULL,NULL,NULL,'0',NULL,NULL,NULL,NULL,'0',NULL,NULL,'PRODUCTS',NULL,NULL,'1','1','1',NULL,NULL,NULL,NULL,'Women',NULL,NULL,'women','men/women/women'),('26',3,'13','2017-10-23 15:43:35','2017-10-23 15:43:35','1/2/3/13/26','5','4','0',3,NULL,NULL,NULL,'0',NULL,NULL,NULL,NULL,'0',NULL,NULL,'PRODUCTS',NULL,NULL,'1','1','1',NULL,NULL,NULL,NULL,'Men',NULL,NULL,'men','men/women/men'),('27',3,'14','2017-10-23 15:43:59','2017-10-23 15:43:59','1/2/3/14/27','1','4','0',3,NULL,NULL,NULL,'0',NULL,NULL,NULL,NULL,'0',NULL,NULL,'PRODUCTS',NULL,NULL,'1','1','1',NULL,NULL,NULL,NULL,'Kids',NULL,NULL,'kids','men/kids/kids'),('28',3,'14','2017-10-23 15:44:05','2017-10-23 15:44:05','1/2/3/14/28','2','4','0',3,NULL,NULL,NULL,'0',NULL,NULL,NULL,NULL,'0',NULL,NULL,'PRODUCTS',NULL,NULL,'1','1','1',NULL,NULL,NULL,NULL,'Accessories',NULL,NULL,'accessories','men/kids/accessories'),('29',3,'14','2017-10-23 15:44:11','2017-10-23 15:44:11','1/2/3/14/29','3','4','0',3,NULL,NULL,NULL,'0',NULL,NULL,NULL,NULL,'0',NULL,NULL,'PRODUCTS',NULL,NULL,'1','1','1',NULL,NULL,NULL,NULL,'Women',NULL,NULL,'women','men/kids/women'),('30',3,'14','2017-10-23 15:44:15','2017-10-23 15:44:15','1/2/3/14/30','4','4','0',3,NULL,NULL,NULL,'0',NULL,NULL,NULL,NULL,'0',NULL,NULL,'PRODUCTS',NULL,NULL,'1','1','1',NULL,NULL,NULL,NULL,'Men',NULL,NULL,'men','men/kids/men'),('31',3,'14','2017-10-23 15:44:22','2017-10-23 15:44:22','1/2/3/14/31','5','4','0',3,NULL,NULL,NULL,'0',NULL,NULL,NULL,NULL,'0',NULL,NULL,'PRODUCTS',NULL,NULL,'1','1','1',NULL,NULL,NULL,NULL,'Teens',NULL,NULL,'teens','men/kids/teens'),('32',3,'15','2017-10-23 15:44:46','2017-10-23 15:44:46','1/2/3/15/32','1','4','0',3,NULL,NULL,NULL,'0',NULL,NULL,NULL,NULL,'0',NULL,NULL,'PRODUCTS',NULL,NULL,'1','1','1',NULL,NULL,NULL,NULL,'Accessories',NULL,NULL,'accessories','men/teens/accessories'),('33',3,'15','2017-10-23 15:44:57','2017-10-23 15:44:57','1/2/3/15/33','2','4','0',3,NULL,NULL,NULL,'0',NULL,NULL,NULL,NULL,'0',NULL,NULL,'PRODUCTS',NULL,NULL,'1','1','1',NULL,NULL,NULL,NULL,'Teens',NULL,NULL,'teens','men/teens/teens'),('34',3,'15','2017-10-23 15:45:00','2017-10-23 15:45:00','1/2/3/15/34','3','4','0',3,NULL,NULL,NULL,'0',NULL,NULL,NULL,NULL,'0',NULL,NULL,'PRODUCTS',NULL,NULL,'1','1','1',NULL,NULL,NULL,NULL,'Men',NULL,NULL,'men','men/teens/men'),('35',3,'15','2017-10-23 15:45:05','2017-10-23 15:45:05','1/2/3/15/35','4','4','0',3,NULL,NULL,NULL,'0',NULL,NULL,NULL,NULL,'0',NULL,NULL,'PRODUCTS',NULL,NULL,'1','1','1',NULL,NULL,NULL,NULL,'Women',NULL,NULL,'women','men/teens/women'),('36',3,'15','2017-10-23 15:45:39','2017-10-23 15:45:39','1/2/3/15/36','5','4','0',3,NULL,NULL,NULL,'0',NULL,NULL,NULL,NULL,'0',NULL,NULL,'PRODUCTS',NULL,NULL,'1','1','1',NULL,NULL,NULL,NULL,'Kids',NULL,NULL,'kids','men/teens/kids'),('37',3,'16','2017-10-23 15:46:07','2017-10-23 15:46:07','1/2/3/16/37','1','4','0',3,NULL,NULL,NULL,'0',NULL,NULL,NULL,NULL,'0',NULL,NULL,'PRODUCTS',NULL,NULL,'1','1','1',NULL,NULL,NULL,NULL,'Teens',NULL,NULL,'teens','men/accessories/teens'),('38',3,'16','2017-10-23 15:46:12','2017-10-23 15:46:12','1/2/3/16/38','2','4','0',3,NULL,NULL,NULL,'0',NULL,NULL,NULL,NULL,'0',NULL,NULL,'PRODUCTS',NULL,NULL,'1','1','1',NULL,NULL,NULL,NULL,'Kids',NULL,NULL,'kids','men/accessories/kids'),('39',3,'16','2017-10-23 15:46:18','2017-10-23 15:46:18','1/2/3/16/39','3','4','0',3,NULL,NULL,NULL,'0',NULL,NULL,NULL,NULL,'0',NULL,NULL,'PRODUCTS',NULL,NULL,'1','1','1',NULL,NULL,NULL,NULL,'Women',NULL,NULL,'women','men/accessories/women'),('40',3,'16','2017-10-23 15:46:24','2017-10-23 15:46:24','1/2/3/16/40','4','4','0',3,NULL,NULL,NULL,'0',NULL,NULL,NULL,NULL,'0',NULL,NULL,'PRODUCTS',NULL,NULL,'1','1','1',NULL,NULL,NULL,NULL,'Men',NULL,NULL,'men','men/accessories/men'),('41',3,'16','2017-10-23 15:46:32','2017-10-23 15:46:32','1/2/3/16/41','5','4','0',3,NULL,NULL,NULL,'0',NULL,NULL,NULL,NULL,'0',NULL,NULL,'PRODUCTS',NULL,NULL,'1','1','1',NULL,NULL,NULL,NULL,'Accessories',NULL,NULL,'accessories','men/accessories/accessories');

--
-- Table structure for table `catalog_category_product`
--

CREATE TABLE `catalog_category_product` (
  `category_id` int(10) unsigned NOT NULL DEFAULT '0' COMMENT 'Category ID',
  `product_id` int(10) unsigned NOT NULL DEFAULT '0' COMMENT 'Product ID',
  `position` int(11) NOT NULL DEFAULT '0' COMMENT 'Position',
  PRIMARY KEY (`category_id`,`product_id`),
  UNIQUE KEY `CATALOG_CATEGORY_PRODUCT_CATEGORY_ID_PRODUCT_ID` (`category_id`,`product_id`),
  KEY `CATALOG_CATEGORY_PRODUCT_PRODUCT_ID` (`product_id`)
) ENGINE=InnoDB DEFAULT CHARSET=utf8 COMMENT='Catalog Product To Category Linkage Table';

--
-- Dumping data for table `catalog_category_product`
--

INSERT INTO `catalog_category_product` VALUES ('3','1','1'),('3','2','1'),('3','3','1'),('3','4','1'),('3','5','1'),('3','6','1'),('3','10','1'),('3','11','1'),('3','12','1'),('3','13','1'),('3','14','1'),('3','15','1'),('3','16','1'),('3','17','1'),('3','18','1'),('3','19','1'),('3','20','1'),('3','21','1'),('3','22','1'),('3','23','1'),('3','24','1'),('3','25','1'),('3','26','1'),('3','27','1'),('3','28','1'),('3','29','1'),('3','30','1'),('3','31','1'),('3','32','1'),('3','33','1'),('3','34','1'),('3','35','1'),('4','2','1'),('4','3','1'),('4','4','1'),('4','5','1'),('4','6','1'),('4','7','1'),('4','8','1'),('4','9','1'),('4','11','1'),('4','12','1'),('4','13','1'),('4','14','1'),('4','16','1'),('4','17','1'),('4','18','1'),('4','19','1'),('4','20','1'),('4','21','1'),('4','22','1'),('4','23','1'),('4','24','1'),('4','25','1'),('4','26','1'),('4','27','1'),('4','28','1'),('4','29','1'),('4','30','1'),('4','31','1'),('4','32','1'),('4','33','1'),('4','34','1'),('4','35','1'),('5','2','1'),('5','3','1'),('5','4','1'),('5','6','1'),('5','7','1'),('5','8','1'),('5','9','1'),('5','11','1'),('5','12','1'),('5','13','1'),('5','14','1'),('5','15','1'),('5','16','1'),('5','17','1'),('5','18','1'),('5','19','1'),('5','20','1'),('5','21','1'),('5','22','1'),('5','23','1'),('5','24','1'),('5','25','1'),('5','26','1'),('5','27','1'),('5','28','1'),('5','29','1'),('5','30','1'),('5','31','1'),('5','32','1'),('5','33','1'),('5','34','1'),('5','35','1'),('6','1','1'),('6','10','1'),('6','15','1'),('6','16','1'),('6','17','1'),('6','18','1'),('6','19','1'),('6','20','1'),('6','21','1'),('6','22','1'),('6','23','1'),('6','24','1'),('6','25','1'),('6','26','1'),('6','27','1'),('6','28','1'),('6','29','1'),('6','30','1'),('6','31','1'),('6','32','1'),('6','33','1'),('6','34','1'),('6','35','1'),('7','1','1'),('7','5','1'),('7','7','1'),('7','8','1'),('7','9','1'),('7','11','1'),('7','12','1'),('7','13','1'),('7','14','1'),('8','1','1'),('8','2','1'),('8','3','1'),('8','4','1'),('8','5','1'),('8','6','1'),('8','7','1'),('8','8','1'),('8','9','1'),('8','10','1'),('8','11','1'),('8','12','1'),('8','13','1'),('8','14','1'),('8','15','1'),('8','16','1'),('8','17','1'),('8','18','1'),('8','19','1'),('8','20','1'),('8','21','1'),('8','22','1'),('8','23','1'),('8','24','1'),('8','25','1'),('8','26','1'),('8','27','1'),('8','28','1'),('8','29','1'),('8','30','1'),('8','31','1'),('8','32','1'),('8','33','1'),('8','34','1'),('8','35','1'),('9','16','1'),('9','17','1'),('9','18','1'),('9','19','1'),('9','20','1'),('9','21','1'),('9','22','1'),('9','23','1'),('9','24','1'),('9','25','1'),('9','26','1'),('9','27','1'),('9','28','1'),('9','29','1'),('9','30','1'),('9','31','1'),('9','32','1'),('9','33','1'),('9','34','1'),('9','35','1'),('10','1','1'),('10','2','1'),('10','3','1'),('10','4','1'),('10','5','1'),('10','6','1'),('10','7','1'),('10','8','1'),('10','9','1'),('10','10','1'),('11','11','1'),('11','12','1'),('11','13','1'),('11','14','1'),('11','15','1'),('12','2','1'),('12','5','1'),('12','10','1'),('12','11','1'),('12','12','1'),('12','13','1'),('12','14','1'),('12','15','1'),('12','16','1'),('12','17','1'),('12','18','1'),('12','19','1'),('12','20','1'),('12','21','1'),('12','22','1'),('12','23','1'),('12','24','1'),('12','25','1'),('12','26','1'),('12','27','1'),('12','28','1'),('12','29','1'),('12','30','1'),('12','31','1'),('12','32','1'),('12','33','1'),('12','34','1'),('12','35','1'),('13','1','1'),('13','2','1'),('13','3','1'),('13','4','1'),('13','5','1'),('13','6','1'),('13','7','1'),('13','8','1'),('13','9','1'),('13','10','1'),('13','11','1'),('13','12','1'),('13','13','1'),('13','14','1'),('13','15','1'),('13','16','1'),('13','17','1'),('13','18','1'),('13','19','1'),('13','20','1'),('13','21','1'),('13','22','1'),('13','23','1'),('13','24','1'),('13','25','1'),('13','26','1'),('13','27','1'),('13','28','1'),('13','29','1'),('13','30','1'),('13','31','1'),('13','32','1'),('13','33','1'),('13','34','1'),('13','35','1'),('14','7','1'),('14','8','1'),('14','9','1'),('14','11','1'),('14','12','1'),('14','13','1'),('14','14','1'),('14','15','1'),('14','16','1'),('14','17','1'),('14','18','1'),('14','19','1'),('14','20','1'),('14','21','1'),('14','22','1'),('14','23','1'),('14','24','1'),('14','25','1'),('14','26','1'),('14','27','1'),('14','28','1'),('14','29','1'),('14','30','1'),('14','31','1'),('14','32','1'),('14','33','1'),('14','34','1'),('14','35','1'),('15','1','1'),('15','2','1'),('15','3','1'),('15','4','1'),('15','5','1'),('15','6','1'),('15','10','1'),('16','1','1'),('16','2','1'),('16','3','1'),('16','4','1'),('16','5','1'),('16','6','1'),('16','7','1'),('16','8','1'),('16','9','1'),('16','10','1'),('16','11','1'),('16','12','1'),('16','13','1'),('16','14','1'),('16','15','1'),('16','16','1'),('16','17','1'),('16','18','1'),('16','19','1'),('16','20','1'),('16','21','1'),('16','22','1'),('16','23','1'),('16','24','1'),('16','25','1'),('16','26','1'),('16','27','1'),('16','28','1'),('16','29','1'),('16','30','1'),('16','31','1'),('16','32','1'),('16','33','1'),('16','34','1'),('16','35','1'),('17','16','1'),('17','17','1'),('17','18','1'),('17','19','1'),('17','20','1'),('17','21','1'),('17','22','1'),('17','23','1'),('17','24','1'),('17','25','1'),('17','26','1'),('17','27','1'),('17','28','1'),('17','29','1'),('17','30','1'),('17','31','1'),('17','32','1'),('17','33','1'),('17','34','1'),('17','35','1'),('18','2','1'),('18','5','1'),('18','10','1'),('19','2','1'),('19','5','1'),('19','10','1'),('19','11','1'),('19','12','1'),('19','13','1'),('19','14','1'),('19','15','1'),('20','2','1'),('20','5','1'),('20','11','1'),('20','12','1'),('20','13','1'),('20','14','1'),('20','15','1'),('20','16','1'),('20','17','1'),('20','18','1'),('20','19','1'),('20','20','1'),('20','21','1'),('20','22','1'),('20','23','1'),('20','24','1'),('20','25','1'),('20','26','1'),('20','27','1'),('20','28','1'),('20','29','1'),('20','30','1'),('20','31','1'),('20','32','1'),('20','33','1'),('20','34','1'),('20','35','1'),('21','10','1'),('21','11','1'),('21','12','1'),('21','13','1'),('21','14','1'),('21','15','1'),('21','16','1'),('21','17','1'),('21','18','1'),('21','19','1'),('21','20','1'),('21','21','1'),('21','22','1'),('21','23','1'),('21','24','1'),('21','25','1'),('21','26','1'),('21','27','1'),('21','28','1'),('21','29','1'),('21','30','1'),('21','31','1'),('21','32','1'),('21','33','1'),('21','34','1'),('21','35','1'),('22','2','1'),('22','3','1'),('22','4','1'),('22','5','1'),('22','6','1'),('22','7','1'),('22','8','1'),('22','9','1'),('22','10','1'),('22','16','1'),('22','17','1'),('22','18','1'),('22','19','1'),('22','20','1'),('22','21','1'),('22','22','1'),('22','23','1'),('22','24','1'),('22','25','1'),('22','26','1'),('22','27','1'),('22','28','1'),('22','29','1'),('22','30','1'),('22','31','1'),('22','32','1'),('22','33','1'),('22','34','1'),('22','35','1'),('23','1','1'),('23','7','1'),('23','8','1'),('23','9','1'),('23','10','1'),('24','2','1'),('24','3','1'),('24','4','1'),('24','5','1'),('24','6','1'),('24','16','1'),('24','17','1'),('24','18','1'),('24','19','1'),('24','20','1'),('24','21','1'),('24','22','1'),('24','23','1'),('24','24','1'),('24','25','1'),('24','26','1'),('24','27','1'),('24','28','1'),('24','29','1'),('24','30','1'),('24','31','1'),('24','32','1'),('24','33','1'),('24','34','1'),('24','35','1'),('25','1','1'),('25','2','1'),('25','3','1'),('25','4','1'),('25','5','1'),('25','6','1'),('25','11','1'),('25','12','1'),('25','13','1'),('25','14','1'),('25','15','1'),('26','1','1'),('26','7','1'),('26','8','1'),('26','9','1'),('26','10','1'),('26','11','1'),('26','12','1'),('26','13','1'),('26','14','1'),('26','15','1'),('26','16','1'),('26','17','1'),('26','18','1'),('26','19','1'),('26','20','1'),('26','21','1'),('26','22','1'),('26','23','1'),('26','24','1'),('26','25','1'),('26','26','1'),('26','27','1'),('26','28','1'),('26','29','1'),('26','30','1'),('26','31','1'),('26','32','1'),('26','33','1'),('26','34','1'),('26','35','1'),('27','11','1'),('27','12','1'),('27','13','1'),('27','14','1'),('27','15','1'),('28','7','1'),('28','8','1'),('28','9','1'),('28','10','1'),('28','16','1'),('28','17','1'),('28','18','1'),('28','19','1'),('28','20','1'),('28','21','1'),('28','22','1'),('28','23','1'),('28','24','1'),('28','25','1'),('28','26','1'),('28','27','1'),('28','28','1'),('28','29','1'),('28','30','1'),('28','31','1'),('28','32','1'),('28','33','1'),('28','34','1'),('28','35','1'),('29','7','1'),('29','8','1'),('29','9','1'),('29','10','1'),('29','11','1'),('29','12','1'),('29','13','1'),('29','14','1'),('29','15','1'),('29','16','1'),('29','17','1'),('29','18','1'),('29','19','1'),('29','20','1'),('29','21','1'),('29','22','1'),('29','23','1'),('29','24','1'),('29','25','1'),('29','26','1'),('29','27','1'),('29','28','1'),('29','29','1'),('29','30','1'),('29','31','1'),('29','32','1'),('29','33','1'),('29','34','1'),('29','35','1'),('30','7','1'),('30','8','1'),('30','9','1'),('30','10','1'),('30','11','1'),('30','12','1'),('30','13','1'),('30','14','1'),('30','15','1'),('31','16','1'),('31','17','1'),('31','18','1'),('31','19','1'),('31','20','1'),('31','21','1'),('31','22','1'),('31','23','1'),('31','24','1'),('31','25','1'),('31','26','1'),('31','27','1'),('31','28','1'),('31','29','1'),('31','30','1'),('31','31','1'),('31','32','1'),('31','33','1'),('31','34','1'),('31','35','1'),('33','1','1'),('34','2','1'),('34','3','1'),('34','4','1'),('34','5','1'),('34','6','1'),('34','10','1'),('35','1','1'),('35','2','1'),('35','3','1'),('35','4','1'),('35','5','1'),('35','6','1'),('35','10','1'),('36','1','1'),('36','2','1'),('36','3','1'),('36','4','1'),('36','5','1'),('36','6','1'),('36','10','1'),('37','16','1'),('37','17','1'),('37','18','1'),('37','19','1'),('37','20','1'),('37','21','1'),('37','22','1'),('37','23','1'),('37','24','1'),('37','25','1'),('37','26','1'),('37','27','1'),('37','28','1'),('37','29','1'),('37','30','1'),('37','31','1'),('37','32','1'),('37','33','1'),('37','34','1'),('37','35','1'),('38','1','1'),('38','2','1'),('38','3','1'),('38','4','1'),('38','5','1'),('38','6','1'),('38','7','1'),('38','8','1'),('38','9','1'),('38','10','1'),('38','16','1'),('38','17','1'),('38','18','1'),('38','19','1'),('38','20','1'),('38','21','1'),('38','22','1'),('38','23','1'),('38','24','1'),('38','25','1'),('38','26','1'),('38','27','1'),('38','28','1'),('38','29','1'),('38','30','1'),('38','31','1'),('38','32','1'),('38','33','1'),('38','34','1'),('38','35','1'),('39','1','1'),('39','2','1'),('39','3','1'),('39','4','1'),('39','5','1'),('39','6','1'),('39','7','1'),('39','8','1'),('39','9','1'),('39','10','1'),('39','11','1'),('39','12','1'),('39','13','1'),('39','14','1'),('39','15','1'),('39','16','1'),('39','17','1'),('39','18','1'),('39','19','1'),('39','20','1'),('39','21','1'),('39','22','1'),('39','23','1'),('39','24','1'),('39','25','1'),('39','26','1'),('39','27','1'),('39','28','1'),('39','29','1'),('39','30','1'),('39','31','1'),('39','32','1'),('39','33','1'),('39','34','1'),('39','35','1'),('40','1','1'),('40','2','1'),('40','3','1'),('40','4','1'),('40','5','1'),('40','6','1'),('40','7','1'),('40','8','1'),('40','9','1'),('40','10','1'),('40','11','1'),('40','12','1'),('40','13','1'),('40','14','1'),('40','15','1');

--
-- Table structure for table `catalog_category_product_index`
--

CREATE TABLE `catalog_category_product_index` (
  `category_id` int(10) unsigned NOT NULL DEFAULT '0' COMMENT 'Category ID',
  `product_id` int(10) unsigned NOT NULL DEFAULT '0' COMMENT 'Product ID',
  `position` int(11) DEFAULT NULL COMMENT 'Position',
  `is_parent` smallint(5) unsigned NOT NULL DEFAULT '0' COMMENT 'Is Parent',
  `store_id` smallint(5) unsigned NOT NULL DEFAULT '0' COMMENT 'Store ID',
  `visibility` smallint(5) unsigned NOT NULL COMMENT 'Visibility',
  PRIMARY KEY (`category_id`,`product_id`,`store_id`),
  KEY `CAT_CTGR_PRD_IDX_PRD_ID_STORE_ID_CTGR_ID_VISIBILITY` (`product_id`,`store_id`,`category_id`,`visibility`),
  KEY `CAT_CTGR_PRD_IDX_STORE_ID_CTGR_ID_VISIBILITY_IS_PARENT_POSITION` (`store_id`,`category_id`,`visibility`,`is_parent`,`position`)
) ENGINE=InnoDB DEFAULT CHARSET=utf8 COMMENT='Catalog Category Product Index';

--
-- Dumping data for table `catalog_category_product_index`
--

INSERT INTO `catalog_category_product_index` VALUES ('2','1','1',1,1,4),('2','2','1',1,1,4),('2','3','1',1,1,4),('2','4','1',1,1,4),('2','5','1',1,1,4),('2','6','1',1,1,4),('2','7','1',1,1,4),('2','8','1',1,1,4),('2','9','1',1,1,4),('2','10','1',1,1,4),('2','11','1',1,1,4),('2','12','1',1,1,4),('2','13','1',1,1,4),('2','14','1',1,1,4),('2','15','1',1,1,4),('2','16','1',1,1,4),('2','17','1',1,1,4),('2','18','1',1,1,4),('2','19','1',1,1,4),('2','20','1',1,1,4),('3','7','10001',0,1,4),('3','8','10001',0,1,4),('3','9','10001',0,1,4),('3','1','1',1,1,4),('3','2','1',1,1,4),('3','3','1',1,1,4),('3','4','1',1,1,4),('3','5','1',1,1,4),('3','6','1',1,1,4),('3','10','1',1,1,4),('3','11','1',1,1,4),('3','12','1',1,1,4),('3','13','1',1,1,4),('3','14','1',1,1,4),('3','15','1',1,1,4),('3','16','1',1,1,4),('3','17','1',1,1,4),('3','18','1',1,1,4),('3','19','1',1,1,4),('3','20','1',1,1,4),('4','2','1',1,1,4),('4','3','1',1,1,4),('4','4','1',1,1,4),('4','5','1',1,1,4),('4','6','1',1,1,4),('4','7','1',1,1,4),('4','8','1',1,1,4),('4','9','1',1,1,4),('4','11','1',1,1,4),('4','12','1',1,1,4),('4','13','1',1,1,4),('4','14','1',1,1,4),('4','16','1',1,1,4),('4','17','1',1,1,4),('4','18','1',1,1,4),('4','19','1',1,1,4),('4','20','1',1,1,4),('5','2','1',1,1,4),('5','3','1',1,1,4),('5','4','1',1,1,4),('5','6','1',1,1,4),('5','7','1',1,1,4),('5','8','1',1,1,4),('5','9','1',1,1,4),('5','11','1',1,1,4),('5','12','1',1,1,4),('5','13','1',1,1,4),('5','14','1',1,1,4),('5','15','1',1,1,4),('5','16','1',1,1,4),('5','17','1',1,1,4),('5','18','1',1,1,4),('5','19','1',1,1,4),('5','20','1',1,1,4),('6','1','1',1,1,4),('6','10','1',1,1,4),('6','15','1',1,1,4),('6','16','1',1,1,4),('6','17','1',1,1,4),('6','18','1',1,1,4),('6','19','1',1,1,4),('6','20','1',1,1,4),('7','1','1',1,1,4),('7','5','1',1,1,4),('7','7','1',1,1,4),('7','8','1',1,1,4),('7','9','1',1,1,4),('7','11','1',1,1,4),('7','12','1',1,1,4),('7','13','1',1,1,4),('7','14','1',1,1,4),('8','1','1',1,1,4),('8','2','1',1,1,4),('8','3','1',1,1,4),('8','4','1',1,1,4),('8','5','1',1,1,4),('8','6','1',1,1,4),('8','7','1',1,1,4),('8','8','1',1,1,4),('8','9','1',1,1,4),('8','10','1',1,1,4),('8','11','1',1,1,4),('8','12','1',1,1,4),('8','13','1',1,1,4),('8','14','1',1,1,4),('8','15','1',1,1,4),('8','16','1',1,1,4),('8','17','1',1,1,4),('8','18','1',1,1,4),('8','19','1',1,1,4),('8','20','1',1,1,4),('9','16','1',1,1,4),('9','17','1',1,1,4),('9','18','1',1,1,4),('9','19','1',1,1,4),('9','20','1',1,1,4),('10','1','1',1,1,4),('10','2','1',1,1,4),('10','3','1',1,1,4),('10','4','1',1,1,4),('10','5','1',1,1,4),('10','6','1',1,1,4),('10','7','1',1,1,4),('10','8','1',1,1,4),('10','9','1',1,1,4),('10','10','1',1,1,4),('11','11','1',1,1,4),('11','12','1',1,1,4),('11','13','1',1,1,4),('11','14','1',1,1,4),('11','15','1',1,1,4),('12','2','1',1,1,4),('12','5','1',1,1,4),('12','10','1',1,1,4),('12','11','1',1,1,4),('12','12','1',1,1,4),('12','13','1',1,1,4),('12','14','1',1,1,4),('12','15','1',1,1,4),('12','16','1',1,1,4),('12','17','1',1,1,4),('12','18','1',1,1,4),('12','19','1',1,1,4),('12','20','1',1,1,4),('13','1','1',1,1,4),('13','2','1',1,1,4),('13','3','1',1,1,4),('13','4','1',1,1,4),('13','5','1',1,1,4),('13','6','1',1,1,4),('13','7','1',1,1,4),('13','8','1',1,1,4),('13','9','1',1,1,4),('13','10','1',1,1,4),('13','11','1',1,1,4),('13','12','1',1,1,4),('13','13','1',1,1,4),('13','14','1',1,1,4),('13','15','1',1,1,4),('13','16','1',1,1,4),('13','17','1',1,1,4),('13','18','1',1,1,4),('13','19','1',1,1,4),('13','20','1',1,1,4),('14','10','10001',0,1,4),('14','7','1',1,1,4),('14','8','1',1,1,4),('14','9','1',1,1,4),('14','11','1',1,1,4),('14','12','1',1,1,4),('14','13','1',1,1,4),('14','14','1',1,1,4),('14','15','1',1,1,4),('14','16','1',1,1,4),('14','17','1',1,1,4),('14','18','1',1,1,4),('14','19','1',1,1,4),('14','20','1',1,1,4),('15','1','1',1,1,4),('15','2','1',1,1,4),('15','3','1',1,1,4),('15','4','1',1,1,4),('15','5','1',1,1,4),('15','6','1',1,1,4),('15','10','1',1,1,4),('16','1','1',1,1,4),('16','2','1',1,1,4),('16','3','1',1,1,4),('16','4','1',1,1,4),('16','5','1',1,1,4),('16','6','1',1,1,4),('16','7','1',1,1,4),('16','8','1',1,1,4),('16','9','1',1,1,4),('16','10','1',1,1,4),('16','11','1',1,1,4),('16','12','1',1,1,4),('16','13','1',1,1,4),('16','14','1',1,1,4),('16','15','1',1,1,4),('16','16','1',1,1,4),('16','17','1',1,1,4),('16','18','1',1,1,4),('16','19','1',1,1,4),('16','20','1',1,1,4),('17','16','1',1,1,4),('17','17','1',1,1,4),('17','18','1',1,1,4),('17','19','1',1,1,4),('17','20','1',1,1,4),('18','2','1',1,1,4),('18','5','1',1,1,4),('18','10','1',1,1,4),('19','2','1',1,1,4),('19','5','1',1,1,4),('19','10','1',1,1,4),('19','11','1',1,1,4),('19','12','1',1,1,4),('19','13','1',1,1,4),('19','14','1',1,1,4),('19','15','1',1,1,4),('20','2','1',1,1,4),('20','5','1',1,1,4),('20','11','1',1,1,4),('20','12','1',1,1,4),('20','13','1',1,1,4),('20','14','1',1,1,4),('20','15','1',1,1,4),('20','16','1',1,1,4),('20','17','1',1,1,4),('20','18','1',1,1,4),('20','19','1',1,1,4),('20','20','1',1,1,4),('21','10','1',1,1,4),('21','11','1',1,1,4),('21','12','1',1,1,4),('21','13','1',1,1,4),('21','14','1',1,1,4),('21','15','1',1,1,4),('21','16','1',1,1,4),('21','17','1',1,1,4),('21','18','1',1,1,4),('21','19','1',1,1,4),('21','20','1',1,1,4),('22','2','1',1,1,4),('22','3','1',1,1,4),('22','4','1',1,1,4),('22','5','1',1,1,4),('22','6','1',1,1,4),('22','7','1',1,1,4),('22','8','1',1,1,4),('22','9','1',1,1,4),('22','10','1',1,1,4),('22','16','1',1,1,4),('22','17','1',1,1,4),('22','18','1',1,1,4),('22','19','1',1,1,4),('22','20','1',1,1,4),('23','1','1',1,1,4),('23','7','1',1,1,4),('23','8','1',1,1,4),('23','9','1',1,1,4),('23','10','1',1,1,4),('24','2','1',1,1,4),('24','3','1',1,1,4),('24','4','1',1,1,4),('24','5','1',1,1,4),('24','6','1',1,1,4),('24','16','1',1,1,4),('24','17','1',1,1,4),('24','18','1',1,1,4),('24','19','1',1,1,4),('24','20','1',1,1,4),('25','1','1',1,1,4),('25','2','1',1,1,4),('25','3','1',1,1,4),('25','4','1',1,1,4),('25','5','1',1,1,4),('25','6','1',1,1,4),('25','11','1',1,1,4),('25','12','1',1,1,4),('25','13','1',1,1,4),('25','14','1',1,1,4),('25','15','1',1,1,4),('26','1','1',1,1,4),('26','7','1',1,1,4),('26','8','1',1,1,4),('26','9','1',1,1,4),('26','10','1',1,1,4),('26','11','1',1,1,4),('26','12','1',1,1,4),('26','13','1',1,1,4),('26','14','1',1,1,4),('26','15','1',1,1,4),('26','16','1',1,1,4),('26','17','1',1,1,4),('26','18','1',1,1,4),('26','19','1',1,1,4),('26','20','1',1,1,4),('27','11','1',1,1,4),('27','12','1',1,1,4),('27','13','1',1,1,4),('27','14','1',1,1,4),('27','15','1',1,1,4),('28','7','1',1,1,4),('28','8','1',1,1,4),('28','9','1',1,1,4),('28','10','1',1,1,4),('28','16','1',1,1,4),('28','17','1',1,1,4),('28','18','1',1,1,4),('28','19','1',1,1,4),('28','20','1',1,1,4),('29','7','1',1,1,4),('29','8','1',1,1,4),('29','9','1',1,1,4),('29','10','1',1,1,4),('29','11','1',1,1,4),('29','12','1',1,1,4),('29','13','1',1,1,4),('29','14','1',1,1,4),('29','15','1',1,1,4),('29','16','1',1,1,4),('29','17','1',1,1,4),('29','18','1',1,1,4),('29','19','1',1,1,4),('29','20','1',1,1,4),('30','7','1',1,1,4),('30','8','1',1,1,4),('30','9','1',1,1,4),('30','10','1',1,1,4),('30','11','1',1,1,4),('30','12','1',1,1,4),('30','13','1',1,1,4),('30','14','1',1,1,4),('30','15','1',1,1,4),('31','16','1',1,1,4),('31','17','1',1,1,4),('31','18','1',1,1,4),('31','19','1',1,1,4),('31','20','1',1,1,4),('33','1','1',1,1,4),('34','2','1',1,1,4),('34','3','1',1,1,4),('34','4','1',1,1,4),('34','5','1',1,1,4),('34','6','1',1,1,4),('34','10','1',1,1,4),('35','1','1',1,1,4),('35','2','1',1,1,4),('35','3','1',1,1,4),('35','4','1',1,1,4),('35','5','1',1,1,4),('35','6','1',1,1,4),('35','10','1',1,1,4),('36','1','1',1,1,4),('36','2','1',1,1,4),('36','3','1',1,1,4),('36','4','1',1,1,4),('36','5','1',1,1,4),('36','6','1',1,1,4),('36','10','1',1,1,4),('37','16','1',1,1,4),('37','17','1',1,1,4),('37','18','1',1,1,4),('37','19','1',1,1,4),('37','20','1',1,1,4),('38','1','1',1,1,4),('38','2','1',1,1,4),('38','3','1',1,1,4),('38','4','1',1,1,4),('38','5','1',1,1,4),('38','6','1',1,1,4),('38','7','1',1,1,4),('38','8','1',1,1,4),('38','9','1',1,1,4),('38','10','1',1,1,4),('38','16','1',1,1,4),('38','17','1',1,1,4),('38','18','1',1,1,4),('38','19','1',1,1,4),('38','20','1',1,1,4),('39','1','1',1,1,4),('39','2','1',1,1,4),('39','3','1',1,1,4),('39','4','1',1,1,4),('39','5','1',1,1,4),('39','6','1',1,1,4),('39','7','1',1,1,4),('39','8','1',1,1,4),('39','9','1',1,1,4),('39','10','1',1,1,4),('39','11','1',1,1,4),('39','12','1',1,1,4),('39','13','1',1,1,4),('39','14','1',1,1,4),('39','15','1',1,1,4),('39','16','1',1,1,4),('39','17','1',1,1,4),('39','18','1',1,1,4),('39','19','1',1,1,4),('39','20','1',1,1,4),('40','1','1',1,1,4),('40','2','1',1,1,4),('40','3','1',1,1,4),('40','4','1',1,1,4),('40','5','1',1,1,4),('40','6','1',1,1,4),('40','7','1',1,1,4),('40','8','1',1,1,4),('40','9','1',1,1,4),('40','10','1',1,1,4),('40','11','1',1,1,4),('40','12','1',1,1,4),('40','13','1',1,1,4),('40','14','1',1,1,4),('40','15','1',1,1,4);

--
-- Table structure for table `catalog_category_product_index_replica`
--

CREATE TABLE `catalog_category_product_index_replica` (
  `category_id` int(10) unsigned NOT NULL DEFAULT '0' COMMENT 'Category ID',
  `product_id` int(10) unsigned NOT NULL DEFAULT '0' COMMENT 'Product ID',
  `position` int(11) DEFAULT NULL COMMENT 'Position',
  `is_parent` smallint(5) unsigned NOT NULL DEFAULT '0' COMMENT 'Is Parent',
  `store_id` smallint(5) unsigned NOT NULL DEFAULT '0' COMMENT 'Store ID',
  `visibility` smallint(5) unsigned NOT NULL COMMENT 'Visibility',
  PRIMARY KEY (`category_id`,`product_id`,`store_id`),
  KEY `CAT_CTGR_PRD_IDX_PRD_ID_STORE_ID_CTGR_ID_VISIBILITY` (`product_id`,`store_id`,`category_id`,`visibility`),
  KEY `CAT_CTGR_PRD_IDX_STORE_ID_CTGR_ID_VISIBILITY_IS_PARENT_POSITION` (`store_id`,`category_id`,`visibility`,`is_parent`,`position`)
) ENGINE=InnoDB DEFAULT CHARSET=utf8 COMMENT='Catalog Category Product Index';

--
-- Dumping data for table `catalog_category_product_index_replica`
--

INSERT INTO `catalog_category_product_index_replica` VALUES ('2','1','1',1,1,4),('2','2','1',1,1,4),('2','3','1',1,1,4),('2','4','1',1,1,4),('2','5','1',1,1,4),('2','6','1',1,1,4),('2','7','1',1,1,4),('2','8','1',1,1,4),('2','9','1',1,1,4),('2','10','1',1,1,4),('2','11','1',1,1,4),('2','12','1',1,1,4),('2','13','1',1,1,4),('2','14','1',1,1,4),('2','15','1',1,1,4),('2','16','1',1,1,4),('2','17','1',1,1,4),('2','18','1',1,1,4),('2','19','1',1,1,4),('2','20','1',1,1,4),('3','7','10001',0,1,4),('3','8','10001',0,1,4),('3','9','10001',0,1,4),('3','1','1',1,1,4),('3','2','1',1,1,4),('3','3','1',1,1,4),('3','4','1',1,1,4),('3','5','1',1,1,4),('3','6','1',1,1,4),('3','10','1',1,1,4),('3','11','1',1,1,4),('3','12','1',1,1,4),('3','13','1',1,1,4),('3','14','1',1,1,4),('3','15','1',1,1,4),('3','16','1',1,1,4),('3','17','1',1,1,4),('3','18','1',1,1,4),('3','19','1',1,1,4),('3','20','1',1,1,4),('4','2','1',1,1,4),('4','3','1',1,1,4),('4','4','1',1,1,4),('4','5','1',1,1,4),('4','6','1',1,1,4),('4','7','1',1,1,4),('4','8','1',1,1,4),('4','9','1',1,1,4),('4','11','1',1,1,4),('4','12','1',1,1,4),('4','13','1',1,1,4),('4','14','1',1,1,4),('4','16','1',1,1,4),('4','17','1',1,1,4),('4','18','1',1,1,4),('4','19','1',1,1,4),('4','20','1',1,1,4),('5','2','1',1,1,4),('5','3','1',1,1,4),('5','4','1',1,1,4),('5','6','1',1,1,4),('5','7','1',1,1,4),('5','8','1',1,1,4),('5','9','1',1,1,4),('5','11','1',1,1,4),('5','12','1',1,1,4),('5','13','1',1,1,4),('5','14','1',1,1,4),('5','15','1',1,1,4),('5','16','1',1,1,4),('5','17','1',1,1,4),('5','18','1',1,1,4),('5','19','1',1,1,4),('5','20','1',1,1,4),('6','1','1',1,1,4),('6','10','1',1,1,4),('6','15','1',1,1,4),('6','16','1',1,1,4),('6','17','1',1,1,4),('6','18','1',1,1,4),('6','19','1',1,1,4),('6','20','1',1,1,4),('7','1','1',1,1,4),('7','5','1',1,1,4),('7','7','1',1,1,4),('7','8','1',1,1,4),('7','9','1',1,1,4),('7','11','1',1,1,4),('7','12','1',1,1,4),('7','13','1',1,1,4),('7','14','1',1,1,4),('8','1','1',1,1,4),('8','2','1',1,1,4),('8','3','1',1,1,4),('8','4','1',1,1,4),('8','5','1',1,1,4),('8','6','1',1,1,4),('8','7','1',1,1,4),('8','8','1',1,1,4),('8','9','1',1,1,4),('8','10','1',1,1,4),('8','11','1',1,1,4),('8','12','1',1,1,4),('8','13','1',1,1,4),('8','14','1',1,1,4),('8','15','1',1,1,4),('8','16','1',1,1,4),('8','17','1',1,1,4),('8','18','1',1,1,4),('8','19','1',1,1,4),('8','20','1',1,1,4),('9','16','1',1,1,4),('9','17','1',1,1,4),('9','18','1',1,1,4),('9','19','1',1,1,4),('9','20','1',1,1,4),('10','1','1',1,1,4),('10','2','1',1,1,4),('10','3','1',1,1,4),('10','4','1',1,1,4),('10','5','1',1,1,4),('10','6','1',1,1,4),('10','7','1',1,1,4),('10','8','1',1,1,4),('10','9','1',1,1,4),('10','10','1',1,1,4),('11','11','1',1,1,4),('11','12','1',1,1,4),('11','13','1',1,1,4),('11','14','1',1,1,4),('11','15','1',1,1,4),('12','2','1',1,1,4),('12','5','1',1,1,4),('12','10','1',1,1,4),('12','11','1',1,1,4),('12','12','1',1,1,4),('12','13','1',1,1,4),('12','14','1',1,1,4),('12','15','1',1,1,4),('12','16','1',1,1,4),('12','17','1',1,1,4),('12','18','1',1,1,4),('12','19','1',1,1,4),('12','20','1',1,1,4),('13','1','1',1,1,4),('13','2','1',1,1,4),('13','3','1',1,1,4),('13','4','1',1,1,4),('13','5','1',1,1,4),('13','6','1',1,1,4),('13','7','1',1,1,4),('13','8','1',1,1,4),('13','9','1',1,1,4),('13','10','1',1,1,4),('13','11','1',1,1,4),('13','12','1',1,1,4),('13','13','1',1,1,4),('13','14','1',1,1,4),('13','15','1',1,1,4),('13','16','1',1,1,4),('13','17','1',1,1,4),('13','18','1',1,1,4),('13','19','1',1,1,4),('13','20','1',1,1,4),('14','10','10001',0,1,4),('14','7','1',1,1,4),('14','8','1',1,1,4),('14','9','1',1,1,4),('14','11','1',1,1,4),('14','12','1',1,1,4),('14','13','1',1,1,4),('14','14','1',1,1,4),('14','15','1',1,1,4),('14','16','1',1,1,4),('14','17','1',1,1,4),('14','18','1',1,1,4),('14','19','1',1,1,4),('14','20','1',1,1,4),('15','1','1',1,1,4),('15','2','1',1,1,4),('15','3','1',1,1,4),('15','4','1',1,1,4),('15','5','1',1,1,4),('15','6','1',1,1,4),('15','10','1',1,1,4),('16','1','1',1,1,4),('16','2','1',1,1,4),('16','3','1',1,1,4),('16','4','1',1,1,4),('16','5','1',1,1,4),('16','6','1',1,1,4),('16','7','1',1,1,4),('16','8','1',1,1,4),('16','9','1',1,1,4),('16','10','1',1,1,4),('16','11','1',1,1,4),('16','12','1',1,1,4),('16','13','1',1,1,4),('16','14','1',1,1,4),('16','15','1',1,1,4),('16','16','1',1,1,4),('16','17','1',1,1,4),('16','18','1',1,1,4),('16','19','1',1,1,4),('16','20','1',1,1,4),('17','16','1',1,1,4),('17','17','1',1,1,4),('17','18','1',1,1,4),('17','19','1',1,1,4),('17','20','1',1,1,4),('18','2','1',1,1,4),('18','5','1',1,1,4),('18','10','1',1,1,4),('19','2','1',1,1,4),('19','5','1',1,1,4),('19','10','1',1,1,4),('19','11','1',1,1,4),('19','12','1',1,1,4),('19','13','1',1,1,4),('19','14','1',1,1,4),('19','15','1',1,1,4),('20','2','1',1,1,4),('20','5','1',1,1,4),('20','11','1',1,1,4),('20','12','1',1,1,4),('20','13','1',1,1,4),('20','14','1',1,1,4),('20','15','1',1,1,4),('20','16','1',1,1,4),('20','17','1',1,1,4),('20','18','1',1,1,4),('20','19','1',1,1,4),('20','20','1',1,1,4),('21','10','1',1,1,4),('21','11','1',1,1,4),('21','12','1',1,1,4),('21','13','1',1,1,4),('21','14','1',1,1,4),('21','15','1',1,1,4),('21','16','1',1,1,4),('21','17','1',1,1,4),('21','18','1',1,1,4),('21','19','1',1,1,4),('21','20','1',1,1,4),('22','2','1',1,1,4),('22','3','1',1,1,4),('22','4','1',1,1,4),('22','5','1',1,1,4),('22','6','1',1,1,4),('22','7','1',1,1,4),('22','8','1',1,1,4),('22','9','1',1,1,4),('22','10','1',1,1,4),('22','16','1',1,1,4),('22','17','1',1,1,4),('22','18','1',1,1,4),('22','19','1',1,1,4),('22','20','1',1,1,4),('23','1','1',1,1,4),('23','7','1',1,1,4),('23','8','1',1,1,4),('23','9','1',1,1,4),('23','10','1',1,1,4),('24','2','1',1,1,4),('24','3','1',1,1,4),('24','4','1',1,1,4),('24','5','1',1,1,4),('24','6','1',1,1,4),('24','16','1',1,1,4),('24','17','1',1,1,4),('24','18','1',1,1,4),('24','19','1',1,1,4),('24','20','1',1,1,4),('25','1','1',1,1,4),('25','2','1',1,1,4),('25','3','1',1,1,4),('25','4','1',1,1,4),('25','5','1',1,1,4),('25','6','1',1,1,4),('25','11','1',1,1,4),('25','12','1',1,1,4),('25','13','1',1,1,4),('25','14','1',1,1,4),('25','15','1',1,1,4),('26','1','1',1,1,4),('26','7','1',1,1,4),('26','8','1',1,1,4),('26','9','1',1,1,4),('26','10','1',1,1,4),('26','11','1',1,1,4),('26','12','1',1,1,4),('26','13','1',1,1,4),('26','14','1',1,1,4),('26','15','1',1,1,4),('26','16','1',1,1,4),('26','17','1',1,1,4),('26','18','1',1,1,4),('26','19','1',1,1,4),('26','20','1',1,1,4),('27','11','1',1,1,4),('27','12','1',1,1,4),('27','13','1',1,1,4),('27','14','1',1,1,4),('27','15','1',1,1,4),('28','7','1',1,1,4),('28','8','1',1,1,4),('28','9','1',1,1,4),('28','10','1',1,1,4),('28','16','1',1,1,4),('28','17','1',1,1,4),('28','18','1',1,1,4),('28','19','1',1,1,4),('28','20','1',1,1,4),('29','7','1',1,1,4),('29','8','1',1,1,4),('29','9','1',1,1,4),('29','10','1',1,1,4),('29','11','1',1,1,4),('29','12','1',1,1,4),('29','13','1',1,1,4),('29','14','1',1,1,4),('29','15','1',1,1,4),('29','16','1',1,1,4),('29','17','1',1,1,4),('29','18','1',1,1,4),('29','19','1',1,1,4),('29','20','1',1,1,4),('30','7','1',1,1,4),('30','8','1',1,1,4),('30','9','1',1,1,4),('30','10','1',1,1,4),('30','11','1',1,1,4),('30','12','1',1,1,4),('30','13','1',1,1,4),('30','14','1',1,1,4),('30','15','1',1,1,4),('31','16','1',1,1,4),('31','17','1',1,1,4),('31','18','1',1,1,4),('31','19','1',1,1,4),('31','20','1',1,1,4),('33','1','1',1,1,4),('34','2','1',1,1,4),('34','3','1',1,1,4),('34','4','1',1,1,4),('34','5','1',1,1,4),('34','6','1',1,1,4),('34','10','1',1,1,4),('35','1','1',1,1,4),('35','2','1',1,1,4),('35','3','1',1,1,4),('35','4','1',1,1,4),('35','5','1',1,1,4),('35','6','1',1,1,4),('35','10','1',1,1,4),('36','1','1',1,1,4),('36','2','1',1,1,4),('36','3','1',1,1,4),('36','4','1',1,1,4),('36','5','1',1,1,4),('36','6','1',1,1,4),('36','10','1',1,1,4),('37','16','1',1,1,4),('37','17','1',1,1,4),('37','18','1',1,1,4),('37','19','1',1,1,4),('37','20','1',1,1,4),('38','1','1',1,1,4),('38','2','1',1,1,4),('38','3','1',1,1,4),('38','4','1',1,1,4),('38','5','1',1,1,4),('38','6','1',1,1,4),('38','7','1',1,1,4),('38','8','1',1,1,4),('38','9','1',1,1,4),('38','10','1',1,1,4),('38','16','1',1,1,4),('38','17','1',1,1,4),('38','18','1',1,1,4),('38','19','1',1,1,4),('38','20','1',1,1,4),('39','1','1',1,1,4),('39','2','1',1,1,4),('39','3','1',1,1,4),('39','4','1',1,1,4),('39','5','1',1,1,4),('39','6','1',1,1,4),('39','7','1',1,1,4),('39','8','1',1,1,4),('39','9','1',1,1,4),('39','10','1',1,1,4),('39','11','1',1,1,4),('39','12','1',1,1,4),('39','13','1',1,1,4),('39','14','1',1,1,4),('39','15','1',1,1,4),('39','16','1',1,1,4),('39','17','1',1,1,4),('39','18','1',1,1,4),('39','19','1',1,1,4),('39','20','1',1,1,4),('40','1','1',1,1,4),('40','2','1',1,1,4),('40','3','1',1,1,4),('40','4','1',1,1,4),('40','5','1',1,1,4),('40','6','1',1,1,4),('40','7','1',1,1,4),('40','8','1',1,1,4),('40','9','1',1,1,4),('40','10','1',1,1,4),('40','11','1',1,1,4),('40','12','1',1,1,4),('40','13','1',1,1,4),('40','14','1',1,1,4),('40','15','1',1,1,4);

--
-- Table structure for table `catalog_category_product_index_tmp`
--

CREATE TABLE `catalog_category_product_index_tmp` (
  `category_id` int(10) unsigned NOT NULL DEFAULT '0' COMMENT 'Category ID',
  `product_id` int(10) unsigned NOT NULL DEFAULT '0' COMMENT 'Product ID',
  `position` int(11) NOT NULL DEFAULT '0' COMMENT 'Position',
  `is_parent` smallint(5) unsigned NOT NULL DEFAULT '0' COMMENT 'Is Parent',
  `store_id` smallint(5) unsigned NOT NULL DEFAULT '0' COMMENT 'Store ID',
  `visibility` smallint(5) unsigned NOT NULL COMMENT 'Visibility',
  PRIMARY KEY (`category_id`,`product_id`,`store_id`)
) ENGINE=MEMORY DEFAULT CHARSET=utf8 COMMENT='Catalog Category Product Indexer temporary table';

--
-- Dumping data for table `catalog_category_product_index_tmp`
--

INSERT INTO `catalog_category_product_index_tmp` VALUES ('3','1','1',1,1,4),('6','1','1',1,1,4),('7','1','1',1,1,4),('8','1','1',1,1,4),('10','1','1',1,1,4),('13','1','1',1,1,4),('15','1','1',1,1,4),('16','1','1',1,1,4),('23','1','1',1,1,4),('25','1','1',1,1,4),('26','1','1',1,1,4),('33','1','1',1,1,4),('35','1','1',1,1,4),('36','1','1',1,1,4),('38','1','1',1,1,4),('39','1','1',1,1,4),('40','1','1',1,1,4),('3','2','1',1,1,4),('4','2','1',1,1,4),('5','2','1',1,1,4),('8','2','1',1,1,4),('10','2','1',1,1,4),('12','2','1',1,1,4),('13','2','1',1,1,4),('15','2','1',1,1,4),('16','2','1',1,1,4),('18','2','1',1,1,4),('19','2','1',1,1,4),('20','2','1',1,1,4),('22','2','1',1,1,4),('24','2','1',1,1,4),('25','2','1',1,1,4),('34','2','1',1,1,4),('35','2','1',1,1,4),('36','2','1',1,1,4),('38','2','1',1,1,4),('39','2','1',1,1,4),('40','2','1',1,1,4),('3','3','1',1,1,4),('4','3','1',1,1,4),('5','3','1',1,1,4),('8','3','1',1,1,4),('10','3','1',1,1,4),('13','3','1',1,1,4),('15','3','1',1,1,4),('16','3','1',1,1,4),('22','3','1',1,1,4),('24','3','1',1,1,4),('25','3','1',1,1,4),('34','3','1',1,1,4),('35','3','1',1,1,4),('36','3','1',1,1,4),('38','3','1',1,1,4),('39','3','1',1,1,4),('40','3','1',1,1,4),('3','4','1',1,1,4),('4','4','1',1,1,4),('5','4','1',1,1,4),('8','4','1',1,1,4),('10','4','1',1,1,4),('13','4','1',1,1,4),('15','4','1',1,1,4),('16','4','1',1,1,4),('22','4','1',1,1,4),('24','4','1',1,1,4),('25','4','1',1,1,4),('34','4','1',1,1,4),('35','4','1',1,1,4),('36','4','1',1,1,4),('38','4','1',1,1,4),('39','4','1',1,1,4),('40','4','1',1,1,4),('3','5','1',1,1,4),('4','5','1',1,1,4),('7','5','1',1,1,4),('8','5','1',1,1,4),('10','5','1',1,1,4),('12','5','1',1,1,4),('13','5','1',1,1,4),('15','5','1',1,1,4),('16','5','1',1,1,4),('18','5','1',1,1,4),('19','5','1',1,1,4),('20','5','1',1,1,4),('22','5','1',1,1,4),('24','5','1',1,1,4),('25','5','1',1,1,4),('34','5','1',1,1,4),('35','5','1',1,1,4),('36','5','1',1,1,4),('38','5','1',1,1,4),('39','5','1',1,1,4),('40','5','1',1,1,4),('3','6','1',1,1,4),('4','6','1',1,1,4),('5','6','1',1,1,4),('8','6','1',1,1,4),('10','6','1',1,1,4),('13','6','1',1,1,4),('15','6','1',1,1,4),('16','6','1',1,1,4),('22','6','1',1,1,4),('24','6','1',1,1,4),('25','6','1',1,1,4),('34','6','1',1,1,4),('35','6','1',1,1,4),('36','6','1',1,1,4),('38','6','1',1,1,4),('39','6','1',1,1,4),('40','6','1',1,1,4),('4','7','1',1,1,4),('5','7','1',1,1,4),('7','7','1',1,1,4),('8','7','1',1,1,4),('10','7','1',1,1,4),('13','7','1',1,1,4),('14','7','1',1,1,4),('16','7','1',1,1,4),('22','7','1',1,1,4),('23','7','1',1,1,4),('26','7','1',1,1,4),('28','7','1',1,1,4),('29','7','1',1,1,4),('30','7','1',1,1,4),('38','7','1',1,1,4),('39','7','1',1,1,4),('40','7','1',1,1,4),('4','8','1',1,1,4),('5','8','1',1,1,4),('7','8','1',1,1,4),('8','8','1',1,1,4),('10','8','1',1,1,4),('13','8','1',1,1,4),('14','8','1',1,1,4),('16','8','1',1,1,4),('22','8','1',1,1,4),('23','8','1',1,1,4),('26','8','1',1,1,4),('28','8','1',1,1,4),('29','8','1',1,1,4),('30','8','1',1,1,4),('38','8','1',1,1,4),('39','8','1',1,1,4),('40','8','1',1,1,4),('4','9','1',1,1,4),('5','9','1',1,1,4),('7','9','1',1,1,4),('8','9','1',1,1,4),('10','9','1',1,1,4),('13','9','1',1,1,4),('14','9','1',1,1,4),('16','9','1',1,1,4),('22','9','1',1,1,4),('23','9','1',1,1,4),('26','9','1',1,1,4),('28','9','1',1,1,4),('29','9','1',1,1,4),('30','9','1',1,1,4),('38','9','1',1,1,4),('39','9','1',1,1,4),('40','9','1',1,1,4),('3','10','1',1,1,4),('6','10','1',1,1,4),('8','10','1',1,1,4),('10','10','1',1,1,4),('12','10','1',1,1,4),('13','10','1',1,1,4),('15','10','1',1,1,4),('16','10','1',1,1,4),('18','10','1',1,1,4),('19','10','1',1,1,4),('21','10','1',1,1,4),('22','10','1',1,1,4),('23','10','1',1,1,4),('26','10','1',1,1,4),('28','10','1',1,1,4),('29','10','1',1,1,4),('30','10','1',1,1,4),('34','10','1',1,1,4),('35','10','1',1,1,4),('36','10','1',1,1,4),('38','10','1',1,1,4),('39','10','1',1,1,4),('40','10','1',1,1,4),('3','11','1',1,1,4),('4','11','1',1,1,4),('5','11','1',1,1,4),('7','11','1',1,1,4),('8','11','1',1,1,4),('11','11','1',1,1,4),('12','11','1',1,1,4),('13','11','1',1,1,4),('14','11','1',1,1,4),('16','11','1',1,1,4),('19','11','1',1,1,4),('20','11','1',1,1,4),('21','11','1',1,1,4),('25','11','1',1,1,4),('26','11','1',1,1,4),('27','11','1',1,1,4),('29','11','1',1,1,4),('30','11','1',1,1,4),('39','11','1',1,1,4),('40','11','1',1,1,4),('3','12','1',1,1,4),('4','12','1',1,1,4),('5','12','1',1,1,4),('7','12','1',1,1,4),('8','12','1',1,1,4),('11','12','1',1,1,4),('12','12','1',1,1,4),('13','12','1',1,1,4),('14','12','1',1,1,4),('16','12','1',1,1,4),('19','12','1',1,1,4),('20','12','1',1,1,4),('21','12','1',1,1,4),('25','12','1',1,1,4),('26','12','1',1,1,4),('27','12','1',1,1,4),('29','12','1',1,1,4),('30','12','1',1,1,4),('39','12','1',1,1,4),('40','12','1',1,1,4),('3','13','1',1,1,4),('4','13','1',1,1,4),('5','13','1',1,1,4),('7','13','1',1,1,4),('8','13','1',1,1,4),('11','13','1',1,1,4),('12','13','1',1,1,4),('13','13','1',1,1,4),('14','13','1',1,1,4),('16','13','1',1,1,4),('19','13','1',1,1,4),('20','13','1',1,1,4),('21','13','1',1,1,4),('25','13','1',1,1,4),('26','13','1',1,1,4),('27','13','1',1,1,4),('29','13','1',1,1,4),('30','13','1',1,1,4),('39','13','1',1,1,4),('40','13','1',1,1,4),('3','14','1',1,1,4),('4','14','1',1,1,4),('5','14','1',1,1,4),('7','14','1',1,1,4),('8','14','1',1,1,4),('11','14','1',1,1,4),('12','14','1',1,1,4),('13','14','1',1,1,4),('14','14','1',1,1,4),('16','14','1',1,1,4),('19','14','1',1,1,4),('20','14','1',1,1,4),('21','14','1',1,1,4),('25','14','1',1,1,4),('26','14','1',1,1,4),('27','14','1',1,1,4),('29','14','1',1,1,4),('30','14','1',1,1,4),('39','14','1',1,1,4),('40','14','1',1,1,4),('3','15','1',1,1,4),('5','15','1',1,1,4),('6','15','1',1,1,4),('8','15','1',1,1,4),('11','15','1',1,1,4),('12','15','1',1,1,4),('13','15','1',1,1,4),('14','15','1',1,1,4),('16','15','1',1,1,4),('19','15','1',1,1,4),('20','15','1',1,1,4),('21','15','1',1,1,4),('25','15','1',1,1,4),('26','15','1',1,1,4),('27','15','1',1,1,4),('29','15','1',1,1,4),('30','15','1',1,1,4),('39','15','1',1,1,4),('40','15','1',1,1,4),('3','16','1',1,1,4),('4','16','1',1,1,4),('5','16','1',1,1,4),('6','16','1',1,1,4),('8','16','1',1,1,4),('9','16','1',1,1,4),('12','16','1',1,1,4),('13','16','1',1,1,4),('14','16','1',1,1,4),('16','16','1',1,1,4),('17','16','1',1,1,4),('20','16','1',1,1,4),('21','16','1',1,1,4),('22','16','1',1,1,4),('24','16','1',1,1,4),('26','16','1',1,1,4),('28','16','1',1,1,4),('29','16','1',1,1,4),('31','16','1',1,1,4),('37','16','1',1,1,4),('38','16','1',1,1,4),('39','16','1',1,1,4),('3','17','1',1,1,4),('4','17','1',1,1,4),('5','17','1',1,1,4),('6','17','1',1,1,4),('8','17','1',1,1,4),('9','17','1',1,1,4),('12','17','1',1,1,4),('13','17','1',1,1,4),('14','17','1',1,1,4),('16','17','1',1,1,4),('17','17','1',1,1,4),('20','17','1',1,1,4),('21','17','1',1,1,4),('22','17','1',1,1,4),('24','17','1',1,1,4),('26','17','1',1,1,4),('28','17','1',1,1,4),('29','17','1',1,1,4),('31','17','1',1,1,4),('37','17','1',1,1,4),('38','17','1',1,1,4),('39','17','1',1,1,4),('3','18','1',1,1,4),('4','18','1',1,1,4),('5','18','1',1,1,4),('6','18','1',1,1,4),('8','18','1',1,1,4),('9','18','1',1,1,4),('12','18','1',1,1,4),('13','18','1',1,1,4),('14','18','1',1,1,4),('16','18','1',1,1,4),('17','18','1',1,1,4),('20','18','1',1,1,4),('21','18','1',1,1,4),('22','18','1',1,1,4),('24','18','1',1,1,4),('26','18','1',1,1,4),('28','18','1',1,1,4),('29','18','1',1,1,4),('31','18','1',1,1,4),('37','18','1',1,1,4),('38','18','1',1,1,4),('39','18','1',1,1,4),('3','19','1',1,1,4),('4','19','1',1,1,4),('5','19','1',1,1,4),('6','19','1',1,1,4),('8','19','1',1,1,4),('9','19','1',1,1,4),('12','19','1',1,1,4),('13','19','1',1,1,4),('14','19','1',1,1,4),('16','19','1',1,1,4),('17','19','1',1,1,4),('20','19','1',1,1,4),('21','19','1',1,1,4),('22','19','1',1,1,4),('24','19','1',1,1,4),('26','19','1',1,1,4),('28','19','1',1,1,4),('29','19','1',1,1,4),('31','19','1',1,1,4),('37','19','1',1,1,4),('38','19','1',1,1,4),('39','19','1',1,1,4),('3','20','1',1,1,4),('4','20','1',1,1,4),('5','20','1',1,1,4),('6','20','1',1,1,4),('8','20','1',1,1,4),('9','20','1',1,1,4),('12','20','1',1,1,4),('13','20','1',1,1,4),('14','20','1',1,1,4),('16','20','1',1,1,4),('17','20','1',1,1,4),('20','20','1',1,1,4),('21','20','1',1,1,4),('22','20','1',1,1,4),('24','20','1',1,1,4),('26','20','1',1,1,4),('28','20','1',1,1,4),('29','20','1',1,1,4),('31','20','1',1,1,4),('37','20','1',1,1,4),('38','20','1',1,1,4),('39','20','1',1,1,4);

--
-- Table structure for table `catalog_compare_item`
--

CREATE TABLE `catalog_compare_item` (
  `catalog_compare_item_id` int(10) unsigned NOT NULL AUTO_INCREMENT COMMENT 'Compare Item ID',
  `visitor_id` int(10) unsigned NOT NULL DEFAULT '0' COMMENT 'Visitor ID',
  `customer_id` int(10) unsigned DEFAULT NULL COMMENT 'Customer ID',
  `product_id` int(10) unsigned NOT NULL DEFAULT '0' COMMENT 'Product ID',
  `store_id` smallint(5) unsigned DEFAULT NULL COMMENT 'Store ID',
  PRIMARY KEY (`catalog_compare_item_id`),
  KEY `CATALOG_COMPARE_ITEM_PRODUCT_ID` (`product_id`),
  KEY `CATALOG_COMPARE_ITEM_VISITOR_ID_PRODUCT_ID` (`visitor_id`,`product_id`),
  KEY `CATALOG_COMPARE_ITEM_CUSTOMER_ID_PRODUCT_ID` (`customer_id`,`product_id`),
  KEY `CATALOG_COMPARE_ITEM_STORE_ID` (`store_id`)
) ENGINE=InnoDB AUTO_INCREMENT=13 DEFAULT CHARSET=utf8 COMMENT='Catalog Compare Table';

--
-- Dumping data for table `catalog_compare_item`
--

INSERT INTO `catalog_compare_item` VALUES ('1','310',NULL,'10',1),('3','0','3','19',1),('4','0','3','18',1),('5','0','3','13',1),('6','0','3','12',1),('7','0','3','11',1),('8','0','3','14',1),('9','368',NULL,'20',1),('10','369',NULL,'20',1),('11','388','3','20',1),('12','431',NULL,'13',1);

--
-- Table structure for table `catalog_eav_attribute`
--

CREATE TABLE `catalog_eav_attribute` (
  `attribute_id` smallint(5) unsigned NOT NULL COMMENT 'Attribute ID',
  `frontend_input_renderer` varchar(255) DEFAULT NULL COMMENT 'Frontend Input Renderer',
  `is_global` smallint(5) unsigned NOT NULL DEFAULT '1' COMMENT 'Is Global',
  `is_visible` smallint(5) unsigned NOT NULL DEFAULT '1' COMMENT 'Is Visible',
  `is_searchable` smallint(5) unsigned NOT NULL DEFAULT '0' COMMENT 'Is Searchable',
  `is_filterable` smallint(5) unsigned NOT NULL DEFAULT '0' COMMENT 'Is Filterable',
  `is_comparable` smallint(5) unsigned NOT NULL DEFAULT '0' COMMENT 'Is Comparable',
  `is_visible_on_front` smallint(5) unsigned NOT NULL DEFAULT '0' COMMENT 'Is Visible On Front',
  `is_html_allowed_on_front` smallint(5) unsigned NOT NULL DEFAULT '0' COMMENT 'Is HTML Allowed On Front',
  `is_used_for_price_rules` smallint(5) unsigned NOT NULL DEFAULT '0' COMMENT 'Is Used For Price Rules',
  `is_filterable_in_search` smallint(5) unsigned NOT NULL DEFAULT '0' COMMENT 'Is Filterable In Search',
  `used_in_product_listing` smallint(5) unsigned NOT NULL DEFAULT '0' COMMENT 'Is Used In Product Listing',
  `used_for_sort_by` smallint(5) unsigned NOT NULL DEFAULT '0' COMMENT 'Is Used For Sorting',
  `apply_to` varchar(255) DEFAULT NULL COMMENT 'Apply To',
  `is_visible_in_advanced_search` smallint(5) unsigned NOT NULL DEFAULT '0' COMMENT 'Is Visible In Advanced Search',
  `position` int(11) NOT NULL DEFAULT '0' COMMENT 'Position',
  `is_wysiwyg_enabled` smallint(5) unsigned NOT NULL DEFAULT '0' COMMENT 'Is WYSIWYG Enabled',
  `is_used_for_promo_rules` smallint(5) unsigned NOT NULL DEFAULT '0' COMMENT 'Is Used For Promo Rules',
  `is_required_in_admin_store` smallint(5) unsigned NOT NULL DEFAULT '0' COMMENT 'Is Required In Admin Store',
  `is_used_in_grid` smallint(5) unsigned NOT NULL DEFAULT '0' COMMENT 'Is Used in Grid',
  `is_visible_in_grid` smallint(5) unsigned NOT NULL DEFAULT '0' COMMENT 'Is Visible in Grid',
  `is_filterable_in_grid` smallint(5) unsigned NOT NULL DEFAULT '0' COMMENT 'Is Filterable in Grid',
  `search_weight` float NOT NULL DEFAULT '1' COMMENT 'Search Weight',
  `additional_data` text COMMENT 'Additional swatch attributes data',
  PRIMARY KEY (`attribute_id`),
  KEY `CATALOG_EAV_ATTRIBUTE_USED_FOR_SORT_BY` (`used_for_sort_by`),
  KEY `CATALOG_EAV_ATTRIBUTE_USED_IN_PRODUCT_LISTING` (`used_in_product_listing`)
) ENGINE=InnoDB DEFAULT CHARSET=utf8 COMMENT='Catalog EAV Attribute Table';

--
-- Dumping data for table `catalog_eav_attribute`
--

INSERT INTO `catalog_eav_attribute` VALUES (42,NULL,0,1,0,0,0,0,0,0,0,0,0,NULL,0,'0',0,0,0,0,0,0,'1',NULL),(43,NULL,0,1,0,0,0,0,0,0,0,0,0,NULL,0,'0',0,0,0,0,0,0,'1',NULL),(44,NULL,0,1,0,0,0,0,1,0,0,0,0,NULL,0,'0',1,0,0,0,0,0,'1',NULL),(45,NULL,0,1,0,0,0,0,0,0,0,0,0,NULL,0,'0',0,0,0,0,0,0,'1',NULL),(46,NULL,0,1,0,0,0,0,0,0,0,0,0,NULL,0,'0',0,0,0,0,0,0,'1',NULL),(47,NULL,0,1,0,0,0,0,0,0,0,0,0,NULL,0,'0',0,0,0,0,0,0,'1',NULL),(48,NULL,0,1,0,0,0,0,0,0,0,0,0,NULL,0,'0',0,0,0,0,0,0,'1',NULL),(49,NULL,0,1,0,0,0,0,0,0,0,0,0,NULL,0,'0',0,0,0,0,0,0,'1',NULL),(50,NULL,0,1,0,0,0,0,0,0,0,0,0,NULL,0,'0',0,0,0,0,0,0,'1',NULL),(51,NULL,1,1,0,0,0,0,0,0,0,0,0,NULL,0,'0',0,0,0,0,0,0,'1',NULL),(52,NULL,1,0,0,0,0,0,0,0,0,0,0,NULL,0,'0',0,0,0,0,0,0,'1',NULL),(53,NULL,1,0,0,0,0,0,0,0,0,0,0,NULL,0,'0',0,0,0,0,0,0,'1',NULL),(54,NULL,1,0,0,0,0,0,0,0,0,0,0,NULL,0,'0',0,0,0,0,0,0,'1',NULL),(55,NULL,1,0,0,0,0,0,0,0,0,0,0,NULL,0,'0',0,0,0,0,0,0,'1',NULL),(56,NULL,1,0,0,0,0,0,0,0,0,0,0,NULL,0,'0',0,0,0,0,0,0,'1',NULL),(57,NULL,0,1,0,0,0,0,0,0,0,0,0,NULL,0,'0',0,0,0,0,0,0,'1',NULL),(58,NULL,0,1,0,0,0,0,0,0,0,0,0,NULL,0,'0',0,0,0,0,0,0,'1',NULL),(59,NULL,0,1,0,0,0,0,0,0,0,0,0,NULL,0,'0',0,0,0,0,0,0,'1',NULL),(60,NULL,0,1,0,0,0,0,0,0,0,0,0,NULL,0,'0',0,0,0,0,0,0,'1',NULL),(61,NULL,0,1,0,0,0,0,0,0,0,0,0,NULL,0,'0',0,0,0,0,0,0,'1',NULL),(62,NULL,1,0,0,0,0,0,0,0,0,0,0,NULL,0,'0',0,0,0,0,0,0,'1',NULL),(63,NULL,1,0,0,0,0,0,0,0,0,0,0,NULL,0,'0',0,0,0,0,0,0,'1',NULL),(64,'Magento\\Catalog\\Block\\Adminhtml\\Category\\Helper\\Sortby\\Available',0,1,0,0,0,0,0,0,0,0,0,NULL,0,'0',0,0,0,0,0,0,'1',NULL),(65,'Magento\\Catalog\\Block\\Adminhtml\\Category\\Helper\\Sortby\\DefaultSortby',0,1,0,0,0,0,0,0,0,0,0,NULL,0,'0',0,0,0,0,0,0,'1',NULL),(66,NULL,0,1,0,0,0,0,0,0,0,0,0,NULL,0,'0',0,0,0,0,0,0,'1',NULL),(67,NULL,0,1,0,0,0,0,0,0,0,0,0,NULL,0,'0',0,0,0,0,0,0,'1',NULL),(68,NULL,0,1,0,0,0,0,0,0,0,0,0,NULL,0,'0',0,0,0,0,0,0,'1',NULL),(69,'Magento\\Catalog\\Block\\Adminhtml\\Category\\Helper\\Pricestep',0,1,0,0,0,0,0,0,0,0,0,NULL,0,'0',0,0,0,0,0,0,'1',NULL),(70,NULL,0,1,1,0,0,0,0,0,0,1,1,NULL,1,'0',0,0,0,0,0,0,'5',NULL),(71,NULL,1,1,1,0,1,0,0,0,0,0,0,NULL,1,'0',0,0,0,0,0,0,'6',NULL),(72,NULL,0,1,1,0,1,0,1,0,0,0,0,NULL,1,'0',1,0,0,0,0,0,'1',NULL),(73,NULL,0,1,1,0,1,0,1,0,0,1,0,NULL,1,'0',1,0,0,1,0,0,'1',NULL),(74,NULL,1,1,1,1,0,0,0,0,0,1,1,'simple,virtual,bundle,downloadable,configurable',1,'0',0,0,0,0,0,0,'1',NULL),(75,NULL,1,1,0,0,0,0,0,0,0,1,0,'simple,virtual,bundle,downloadable,configurable',0,'0',0,0,0,1,0,1,'1',NULL),(76,NULL,2,1,0,0,0,0,0,0,0,1,0,'simple,virtual,bundle,downloadable,configurable',0,'0',0,0,0,1,0,0,'1',NULL),(77,NULL,2,1,0,0,0,0,0,0,0,1,0,'simple,virtual,bundle,downloadable,configurable',0,'0',0,0,0,1,0,0,'1',NULL),(78,NULL,1,1,0,0,0,0,0,0,0,0,0,'simple,virtual,downloadable',0,'0',0,0,0,1,0,1,'1',NULL),(79,'Magento\\Catalog\\Block\\Adminhtml\\Product\\Helper\\Form\\Weight',1,1,0,0,0,0,0,0,0,0,0,'simple,virtual,bundle,downloadable,configurable',0,'0',0,0,0,1,0,1,'1',NULL),(81,NULL,0,1,0,0,0,0,0,0,0,0,0,NULL,0,'0',0,0,0,1,0,1,'1',NULL),(82,NULL,0,1,0,0,0,0,0,0,0,0,0,NULL,0,'0',0,0,0,1,0,1,'1',NULL),(83,NULL,0,1,0,0,0,0,0,0,0,0,0,NULL,0,'0',0,0,0,1,0,1,'1',NULL),(84,NULL,0,1,0,0,0,0,0,0,0,1,0,NULL,0,'0',0,0,0,0,0,0,'1',NULL),(85,NULL,0,1,0,0,0,0,0,0,0,1,0,NULL,0,'0',0,0,0,0,0,0,'1',NULL),(86,NULL,0,1,0,0,0,0,0,0,0,1,0,NULL,0,'0',0,0,0,0,0,0,'1',NULL),(87,NULL,1,1,0,0,0,0,0,0,0,0,0,NULL,0,'0',0,0,0,0,0,0,'1',NULL),(88,NULL,1,0,0,0,0,0,0,0,0,0,0,NULL,0,'0',0,0,0,0,0,0,'1',NULL),(89,NULL,2,1,0,0,0,0,0,0,0,0,0,'simple,virtual,bundle,downloadable',0,'0',0,0,0,0,0,0,'1',NULL),(91,NULL,2,1,0,0,0,0,0,0,0,1,0,NULL,0,'0',0,0,0,1,0,0,'1',NULL),(92,NULL,2,1,0,0,0,0,0,0,0,1,0,NULL,0,'0',0,0,0,1,0,0,'1',NULL),(93,NULL,1,1,0,0,0,0,0,0,0,0,0,NULL,0,'0',0,0,0,0,0,0,'1',NULL),(94,'Magento\\Framework\\Data\\Form\\Element\\Hidden',2,1,1,0,0,0,0,0,0,1,0,NULL,0,'0',0,0,1,0,0,0,'1',NULL),(95,NULL,0,0,0,0,0,0,0,0,0,0,0,'simple,virtual,bundle,downloadable,configurable',0,'0',0,0,0,0,0,0,'1',NULL),(96,NULL,0,1,0,0,0,0,0,0,0,0,0,NULL,0,'0',0,0,1,0,0,0,'1',NULL),(97,NULL,0,1,0,0,0,0,0,0,0,0,0,NULL,0,'0',0,0,0,1,0,1,'1',NULL),(98,NULL,0,1,0,0,0,0,0,0,0,0,0,NULL,0,'0',0,0,0,1,0,0,'1',NULL),(99,NULL,0,1,0,0,0,0,0,0,0,0,0,NULL,0,'0',0,0,0,1,0,0,'1',NULL),(100,NULL,0,1,0,0,0,0,0,0,0,0,0,NULL,0,'0',0,0,0,0,0,0,'1',NULL),(101,NULL,0,1,0,0,0,0,0,0,0,0,0,NULL,0,'0',0,0,0,1,0,0,'1',NULL),(102,'Magento\\Catalog\\Block\\Adminhtml\\Product\\Helper\\Form\\Category',1,1,0,0,0,0,0,0,0,0,0,NULL,0,'0',0,0,0,0,0,0,'1',NULL),(103,NULL,0,1,0,0,0,0,0,0,0,0,0,NULL,0,'0',0,0,0,0,0,0,'1',NULL),(104,NULL,1,0,0,0,0,0,0,0,0,1,0,NULL,0,'0',0,0,0,0,0,0,'1',NULL),(105,NULL,1,0,0,0,0,0,0,0,0,0,0,NULL,0,'0',0,0,0,0,0,0,'1',NULL),(106,NULL,0,0,0,0,0,0,0,0,0,1,0,NULL,0,'0',0,0,0,0,0,0,'1',NULL),(107,NULL,0,0,0,0,0,0,0,0,0,1,0,NULL,0,'0',0,0,0,0,0,0,'1',NULL),(108,NULL,0,0,0,0,0,0,0,0,0,1,0,NULL,0,'0',0,0,0,0,0,0,'1',NULL),(109,NULL,1,0,0,0,0,0,0,0,0,0,0,NULL,0,'0',0,0,0,0,0,0,'1',NULL),(110,NULL,1,0,0,0,0,0,0,0,0,0,0,NULL,0,'0',0,0,0,0,0,0,'1',NULL),(111,NULL,2,1,0,0,0,0,0,0,0,0,0,'simple,bundle,grouped,configurable',0,'0',0,0,0,1,0,1,'1',NULL),(112,'Magento\\CatalogInventory\\Block\\Adminhtml\\Form\\Field\\Stock',1,1,0,0,0,0,0,0,0,0,0,NULL,0,'0',0,0,0,0,0,0,'1',NULL),(113,NULL,0,1,0,0,0,0,0,0,0,0,0,NULL,0,'0',0,0,0,0,0,0,'1',NULL),(114,NULL,0,0,0,0,0,0,0,0,0,0,0,NULL,0,'0',0,0,0,0,0,0,'1',NULL),(115,NULL,0,1,0,0,0,0,0,0,0,1,0,NULL,0,'0',0,0,0,1,0,1,'1',NULL),(116,NULL,0,0,0,0,0,0,0,0,0,0,0,NULL,0,'0',0,0,0,0,0,0,'1',NULL),(117,'Magento\\Msrp\\Block\\Adminhtml\\Product\\Helper\\Form\\Type',1,1,0,0,0,0,0,0,0,1,0,'simple,virtual,downloadable,bundle,configurable',0,'0',0,0,0,1,0,1,'1',NULL),(118,'Magento\\Msrp\\Block\\Adminhtml\\Product\\Helper\\Form\\Type\\Price',2,1,0,0,0,0,0,0,0,1,0,'simple,virtual,downloadable,bundle,configurable',0,'0',0,0,0,0,0,0,'1',NULL),(119,NULL,1,1,0,0,0,0,0,0,0,1,0,'bundle',0,'0',0,0,0,0,0,0,'1',NULL),(120,NULL,1,1,0,0,0,0,0,0,0,0,0,'bundle',0,'0',0,0,0,0,0,0,'1',NULL),(121,NULL,1,1,0,0,0,0,0,0,0,1,0,'bundle',0,'0',0,0,0,0,0,0,'1',NULL),(122,NULL,1,1,0,0,0,0,0,0,0,1,0,'bundle',0,'0',0,0,0,0,0,0,'1',NULL),(123,NULL,1,1,0,0,0,0,0,0,0,1,0,'bundle',0,'0',0,0,0,0,0,0,'1',NULL),(124,NULL,1,0,0,0,0,0,0,0,0,1,0,'downloadable',0,'0',0,0,0,0,0,0,'1',NULL),(125,NULL,0,0,0,0,0,0,0,0,0,0,0,'downloadable',0,'0',0,0,0,0,0,0,'1',NULL),(126,NULL,0,0,0,0,0,0,0,0,0,0,0,'downloadable',0,'0',0,0,0,0,0,0,'1',NULL),(127,NULL,1,0,0,0,0,0,0,0,0,1,0,'downloadable',0,'0',0,0,0,0,0,0,'1',NULL),(128,NULL,0,1,0,0,0,0,0,0,0,1,0,NULL,0,'0',0,0,0,0,0,0,'1',NULL),(129,NULL,2,1,1,0,0,0,0,0,0,1,0,'simple,virtual,bundle,downloadable,configurable',0,'0',0,0,0,1,0,1,'1',NULL),(130,'Magento\\GiftMessage\\Block\\Adminhtml\\Product\\Helper\\Form\\Config',1,1,0,0,0,0,0,0,0,0,0,NULL,0,'0',0,0,0,1,0,0,'1',NULL),(134,NULL,0,1,0,0,0,0,0,0,0,0,0,NULL,0,'0',0,0,0,1,0,0,'1',NULL),(136,NULL,0,1,0,0,0,0,0,0,0,1,0,NULL,0,'0',0,0,0,0,0,0,'1',NULL),(137,NULL,0,1,1,1,0,1,1,0,1,0,0,NULL,0,'0',0,0,0,0,1,0,'1',NULL),(138,NULL,0,1,1,0,0,1,1,0,0,0,0,NULL,0,'0',0,0,0,0,1,0,'1',NULL),(139,NULL,0,1,1,0,0,1,1,0,0,0,0,NULL,0,'0',0,0,0,0,1,0,'1',NULL),(140,NULL,0,1,1,1,0,1,1,0,1,0,0,NULL,0,'0',0,0,0,0,1,0,'1',NULL),(141,NULL,0,1,1,0,0,1,1,0,0,0,0,NULL,0,'0',0,0,0,0,1,0,'1',NULL),(142,NULL,0,1,1,1,0,1,1,0,1,0,0,NULL,0,'0',0,0,0,0,1,0,'1',NULL),(143,NULL,0,1,1,0,0,1,1,0,0,0,0,NULL,0,'0',0,0,0,0,1,0,'1',NULL),(144,NULL,0,1,1,0,0,1,1,0,0,0,0,NULL,0,'0',0,0,0,0,1,0,'1',NULL),(145,NULL,1,1,1,1,0,1,1,0,1,1,0,NULL,0,'0',0,0,0,0,1,0,'1','{\"swatch_input_type\":\"visual\",\"update_product_preview_image\":\"0\",\"use_product_image_for_swatch\":\"0\"}'),(146,NULL,0,1,0,0,0,0,0,0,0,0,0,NULL,0,'0',0,0,0,0,0,0,'1',NULL),(147,NULL,0,1,0,0,0,0,0,0,0,0,0,NULL,0,'0',0,0,0,0,0,0,'1',NULL),(148,NULL,0,1,0,0,0,0,0,0,0,0,0,NULL,0,'0',0,0,0,0,0,0,'1',NULL),(149,NULL,0,1,0,0,0,0,0,0,0,1,0,NULL,0,'0',0,0,0,0,0,0,'1',NULL),(150,NULL,0,1,0,0,0,0,0,0,0,0,0,NULL,0,'0',0,0,0,0,0,0,'1',NULL),(151,NULL,0,1,0,0,0,0,0,0,0,0,0,NULL,0,'0',0,0,0,0,0,0,'1',NULL),(152,NULL,0,1,0,0,0,0,0,0,0,0,0,NULL,0,'0',0,0,0,0,0,0,'1',NULL),(153,NULL,0,1,0,0,0,0,0,0,0,0,0,NULL,0,'0',0,0,0,0,0,0,'1',NULL),(154,NULL,0,1,0,0,0,0,0,0,0,0,0,NULL,0,'0',0,0,0,0,0,0,'1',NULL),(155,NULL,0,1,0,0,0,0,0,0,0,0,0,NULL,0,'0',0,0,0,0,0,0,'1',NULL),(156,NULL,0,1,0,0,0,0,0,0,0,0,0,NULL,0,'0',0,0,0,0,0,0,'1',NULL),(157,NULL,0,1,0,0,0,0,0,0,0,0,0,NULL,0,'0',0,0,0,0,0,0,'1',NULL);

--
-- Table structure for table `catalog_product_bundle_option`
--

CREATE TABLE `catalog_product_bundle_option` (
  `option_id` int(10) unsigned NOT NULL AUTO_INCREMENT COMMENT 'Option Id',
  `parent_id` int(10) unsigned NOT NULL COMMENT 'Parent Id',
  `required` smallint(5) unsigned NOT NULL DEFAULT '0' COMMENT 'Required',
  `position` int(10) unsigned NOT NULL DEFAULT '0' COMMENT 'Position',
  `type` varchar(255) DEFAULT NULL COMMENT 'Type',
  PRIMARY KEY (`option_id`),
  KEY `CATALOG_PRODUCT_BUNDLE_OPTION_PARENT_ID` (`parent_id`)
) ENGINE=InnoDB DEFAULT CHARSET=utf8 COMMENT='Catalog Product Bundle Option';

--
-- Table structure for table `catalog_product_bundle_option_value`
--

CREATE TABLE `catalog_product_bundle_option_value` (
  `value_id` int(10) unsigned NOT NULL AUTO_INCREMENT COMMENT 'Value Id',
  `option_id` int(10) unsigned NOT NULL COMMENT 'Option Id',
  `parent_product_id` int(10) unsigned NOT NULL COMMENT 'Parent Product Id',
  `store_id` smallint(5) unsigned NOT NULL COMMENT 'Store Id',
  `title` varchar(255) DEFAULT NULL COMMENT 'Title',
  PRIMARY KEY (`value_id`),
  UNIQUE KEY `CAT_PRD_BNDL_OPT_VAL_OPT_ID_PARENT_PRD_ID_STORE_ID` (`option_id`,`parent_product_id`,`store_id`)
) ENGINE=InnoDB DEFAULT CHARSET=utf8 COMMENT='Catalog Product Bundle Option Value';

--
-- Table structure for table `catalog_product_bundle_price_index`
--

CREATE TABLE `catalog_product_bundle_price_index` (
  `entity_id` int(10) unsigned NOT NULL COMMENT 'Entity Id',
  `website_id` smallint(5) unsigned NOT NULL COMMENT 'Website Id',
  `customer_group_id` int(10) unsigned NOT NULL,
  `min_price` decimal(12,4) NOT NULL COMMENT 'Min Price',
  `max_price` decimal(12,4) NOT NULL COMMENT 'Max Price',
  PRIMARY KEY (`entity_id`,`website_id`,`customer_group_id`),
  KEY `CATALOG_PRODUCT_BUNDLE_PRICE_INDEX_WEBSITE_ID` (`website_id`),
  KEY `CATALOG_PRODUCT_BUNDLE_PRICE_INDEX_CUSTOMER_GROUP_ID` (`customer_group_id`)
) ENGINE=InnoDB DEFAULT CHARSET=utf8 COMMENT='Catalog Product Bundle Price Index';

--
-- Table structure for table `catalog_product_bundle_selection`
--

CREATE TABLE `catalog_product_bundle_selection` (
  `selection_id` int(10) unsigned NOT NULL AUTO_INCREMENT COMMENT 'Selection Id',
  `option_id` int(10) unsigned NOT NULL COMMENT 'Option Id',
  `parent_product_id` int(10) unsigned NOT NULL COMMENT 'Parent Product Id',
  `product_id` int(10) unsigned NOT NULL COMMENT 'Product Id',
  `position` int(10) unsigned NOT NULL DEFAULT '0' COMMENT 'Position',
  `is_default` smallint(5) unsigned NOT NULL DEFAULT '0' COMMENT 'Is Default',
  `selection_price_type` smallint(5) unsigned NOT NULL DEFAULT '0' COMMENT 'Selection Price Type',
  `selection_price_value` decimal(12,4) NOT NULL DEFAULT '0.0000' COMMENT 'Selection Price Value',
  `selection_qty` decimal(12,4) DEFAULT NULL COMMENT 'Selection Qty',
  `selection_can_change_qty` smallint(6) NOT NULL DEFAULT '0' COMMENT 'Selection Can Change Qty',
  PRIMARY KEY (`selection_id`),
  KEY `CATALOG_PRODUCT_BUNDLE_SELECTION_OPTION_ID` (`option_id`),
  KEY `CATALOG_PRODUCT_BUNDLE_SELECTION_PRODUCT_ID` (`product_id`)
) ENGINE=InnoDB DEFAULT CHARSET=utf8 COMMENT='Catalog Product Bundle Selection';

--
-- Table structure for table `catalog_product_bundle_selection_price`
--

CREATE TABLE `catalog_product_bundle_selection_price` (
  `selection_id` int(10) unsigned NOT NULL COMMENT 'Selection Id',
  `parent_product_id` int(10) unsigned NOT NULL COMMENT 'Parent Product Id',
  `website_id` smallint(5) unsigned NOT NULL COMMENT 'Website Id',
  `selection_price_type` smallint(5) unsigned NOT NULL DEFAULT '0' COMMENT 'Selection Price Type',
  `selection_price_value` decimal(12,4) NOT NULL DEFAULT '0.0000' COMMENT 'Selection Price Value',
  PRIMARY KEY (`selection_id`,`parent_product_id`,`website_id`),
  KEY `CATALOG_PRODUCT_BUNDLE_SELECTION_PRICE_WEBSITE_ID` (`website_id`)
) ENGINE=InnoDB DEFAULT CHARSET=utf8 COMMENT='Catalog Product Bundle Selection Price';

--
-- Table structure for table `catalog_product_bundle_stock_index`
--

CREATE TABLE `catalog_product_bundle_stock_index` (
  `entity_id` int(10) unsigned NOT NULL COMMENT 'Entity Id',
  `website_id` smallint(5) unsigned NOT NULL COMMENT 'Website Id',
  `stock_id` smallint(5) unsigned NOT NULL COMMENT 'Stock Id',
  `option_id` int(10) unsigned NOT NULL DEFAULT '0' COMMENT 'Option Id',
  `stock_status` smallint(6) DEFAULT '0' COMMENT 'Stock Status',
  PRIMARY KEY (`entity_id`,`website_id`,`stock_id`,`option_id`)
) ENGINE=InnoDB DEFAULT CHARSET=utf8 COMMENT='Catalog Product Bundle Stock Index';

--
-- Table structure for table `catalog_product_entity`
--

CREATE TABLE `catalog_product_entity` (
  `entity_id` int(10) unsigned NOT NULL AUTO_INCREMENT COMMENT 'Entity ID',
  `attribute_set_id` smallint(5) unsigned NOT NULL DEFAULT '0' COMMENT 'Attribute Set ID',
  `type_id` varchar(32) NOT NULL DEFAULT 'simple' COMMENT 'Type ID',
  `sku` varchar(64) DEFAULT NULL COMMENT 'SKU',
  `has_options` smallint(6) NOT NULL DEFAULT '0' COMMENT 'Has Options',
  `required_options` smallint(5) unsigned NOT NULL DEFAULT '0' COMMENT 'Required Options',
  `created_at` timestamp NOT NULL DEFAULT CURRENT_TIMESTAMP COMMENT 'Creation Time',
  `updated_at` timestamp NOT NULL DEFAULT CURRENT_TIMESTAMP ON UPDATE CURRENT_TIMESTAMP COMMENT 'Update Time',
  PRIMARY KEY (`entity_id`),
  KEY `CATALOG_PRODUCT_ENTITY_ATTRIBUTE_SET_ID` (`attribute_set_id`),
  KEY `CATALOG_PRODUCT_ENTITY_SKU` (`sku`)
) ENGINE=InnoDB AUTO_INCREMENT=36 DEFAULT CHARSET=utf8 COMMENT='Catalog Product Table';

--
-- Dumping data for table `catalog_product_entity`
--

INSERT INTO `catalog_product_entity` VALUES ('1',4,'simple','7565',0,0,'2017-10-23 16:22:17','2017-10-23 16:22:17'),('2',4,'simple','5654',0,0,'2017-10-23 16:28:38','2017-11-14 14:56:08'),('3',4,'simple','6532',0,0,'2017-10-23 16:29:02','2017-10-23 16:31:24'),('4',4,'simple','9787',0,0,'2017-10-23 16:29:08','2017-10-23 16:34:52'),('5',4,'simple','8666',0,0,'2017-10-23 16:29:14','2017-10-23 16:37:38'),('6',4,'simple','6544',0,0,'2017-10-23 16:29:19','2017-10-23 16:41:01'),('7',4,'simple','2765',0,0,'2017-10-23 16:47:02','2017-10-23 16:48:48'),('8',4,'simple','9322',0,0,'2017-10-23 16:47:44','2017-10-23 16:51:02'),('9',4,'simple','6521',0,0,'2017-10-23 16:47:51','2017-11-14 14:54:21'),('10',4,'simple','1165',0,0,'2017-10-23 16:47:57','2017-11-14 14:54:33'),('11',4,'simple','1321',1,1,'2017-10-23 17:39:14','2017-11-14 14:54:53'),('12',4,'simple','3210',1,1,'2017-10-23 17:40:27','2017-11-14 14:55:10'),('13',4,'simple','8877',1,1,'2017-10-23 17:40:35','2017-11-14 14:55:37'),('14',4,'simple','1197',1,1,'2017-10-23 17:40:41','2017-11-14 14:55:26'),('15',4,'simple','8766',1,1,'2017-10-23 17:40:49','2017-11-14 14:55:56'),('16',4,'configurable','4463',1,1,'2017-10-23 17:48:55','2017-10-23 17:54:40'),('17',4,'configurable','8871',1,1,'2017-10-23 17:49:34','2017-10-23 17:55:01'),('18',4,'configurable','8822',1,1,'2017-10-23 17:49:41','2017-10-23 17:55:22'),('19',4,'configurable','5343',1,1,'2017-10-23 17:49:49','2017-10-23 17:55:45'),('20',4,'configurable','1154',1,1,'2017-10-23 17:49:56','2017-10-23 17:56:06'),('21',4,'simple','4463-pink',0,0,'2017-10-23 17:54:36','2017-10-23 17:54:36'),('22',4,'simple','4463-white',0,0,'2017-10-23 17:54:38','2017-10-23 17:54:38'),('23',4,'simple','4463-blue',0,0,'2017-10-23 17:54:39','2017-10-23 17:54:39'),('24',4,'simple','8871-gray',0,0,'2017-10-23 17:54:57','2017-10-23 17:54:57'),('25',4,'simple','8871-white',0,0,'2017-10-23 17:54:58','2017-10-23 17:54:58'),('26',4,'simple','8871-green',0,0,'2017-10-23 17:54:59','2017-10-23 17:54:59'),('27',4,'simple','8822-pink',0,0,'2017-10-23 17:55:19','2017-10-23 17:55:19'),('28',4,'simple','8822-blue',0,0,'2017-10-23 17:55:20','2017-10-23 17:55:20'),('29',4,'simple','8822-white',0,0,'2017-10-23 17:55:21','2017-10-23 17:55:21'),('30',4,'simple','5343-gray',0,0,'2017-10-23 17:55:41','2017-10-23 17:55:41'),('31',4,'simple','5343-black',0,0,'2017-10-23 17:55:42','2017-10-23 17:55:42'),('32',4,'simple','5343-white',0,0,'2017-10-23 17:55:44','2017-10-23 17:55:44'),('33',4,'simple','1154-green',0,0,'2017-10-23 17:56:03','2017-10-23 17:56:03'),('34',4,'simple','1154-blue',0,0,'2017-10-23 17:56:04','2017-10-23 17:56:04'),('35',4,'simple','1154-white',0,0,'2017-10-23 17:56:05','2017-10-23 17:56:05');

--
-- Table structure for table `catalog_product_entity_datetime`
--

CREATE TABLE `catalog_product_entity_datetime` (
  `value_id` int(11) NOT NULL AUTO_INCREMENT COMMENT 'Value ID',
  `attribute_id` smallint(5) unsigned NOT NULL DEFAULT '0' COMMENT 'Attribute ID',
  `store_id` smallint(5) unsigned NOT NULL DEFAULT '0' COMMENT 'Store ID',
  `entity_id` int(10) unsigned NOT NULL DEFAULT '0' COMMENT 'Entity ID',
  `value` datetime DEFAULT NULL COMMENT 'Value',
  PRIMARY KEY (`value_id`),
  UNIQUE KEY `CATALOG_PRODUCT_ENTITY_DATETIME_ENTITY_ID_ATTRIBUTE_ID_STORE_ID` (`entity_id`,`attribute_id`,`store_id`),
  KEY `CATALOG_PRODUCT_ENTITY_DATETIME_ATTRIBUTE_ID` (`attribute_id`),
  KEY `CATALOG_PRODUCT_ENTITY_DATETIME_STORE_ID` (`store_id`)
) ENGINE=InnoDB AUTO_INCREMENT=17 DEFAULT CHARSET=utf8 COMMENT='Catalog Product Datetime Attribute Backend Table';

--
-- Dumping data for table `catalog_product_entity_datetime`
--

INSERT INTO `catalog_product_entity_datetime` VALUES ('1',91,0,'9','2017-11-14 00:00:00'),('2',92,0,'9','2030-11-14 00:00:00'),('3',91,0,'10','2017-11-14 00:00:00'),('4',92,0,'10','2030-11-14 00:00:00'),('5',91,0,'11','2017-11-14 00:00:00'),('6',92,0,'11','2030-11-14 00:00:00'),('7',91,0,'12','2017-11-14 00:00:00'),('8',92,0,'12','2030-11-14 00:00:00'),('9',91,0,'14','2017-11-14 00:00:00'),('10',92,0,'14','2030-11-14 00:00:00'),('11',91,0,'13','2017-11-14 00:00:00'),('12',92,0,'13','2030-11-14 00:00:00'),('13',91,0,'15','2017-11-14 00:00:00'),('14',92,0,'15','2030-11-14 00:00:00'),('15',91,0,'2','2017-11-14 00:00:00'),('16',92,0,'2','2030-11-14 00:00:00');

--
-- Table structure for table `catalog_product_entity_decimal`
--

CREATE TABLE `catalog_product_entity_decimal` (
  `value_id` int(11) NOT NULL AUTO_INCREMENT COMMENT 'Value ID',
  `attribute_id` smallint(5) unsigned NOT NULL DEFAULT '0' COMMENT 'Attribute ID',
  `store_id` smallint(5) unsigned NOT NULL DEFAULT '0' COMMENT 'Store ID',
  `entity_id` int(10) unsigned NOT NULL DEFAULT '0' COMMENT 'Entity ID',
  `value` decimal(12,4) DEFAULT NULL COMMENT 'Value',
  PRIMARY KEY (`value_id`),
  UNIQUE KEY `CATALOG_PRODUCT_ENTITY_DECIMAL_ENTITY_ID_ATTRIBUTE_ID_STORE_ID` (`entity_id`,`attribute_id`,`store_id`),
  KEY `CATALOG_PRODUCT_ENTITY_DECIMAL_STORE_ID` (`store_id`),
  KEY `CATALOG_PRODUCT_ENTITY_DECIMAL_ATTRIBUTE_ID` (`attribute_id`)
) ENGINE=InnoDB AUTO_INCREMENT=136 DEFAULT CHARSET=utf8 COMMENT='Catalog Product Decimal Attribute Backend Table';

--
-- Dumping data for table `catalog_product_entity_decimal`
--

INSERT INTO `catalog_product_entity_decimal` VALUES ('1',74,0,'1','49.0000'),('2',79,0,'1','1.0000'),('3',74,0,'2','65.0000'),('4',79,0,'2','1.0000'),('5',74,0,'3','55.0000'),('6',79,0,'3','1.0000'),('10',74,0,'4','48.0000'),('11',79,0,'4','1.0000'),('17',74,0,'5','55.0000'),('18',79,0,'5','1.0000'),('26',74,0,'6','65.0000'),('27',79,0,'6','1.0000'),('29',74,0,'7','35.0000'),('30',79,0,'7','1.0000'),('31',74,0,'8','63.0000'),('32',79,0,'8','1.0000'),('36',74,0,'9','39.0000'),('37',79,0,'9','1.0000'),('43',74,0,'10','69.0000'),('44',79,0,'10','1.0000'),('46',74,0,'11','63.0000'),('47',79,0,'11','1.0000'),('48',74,0,'12','27.0000'),('49',79,0,'12','1.0000'),('53',74,0,'13','56.0000'),('54',79,0,'13','1.0000'),('60',74,0,'14','41.0000'),('61',79,0,'14','1.0000'),('69',74,0,'15','39.0000'),('70',79,0,'15','1.0000'),('72',74,0,'16','36.0000'),('73',79,0,'16','1.0000'),('74',74,0,'17','59.0000'),('75',79,0,'17','1.0000'),('79',74,0,'18','45.0000'),('80',79,0,'18','1.0000'),('86',74,0,'19','84.0000'),('87',79,0,'19','1.0000'),('95',74,0,'20','34.0000'),('96',79,0,'20','1.0000'),('98',74,0,'21','36.0000'),('99',79,0,'21','1.0000'),('100',74,0,'22','36.0000'),('101',79,0,'22','1.0000'),('102',74,0,'23','36.0000'),('103',79,0,'23','1.0000'),('104',74,0,'24','59.0000'),('105',79,0,'24','1.0000'),('106',74,0,'25','59.0000'),('107',79,0,'25','1.0000'),('108',74,0,'26','59.0000'),('109',79,0,'26','1.0000'),('110',74,0,'27','45.0000'),('111',79,0,'27','1.0000'),('112',74,0,'28','45.0000'),('113',79,0,'28','1.0000'),('114',74,0,'29','45.0000'),('115',79,0,'29','1.0000'),('116',74,0,'30','84.0000'),('117',79,0,'30','1.0000'),('118',74,0,'31','84.0000'),('119',79,0,'31','1.0000'),('120',74,0,'32','84.0000'),('121',79,0,'32','1.0000'),('122',74,0,'33','34.0000'),('123',79,0,'33','1.0000'),('124',74,0,'34','34.0000'),('125',79,0,'34','1.0000'),('126',74,0,'35','34.0000'),('127',79,0,'35','1.0000'),('128',75,0,'9',NULL),('129',75,0,'10',NULL),('130',75,0,'11',NULL),('131',75,0,'12',NULL),('132',75,0,'14',NULL),('133',75,0,'13',NULL),('134',75,0,'15',NULL),('135',75,0,'2',NULL);

--
-- Table structure for table `catalog_product_entity_gallery`
--

CREATE TABLE `catalog_product_entity_gallery` (
  `value_id` int(11) NOT NULL AUTO_INCREMENT COMMENT 'Value ID',
  `attribute_id` smallint(5) unsigned NOT NULL DEFAULT '0' COMMENT 'Attribute ID',
  `store_id` smallint(5) unsigned NOT NULL DEFAULT '0' COMMENT 'Store ID',
  `entity_id` int(10) unsigned NOT NULL DEFAULT '0' COMMENT 'Entity ID',
  `position` int(11) NOT NULL DEFAULT '0' COMMENT 'Position',
  `value` varchar(255) DEFAULT NULL COMMENT 'Value',
  PRIMARY KEY (`value_id`),
  UNIQUE KEY `CATALOG_PRODUCT_ENTITY_GALLERY_ENTITY_ID_ATTRIBUTE_ID_STORE_ID` (`entity_id`,`attribute_id`,`store_id`),
  KEY `CATALOG_PRODUCT_ENTITY_GALLERY_ENTITY_ID` (`entity_id`),
  KEY `CATALOG_PRODUCT_ENTITY_GALLERY_ATTRIBUTE_ID` (`attribute_id`),
  KEY `CATALOG_PRODUCT_ENTITY_GALLERY_STORE_ID` (`store_id`)
) ENGINE=InnoDB DEFAULT CHARSET=utf8 COMMENT='Catalog Product Gallery Attribute Backend Table';

--
-- Table structure for table `catalog_product_entity_int`
--

CREATE TABLE `catalog_product_entity_int` (
  `value_id` int(11) NOT NULL AUTO_INCREMENT COMMENT 'Value ID',
  `attribute_id` smallint(5) unsigned NOT NULL DEFAULT '0' COMMENT 'Attribute ID',
  `store_id` smallint(5) unsigned NOT NULL DEFAULT '0' COMMENT 'Store ID',
  `entity_id` int(10) unsigned NOT NULL DEFAULT '0' COMMENT 'Entity ID',
  `value` int(11) DEFAULT NULL COMMENT 'Value',
  PRIMARY KEY (`value_id`),
  UNIQUE KEY `CATALOG_PRODUCT_ENTITY_INT_ENTITY_ID_ATTRIBUTE_ID_STORE_ID` (`entity_id`,`attribute_id`,`store_id`),
  KEY `CATALOG_PRODUCT_ENTITY_INT_ATTRIBUTE_ID` (`attribute_id`),
  KEY `CATALOG_PRODUCT_ENTITY_INT_STORE_ID` (`store_id`)
) ENGINE=InnoDB AUTO_INCREMENT=703 DEFAULT CHARSET=utf8 COMMENT='Catalog Product Integer Attribute Backend Table';

--
-- Dumping data for table `catalog_product_entity_int`
--

INSERT INTO `catalog_product_entity_int` VALUES ('1',94,0,'1','1'),('2',96,0,'1','4'),('3',112,0,'1','1'),('4',129,0,'1','2'),('5',137,0,'1','4'),('6',138,0,'1','8'),('7',139,0,'1','11'),('8',140,0,'1','13'),('9',141,0,'1','16'),('10',142,0,'1','19'),('11',143,0,'1','21'),('12',144,0,'1','23'),('13',94,0,'2','1'),('14',96,0,'2','4'),('15',112,0,'2','1'),('16',129,0,'2','2'),('17',137,0,'2','4'),('18',138,0,'2','8'),('19',139,0,'2','9'),('20',140,0,'2','14'),('21',141,0,'2','16'),('22',142,0,'2','20'),('23',143,0,'2','21'),('24',144,0,'2','23'),('25',94,0,'3','1'),('26',96,0,'3','4'),('27',112,0,'3','1'),('28',129,0,'3','2'),('29',137,0,'3','4'),('30',138,0,'3','7'),('31',139,0,'3','9'),('32',140,0,'3','13'),('33',141,0,'3','17'),('34',142,0,'3','18'),('35',143,0,'3','21'),('36',144,0,'3','23'),('50',94,0,'4','1'),('51',96,0,'4','4'),('52',112,0,'4','1'),('53',129,0,'4','2'),('54',137,0,'4','4'),('55',138,0,'4','8'),('56',139,0,'4','11'),('57',140,0,'4','15'),('58',141,0,'4','16'),('59',142,0,'4','20'),('60',143,0,'4','21'),('61',144,0,'4','23'),('87',94,0,'5','1'),('88',96,0,'5','4'),('89',112,0,'5','1'),('90',129,0,'5','2'),('91',137,0,'5','4'),('92',138,0,'5','8'),('93',139,0,'5','9'),('94',140,0,'5','15'),('95',141,0,'5','16'),('96',142,0,'5','20'),('97',143,0,'5','21'),('98',144,0,'5','23'),('136',94,0,'6','1'),('137',96,0,'6','4'),('138',112,0,'6','1'),('139',129,0,'6','2'),('140',137,0,'6','4'),('141',138,0,'6','8'),('142',139,0,'6','9'),('143',140,0,'6','14'),('144',141,0,'6','16'),('145',142,0,'6','20'),('146',143,0,'6','21'),('147',144,0,'6','23'),('149',94,0,'7','1'),('150',96,0,'7','4'),('151',112,0,'7','1'),('152',129,0,'7','2'),('153',137,0,'7','4'),('154',138,0,'7','8'),('155',139,0,'7','9'),('156',140,0,'7','12'),('157',141,0,'7','16'),('158',142,0,'7','19'),('159',143,0,'7','21'),('160',144,0,'7','22'),('161',94,0,'8','1'),('162',96,0,'8','4'),('163',112,0,'8','1'),('164',129,0,'8','2'),('165',137,0,'8','4'),('166',138,0,'8','8'),('167',139,0,'8','9'),('168',140,0,'8','15'),('169',141,0,'8','17'),('170',142,0,'8','19'),('171',143,0,'8','21'),('172',144,0,'8','22'),('186',94,0,'9','1'),('187',96,0,'9','4'),('188',112,0,'9','1'),('189',129,0,'9','2'),('190',137,0,'9','4'),('191',138,0,'9','8'),('192',139,0,'9','9'),('193',140,0,'9','15'),('194',141,0,'9','16'),('195',142,0,'9','19'),('196',143,0,'9','21'),('197',144,0,'9','22'),('223',94,0,'10','1'),('224',96,0,'10','4'),('225',112,0,'10','1'),('226',129,0,'10','2'),('227',137,0,'10','4'),('228',138,0,'10','8'),('229',139,0,'10','9'),('230',140,0,'10','13'),('231',141,0,'10','16'),('232',142,0,'10','19'),('233',143,0,'10','21'),('234',144,0,'10','22'),('236',94,0,'11','1'),('237',96,0,'11','4'),('238',112,0,'11','1'),('239',129,0,'11','2'),('240',137,0,'11','6'),('241',138,0,'11','8'),('242',139,0,'11','10'),('243',140,0,'11','13'),('244',141,0,'11','16'),('245',142,0,'11','20'),('246',143,0,'11','21'),('247',144,0,'11','23'),('248',94,0,'12','1'),('249',96,0,'12','4'),('250',112,0,'12','1'),('251',129,0,'12','2'),('252',137,0,'12','6'),('253',138,0,'12','7'),('254',139,0,'12','10'),('255',140,0,'12','12'),('256',141,0,'12','16'),('257',142,0,'12','18'),('258',143,0,'12','21'),('259',144,0,'12','23'),('273',94,0,'13','1'),('274',96,0,'13','4'),('275',112,0,'13','1'),('276',129,0,'13','2'),('277',137,0,'13','4'),('278',138,0,'13','7'),('279',139,0,'13','10'),('280',140,0,'13','15'),('281',141,0,'13','17'),('282',142,0,'13','19'),('283',143,0,'13','21'),('284',144,0,'13','23'),('310',94,0,'14','1'),('311',96,0,'14','4'),('312',112,0,'14','1'),('313',129,0,'14','2'),('314',137,0,'14','6'),('315',138,0,'14','7'),('316',139,0,'14','10'),('317',140,0,'14','15'),('318',141,0,'14','16'),('319',142,0,'14','20'),('320',143,0,'14','21'),('321',144,0,'14','23'),('359',94,0,'15','1'),('360',96,0,'15','4'),('361',112,0,'15','1'),('362',129,0,'15','2'),('363',137,0,'15','6'),('364',138,0,'15','8'),('365',139,0,'15','10'),('366',140,0,'15','14'),('367',141,0,'15','16'),('368',142,0,'15','20'),('369',143,0,'15','21'),('370',144,0,'15','23'),('372',94,0,'16','1'),('373',96,0,'16','4'),('374',112,0,'16','1'),('375',129,0,'16','2'),('376',137,0,'16','4'),('377',138,0,'16','8'),('378',139,0,'16','9'),('379',140,0,'16','14'),('380',141,0,'16','16'),('381',142,0,'16','18'),('382',143,0,'16','21'),('383',144,0,'16','22'),('384',94,0,'17','1'),('385',96,0,'17','4'),('386',112,0,'17','1'),('387',129,0,'17','2'),('388',137,0,'17','4'),('389',138,0,'17','8'),('390',139,0,'17','9'),('391',140,0,'17','12'),('392',141,0,'17','17'),('393',142,0,'17','19'),('394',143,0,'17','21'),('395',144,0,'17','22'),('409',94,0,'18','1'),('410',96,0,'18','4'),('411',112,0,'18','1'),('412',129,0,'18','2'),('413',137,0,'18','6'),('414',138,0,'18','8'),('415',139,0,'18','9'),('416',140,0,'18','12'),('417',141,0,'18','16'),('418',142,0,'18','19'),('419',143,0,'18','21'),('420',144,0,'18','23'),('446',94,0,'19','1'),('447',96,0,'19','4'),('448',112,0,'19','1'),('449',129,0,'19','2'),('450',137,0,'19','4'),('451',138,0,'19','8'),('452',139,0,'19','9'),('453',140,0,'19','14'),('454',141,0,'19','16'),('455',142,0,'19','18'),('456',143,0,'19','21'),('457',144,0,'19','22'),('495',94,0,'20','1'),('496',96,0,'20','4'),('497',112,0,'20','1'),('498',129,0,'20','2'),('499',137,0,'20','4'),('500',138,0,'20','8'),('501',139,0,'20','9'),('502',140,0,'20','13'),('503',141,0,'20','16'),('504',142,0,'20','18'),('505',143,0,'20','21'),('506',144,0,'20','22'),('508',94,0,'21','1'),('509',96,0,'21','1'),('510',112,0,'21','1'),('511',129,0,'21','2'),('512',137,0,'21','4'),('513',138,0,'21','8'),('514',139,0,'21','9'),('515',140,0,'21','14'),('516',141,0,'21','16'),('517',142,0,'21','18'),('518',143,0,'21','21'),('519',144,0,'21','22'),('520',145,0,'21','29'),('521',94,0,'22','1'),('522',96,0,'22','1'),('523',112,0,'22','1'),('524',129,0,'22','2'),('525',137,0,'22','4'),('526',138,0,'22','8'),('527',139,0,'22','9'),('528',140,0,'22','14'),('529',141,0,'22','16'),('530',142,0,'22','18'),('531',143,0,'22','21'),('532',144,0,'22','22'),('533',145,0,'22','26'),('534',94,0,'23','1'),('535',96,0,'23','1'),('536',112,0,'23','1'),('537',129,0,'23','2'),('538',137,0,'23','4'),('539',138,0,'23','8'),('540',139,0,'23','9'),('541',140,0,'23','14'),('542',141,0,'23','16'),('543',142,0,'23','18'),('544',143,0,'23','21'),('545',144,0,'23','22'),('546',145,0,'23','27'),('547',94,0,'24','1'),('548',96,0,'24','1'),('549',112,0,'24','1'),('550',129,0,'24','2'),('551',137,0,'24','4'),('552',138,0,'24','8'),('553',139,0,'24','9'),('554',140,0,'24','12'),('555',141,0,'24','17'),('556',142,0,'24','19'),('557',143,0,'24','21'),('558',144,0,'24','22'),('559',145,0,'24','28'),('560',94,0,'25','1'),('561',96,0,'25','1'),('562',112,0,'25','1'),('563',129,0,'25','2'),('564',137,0,'25','4'),('565',138,0,'25','8'),('566',139,0,'25','9'),('567',140,0,'25','12'),('568',141,0,'25','17'),('569',142,0,'25','19'),('570',143,0,'25','21'),('571',144,0,'25','22'),('572',145,0,'25','26'),('573',94,0,'26','1'),('574',96,0,'26','1'),('575',112,0,'26','1'),('576',129,0,'26','2'),('577',137,0,'26','4'),('578',138,0,'26','8'),('579',139,0,'26','9'),('580',140,0,'26','12'),('581',141,0,'26','17'),('582',142,0,'26','19'),('583',143,0,'26','21'),('584',144,0,'26','22'),('585',145,0,'26','30'),('586',94,0,'27','1'),('587',96,0,'27','1'),('588',112,0,'27','1'),('589',129,0,'27','2'),('590',137,0,'27','6'),('591',138,0,'27','8'),('592',139,0,'27','9'),('593',140,0,'27','12'),('594',141,0,'27','16'),('595',142,0,'27','19'),('596',143,0,'27','21'),('597',144,0,'27','23'),('598',145,0,'27','29'),('599',94,0,'28','1'),('600',96,0,'28','1'),('601',112,0,'28','1'),('602',129,0,'28','2'),('603',137,0,'28','6'),('604',138,0,'28','8'),('605',139,0,'28','9'),('606',140,0,'28','12'),('607',141,0,'28','16'),('608',142,0,'28','19'),('609',143,0,'28','21'),('610',144,0,'28','23'),('611',145,0,'28','27'),('612',94,0,'29','1'),('613',96,0,'29','1'),('614',112,0,'29','1'),('615',129,0,'29','2'),('616',137,0,'29','6'),('617',138,0,'29','8'),('618',139,0,'29','9'),('619',140,0,'29','12'),('620',141,0,'29','16'),('621',142,0,'29','19'),('622',143,0,'29','21'),('623',144,0,'29','23'),('624',145,0,'29','26'),('625',94,0,'30','1'),('626',96,0,'30','1'),('627',112,0,'30','1'),('628',129,0,'30','2'),('629',137,0,'30','4'),('630',138,0,'30','8'),('631',139,0,'30','9'),('632',140,0,'30','14'),('633',141,0,'30','16'),('634',142,0,'30','18'),('635',143,0,'30','21'),('636',144,0,'30','22'),('637',145,0,'30','28'),('638',94,0,'31','1'),('639',96,0,'31','1'),('640',112,0,'31','1'),('641',129,0,'31','2'),('642',137,0,'31','4'),('643',138,0,'31','8'),('644',139,0,'31','9'),('645',140,0,'31','14'),('646',141,0,'31','16'),('647',142,0,'31','18'),('648',143,0,'31','21'),('649',144,0,'31','22'),('650',145,0,'31','25'),('651',94,0,'32','1'),('652',96,0,'32','1'),('653',112,0,'32','1'),('654',129,0,'32','2'),('655',137,0,'32','4'),('656',138,0,'32','8'),('657',139,0,'32','9'),('658',140,0,'32','14'),('659',141,0,'32','16'),('660',142,0,'32','18'),('661',143,0,'32','21'),('662',144,0,'32','22'),('663',145,0,'32','26'),('664',94,0,'33','1'),('665',96,0,'33','1'),('666',112,0,'33','1'),('667',129,0,'33','2'),('668',137,0,'33','4'),('669',138,0,'33','8'),('670',139,0,'33','9'),('671',140,0,'33','13'),('672',141,0,'33','16'),('673',142,0,'33','18'),('674',143,0,'33','21'),('675',144,0,'33','22'),('676',145,0,'33','30'),('677',94,0,'34','1'),('678',96,0,'34','1'),('679',112,0,'34','1'),('680',129,0,'34','2'),('681',137,0,'34','4'),('682',138,0,'34','8'),('683',139,0,'34','9'),('684',140,0,'34','13'),('685',141,0,'34','16'),('686',142,0,'34','18'),('687',143,0,'34','21'),('688',144,0,'34','22'),('689',145,0,'34','27'),('690',94,0,'35','1'),('691',96,0,'35','1'),('692',112,0,'35','1'),('693',129,0,'35','2'),('694',137,0,'35','4'),('695',138,0,'35','8'),('696',139,0,'35','9'),('697',140,0,'35','13'),('698',141,0,'35','16'),('699',142,0,'35','18'),('700',143,0,'35','21'),('701',144,0,'35','22'),('702',145,0,'35','26');

--
-- Table structure for table `catalog_product_entity_media_gallery`
--

CREATE TABLE `catalog_product_entity_media_gallery` (
  `value_id` int(10) unsigned NOT NULL AUTO_INCREMENT COMMENT 'Value ID',
  `attribute_id` smallint(5) unsigned NOT NULL DEFAULT '0' COMMENT 'Attribute ID',
  `value` varchar(255) DEFAULT NULL COMMENT 'Value',
  `media_type` varchar(32) NOT NULL DEFAULT 'image' COMMENT 'Media entry type',
  `disabled` smallint(5) unsigned NOT NULL DEFAULT '0' COMMENT 'Visibility status',
  PRIMARY KEY (`value_id`),
  KEY `CATALOG_PRODUCT_ENTITY_MEDIA_GALLERY_ATTRIBUTE_ID` (`attribute_id`)
) ENGINE=InnoDB AUTO_INCREMENT=221 DEFAULT CHARSET=utf8 COMMENT='Catalog Product Media Gallery Attribute Backend Table';

--
-- Dumping data for table `catalog_product_entity_media_gallery`
--

INSERT INTO `catalog_product_entity_media_gallery` VALUES ('1',87,'/e/d/edc-by-esprit-women_s-_t-shirt_1__1.png','image',0),('2',87,'/e/d/edc-by-esprit-women_s-_t-shirt_2__1.png','image',0),('3',87,'/e/d/edc-by-esprit-women_s-_t-shirt_3__1.png','image',0),('4',87,'/e/d/edc-by-esprit-women_s-_t-shirt_4__1.png','image',0),('5',87,'/e/d/edc-by-esprit-women_s-_t-shirt_5__1.png','image',0),('6',87,'/e/d/edc-by-esprit-women_s-_t-shirt_6__1.png','image',0),('7',87,'/f/i/file.png','external-video',0),('8',87,'/e/s/esprit-men_s-long-sleeve-jacket_01.png','image',0),('9',87,'/e/s/esprit-men_s-long-sleeve-jacket_02.png','image',0),('10',87,'/e/s/esprit-men_s-long-sleeve-jacket_03.png','image',0),('11',87,'/e/s/esprit-men_s-long-sleeve-jacket_04.png','image',0),('12',87,'/e/s/esprit-men_s-long-sleeve-jacket_05.png','image',0),('13',87,'/e/s/esprit-men_s-long-sleeve-jacket_06.png','image',0),('14',87,'/f/i/file_1.png','external-video',0),('15',87,'/f/i/file_1_1.png','external-video',0),('16',87,'/a/n/anne-klein-women_s_dress__1__1.png','image',0),('17',87,'/a/n/anne-klein-women_s_dress__2__1.png','image',0),('18',87,'/a/n/anne-klein-women_s_dress__3__1.png','image',0),('19',87,'/h/q/hqdefault_5.jpg','external-video',0),('20',87,'/a/n/anne-klein-women_s_dress__4__1.png','image',0),('21',87,'/a/n/anne-klein-women_s_dress__5__1.png','image',0),('22',87,'/a/n/anne-klein-women_s_dress__6__1.png','image',0),('23',87,'/a/n/anne-klein-women_s_dress__2__1_1.png','image',0),('24',87,'/a/n/anne-klein-women_s_dress__4__1_1.png','image',0),('25',87,'/a/n/anne-klein-women_s_dress__6__1_1.png','image',0),('26',87,'/a/n/anne-klein-women_s_dress__2__1_2.png','image',0),('27',87,'/a/n/anne-klein-women_s_dress__2__2.png','image',0),('28',87,'/a/n/anne-klein-women_s_dress__2__3.png','image',0),('29',87,'/a/n/anne-klein-women_s_dress__4__1_2.png','image',0),('30',87,'/a/n/anne-klein-women_s_dress__5__1_1.png','image',0),('31',87,'/a/n/anne-klein-women_s_dress__4__2.png','image',0),('32',87,'/e/d/edc-by-esprit-women_s-_t-shirt_4__1_1.png','image',0),('33',87,'/e/d/edc-by-esprit-women_s-_t-shirt_4__2.png','image',0),('34',87,'/e/d/edc-by-esprit-women_s-_t-shirt_4__3.png','image',0),('35',87,'/e/d/edc-by-esprit-women_s-_t-shirt_4__1_2.png','image',0),('36',87,'/e/d/edc-by-esprit-women_s-_t-shirt_5__1_1.png','image',0),('37',87,'/e/d/edc-by-esprit-women_s-_t-shirt_4__2_1.png','image',0),('38',87,'/a/n/anne-klein-women_s_dress__4__1_3.png','image',0),('39',87,'/a/n/anne-klein-women_s_dress__5__1_2.png','image',0),('40',87,'/a/n/anne-klein-women_s_dress__4__2_1.png','image',0),('41',87,'/w/o/woman-cut-out-punk-novel-_5__1.png','image',0),('42',87,'/w/o/woman-cut-out-punk-novel-_5__2.png','image',0),('43',87,'/w/o/woman-cut-out-punk-novel-_5__3.png','image',0),('44',87,'/w/o/woman-cut-out-punk-novel-_6__1.png','image',0),('45',87,'/w/o/woman-cut-out-punk-novel-_6__2.png','image',0),('46',87,'/w/o/woman-cut-out-punk-novel-_6__3.png','image',0),('47',87,'/w/o/woman-cut-out-punk-novel-_1_.png','image',0),('48',87,'/w/o/woman-cut-out-punk-novel-_2_.png','image',0),('49',87,'/w/o/woman-cut-out-punk-novel-_3_.png','image',0),('50',87,'/w/o/woman-cut-out-punk-novel-_4_.png','image',0),('51',87,'/w/o/woman-cut-out-punk-novel-_5_.png','image',0),('52',87,'/w/o/woman-cut-out-punk-novel-_6_.png','image',0),('53',87,'/f/i/file_2.png','external-video',0),('54',87,'/t/o/torn_leg_wrap_block_heel_sandals-1.jpg','image',0),('55',87,'/t/o/torn_leg_wrap_block_heel_sandals-2.jpg','image',0),('56',87,'/t/o/torn_leg_wrap_block_heel_sandals-3.jpg','image',0),('57',87,'/t/o/torn_leg_wrap_block_heel_sandals-4.jpg','image',0),('58',87,'/h/q/hqdefault.jpg','external-video',0),('59',87,'/a/v/avery_off_shoulder_dress-1.jpg','image',0),('60',87,'/a/v/avery_off_shoulder_dress-2.jpg','image',0),('61',87,'/a/v/avery_off_shoulder_dress-3.jpg','image',0),('62',87,'/a/v/avery_off_shoulder_dress-4.jpg','image',0),('63',87,'/a/v/avery_off_shoulder_dress-5.jpg','image',0),('64',87,'/a/v/avery_off_shoulder_dress-6.jpg','image',0),('65',87,'/a/v/avery_off_shoulder_dress-7.jpg','image',0),('66',87,'/h/q/hqdefault_1.jpg','external-video',0),('67',87,'/b/e/bella_multi_print_skirt-1.jpg','image',0),('68',87,'/b/e/bella_multi_print_skirt-2.jpg','image',0),('69',87,'/b/e/bella_multi_print_skirt-3.jpg','image',0),('70',87,'/b/e/bella_multi_print_skirt-4.jpg','image',0),('71',87,'/b/e/bella_multi_print_skirt-5.jpg','image',0),('72',87,'/b/e/bella_multi_print_skirt-6.jpg','image',0),('73',87,'/b/e/bella_multi_print_skirt-7.jpg','image',0),('74',87,'/h/q/hqdefault_2.jpg','external-video',0),('75',87,'/d/i/dina_cross_vamp_block_heels-1.jpg','image',0),('76',87,'/d/i/dina_cross_vamp_block_heels-2.jpg','image',0),('77',87,'/d/i/dina_cross_vamp_block_heels-3.jpg','image',0),('78',87,'/d/i/dina_cross_vamp_block_heels-4.jpg','image',0),('79',87,'/h/q/hqdefault_3.jpg','external-video',0),('80',87,'/d/i/ditzy_tee_dress-1.jpg','image',0),('81',87,'/d/i/ditzy_tee_dress-2.jpg','image',0),('82',87,'/d/i/ditzy_tee_dress-3.jpg','image',0),('83',87,'/d/i/ditzy_tee_dress-4.jpg','image',0),('84',87,'/d/i/ditzy_tee_dress-5.jpg','image',0),('85',87,'/d/i/ditzy_tee_dress-6.jpg','image',0),('86',87,'/d/i/ditzy_tee_dress-7.jpg','image',0),('87',87,'/e/l/elouise_skirt-1.jpg','image',0),('88',87,'/e/l/elouise_skirt-2.jpg','image',0),('89',87,'/e/l/elouise_skirt-3.jpg','image',0),('90',87,'/e/l/elouise_skirt-4.jpg','image',0),('91',87,'/e/l/elouise_skirt-5.jpg','image',0),('92',87,'/e/l/elouise_skirt-6.jpg','image',0),('93',87,'/e/l/elouise_skirt-7.jpg','image',0),('94',87,'/h/q/hqdefault_4.jpg','external-video',0),('95',87,'/h/q/hqdefault_5.jpg','external-video',0),('96',87,'/l/a/lana_flutter_mini_dress-1.jpg','image',0),('97',87,'/l/a/lana_flutter_mini_dress-2.jpg','image',0),('98',87,'/l/a/lana_flutter_mini_dress-3.jpg','image',0),('99',87,'/l/a/lana_flutter_mini_dress-4.jpg','image',0),('100',87,'/l/a/lana_flutter_mini_dress-5.jpg','image',0),('101',87,'/l/a/lana_flutter_mini_dress-6.jpg','image',0),('102',87,'/l/a/lana_flutter_mini_dress-7.jpg','image',0),('103',87,'/h/q/hqdefault_6.jpg','external-video',0),('104',87,'/l/a/last_chance_dress-1.jpg','image',0),('105',87,'/l/a/last_chance_dress-2.jpg','image',0),('106',87,'/l/a/last_chance_dress-3.jpg','image',0),('107',87,'/l/a/last_chance_dress-4.jpg','image',0),('108',87,'/l/a/last_chance_dress-5.jpg','image',0),('109',87,'/l/a/last_chance_dress-6.jpg','image',0),('110',87,'/l/a/last_chance_dress-7.jpg','image',0),('111',87,'/h/q/hqdefault_7.jpg','external-video',0),('112',87,'/o/l/olive_linen_floral_skirt-1.jpg','image',0),('113',87,'/o/l/olive_linen_floral_skirt-2.jpg','image',0),('114',87,'/o/l/olive_linen_floral_skirt-3.jpg','image',0),('115',87,'/h/q/hqdefault_8.jpg','external-video',0),('116',87,'/s/k/skye_wrap_dress-1.jpg','image',0),('117',87,'/s/k/skye_wrap_dress-2.jpg','image',0),('118',87,'/s/k/skye_wrap_dress-3.jpg','image',0),('119',87,'/s/k/skye_wrap_dress-4.jpg','image',0),('120',87,'/s/k/skye_wrap_dress-5.jpg','image',0),('121',87,'/s/k/skye_wrap_dress-6.jpg','image',0),('122',87,'/s/k/skye_wrap_dress-7.jpg','image',0),('123',87,'/h/q/hqdefault_9.jpg','external-video',0),('124',87,'/a/z/azalea_backpack-1.jpg','image',0),('125',87,'/a/z/azalea_backpack-2.jpg','image',0),('126',87,'/a/z/azalea_backpack-3.jpg','image',0),('127',87,'/a/z/azalea_backpack-4.jpg','image',0),('128',87,'/a/z/azalea_backpack-5.jpg','image',0),('129',87,'/h/q/hqdefault_10.jpg','external-video',0),('130',87,'/b/l/black_label_superbreak_backpack-1.jpg','image',0),('131',87,'/b/l/black_label_superbreak_backpack-2.jpg','image',0),('132',87,'/b/l/black_label_superbreak_backpack-3.jpg','image',0),('133',87,'/b/l/black_label_superbreak_backpack-4.jpg','image',0),('134',87,'/h/q/hqdefault_11.jpg','external-video',0),('135',87,'/p/a/packable_duffle-1.jpg','image',0),('136',87,'/p/a/packable_duffle-2.jpg','image',0),('137',87,'/p/a/packable_duffle-3.jpg','image',0),('138',87,'/p/a/packable_duffle-4.jpg','image',0),('139',87,'/h/q/hqdefault_12.jpg','external-video',0),('140',87,'/s/o/soft_beach_bag-1.jpg','image',0),('141',87,'/s/o/soft_beach_bag-2.jpg','image',0),('142',87,'/s/o/soft_beach_bag-3.jpg','image',0),('143',87,'/s/o/soft_beach_bag-4.jpg','image',0),('144',87,'/s/o/soft_beach_bag-5.jpg','image',0),('145',87,'/h/q/hqdefault_13.jpg','external-video',0),('146',87,'/t/o/town_x-small-1.jpg','image',0),('147',87,'/t/o/town_x-small-2.jpg','image',0),('148',87,'/t/o/town_x-small-3.jpg','image',0),('149',87,'/t/o/town_x-small-4.jpg','image',0),('150',87,'/h/q/hqdefault_14.jpg','external-video',0),('151',87,'/b/u/burnout_smock_dress-1.jpg','image',0),('152',87,'/b/u/burnout_smock_dress-2.jpg','image',0),('153',87,'/b/u/burnout_smock_dress-3.jpg','image',0),('154',87,'/b/u/burnout_smock_dress-4.jpg','image',0),('155',87,'/b/u/burnout_smock_dress-5.jpg','image',0),('156',87,'/b/u/burnout_smock_dress-6.jpg','image',0),('157',87,'/b/u/burnout_smock_dress-7.jpg','image',0),('158',87,'/h/q/hqdefault_15.jpg','external-video',0),('159',87,'/m/i/mia_high_neck_dress-1.jpg','image',0),('160',87,'/m/i/mia_high_neck_dress-2.jpg','image',0),('161',87,'/m/i/mia_high_neck_dress-3.jpg','image',0),('162',87,'/m/i/mia_high_neck_dress-4.jpg','image',0),('163',87,'/m/i/mia_high_neck_dress-5.jpg','image',0),('164',87,'/m/i/mia_high_neck_dress-6.jpg','image',0),('165',87,'/m/i/mia_high_neck_dress-7.jpg','image',0),('166',87,'/h/q/hqdefault_16.jpg','external-video',0),('167',87,'/m/i/mixed_bouquet_skirt-1.jpg','image',0),('168',87,'/m/i/mixed_bouquet_skirt-2.jpg','image',0),('169',87,'/m/i/mixed_bouquet_skirt-3.jpg','image',0),('170',87,'/m/i/mixed_bouquet_skirt-4.jpg','image',0),('171',87,'/m/i/mixed_bouquet_skirt-5.jpg','image',0),('172',87,'/m/i/mixed_bouquet_skirt-6.jpg','image',0),('173',87,'/m/i/mixed_bouquet_skirt-7.jpg','image',0),('174',87,'/m/i/mixed_bouquet_skirt-8.jpg','image',0),('175',87,'/h/q/hqdefault_17.jpg','external-video',0),('176',87,'/v/i/violetta_ruffle_dress-1.jpg','image',0),('177',87,'/v/i/violetta_ruffle_dress-2.jpg','image',0),('178',87,'/v/i/violetta_ruffle_dress-3.jpg','image',0),('179',87,'/v/i/violetta_ruffle_dress-4.jpg','image',0),('180',87,'/v/i/violetta_ruffle_dress-5.jpg','image',0),('181',87,'/v/i/violetta_ruffle_dress-6.jpg','image',0),('182',87,'/y/e/yes_darling_skirt-1.jpg','image',0),('183',87,'/y/e/yes_darling_skirt-2.jpg','image',0),('184',87,'/y/e/yes_darling_skirt-3.jpg','image',0),('185',87,'/y/e/yes_darling_skirt-4.jpg','image',0),('186',87,'/y/e/yes_darling_skirt-5.jpg','image',0),('187',87,'/y/e/yes_darling_skirt-6.jpg','image',0),('188',87,'/y/e/yes_darling_skirt-7.jpg','image',0),('189',87,'/h/q/hqdefault_18.jpg','external-video',0),('190',87,'/h/q/hqdefault_19.jpg','external-video',0),('191',87,'/b/u/burnout_smock_dress-1_1.jpg','image',0),('192',87,'/b/u/burnout_smock_dress-2_1.jpg','image',0),('193',87,'/b/u/burnout_smock_dress-2_1_1.jpg','image',0),('194',87,'/b/u/burnout_smock_dress-3_1.jpg','image',0),('195',87,'/b/u/burnout_smock_dress-5_1.jpg','image',0),('196',87,'/b/u/burnout_smock_dress-6_1.jpg','image',0),('197',87,'/m/i/mia_high_neck_dress-1_1.jpg','image',0),('198',87,'/m/i/mia_high_neck_dress-2_1.jpg','image',0),('199',87,'/m/i/mia_high_neck_dress-3_1.jpg','image',0),('200',87,'/m/i/mia_high_neck_dress-4_1.jpg','image',0),('201',87,'/m/i/mia_high_neck_dress-4_1_1.jpg','image',0),('202',87,'/m/i/mia_high_neck_dress-5_1.jpg','image',0),('203',87,'/m/i/mixed_bouquet_skirt-2_1.jpg','image',0),('204',87,'/m/i/mixed_bouquet_skirt-3_1.jpg','image',0),('205',87,'/m/i/mixed_bouquet_skirt-6_1.jpg','image',0),('206',87,'/m/i/mixed_bouquet_skirt-7_1.jpg','image',0),('207',87,'/m/i/mixed_bouquet_skirt-2_1_1.jpg','image',0),('208',87,'/m/i/mixed_bouquet_skirt-3_1_1.jpg','image',0),('209',87,'/v/i/violetta_ruffle_dress-2_1.jpg','image',0),('210',87,'/v/i/violetta_ruffle_dress-3_1.jpg','image',0),('211',87,'/v/i/violetta_ruffle_dress-3_1_1.jpg','image',0),('212',87,'/v/i/violetta_ruffle_dress-4_1.jpg','image',0),('213',87,'/v/i/violetta_ruffle_dress-4_2.jpg','image',0),('214',87,'/v/i/violetta_ruffle_dress-5_1.jpg','image',0),('215',87,'/y/e/yes_darling_skirt-1_1.jpg','image',0),('216',87,'/y/e/yes_darling_skirt-2_1.jpg','image',0),('217',87,'/y/e/yes_darling_skirt-1_1_1.jpg','image',0),('218',87,'/y/e/yes_darling_skirt-2_1_1.jpg','image',0),('219',87,'/y/e/yes_darling_skirt-4_1.jpg','image',0),('220',87,'/y/e/yes_darling_skirt-5_1.jpg','image',0);

--
-- Table structure for table `catalog_product_entity_media_gallery_value`
--

CREATE TABLE `catalog_product_entity_media_gallery_value` (
  `value_id` int(10) unsigned NOT NULL DEFAULT '0' COMMENT 'Value ID',
  `store_id` smallint(5) unsigned NOT NULL DEFAULT '0' COMMENT 'Store ID',
  `entity_id` int(10) unsigned NOT NULL DEFAULT '0' COMMENT 'Entity ID',
  `label` varchar(255) DEFAULT NULL COMMENT 'Label',
  `position` int(10) unsigned DEFAULT NULL COMMENT 'Position',
  `disabled` smallint(5) unsigned NOT NULL DEFAULT '0' COMMENT 'Is Disabled',
  `record_id` int(10) unsigned NOT NULL AUTO_INCREMENT COMMENT 'Record Id',
  PRIMARY KEY (`record_id`),
  KEY `CATALOG_PRODUCT_ENTITY_MEDIA_GALLERY_VALUE_STORE_ID` (`store_id`),
  KEY `CATALOG_PRODUCT_ENTITY_MEDIA_GALLERY_VALUE_ENTITY_ID` (`entity_id`),
  KEY `CATALOG_PRODUCT_ENTITY_MEDIA_GALLERY_VALUE_VALUE_ID` (`value_id`)
) ENGINE=InnoDB AUTO_INCREMENT=301 DEFAULT CHARSET=utf8 COMMENT='Catalog Product Media Gallery Attribute Value Table';

--
-- Dumping data for table `catalog_product_entity_media_gallery_value`
--

INSERT INTO `catalog_product_entity_media_gallery_value` VALUES ('54',0,'1',NULL,'1',0,'42'),('55',0,'1',NULL,'2',0,'43'),('56',0,'1',NULL,'3',0,'44'),('57',0,'1',NULL,'4',0,'45'),('58',0,'1',NULL,'5',0,'46'),('67',0,'3',NULL,'1',0,'55'),('68',0,'3',NULL,'2',0,'56'),('69',0,'3',NULL,'3',0,'57'),('70',0,'3',NULL,'4',0,'58'),('71',0,'3',NULL,'5',0,'59'),('72',0,'3',NULL,'6',0,'60'),('73',0,'3',NULL,'7',0,'61'),('74',0,'3',NULL,'8',0,'62'),('80',0,'5',NULL,'1',0,'63'),('81',0,'5',NULL,'2',0,'64'),('82',0,'5',NULL,'3',0,'65'),('83',0,'5',NULL,'4',0,'66'),('84',0,'5',NULL,'5',0,'67'),('85',0,'5',NULL,'6',0,'68'),('86',0,'5',NULL,'7',0,'69'),('95',0,'5',NULL,'8',0,'70'),('87',0,'6',NULL,'1',0,'71'),('88',0,'6',NULL,'2',0,'72'),('89',0,'6',NULL,'3',0,'73'),('90',0,'6',NULL,'4',0,'74'),('91',0,'6',NULL,'5',0,'75'),('92',0,'6',NULL,'6',0,'76'),('93',0,'6',NULL,'7',0,'77'),('94',0,'6',NULL,'8',0,'78'),('75',0,'4',NULL,'1',0,'79'),('76',0,'4',NULL,'2',0,'80'),('77',0,'4',NULL,'3',0,'81'),('78',0,'4',NULL,'4',0,'82'),('79',0,'4',NULL,'5',0,'83'),('96',0,'7',NULL,'1',0,'84'),('97',0,'7',NULL,'2',0,'85'),('98',0,'7',NULL,'3',0,'86'),('99',0,'7',NULL,'4',0,'87'),('100',0,'7',NULL,'5',0,'88'),('101',0,'7',NULL,'6',0,'89'),('102',0,'7',NULL,'7',0,'90'),('103',0,'7',NULL,'8',0,'91'),('104',0,'8',NULL,'1',0,'92'),('105',0,'8',NULL,'2',0,'93'),('106',0,'8',NULL,'3',0,'94'),('107',0,'8',NULL,'4',0,'95'),('108',0,'8',NULL,'5',0,'96'),('109',0,'8',NULL,'6',0,'97'),('110',0,'8',NULL,'7',0,'98'),('111',0,'8',NULL,'8',0,'99'),('151',0,'16',NULL,'1',0,'184'),('152',0,'16',NULL,'2',0,'185'),('153',0,'16',NULL,'3',0,'186'),('154',0,'16',NULL,'4',0,'187'),('155',0,'16',NULL,'5',0,'188'),('156',0,'16',NULL,'6',0,'189'),('157',0,'16',NULL,'7',0,'190'),('158',0,'16',NULL,'8',0,'191'),('159',0,'17',NULL,'1',0,'192'),('160',0,'17',NULL,'2',0,'193'),('161',0,'17',NULL,'3',0,'194'),('162',0,'17',NULL,'4',0,'195'),('163',0,'17',NULL,'5',0,'196'),('164',0,'17',NULL,'6',0,'197'),('165',0,'17',NULL,'7',0,'198'),('166',0,'17',NULL,'8',0,'199'),('167',0,'18',NULL,'1',0,'200'),('168',0,'18',NULL,'2',0,'201'),('169',0,'18',NULL,'3',0,'202'),('170',0,'18',NULL,'4',0,'203'),('171',0,'18',NULL,'5',0,'204'),('172',0,'18',NULL,'6',0,'205'),('173',0,'18',NULL,'7',0,'206'),('174',0,'18',NULL,'8',0,'207'),('175',0,'18',NULL,'9',0,'208'),('176',0,'19',NULL,'1',0,'209'),('177',0,'19',NULL,'2',0,'210'),('178',0,'19',NULL,'3',0,'211'),('179',0,'19',NULL,'4',0,'212'),('180',0,'19',NULL,'5',0,'213'),('181',0,'19',NULL,'6',0,'214'),('190',0,'19',NULL,'7',0,'215'),('182',0,'20',NULL,'1',0,'216'),('183',0,'20',NULL,'2',0,'217'),('184',0,'20',NULL,'3',0,'218'),('185',0,'20',NULL,'4',0,'219'),('186',0,'20',NULL,'5',0,'220'),('187',0,'20',NULL,'6',0,'221'),('188',0,'20',NULL,'7',0,'222'),('189',0,'20',NULL,'8',0,'223'),('191',0,'22',NULL,'1',0,'224'),('192',0,'22',NULL,'2',0,'225'),('193',0,'23',NULL,'1',0,'226'),('194',0,'23',NULL,'2',0,'227'),('195',0,'21',NULL,'1',0,'228'),('196',0,'21',NULL,'2',0,'229'),('197',0,'25',NULL,'1',0,'230'),('198',0,'25',NULL,'2',0,'231'),('199',0,'24',NULL,'1',0,'232'),('200',0,'24',NULL,'2',0,'233'),('201',0,'26',NULL,'1',0,'234'),('202',0,'26',NULL,'2',0,'235'),('203',0,'29',NULL,'1',0,'236'),('204',0,'29',NULL,'2',0,'237'),('205',0,'28',NULL,'1',0,'238'),('206',0,'28',NULL,'2',0,'239'),('207',0,'27',NULL,'1',0,'240'),('208',0,'27',NULL,'2',0,'241'),('209',0,'31',NULL,'1',0,'242'),('210',0,'31',NULL,'2',0,'243'),('211',0,'30',NULL,'1',0,'244'),('212',0,'30',NULL,'2',0,'245'),('213',0,'32',NULL,'1',0,'246'),('214',0,'32',NULL,'2',0,'247'),('215',0,'35',NULL,'1',0,'248'),('216',0,'35',NULL,'2',0,'249'),('217',0,'33',NULL,'1',0,'250'),('218',0,'33',NULL,'2',0,'251'),('219',0,'34',NULL,'1',0,'252'),('220',0,'34',NULL,'2',0,'253'),('112',0,'9',NULL,'1',0,'254'),('113',0,'9',NULL,'2',0,'255'),('114',0,'9',NULL,'3',0,'256'),('115',0,'9',NULL,'4',0,'257'),('116',0,'10',NULL,'1',0,'258'),('117',0,'10',NULL,'2',0,'259'),('118',0,'10',NULL,'3',0,'260'),('119',0,'10',NULL,'4',0,'261'),('120',0,'10',NULL,'5',0,'262'),('121',0,'10',NULL,'6',0,'263'),('122',0,'10',NULL,'7',0,'264'),('123',0,'10',NULL,'8',0,'265'),('124',0,'11',NULL,'1',0,'266'),('125',0,'11',NULL,'2',0,'267'),('126',0,'11',NULL,'3',0,'268'),('127',0,'11',NULL,'4',0,'269'),('128',0,'11',NULL,'5',0,'270'),('129',0,'11',NULL,'6',0,'271'),('130',0,'12',NULL,'1',0,'272'),('131',0,'12',NULL,'2',0,'273'),('132',0,'12',NULL,'3',0,'274'),('133',0,'12',NULL,'4',0,'275'),('134',0,'12',NULL,'5',0,'276'),('140',0,'14',NULL,'1',0,'277'),('141',0,'14',NULL,'2',0,'278'),('142',0,'14',NULL,'3',0,'279'),('143',0,'14',NULL,'4',0,'280'),('144',0,'14',NULL,'5',0,'281'),('145',0,'14',NULL,'6',0,'282'),('135',0,'13',NULL,'1',0,'283'),('136',0,'13',NULL,'2',0,'284'),('137',0,'13',NULL,'3',0,'285'),('138',0,'13',NULL,'4',0,'286'),('139',0,'13',NULL,'5',0,'287'),('146',0,'15',NULL,'1',0,'288'),('147',0,'15',NULL,'2',0,'289'),('148',0,'15',NULL,'3',0,'290'),('149',0,'15',NULL,'4',0,'291'),('150',0,'15',NULL,'5',0,'292'),('59',0,'2',NULL,'1',0,'293'),('60',0,'2',NULL,'2',0,'294'),('61',0,'2',NULL,'3',0,'295'),('62',0,'2',NULL,'4',0,'296'),('63',0,'2',NULL,'5',0,'297'),('64',0,'2',NULL,'6',0,'298'),('65',0,'2',NULL,'7',0,'299'),('66',0,'2',NULL,'8',0,'300');

--
-- Table structure for table `catalog_product_entity_media_gallery_value_to_entity`
--

CREATE TABLE `catalog_product_entity_media_gallery_value_to_entity` (
  `value_id` int(10) unsigned NOT NULL COMMENT 'Value media Entry ID',
  `entity_id` int(10) unsigned NOT NULL COMMENT 'Product entity ID',
  UNIQUE KEY `CAT_PRD_ENTT_MDA_GLR_VAL_TO_ENTT_VAL_ID_ENTT_ID` (`value_id`,`entity_id`),
  KEY `CAT_PRD_ENTT_MDA_GLR_VAL_TO_ENTT_ENTT_ID_CAT_PRD_ENTT_ENTT_ID` (`entity_id`)
) ENGINE=InnoDB DEFAULT CHARSET=utf8 COMMENT='Link Media value to Product entity table';

--
-- Dumping data for table `catalog_product_entity_media_gallery_value_to_entity`
--

INSERT INTO `catalog_product_entity_media_gallery_value_to_entity` VALUES ('54','1'),('55','1'),('56','1'),('57','1'),('58','1'),('59','2'),('60','2'),('61','2'),('62','2'),('63','2'),('64','2'),('65','2'),('66','2'),('67','3'),('68','3'),('69','3'),('70','3'),('71','3'),('72','3'),('73','3'),('74','3'),('75','4'),('76','4'),('77','4'),('78','4'),('79','4'),('80','5'),('81','5'),('82','5'),('83','5'),('84','5'),('85','5'),('86','5'),('95','5'),('87','6'),('88','6'),('89','6'),('90','6'),('91','6'),('92','6'),('93','6'),('94','6'),('96','7'),('97','7'),('98','7'),('99','7'),('100','7'),('101','7'),('102','7'),('103','7'),('104','8'),('105','8'),('106','8'),('107','8'),('108','8'),('109','8'),('110','8'),('111','8'),('112','9'),('113','9'),('114','9'),('115','9'),('116','10'),('117','10'),('118','10'),('119','10'),('120','10'),('121','10'),('122','10'),('123','10'),('124','11'),('125','11'),('126','11'),('127','11'),('128','11'),('129','11'),('130','12'),('131','12'),('132','12'),('133','12'),('134','12'),('135','13'),('136','13'),('137','13'),('138','13'),('139','13'),('140','14'),('141','14'),('142','14'),('143','14'),('144','14'),('145','14'),('146','15'),('147','15'),('148','15'),('149','15'),('150','15'),('151','16'),('152','16'),('153','16'),('154','16'),('155','16'),('156','16'),('157','16'),('158','16'),('159','17'),('160','17'),('161','17'),('162','17'),('163','17'),('164','17'),('165','17'),('166','17'),('167','18'),('168','18'),('169','18'),('170','18'),('171','18'),('172','18'),('173','18'),('174','18'),('175','18'),('176','19'),('177','19'),('178','19'),('179','19'),('180','19'),('181','19'),('190','19'),('182','20'),('183','20'),('184','20'),('185','20'),('186','20'),('187','20'),('188','20'),('189','20'),('195','21'),('196','21'),('191','22'),('192','22'),('193','23'),('194','23'),('199','24'),('200','24'),('197','25'),('198','25'),('201','26'),('202','26'),('207','27'),('208','27'),('205','28'),('206','28'),('203','29'),('204','29'),('211','30'),('212','30'),('209','31'),('210','31'),('213','32'),('214','32'),('217','33'),('218','33'),('219','34'),('220','34'),('215','35'),('216','35');

--
-- Table structure for table `catalog_product_entity_media_gallery_value_video`
--

CREATE TABLE `catalog_product_entity_media_gallery_value_video` (
  `value_id` int(10) unsigned NOT NULL COMMENT 'Media Entity ID',
  `store_id` smallint(5) unsigned NOT NULL DEFAULT '0' COMMENT 'Store ID',
  `provider` varchar(32) DEFAULT NULL COMMENT 'Video provider ID',
  `url` text COMMENT 'Video URL',
  `title` varchar(255) DEFAULT NULL COMMENT 'Title',
  `description` text COMMENT 'Page Meta Description',
  `metadata` text COMMENT 'Video meta data',
  UNIQUE KEY `CAT_PRD_ENTT_MDA_GLR_VAL_VIDEO_VAL_ID_STORE_ID` (`value_id`,`store_id`),
  KEY `CAT_PRD_ENTT_MDA_GLR_VAL_VIDEO_STORE_ID_STORE_STORE_ID` (`store_id`)
) ENGINE=InnoDB DEFAULT CHARSET=utf8 COMMENT='Catalog Product Video Table';

--
-- Dumping data for table `catalog_product_entity_media_gallery_value_video`
--

INSERT INTO `catalog_product_entity_media_gallery_value_video` VALUES ('7',0,'','https://www.youtube.com/embed/CHXRTStPrUQ','Louis Vuitton | Spring Summer 2015 Full Fashion Show | Exclusive','Louis Vuitton | Spring Summer 2015 by Nicolas Ghesquière | Full Fashion Show in High Definition. (Widescreen - Exclusive Video/1080p - PFW - Paris Fashion Week)',''),('14',0,'','https://www.youtube.com/embed/CHXRTStPrUQ','Louis Vuitton | Spring Summer 2015 Full Fashion Show | Exclusive','Louis Vuitton | Spring Summer 2015 by Nicolas Ghesquière | Full Fashion Show in High Definition. (Widescreen - Exclusive Video/1080p - PFW - Paris Fashion Week)',''),('15',0,'','','','',''),('19',0,'','https://www.youtube.com/embed/CHXRTStPrUQ','Louis Vuitton | Spring Summer 2015 Full Fashion Show | Exclusive','Louis Vuitton | Spring Summer 2015 by Nicolas Ghesquière | Full Fashion Show in High Definition. (Widescreen - Exclusive Video/1080p - PFW - Paris Fashion Week)',''),('53',0,'','https://www.youtube.com/embed/CHXRTStPrUQ','Louis Vuitton | Spring Summer 2015 Full Fashion Show | Exclusive','Louis Vuitton | Spring Summer 2015 by Nicolas Ghesquière | Full Fashion Show in High Definition. (Widescreen - Exclusive Video/1080p - PFW - Paris Fashion Week)',''),('58',0,'','https://www.youtube.com/embed/MYHMYjRBl8U','ZARA AW13 TRF','',''),('66',0,'','https://www.youtube.com/embed/MYHMYjRBl8U','ZARA AW13 TRF','',''),('74',0,'','https://www.youtube.com/embed/MYHMYjRBl8U','ZARA AW13 TRF','',''),('79',0,'','https://www.youtube.com/embed/MYHMYjRBl8U','ZARA AW13 TRF','',''),('94',0,'','https://www.youtube.com/embed/MYHMYjRBl8U','ZARA AW13 TRF','',''),('95',0,'','https://www.youtube.com/embed/MYHMYjRBl8U','ZARA AW13 TRF','',''),('103',0,'','https://www.youtube.com/embed/MYHMYjRBl8U','ZARA AW13 TRF','',''),('111',0,'','https://www.youtube.com/embed/MYHMYjRBl8U','ZARA AW13 TRF','',''),('115',0,'','https://www.youtube.com/embed/MYHMYjRBl8U','ZARA AW13 TRF','',''),('123',0,'','https://www.youtube.com/embed/MYHMYjRBl8U','ZARA AW13 TRF','',''),('129',0,'','https://www.youtube.com/embed/MYHMYjRBl8U','ZARA AW13 TRF','',''),('134',0,'','https://www.youtube.com/embed/MYHMYjRBl8U','ZARA AW13 TRF','',''),('139',0,'','https://www.youtube.com/embed/MYHMYjRBl8U','ZARA AW13 TRF','',''),('145',0,'','https://www.youtube.com/embed/MYHMYjRBl8U','ZARA AW13 TRF','',''),('150',0,'','https://www.youtube.com/embed/MYHMYjRBl8U','ZARA AW13 TRF','',''),('158',0,'','https://www.youtube.com/embed/MYHMYjRBl8U','ZARA AW13 TRF','',''),('166',0,'','https://www.youtube.com/embed/MYHMYjRBl8U','ZARA AW13 TRF','',''),('175',0,'','https://www.youtube.com/embed/MYHMYjRBl8U','ZARA AW13 TRF','',''),('189',0,'','https://www.youtube.com/embed/MYHMYjRBl8U','ZARA AW13 TRF','',''),('190',0,'','https://www.youtube.com/embed/MYHMYjRBl8U','ZARA AW13 TRF','','');

--
-- Table structure for table `catalog_product_entity_text`
--

CREATE TABLE `catalog_product_entity_text` (
  `value_id` int(11) NOT NULL AUTO_INCREMENT COMMENT 'Value ID',
  `attribute_id` smallint(5) unsigned NOT NULL DEFAULT '0' COMMENT 'Attribute ID',
  `store_id` smallint(5) unsigned NOT NULL DEFAULT '0' COMMENT 'Store ID',
  `entity_id` int(10) unsigned NOT NULL DEFAULT '0' COMMENT 'Entity ID',
  `value` text COMMENT 'Value',
  PRIMARY KEY (`value_id`),
  UNIQUE KEY `CATALOG_PRODUCT_ENTITY_TEXT_ENTITY_ID_ATTRIBUTE_ID_STORE_ID` (`entity_id`,`attribute_id`,`store_id`),
  KEY `CATALOG_PRODUCT_ENTITY_TEXT_ATTRIBUTE_ID` (`attribute_id`),
  KEY `CATALOG_PRODUCT_ENTITY_TEXT_STORE_ID` (`store_id`)
) ENGINE=InnoDB AUTO_INCREMENT=178 DEFAULT CHARSET=utf8 COMMENT='Catalog Product Text Attribute Backend Table';

--
-- Dumping data for table `catalog_product_entity_text`
--

INSERT INTO `catalog_product_entity_text` VALUES ('1',72,0,'1','<p>Fashion was originally established as a source of exclusive designer clothing at affordable prices. Even though our activity has always been aimed at improving the modern fashion industry, we have never been a part of what is called \"fashion mainstream\". Our designers and stylists create more & more original clothes from year to year. We also deal with journalism in fashion industry – members of our team educate and employ new editors, photographers and journalists who promote new trends in modern fashion.</p>\r\n<p>While other fashion websites offer different range of clothes from various clothing manufacturers, we make a great difference in comparison with our competitors. In 2005, when our company appeared, we decided that our appearance in the world of fashion should completely change the established trends for the better. That\'s why today we value aspiring and talented people more than designers and stylists with the incredible reputation. Their reputation means nothing when it goes to creating something extraordinarily original and captivating, whether it is a new summer collection or a fresh issue of your favorite fashion magazine.</p>\r\n<p>As a unique solution for designers, stylists, fashion journalists and clothing manufacturers, our website provides a wide range of services and products connected with the world of fashion. Here we combined the top features of a fashion blog and made it a starting ground for aspiring journalists while also organizing an educational center for designers and stylists. For 10 years of our activity both on the Web and during various fashion shows all around the world, we have been offering members of our team a unique chance to become a part of the fashion industry and make a significant contribution to it.</p>'),('2',73,0,'1','Fashion was originally established as a source of exclusive designer clothing at affordable prices. '),('3',82,0,'1','Torn Leg Wrap Block Heel Sandals'),('4',72,0,'2','<p>Fashion was originally established as a source of exclusive designer clothing at affordable prices. Even though our activity has always been aimed at improving the modern fashion industry, we have never been a part of what is called \"fashion mainstream\". Our designers and stylists create more & more original clothes from year to year. We also deal with journalism in fashion industry – members of our team educate and employ new editors, photographers and journalists who promote new trends in modern fashion.</p>\r\n<p>While other fashion websites offer different range of clothes from various clothing manufacturers, we make a great difference in comparison with our competitors. In 2005, when our company appeared, we decided that our appearance in the world of fashion should completely change the established trends for the better. That\'s why today we value aspiring and talented people more than designers and stylists with the incredible reputation. Their reputation means nothing when it goes to creating something extraordinarily original and captivating, whether it is a new summer collection or a fresh issue of your favorite fashion magazine.</p>\r\n<p>As a unique solution for designers, stylists, fashion journalists and clothing manufacturers, our website provides a wide range of services and products connected with the world of fashion. Here we combined the top features of a fashion blog and made it a starting ground for aspiring journalists while also organizing an educational center for designers and stylists. For 10 years of our activity both on the Web and during various fashion shows all around the world, we have been offering members of our team a unique chance to become a part of the fashion industry and make a significant contribution to it.</p>'),('5',73,0,'2','Fashion was originally established as a source of exclusive designer clothing at affordable prices. '),('6',82,0,'2','Avery Off Shoulder Dress'),('7',72,0,'3','<p>Fashion was originally established as a source of exclusive designer clothing at affordable prices. Even though our activity has always been aimed at improving the modern fashion industry, we have never been a part of what is called \"fashion mainstream\". Our designers and stylists create more & more original clothes from year to year. We also deal with journalism in fashion industry – members of our team educate and employ new editors, photographers and journalists who promote new trends in modern fashion.</p>\r\n<p>While other fashion websites offer different range of clothes from various clothing manufacturers, we make a great difference in comparison with our competitors. In 2005, when our company appeared, we decided that our appearance in the world of fashion should completely change the established trends for the better. That\'s why today we value aspiring and talented people more than designers and stylists with the incredible reputation. Their reputation means nothing when it goes to creating something extraordinarily original and captivating, whether it is a new summer collection or a fresh issue of your favorite fashion magazine.</p>\r\n<p>As a unique solution for designers, stylists, fashion journalists and clothing manufacturers, our website provides a wide range of services and products connected with the world of fashion. Here we combined the top features of a fashion blog and made it a starting ground for aspiring journalists while also organizing an educational center for designers and stylists. For 10 years of our activity both on the Web and during various fashion shows all around the world, we have been offering members of our team a unique chance to become a part of the fashion industry and make a significant contribution to it.</p>'),('8',73,0,'3','Fashion was originally established as a source of exclusive designer clothing at affordable prices. '),('9',82,0,'3','Bella Multi Print Skirt'),('14',72,0,'4','<p>Fashion was originally established as a source of exclusive designer clothing at affordable prices. Even though our activity has always been aimed at improving the modern fashion industry, we have never been a part of what is called \"fashion mainstream\". Our designers and stylists create more & more original clothes from year to year. We also deal with journalism in fashion industry – members of our team educate and employ new editors, photographers and journalists who promote new trends in modern fashion.</p>\r\n<p>While other fashion websites offer different range of clothes from various clothing manufacturers, we make a great difference in comparison with our competitors. In 2005, when our company appeared, we decided that our appearance in the world of fashion should completely change the established trends for the better. That\'s why today we value aspiring and talented people more than designers and stylists with the incredible reputation. Their reputation means nothing when it goes to creating something extraordinarily original and captivating, whether it is a new summer collection or a fresh issue of your favorite fashion magazine.</p>\r\n<p>As a unique solution for designers, stylists, fashion journalists and clothing manufacturers, our website provides a wide range of services and products connected with the world of fashion. Here we combined the top features of a fashion blog and made it a starting ground for aspiring journalists while also organizing an educational center for designers and stylists. For 10 years of our activity both on the Web and during various fashion shows all around the world, we have been offering members of our team a unique chance to become a part of the fashion industry and make a significant contribution to it.</p>'),('15',73,0,'4','Fashion was originally established as a source of exclusive designer clothing at affordable prices. '),('16',82,0,'4','Dina Cross Vamp Block Heels'),('24',72,0,'5','<p>Fashion was originally established as a source of exclusive designer clothing at affordable prices. Even though our activity has always been aimed at improving the modern fashion industry, we have never been a part of what is called \"fashion mainstream\". Our designers and stylists create more & more original clothes from year to year. We also deal with journalism in fashion industry – members of our team educate and employ new editors, photographers and journalists who promote new trends in modern fashion.</p>\r\n<p>While other fashion websites offer different range of clothes from various clothing manufacturers, we make a great difference in comparison with our competitors. In 2005, when our company appeared, we decided that our appearance in the world of fashion should completely change the established trends for the better. That\'s why today we value aspiring and talented people more than designers and stylists with the incredible reputation. Their reputation means nothing when it goes to creating something extraordinarily original and captivating, whether it is a new summer collection or a fresh issue of your favorite fashion magazine.</p>\r\n<p>As a unique solution for designers, stylists, fashion journalists and clothing manufacturers, our website provides a wide range of services and products connected with the world of fashion. Here we combined the top features of a fashion blog and made it a starting ground for aspiring journalists while also organizing an educational center for designers and stylists. For 10 years of our activity both on the Web and during various fashion shows all around the world, we have been offering members of our team a unique chance to become a part of the fashion industry and make a significant contribution to it.</p>'),('25',73,0,'5','Fashion was originally established as a source of exclusive designer clothing at affordable prices. '),('26',82,0,'5','Ditzy Tee Dress'),('37',72,0,'6','<p>Fashion was originally established as a source of exclusive designer clothing at affordable prices. Even though our activity has always been aimed at improving the modern fashion industry, we have never been a part of what is called \"fashion mainstream\". Our designers and stylists create more & more original clothes from year to year. We also deal with journalism in fashion industry – members of our team educate and employ new editors, photographers and journalists who promote new trends in modern fashion.</p>\r\n<p>While other fashion websites offer different range of clothes from various clothing manufacturers, we make a great difference in comparison with our competitors. In 2005, when our company appeared, we decided that our appearance in the world of fashion should completely change the established trends for the better. That\'s why today we value aspiring and talented people more than designers and stylists with the incredible reputation. Their reputation means nothing when it goes to creating something extraordinarily original and captivating, whether it is a new summer collection or a fresh issue of your favorite fashion magazine.</p>\r\n<p>As a unique solution for designers, stylists, fashion journalists and clothing manufacturers, our website provides a wide range of services and products connected with the world of fashion. Here we combined the top features of a fashion blog and made it a starting ground for aspiring journalists while also organizing an educational center for designers and stylists. For 10 years of our activity both on the Web and during various fashion shows all around the world, we have been offering members of our team a unique chance to become a part of the fashion industry and make a significant contribution to it.</p>'),('38',73,0,'6','Fashion was originally established as a source of exclusive designer clothing at affordable prices. '),('39',82,0,'6','Elouise Skirt'),('41',72,0,'7','<p>Fashion was originally established as a source of exclusive designer clothing at affordable prices. Even though our activity has always been aimed at improving the modern fashion industry, we have never been a part of what is called \"fashion mainstream\". Our designers and stylists create more & more original clothes from year to year. We also deal with journalism in fashion industry – members of our team educate and employ new editors, photographers and journalists who promote new trends in modern fashion.</p>\r\n<p>While other fashion websites offer different range of clothes from various clothing manufacturers, we make a great difference in comparison with our competitors. In 2005, when our company appeared, we decided that our appearance in the world of fashion should completely change the established trends for the better. That\'s why today we value aspiring and talented people more than designers and stylists with the incredible reputation. Their reputation means nothing when it goes to creating something extraordinarily original and captivating, whether it is a new summer collection or a fresh issue of your favorite fashion magazine.</p>\r\n<p>As a unique solution for designers, stylists, fashion journalists and clothing manufacturers, our website provides a wide range of services and products connected with the world of fashion. Here we combined the top features of a fashion blog and made it a starting ground for aspiring journalists while also organizing an educational center for designers and stylists. For 10 years of our activity both on the Web and during various fashion shows all around the world, we have been offering members of our team a unique chance to become a part of the fashion industry and make a significant contribution to it.</p>'),('42',73,0,'7','Fashion was originally established as a source of exclusive designer clothing at affordable prices. '),('43',82,0,'7','Lana Flutter Mini Dress'),('44',72,0,'8','<p>Fashion was originally established as a source of exclusive designer clothing at affordable prices. Even though our activity has always been aimed at improving the modern fashion industry, we have never been a part of what is called \"fashion mainstream\". Our designers and stylists create more & more original clothes from year to year. We also deal with journalism in fashion industry – members of our team educate and employ new editors, photographers and journalists who promote new trends in modern fashion.</p>\r\n<p>While other fashion websites offer different range of clothes from various clothing manufacturers, we make a great difference in comparison with our competitors. In 2005, when our company appeared, we decided that our appearance in the world of fashion should completely change the established trends for the better. That\'s why today we value aspiring and talented people more than designers and stylists with the incredible reputation. Their reputation means nothing when it goes to creating something extraordinarily original and captivating, whether it is a new summer collection or a fresh issue of your favorite fashion magazine.</p>\r\n<p>As a unique solution for designers, stylists, fashion journalists and clothing manufacturers, our website provides a wide range of services and products connected with the world of fashion. Here we combined the top features of a fashion blog and made it a starting ground for aspiring journalists while also organizing an educational center for designers and stylists. For 10 years of our activity both on the Web and during various fashion shows all around the world, we have been offering members of our team a unique chance to become a part of the fashion industry and make a significant contribution to it.</p>'),('45',73,0,'8','Fashion was originally established as a source of exclusive designer clothing at affordable prices. '),('46',82,0,'8','Last Chance Dress'),('51',72,0,'9','<p>Fashion was originally established as a source of exclusive designer clothing at affordable prices. Even though our activity has always been aimed at improving the modern fashion industry, we have never been a part of what is called \"fashion mainstream\". Our designers and stylists create more & more original clothes from year to year. We also deal with journalism in fashion industry – members of our team educate and employ new editors, photographers and journalists who promote new trends in modern fashion.</p>\r\n<p>While other fashion websites offer different range of clothes from various clothing manufacturers, we make a great difference in comparison with our competitors. In 2005, when our company appeared, we decided that our appearance in the world of fashion should completely change the established trends for the better. That\'s why today we value aspiring and talented people more than designers and stylists with the incredible reputation. Their reputation means nothing when it goes to creating something extraordinarily original and captivating, whether it is a new summer collection or a fresh issue of your favorite fashion magazine.</p>\r\n<p>As a unique solution for designers, stylists, fashion journalists and clothing manufacturers, our website provides a wide range of services and products connected with the world of fashion. Here we combined the top features of a fashion blog and made it a starting ground for aspiring journalists while also organizing an educational center for designers and stylists. For 10 years of our activity both on the Web and during various fashion shows all around the world, we have been offering members of our team a unique chance to become a part of the fashion industry and make a significant contribution to it.</p>'),('52',73,0,'9','Fashion was originally established as a source of exclusive designer clothing at affordable prices. '),('53',82,0,'9','Olive Linen Floral Skirt'),('61',72,0,'10','<p>Fashion was originally established as a source of exclusive designer clothing at affordable prices. Even though our activity has always been aimed at improving the modern fashion industry, we have never been a part of what is called \"fashion mainstream\". Our designers and stylists create more & more original clothes from year to year. We also deal with journalism in fashion industry – members of our team educate and employ new editors, photographers and journalists who promote new trends in modern fashion.</p>\r\n<p>While other fashion websites offer different range of clothes from various clothing manufacturers, we make a great difference in comparison with our competitors. In 2005, when our company appeared, we decided that our appearance in the world of fashion should completely change the established trends for the better. That\'s why today we value aspiring and talented people more than designers and stylists with the incredible reputation. Their reputation means nothing when it goes to creating something extraordinarily original and captivating, whether it is a new summer collection or a fresh issue of your favorite fashion magazine.</p>\r\n<p>As a unique solution for designers, stylists, fashion journalists and clothing manufacturers, our website provides a wide range of services and products connected with the world of fashion. Here we combined the top features of a fashion blog and made it a starting ground for aspiring journalists while also organizing an educational center for designers and stylists. For 10 years of our activity both on the Web and during various fashion shows all around the world, we have been offering members of our team a unique chance to become a part of the fashion industry and make a significant contribution to it.</p>'),('62',73,0,'10','Fashion was originally established as a source of exclusive designer clothing at affordable prices. '),('63',82,0,'10','Skye Wrap Dress'),('65',72,0,'11','<p>Fashion was originally established as a source of exclusive designer clothing at affordable prices. Even though our activity has always been aimed at improving the modern fashion industry, we have never been a part of what is called \"fashion mainstream\". Our designers and stylists create more & more original clothes from year to year. We also deal with journalism in fashion industry – members of our team educate and employ new editors, photographers and journalists who promote new trends in modern fashion.</p>\r\n<p>While other fashion websites offer different range of clothes from various clothing manufacturers, we make a great difference in comparison with our competitors. In 2005, when our company appeared, we decided that our appearance in the world of fashion should completely change the established trends for the better. That\'s why today we value aspiring and talented people more than designers and stylists with the incredible reputation. Their reputation means nothing when it goes to creating something extraordinarily original and captivating, whether it is a new summer collection or a fresh issue of your favorite fashion magazine.</p>\r\n<p>As a unique solution for designers, stylists, fashion journalists and clothing manufacturers, our website provides a wide range of services and products connected with the world of fashion. Here we combined the top features of a fashion blog and made it a starting ground for aspiring journalists while also organizing an educational center for designers and stylists. For 10 years of our activity both on the Web and during various fashion shows all around the world, we have been offering members of our team a unique chance to become a part of the fashion industry and make a significant contribution to it.</p>'),('66',73,0,'11','Fashion was originally established as a source of exclusive designer clothing at affordable prices. '),('67',82,0,'11','Azalea Backpack'),('68',72,0,'12','<p>Fashion was originally established as a source of exclusive designer clothing at affordable prices. Even though our activity has always been aimed at improving the modern fashion industry, we have never been a part of what is called \"fashion mainstream\". Our designers and stylists create more & more original clothes from year to year. We also deal with journalism in fashion industry – members of our team educate and employ new editors, photographers and journalists who promote new trends in modern fashion.</p>\r\n<p>While other fashion websites offer different range of clothes from various clothing manufacturers, we make a great difference in comparison with our competitors. In 2005, when our company appeared, we decided that our appearance in the world of fashion should completely change the established trends for the better. That\'s why today we value aspiring and talented people more than designers and stylists with the incredible reputation. Their reputation means nothing when it goes to creating something extraordinarily original and captivating, whether it is a new summer collection or a fresh issue of your favorite fashion magazine.</p>\r\n<p>As a unique solution for designers, stylists, fashion journalists and clothing manufacturers, our website provides a wide range of services and products connected with the world of fashion. Here we combined the top features of a fashion blog and made it a starting ground for aspiring journalists while also organizing an educational center for designers and stylists. For 10 years of our activity both on the Web and during various fashion shows all around the world, we have been offering members of our team a unique chance to become a part of the fashion industry and make a significant contribution to it.</p>'),('69',73,0,'12','Fashion was originally established as a source of exclusive designer clothing at affordable prices. '),('70',82,0,'12','Black Label SuperBreak Backpack'),('75',72,0,'13','<p>Fashion was originally established as a source of exclusive designer clothing at affordable prices. Even though our activity has always been aimed at improving the modern fashion industry, we have never been a part of what is called \"fashion mainstream\". Our designers and stylists create more & more original clothes from year to year. We also deal with journalism in fashion industry – members of our team educate and employ new editors, photographers and journalists who promote new trends in modern fashion.</p>\r\n<p>While other fashion websites offer different range of clothes from various clothing manufacturers, we make a great difference in comparison with our competitors. In 2005, when our company appeared, we decided that our appearance in the world of fashion should completely change the established trends for the better. That\'s why today we value aspiring and talented people more than designers and stylists with the incredible reputation. Their reputation means nothing when it goes to creating something extraordinarily original and captivating, whether it is a new summer collection or a fresh issue of your favorite fashion magazine.</p>\r\n<p>As a unique solution for designers, stylists, fashion journalists and clothing manufacturers, our website provides a wide range of services and products connected with the world of fashion. Here we combined the top features of a fashion blog and made it a starting ground for aspiring journalists while also organizing an educational center for designers and stylists. For 10 years of our activity both on the Web and during various fashion shows all around the world, we have been offering members of our team a unique chance to become a part of the fashion industry and make a significant contribution to it.</p>'),('76',73,0,'13','Fashion was originally established as a source of exclusive designer clothing at affordable prices. '),('77',82,0,'13','Packable Duffle'),('85',72,0,'14','<p>Fashion was originally established as a source of exclusive designer clothing at affordable prices. Even though our activity has always been aimed at improving the modern fashion industry, we have never been a part of what is called \"fashion mainstream\". Our designers and stylists create more & more original clothes from year to year. We also deal with journalism in fashion industry – members of our team educate and employ new editors, photographers and journalists who promote new trends in modern fashion.</p>\r\n<p>While other fashion websites offer different range of clothes from various clothing manufacturers, we make a great difference in comparison with our competitors. In 2005, when our company appeared, we decided that our appearance in the world of fashion should completely change the established trends for the better. That\'s why today we value aspiring and talented people more than designers and stylists with the incredible reputation. Their reputation means nothing when it goes to creating something extraordinarily original and captivating, whether it is a new summer collection or a fresh issue of your favorite fashion magazine.</p>\r\n<p>As a unique solution for designers, stylists, fashion journalists and clothing manufacturers, our website provides a wide range of services and products connected with the world of fashion. Here we combined the top features of a fashion blog and made it a starting ground for aspiring journalists while also organizing an educational center for designers and stylists. For 10 years of our activity both on the Web and during various fashion shows all around the world, we have been offering members of our team a unique chance to become a part of the fashion industry and make a significant contribution to it.</p>'),('86',73,0,'14','Fashion was originally established as a source of exclusive designer clothing at affordable prices. '),('87',82,0,'14','Soft Beach Bag'),('98',72,0,'15','<p>Fashion was originally established as a source of exclusive designer clothing at affordable prices. Even though our activity has always been aimed at improving the modern fashion industry, we have never been a part of what is called \"fashion mainstream\". Our designers and stylists create more & more original clothes from year to year. We also deal with journalism in fashion industry – members of our team educate and employ new editors, photographers and journalists who promote new trends in modern fashion.</p>\r\n<p>While other fashion websites offer different range of clothes from various clothing manufacturers, we make a great difference in comparison with our competitors. In 2005, when our company appeared, we decided that our appearance in the world of fashion should completely change the established trends for the better. That\'s why today we value aspiring and talented people more than designers and stylists with the incredible reputation. Their reputation means nothing when it goes to creating something extraordinarily original and captivating, whether it is a new summer collection or a fresh issue of your favorite fashion magazine.</p>\r\n<p>As a unique solution for designers, stylists, fashion journalists and clothing manufacturers, our website provides a wide range of services and products connected with the world of fashion. Here we combined the top features of a fashion blog and made it a starting ground for aspiring journalists while also organizing an educational center for designers and stylists. For 10 years of our activity both on the Web and during various fashion shows all around the world, we have been offering members of our team a unique chance to become a part of the fashion industry and make a significant contribution to it.</p>'),('99',73,0,'15','Fashion was originally established as a source of exclusive designer clothing at affordable prices. '),('100',82,0,'15','Town X-Small'),('102',72,0,'16','<p>Fashion was originally established as a source of exclusive designer clothing at affordable prices. Even though our activity has always been aimed at improving the modern fashion industry, we have never been a part of what is called \"fashion mainstream\". Our designers and stylists create more & more original clothes from year to year. We also deal with journalism in fashion industry – members of our team educate and employ new editors, photographers and journalists who promote new trends in modern fashion.</p>\r\n<p>While other fashion websites offer different range of clothes from various clothing manufacturers, we make a great difference in comparison with our competitors. In 2005, when our company appeared, we decided that our appearance in the world of fashion should completely change the established trends for the better. That\'s why today we value aspiring and talented people more than designers and stylists with the incredible reputation. Their reputation means nothing when it goes to creating something extraordinarily original and captivating, whether it is a new summer collection or a fresh issue of your favorite fashion magazine.</p>\r\n<p>As a unique solution for designers, stylists, fashion journalists and clothing manufacturers, our website provides a wide range of services and products connected with the world of fashion. Here we combined the top features of a fashion blog and made it a starting ground for aspiring journalists while also organizing an educational center for designers and stylists. For 10 years of our activity both on the Web and during various fashion shows all around the world, we have been offering members of our team a unique chance to become a part of the fashion industry and make a significant contribution to it.</p>'),('103',73,0,'16','Fashion was originally established as a source of exclusive designer clothing at affordable prices. '),('104',72,0,'17','<p>Fashion was originally established as a source of exclusive designer clothing at affordable prices. Even though our activity has always been aimed at improving the modern fashion industry, we have never been a part of what is called \"fashion mainstream\". Our designers and stylists create more & more original clothes from year to year. We also deal with journalism in fashion industry – members of our team educate and employ new editors, photographers and journalists who promote new trends in modern fashion.</p>\r\n<p>While other fashion websites offer different range of clothes from various clothing manufacturers, we make a great difference in comparison with our competitors. In 2005, when our company appeared, we decided that our appearance in the world of fashion should completely change the established trends for the better. That\'s why today we value aspiring and talented people more than designers and stylists with the incredible reputation. Their reputation means nothing when it goes to creating something extraordinarily original and captivating, whether it is a new summer collection or a fresh issue of your favorite fashion magazine.</p>\r\n<p>As a unique solution for designers, stylists, fashion journalists and clothing manufacturers, our website provides a wide range of services and products connected with the world of fashion. Here we combined the top features of a fashion blog and made it a starting ground for aspiring journalists while also organizing an educational center for designers and stylists. For 10 years of our activity both on the Web and during various fashion shows all around the world, we have been offering members of our team a unique chance to become a part of the fashion industry and make a significant contribution to it.</p>'),('105',73,0,'17','Fashion was originally established as a source of exclusive designer clothing at affordable prices. '),('109',72,0,'18','<p>Fashion was originally established as a source of exclusive designer clothing at affordable prices. Even though our activity has always been aimed at improving the modern fashion industry, we have never been a part of what is called \"fashion mainstream\". Our designers and stylists create more & more original clothes from year to year. We also deal with journalism in fashion industry – members of our team educate and employ new editors, photographers and journalists who promote new trends in modern fashion.</p>\r\n<p>While other fashion websites offer different range of clothes from various clothing manufacturers, we make a great difference in comparison with our competitors. In 2005, when our company appeared, we decided that our appearance in the world of fashion should completely change the established trends for the better. That\'s why today we value aspiring and talented people more than designers and stylists with the incredible reputation. Their reputation means nothing when it goes to creating something extraordinarily original and captivating, whether it is a new summer collection or a fresh issue of your favorite fashion magazine.</p>\r\n<p>As a unique solution for designers, stylists, fashion journalists and clothing manufacturers, our website provides a wide range of services and products connected with the world of fashion. Here we combined the top features of a fashion blog and made it a starting ground for aspiring journalists while also organizing an educational center for designers and stylists. For 10 years of our activity both on the Web and during various fashion shows all around the world, we have been offering members of our team a unique chance to become a part of the fashion industry and make a significant contribution to it.</p>'),('110',73,0,'18','Fashion was originally established as a source of exclusive designer clothing at affordable prices. '),('116',72,0,'19','<p>Fashion was originally established as a source of exclusive designer clothing at affordable prices. Even though our activity has always been aimed at improving the modern fashion industry, we have never been a part of what is called \"fashion mainstream\". Our designers and stylists create more & more original clothes from year to year. We also deal with journalism in fashion industry – members of our team educate and employ new editors, photographers and journalists who promote new trends in modern fashion.</p>\r\n<p>While other fashion websites offer different range of clothes from various clothing manufacturers, we make a great difference in comparison with our competitors. In 2005, when our company appeared, we decided that our appearance in the world of fashion should completely change the established trends for the better. That\'s why today we value aspiring and talented people more than designers and stylists with the incredible reputation. Their reputation means nothing when it goes to creating something extraordinarily original and captivating, whether it is a new summer collection or a fresh issue of your favorite fashion magazine.</p>\r\n<p>As a unique solution for designers, stylists, fashion journalists and clothing manufacturers, our website provides a wide range of services and products connected with the world of fashion. Here we combined the top features of a fashion blog and made it a starting ground for aspiring journalists while also organizing an educational center for designers and stylists. For 10 years of our activity both on the Web and during various fashion shows all around the world, we have been offering members of our team a unique chance to become a part of the fashion industry and make a significant contribution to it.</p>'),('117',73,0,'19','Fashion was originally established as a source of exclusive designer clothing at affordable prices. '),('125',72,0,'20','<p>Fashion was originally established as a source of exclusive designer clothing at affordable prices. Even though our activity has always been aimed at improving the modern fashion industry, we have never been a part of what is called \"fashion mainstream\". Our designers and stylists create more & more original clothes from year to year. We also deal with journalism in fashion industry – members of our team educate and employ new editors, photographers and journalists who promote new trends in modern fashion.</p>\r\n<p>While other fashion websites offer different range of clothes from various clothing manufacturers, we make a great difference in comparison with our competitors. In 2005, when our company appeared, we decided that our appearance in the world of fashion should completely change the established trends for the better. That\'s why today we value aspiring and talented people more than designers and stylists with the incredible reputation. Their reputation means nothing when it goes to creating something extraordinarily original and captivating, whether it is a new summer collection or a fresh issue of your favorite fashion magazine.</p>\r\n<p>As a unique solution for designers, stylists, fashion journalists and clothing manufacturers, our website provides a wide range of services and products connected with the world of fashion. Here we combined the top features of a fashion blog and made it a starting ground for aspiring journalists while also organizing an educational center for designers and stylists. For 10 years of our activity both on the Web and during various fashion shows all around the world, we have been offering members of our team a unique chance to become a part of the fashion industry and make a significant contribution to it.</p>'),('126',73,0,'20','Fashion was originally established as a source of exclusive designer clothing at affordable prices. '),('128',82,0,'16','Burnout Smock Dress'),('129',82,0,'17','Mia High Neck Dress'),('130',82,0,'18','Mixed Bouquet Skirt'),('131',82,0,'19','Violetta Ruffle Dress'),('132',82,0,'20','Yes Darling Skirt'),('133',72,0,'21','<p>Fashion was originally established as a source of exclusive designer clothing at affordable prices. Even though our activity has always been aimed at improving the modern fashion industry, we have never been a part of what is called \"fashion mainstream\". Our designers and stylists create more & more original clothes from year to year. We also deal with journalism in fashion industry – members of our team educate and employ new editors, photographers and journalists who promote new trends in modern fashion.</p>\r\n<p>While other fashion websites offer different range of clothes from various clothing manufacturers, we make a great difference in comparison with our competitors. In 2005, when our company appeared, we decided that our appearance in the world of fashion should completely change the established trends for the better. That\'s why today we value aspiring and talented people more than designers and stylists with the incredible reputation. Their reputation means nothing when it goes to creating something extraordinarily original and captivating, whether it is a new summer collection or a fresh issue of your favorite fashion magazine.</p>\r\n<p>As a unique solution for designers, stylists, fashion journalists and clothing manufacturers, our website provides a wide range of services and products connected with the world of fashion. Here we combined the top features of a fashion blog and made it a starting ground for aspiring journalists while also organizing an educational center for designers and stylists. For 10 years of our activity both on the Web and during various fashion shows all around the world, we have been offering members of our team a unique chance to become a part of the fashion industry and make a significant contribution to it.</p>'),('134',73,0,'21','Fashion was originally established as a source of exclusive designer clothing at affordable prices. '),('135',82,0,'21','Burnout Smock Dress'),('136',72,0,'22','<p>Fashion was originally established as a source of exclusive designer clothing at affordable prices. Even though our activity has always been aimed at improving the modern fashion industry, we have never been a part of what is called \"fashion mainstream\". Our designers and stylists create more & more original clothes from year to year. We also deal with journalism in fashion industry – members of our team educate and employ new editors, photographers and journalists who promote new trends in modern fashion.</p>\r\n<p>While other fashion websites offer different range of clothes from various clothing manufacturers, we make a great difference in comparison with our competitors. In 2005, when our company appeared, we decided that our appearance in the world of fashion should completely change the established trends for the better. That\'s why today we value aspiring and talented people more than designers and stylists with the incredible reputation. Their reputation means nothing when it goes to creating something extraordinarily original and captivating, whether it is a new summer collection or a fresh issue of your favorite fashion magazine.</p>\r\n<p>As a unique solution for designers, stylists, fashion journalists and clothing manufacturers, our website provides a wide range of services and products connected with the world of fashion. Here we combined the top features of a fashion blog and made it a starting ground for aspiring journalists while also organizing an educational center for designers and stylists. For 10 years of our activity both on the Web and during various fashion shows all around the world, we have been offering members of our team a unique chance to become a part of the fashion industry and make a significant contribution to it.</p>'),('137',73,0,'22','Fashion was originally established as a source of exclusive designer clothing at affordable prices. '),('138',82,0,'22','Burnout Smock Dress'),('139',72,0,'23','<p>Fashion was originally established as a source of exclusive designer clothing at affordable prices. Even though our activity has always been aimed at improving the modern fashion industry, we have never been a part of what is called \"fashion mainstream\". Our designers and stylists create more & more original clothes from year to year. We also deal with journalism in fashion industry – members of our team educate and employ new editors, photographers and journalists who promote new trends in modern fashion.</p>\r\n<p>While other fashion websites offer different range of clothes from various clothing manufacturers, we make a great difference in comparison with our competitors. In 2005, when our company appeared, we decided that our appearance in the world of fashion should completely change the established trends for the better. That\'s why today we value aspiring and talented people more than designers and stylists with the incredible reputation. Their reputation means nothing when it goes to creating something extraordinarily original and captivating, whether it is a new summer collection or a fresh issue of your favorite fashion magazine.</p>\r\n<p>As a unique solution for designers, stylists, fashion journalists and clothing manufacturers, our website provides a wide range of services and products connected with the world of fashion. Here we combined the top features of a fashion blog and made it a starting ground for aspiring journalists while also organizing an educational center for designers and stylists. For 10 years of our activity both on the Web and during various fashion shows all around the world, we have been offering members of our team a unique chance to become a part of the fashion industry and make a significant contribution to it.</p>'),('140',73,0,'23','Fashion was originally established as a source of exclusive designer clothing at affordable prices. '),('141',82,0,'23','Burnout Smock Dress'),('142',72,0,'24','<p>Fashion was originally established as a source of exclusive designer clothing at affordable prices. Even though our activity has always been aimed at improving the modern fashion industry, we have never been a part of what is called \"fashion mainstream\". Our designers and stylists create more & more original clothes from year to year. We also deal with journalism in fashion industry – members of our team educate and employ new editors, photographers and journalists who promote new trends in modern fashion.</p>\r\n<p>While other fashion websites offer different range of clothes from various clothing manufacturers, we make a great difference in comparison with our competitors. In 2005, when our company appeared, we decided that our appearance in the world of fashion should completely change the established trends for the better. That\'s why today we value aspiring and talented people more than designers and stylists with the incredible reputation. Their reputation means nothing when it goes to creating something extraordinarily original and captivating, whether it is a new summer collection or a fresh issue of your favorite fashion magazine.</p>\r\n<p>As a unique solution for designers, stylists, fashion journalists and clothing manufacturers, our website provides a wide range of services and products connected with the world of fashion. Here we combined the top features of a fashion blog and made it a starting ground for aspiring journalists while also organizing an educational center for designers and stylists. For 10 years of our activity both on the Web and during various fashion shows all around the world, we have been offering members of our team a unique chance to become a part of the fashion industry and make a significant contribution to it.</p>'),('143',73,0,'24','Fashion was originally established as a source of exclusive designer clothing at affordable prices. '),('144',82,0,'24','Mia High Neck Dress'),('145',72,0,'25','<p>Fashion was originally established as a source of exclusive designer clothing at affordable prices. Even though our activity has always been aimed at improving the modern fashion industry, we have never been a part of what is called \"fashion mainstream\". Our designers and stylists create more & more original clothes from year to year. We also deal with journalism in fashion industry – members of our team educate and employ new editors, photographers and journalists who promote new trends in modern fashion.</p>\r\n<p>While other fashion websites offer different range of clothes from various clothing manufacturers, we make a great difference in comparison with our competitors. In 2005, when our company appeared, we decided that our appearance in the world of fashion should completely change the established trends for the better. That\'s why today we value aspiring and talented people more than designers and stylists with the incredible reputation. Their reputation means nothing when it goes to creating something extraordinarily original and captivating, whether it is a new summer collection or a fresh issue of your favorite fashion magazine.</p>\r\n<p>As a unique solution for designers, stylists, fashion journalists and clothing manufacturers, our website provides a wide range of services and products connected with the world of fashion. Here we combined the top features of a fashion blog and made it a starting ground for aspiring journalists while also organizing an educational center for designers and stylists. For 10 years of our activity both on the Web and during various fashion shows all around the world, we have been offering members of our team a unique chance to become a part of the fashion industry and make a significant contribution to it.</p>'),('146',73,0,'25','Fashion was originally established as a source of exclusive designer clothing at affordable prices. '),('147',82,0,'25','Mia High Neck Dress'),('148',72,0,'26','<p>Fashion was originally established as a source of exclusive designer clothing at affordable prices. Even though our activity has always been aimed at improving the modern fashion industry, we have never been a part of what is called \"fashion mainstream\". Our designers and stylists create more & more original clothes from year to year. We also deal with journalism in fashion industry – members of our team educate and employ new editors, photographers and journalists who promote new trends in modern fashion.</p>\r\n<p>While other fashion websites offer different range of clothes from various clothing manufacturers, we make a great difference in comparison with our competitors. In 2005, when our company appeared, we decided that our appearance in the world of fashion should completely change the established trends for the better. That\'s why today we value aspiring and talented people more than designers and stylists with the incredible reputation. Their reputation means nothing when it goes to creating something extraordinarily original and captivating, whether it is a new summer collection or a fresh issue of your favorite fashion magazine.</p>\r\n<p>As a unique solution for designers, stylists, fashion journalists and clothing manufacturers, our website provides a wide range of services and products connected with the world of fashion. Here we combined the top features of a fashion blog and made it a starting ground for aspiring journalists while also organizing an educational center for designers and stylists. For 10 years of our activity both on the Web and during various fashion shows all around the world, we have been offering members of our team a unique chance to become a part of the fashion industry and make a significant contribution to it.</p>'),('149',73,0,'26','Fashion was originally established as a source of exclusive designer clothing at affordable prices. '),('150',82,0,'26','Mia High Neck Dress'),('151',72,0,'27','<p>Fashion was originally established as a source of exclusive designer clothing at affordable prices. Even though our activity has always been aimed at improving the modern fashion industry, we have never been a part of what is called \"fashion mainstream\". Our designers and stylists create more & more original clothes from year to year. We also deal with journalism in fashion industry – members of our team educate and employ new editors, photographers and journalists who promote new trends in modern fashion.</p>\r\n<p>While other fashion websites offer different range of clothes from various clothing manufacturers, we make a great difference in comparison with our competitors. In 2005, when our company appeared, we decided that our appearance in the world of fashion should completely change the established trends for the better. That\'s why today we value aspiring and talented people more than designers and stylists with the incredible reputation. Their reputation means nothing when it goes to creating something extraordinarily original and captivating, whether it is a new summer collection or a fresh issue of your favorite fashion magazine.</p>\r\n<p>As a unique solution for designers, stylists, fashion journalists and clothing manufacturers, our website provides a wide range of services and products connected with the world of fashion. Here we combined the top features of a fashion blog and made it a starting ground for aspiring journalists while also organizing an educational center for designers and stylists. For 10 years of our activity both on the Web and during various fashion shows all around the world, we have been offering members of our team a unique chance to become a part of the fashion industry and make a significant contribution to it.</p>'),('152',73,0,'27','Fashion was originally established as a source of exclusive designer clothing at affordable prices. '),('153',82,0,'27','Mixed Bouquet Skirt'),('154',72,0,'28','<p>Fashion was originally established as a source of exclusive designer clothing at affordable prices. Even though our activity has always been aimed at improving the modern fashion industry, we have never been a part of what is called \"fashion mainstream\". Our designers and stylists create more & more original clothes from year to year. We also deal with journalism in fashion industry – members of our team educate and employ new editors, photographers and journalists who promote new trends in modern fashion.</p>\r\n<p>While other fashion websites offer different range of clothes from various clothing manufacturers, we make a great difference in comparison with our competitors. In 2005, when our company appeared, we decided that our appearance in the world of fashion should completely change the established trends for the better. That\'s why today we value aspiring and talented people more than designers and stylists with the incredible reputation. Their reputation means nothing when it goes to creating something extraordinarily original and captivating, whether it is a new summer collection or a fresh issue of your favorite fashion magazine.</p>\r\n<p>As a unique solution for designers, stylists, fashion journalists and clothing manufacturers, our website provides a wide range of services and products connected with the world of fashion. Here we combined the top features of a fashion blog and made it a starting ground for aspiring journalists while also organizing an educational center for designers and stylists. For 10 years of our activity both on the Web and during various fashion shows all around the world, we have been offering members of our team a unique chance to become a part of the fashion industry and make a significant contribution to it.</p>'),('155',73,0,'28','Fashion was originally established as a source of exclusive designer clothing at affordable prices. '),('156',82,0,'28','Mixed Bouquet Skirt'),('157',72,0,'29','<p>Fashion was originally established as a source of exclusive designer clothing at affordable prices. Even though our activity has always been aimed at improving the modern fashion industry, we have never been a part of what is called \"fashion mainstream\". Our designers and stylists create more & more original clothes from year to year. We also deal with journalism in fashion industry – members of our team educate and employ new editors, photographers and journalists who promote new trends in modern fashion.</p>\r\n<p>While other fashion websites offer different range of clothes from various clothing manufacturers, we make a great difference in comparison with our competitors. In 2005, when our company appeared, we decided that our appearance in the world of fashion should completely change the established trends for the better. That\'s why today we value aspiring and talented people more than designers and stylists with the incredible reputation. Their reputation means nothing when it goes to creating something extraordinarily original and captivating, whether it is a new summer collection or a fresh issue of your favorite fashion magazine.</p>\r\n<p>As a unique solution for designers, stylists, fashion journalists and clothing manufacturers, our website provides a wide range of services and products connected with the world of fashion. Here we combined the top features of a fashion blog and made it a starting ground for aspiring journalists while also organizing an educational center for designers and stylists. For 10 years of our activity both on the Web and during various fashion shows all around the world, we have been offering members of our team a unique chance to become a part of the fashion industry and make a significant contribution to it.</p>'),('158',73,0,'29','Fashion was originally established as a source of exclusive designer clothing at affordable prices. '),('159',82,0,'29','Mixed Bouquet Skirt'),('160',72,0,'30','<p>Fashion was originally established as a source of exclusive designer clothing at affordable prices. Even though our activity has always been aimed at improving the modern fashion industry, we have never been a part of what is called \"fashion mainstream\". Our designers and stylists create more & more original clothes from year to year. We also deal with journalism in fashion industry – members of our team educate and employ new editors, photographers and journalists who promote new trends in modern fashion.</p>\r\n<p>While other fashion websites offer different range of clothes from various clothing manufacturers, we make a great difference in comparison with our competitors. In 2005, when our company appeared, we decided that our appearance in the world of fashion should completely change the established trends for the better. That\'s why today we value aspiring and talented people more than designers and stylists with the incredible reputation. Their reputation means nothing when it goes to creating something extraordinarily original and captivating, whether it is a new summer collection or a fresh issue of your favorite fashion magazine.</p>\r\n<p>As a unique solution for designers, stylists, fashion journalists and clothing manufacturers, our website provides a wide range of services and products connected with the world of fashion. Here we combined the top features of a fashion blog and made it a starting ground for aspiring journalists while also organizing an educational center for designers and stylists. For 10 years of our activity both on the Web and during various fashion shows all around the world, we have been offering members of our team a unique chance to become a part of the fashion industry and make a significant contribution to it.</p>'),('161',73,0,'30','Fashion was originally established as a source of exclusive designer clothing at affordable prices. '),('162',82,0,'30','Violetta Ruffle Dress'),('163',72,0,'31','<p>Fashion was originally established as a source of exclusive designer clothing at affordable prices. Even though our activity has always been aimed at improving the modern fashion industry, we have never been a part of what is called \"fashion mainstream\". Our designers and stylists create more & more original clothes from year to year. We also deal with journalism in fashion industry – members of our team educate and employ new editors, photographers and journalists who promote new trends in modern fashion.</p>\r\n<p>While other fashion websites offer different range of clothes from various clothing manufacturers, we make a great difference in comparison with our competitors. In 2005, when our company appeared, we decided that our appearance in the world of fashion should completely change the established trends for the better. That\'s why today we value aspiring and talented people more than designers and stylists with the incredible reputation. Their reputation means nothing when it goes to creating something extraordinarily original and captivating, whether it is a new summer collection or a fresh issue of your favorite fashion magazine.</p>\r\n<p>As a unique solution for designers, stylists, fashion journalists and clothing manufacturers, our website provides a wide range of services and products connected with the world of fashion. Here we combined the top features of a fashion blog and made it a starting ground for aspiring journalists while also organizing an educational center for designers and stylists. For 10 years of our activity both on the Web and during various fashion shows all around the world, we have been offering members of our team a unique chance to become a part of the fashion industry and make a significant contribution to it.</p>'),('164',73,0,'31','Fashion was originally established as a source of exclusive designer clothing at affordable prices. '),('165',82,0,'31','Violetta Ruffle Dress');
INSERT INTO `catalog_product_entity_text` VALUES ('166',72,0,'32','<p>Fashion was originally established as a source of exclusive designer clothing at affordable prices. Even though our activity has always been aimed at improving the modern fashion industry, we have never been a part of what is called \"fashion mainstream\". Our designers and stylists create more & more original clothes from year to year. We also deal with journalism in fashion industry – members of our team educate and employ new editors, photographers and journalists who promote new trends in modern fashion.</p>\r\n<p>While other fashion websites offer different range of clothes from various clothing manufacturers, we make a great difference in comparison with our competitors. In 2005, when our company appeared, we decided that our appearance in the world of fashion should completely change the established trends for the better. That\'s why today we value aspiring and talented people more than designers and stylists with the incredible reputation. Their reputation means nothing when it goes to creating something extraordinarily original and captivating, whether it is a new summer collection or a fresh issue of your favorite fashion magazine.</p>\r\n<p>As a unique solution for designers, stylists, fashion journalists and clothing manufacturers, our website provides a wide range of services and products connected with the world of fashion. Here we combined the top features of a fashion blog and made it a starting ground for aspiring journalists while also organizing an educational center for designers and stylists. For 10 years of our activity both on the Web and during various fashion shows all around the world, we have been offering members of our team a unique chance to become a part of the fashion industry and make a significant contribution to it.</p>'),('167',73,0,'32','Fashion was originally established as a source of exclusive designer clothing at affordable prices. '),('168',82,0,'32','Violetta Ruffle Dress'),('169',72,0,'33','<p>Fashion was originally established as a source of exclusive designer clothing at affordable prices. Even though our activity has always been aimed at improving the modern fashion industry, we have never been a part of what is called \"fashion mainstream\". Our designers and stylists create more & more original clothes from year to year. We also deal with journalism in fashion industry – members of our team educate and employ new editors, photographers and journalists who promote new trends in modern fashion.</p>\r\n<p>While other fashion websites offer different range of clothes from various clothing manufacturers, we make a great difference in comparison with our competitors. In 2005, when our company appeared, we decided that our appearance in the world of fashion should completely change the established trends for the better. That\'s why today we value aspiring and talented people more than designers and stylists with the incredible reputation. Their reputation means nothing when it goes to creating something extraordinarily original and captivating, whether it is a new summer collection or a fresh issue of your favorite fashion magazine.</p>\r\n<p>As a unique solution for designers, stylists, fashion journalists and clothing manufacturers, our website provides a wide range of services and products connected with the world of fashion. Here we combined the top features of a fashion blog and made it a starting ground for aspiring journalists while also organizing an educational center for designers and stylists. For 10 years of our activity both on the Web and during various fashion shows all around the world, we have been offering members of our team a unique chance to become a part of the fashion industry and make a significant contribution to it.</p>'),('170',73,0,'33','Fashion was originally established as a source of exclusive designer clothing at affordable prices. '),('171',82,0,'33','Yes Darling Skirt'),('172',72,0,'34','<p>Fashion was originally established as a source of exclusive designer clothing at affordable prices. Even though our activity has always been aimed at improving the modern fashion industry, we have never been a part of what is called \"fashion mainstream\". Our designers and stylists create more & more original clothes from year to year. We also deal with journalism in fashion industry – members of our team educate and employ new editors, photographers and journalists who promote new trends in modern fashion.</p>\r\n<p>While other fashion websites offer different range of clothes from various clothing manufacturers, we make a great difference in comparison with our competitors. In 2005, when our company appeared, we decided that our appearance in the world of fashion should completely change the established trends for the better. That\'s why today we value aspiring and talented people more than designers and stylists with the incredible reputation. Their reputation means nothing when it goes to creating something extraordinarily original and captivating, whether it is a new summer collection or a fresh issue of your favorite fashion magazine.</p>\r\n<p>As a unique solution for designers, stylists, fashion journalists and clothing manufacturers, our website provides a wide range of services and products connected with the world of fashion. Here we combined the top features of a fashion blog and made it a starting ground for aspiring journalists while also organizing an educational center for designers and stylists. For 10 years of our activity both on the Web and during various fashion shows all around the world, we have been offering members of our team a unique chance to become a part of the fashion industry and make a significant contribution to it.</p>'),('173',73,0,'34','Fashion was originally established as a source of exclusive designer clothing at affordable prices. '),('174',82,0,'34','Yes Darling Skirt'),('175',72,0,'35','<p>Fashion was originally established as a source of exclusive designer clothing at affordable prices. Even though our activity has always been aimed at improving the modern fashion industry, we have never been a part of what is called \"fashion mainstream\". Our designers and stylists create more & more original clothes from year to year. We also deal with journalism in fashion industry – members of our team educate and employ new editors, photographers and journalists who promote new trends in modern fashion.</p>\r\n<p>While other fashion websites offer different range of clothes from various clothing manufacturers, we make a great difference in comparison with our competitors. In 2005, when our company appeared, we decided that our appearance in the world of fashion should completely change the established trends for the better. That\'s why today we value aspiring and talented people more than designers and stylists with the incredible reputation. Their reputation means nothing when it goes to creating something extraordinarily original and captivating, whether it is a new summer collection or a fresh issue of your favorite fashion magazine.</p>\r\n<p>As a unique solution for designers, stylists, fashion journalists and clothing manufacturers, our website provides a wide range of services and products connected with the world of fashion. Here we combined the top features of a fashion blog and made it a starting ground for aspiring journalists while also organizing an educational center for designers and stylists. For 10 years of our activity both on the Web and during various fashion shows all around the world, we have been offering members of our team a unique chance to become a part of the fashion industry and make a significant contribution to it.</p>'),('176',73,0,'35','Fashion was originally established as a source of exclusive designer clothing at affordable prices. '),('177',82,0,'35','Yes Darling Skirt');

--
