-- Table structure for table `catalog_product_frontend_action`
--

CREATE TABLE `catalog_product_frontend_action` (
  `action_id` bigint(20) unsigned NOT NULL AUTO_INCREMENT COMMENT 'Product Action Id',
  `type_id` varchar(64) NOT NULL COMMENT 'Type of product action',
  `visitor_id` int(10) unsigned DEFAULT NULL COMMENT 'Visitor Id',
  `customer_id` int(10) unsigned DEFAULT NULL COMMENT 'Customer Id',
  `product_id` int(10) unsigned NOT NULL COMMENT 'Product Id',
  `added_at` bigint(20) NOT NULL COMMENT 'Added At',
  PRIMARY KEY (`action_id`),
  UNIQUE KEY `CATALOG_PRODUCT_FRONTEND_ACTION_VISITOR_ID_PRODUCT_ID_TYPE_ID` (`visitor_id`,`product_id`,`type_id`),
  UNIQUE KEY `CATALOG_PRODUCT_FRONTEND_ACTION_CUSTOMER_ID_PRODUCT_ID_TYPE_ID` (`customer_id`,`product_id`,`type_id`)
) ENGINE=InnoDB DEFAULT CHARSET=utf8 COMMENT='Catalog Product Frontend Action Table';

--
-- Table structure for table `catalog_product_index_eav`
--

CREATE TABLE `catalog_product_index_eav` (
  `entity_id` int(10) unsigned NOT NULL COMMENT 'Entity ID',
  `attribute_id` smallint(5) unsigned NOT NULL COMMENT 'Attribute ID',
  `store_id` smallint(5) unsigned NOT NULL COMMENT 'Store ID',
  `value` int(10) unsigned NOT NULL COMMENT 'Value',
  `source_id` int(10) unsigned NOT NULL DEFAULT '0' COMMENT 'Original entity Id for attribute value',
  PRIMARY KEY (`entity_id`,`attribute_id`,`store_id`,`value`,`source_id`),
  KEY `CATALOG_PRODUCT_INDEX_EAV_ATTRIBUTE_ID` (`attribute_id`),
  KEY `CATALOG_PRODUCT_INDEX_EAV_STORE_ID` (`store_id`),
  KEY `CATALOG_PRODUCT_INDEX_EAV_VALUE` (`value`)
) ENGINE=InnoDB DEFAULT CHARSET=utf8 COMMENT='Catalog Product EAV Index Table';

--
-- Dumping data for table `catalog_product_index_eav`
--

INSERT INTO `catalog_product_index_eav` VALUES ('1',96,1,'4','1'),('2',96,1,'4','2'),('3',96,1,'4','3'),('4',96,1,'4','4'),('5',96,1,'4','5'),('6',96,1,'4','6'),('7',96,1,'4','7'),('8',96,1,'4','8'),('9',96,1,'4','9'),('10',96,1,'4','10'),('11',96,1,'4','11'),('12',96,1,'4','12'),('13',96,1,'4','13'),('14',96,1,'4','14'),('15',96,1,'4','15'),('16',96,1,'1','21'),('16',96,1,'1','22'),('16',96,1,'1','23'),('16',96,1,'4','16'),('17',96,1,'1','24'),('17',96,1,'1','25'),('17',96,1,'1','26'),('17',96,1,'4','17'),('18',96,1,'1','27'),('18',96,1,'1','28'),('18',96,1,'1','29'),('18',96,1,'4','18'),('19',96,1,'1','30'),('19',96,1,'1','31'),('19',96,1,'1','32'),('19',96,1,'4','19'),('20',96,1,'1','33'),('20',96,1,'1','34'),('20',96,1,'1','35'),('20',96,1,'4','20'),('1',137,1,'4','1'),('2',137,1,'4','2'),('3',137,1,'4','3'),('4',137,1,'4','4'),('5',137,1,'4','5'),('6',137,1,'4','6'),('7',137,1,'4','7'),('8',137,1,'4','8'),('9',137,1,'4','9'),('10',137,1,'4','10'),('11',137,1,'6','11'),('12',137,1,'6','12'),('13',137,1,'4','13'),('14',137,1,'6','14'),('15',137,1,'6','15'),('16',137,1,'4','16'),('16',137,1,'4','21'),('16',137,1,'4','22'),('16',137,1,'4','23'),('17',137,1,'4','17'),('17',137,1,'4','24'),('17',137,1,'4','25'),('17',137,1,'4','26'),('18',137,1,'6','18'),('18',137,1,'6','27'),('18',137,1,'6','28'),('18',137,1,'6','29'),('19',137,1,'4','19'),('19',137,1,'4','30'),('19',137,1,'4','31'),('19',137,1,'4','32'),('20',137,1,'4','20'),('20',137,1,'4','33'),('20',137,1,'4','34'),('20',137,1,'4','35'),('1',140,1,'13','1'),('2',140,1,'14','2'),('3',140,1,'13','3'),('4',140,1,'15','4'),('5',140,1,'15','5'),('6',140,1,'14','6'),('7',140,1,'12','7'),('8',140,1,'15','8'),('9',140,1,'15','9'),('10',140,1,'13','10'),('11',140,1,'13','11'),('12',140,1,'12','12'),('13',140,1,'15','13'),('14',140,1,'15','14'),('15',140,1,'14','15'),('16',140,1,'14','16'),('16',140,1,'14','21'),('16',140,1,'14','22'),('16',140,1,'14','23'),('17',140,1,'12','17'),('17',140,1,'12','24'),('17',140,1,'12','25'),('17',140,1,'12','26'),('18',140,1,'12','18'),('18',140,1,'12','27'),('18',140,1,'12','28'),('18',140,1,'12','29'),('19',140,1,'14','19'),('19',140,1,'14','30'),('19',140,1,'14','31'),('19',140,1,'14','32'),('20',140,1,'13','20'),('20',140,1,'13','33'),('20',140,1,'13','34'),('20',140,1,'13','35'),('1',142,1,'19','1'),('2',142,1,'20','2'),('3',142,1,'18','3'),('4',142,1,'20','4'),('5',142,1,'20','5'),('6',142,1,'20','6'),('7',142,1,'19','7'),('8',142,1,'19','8'),('9',142,1,'19','9'),('10',142,1,'19','10'),('11',142,1,'20','11'),('12',142,1,'18','12'),('13',142,1,'19','13'),('14',142,1,'20','14'),('15',142,1,'20','15'),('16',142,1,'18','16'),('16',142,1,'18','21'),('16',142,1,'18','22'),('16',142,1,'18','23'),('17',142,1,'19','17'),('17',142,1,'19','24'),('17',142,1,'19','25'),('17',142,1,'19','26'),('18',142,1,'19','18'),('18',142,1,'19','27'),('18',142,1,'19','28'),('18',142,1,'19','29'),('19',142,1,'18','19'),('19',142,1,'18','30'),('19',142,1,'18','31'),('19',142,1,'18','32'),('20',142,1,'18','20'),('20',142,1,'18','33'),('20',142,1,'18','34'),('20',142,1,'18','35'),('16',145,1,'26','22'),('16',145,1,'27','23'),('16',145,1,'29','21'),('17',145,1,'26','25'),('17',145,1,'28','24'),('17',145,1,'30','26'),('18',145,1,'26','29'),('18',145,1,'27','28'),('18',145,1,'29','27'),('19',145,1,'25','31'),('19',145,1,'26','32'),('19',145,1,'28','30'),('20',145,1,'26','35'),('20',145,1,'27','34'),('20',145,1,'30','33');

--
-- Table structure for table `catalog_product_index_eav_decimal`
--

CREATE TABLE `catalog_product_index_eav_decimal` (
  `entity_id` int(10) unsigned NOT NULL COMMENT 'Entity ID',
  `attribute_id` smallint(5) unsigned NOT NULL COMMENT 'Attribute ID',
  `store_id` smallint(5) unsigned NOT NULL COMMENT 'Store ID',
  `value` decimal(12,4) NOT NULL COMMENT 'Value',
  `source_id` int(10) unsigned NOT NULL DEFAULT '0' COMMENT 'Original entity Id for attribute value',
  PRIMARY KEY (`entity_id`,`attribute_id`,`store_id`,`value`,`source_id`),
  KEY `CATALOG_PRODUCT_INDEX_EAV_DECIMAL_ATTRIBUTE_ID` (`attribute_id`),
  KEY `CATALOG_PRODUCT_INDEX_EAV_DECIMAL_STORE_ID` (`store_id`),
  KEY `CATALOG_PRODUCT_INDEX_EAV_DECIMAL_VALUE` (`value`)
) ENGINE=InnoDB DEFAULT CHARSET=utf8 COMMENT='Catalog Product EAV Decimal Index Table';

--
-- Table structure for table `catalog_product_index_eav_decimal_idx`
--

CREATE TABLE `catalog_product_index_eav_decimal_idx` (
  `entity_id` int(10) unsigned NOT NULL COMMENT 'Entity ID',
  `attribute_id` smallint(5) unsigned NOT NULL COMMENT 'Attribute ID',
  `store_id` smallint(5) unsigned NOT NULL COMMENT 'Store ID',
  `value` decimal(12,4) NOT NULL COMMENT 'Value',
  `source_id` int(10) unsigned NOT NULL DEFAULT '0' COMMENT 'Original entity Id for attribute value',
  PRIMARY KEY (`entity_id`,`attribute_id`,`store_id`,`value`,`source_id`),
  KEY `CATALOG_PRODUCT_INDEX_EAV_DECIMAL_IDX_ATTRIBUTE_ID` (`attribute_id`),
  KEY `CATALOG_PRODUCT_INDEX_EAV_DECIMAL_IDX_STORE_ID` (`store_id`),
  KEY `CATALOG_PRODUCT_INDEX_EAV_DECIMAL_IDX_VALUE` (`value`)
) ENGINE=InnoDB DEFAULT CHARSET=utf8 COMMENT='Catalog Product EAV Decimal Indexer Index Table';

--
-- Table structure for table `catalog_product_index_eav_decimal_replica`
--

CREATE TABLE `catalog_product_index_eav_decimal_replica` (
  `entity_id` int(10) unsigned NOT NULL COMMENT 'Entity ID',
  `attribute_id` smallint(5) unsigned NOT NULL COMMENT 'Attribute ID',
  `store_id` smallint(5) unsigned NOT NULL COMMENT 'Store ID',
  `value` decimal(12,4) NOT NULL COMMENT 'Value',
  `source_id` int(10) unsigned NOT NULL DEFAULT '0' COMMENT 'Original entity Id for attribute value',
  PRIMARY KEY (`entity_id`,`attribute_id`,`store_id`,`value`,`source_id`),
  KEY `CATALOG_PRODUCT_INDEX_EAV_DECIMAL_ATTRIBUTE_ID` (`attribute_id`),
  KEY `CATALOG_PRODUCT_INDEX_EAV_DECIMAL_STORE_ID` (`store_id`),
  KEY `CATALOG_PRODUCT_INDEX_EAV_DECIMAL_VALUE` (`value`)
) ENGINE=InnoDB DEFAULT CHARSET=utf8 COMMENT='Catalog Product EAV Decimal Index Table';

--
-- Table structure for table `catalog_product_index_eav_decimal_tmp`
--

CREATE TABLE `catalog_product_index_eav_decimal_tmp` (
  `entity_id` int(10) unsigned NOT NULL COMMENT 'Entity ID',
  `attribute_id` smallint(5) unsigned NOT NULL COMMENT 'Attribute ID',
  `store_id` smallint(5) unsigned NOT NULL COMMENT 'Store ID',
  `value` decimal(12,4) NOT NULL COMMENT 'Value',
  `source_id` int(10) unsigned NOT NULL DEFAULT '0' COMMENT 'Original entity Id for attribute value',
  PRIMARY KEY (`entity_id`,`attribute_id`,`store_id`,`value`,`source_id`),
  KEY `CATALOG_PRODUCT_INDEX_EAV_DECIMAL_TMP_ATTRIBUTE_ID` (`attribute_id`),
  KEY `CATALOG_PRODUCT_INDEX_EAV_DECIMAL_TMP_STORE_ID` (`store_id`),
  KEY `CATALOG_PRODUCT_INDEX_EAV_DECIMAL_TMP_VALUE` (`value`)
) ENGINE=MEMORY DEFAULT CHARSET=utf8 COMMENT='Catalog Product EAV Decimal Indexer Temp Table';

--
-- Table structure for table `catalog_product_index_eav_idx`
--

CREATE TABLE `catalog_product_index_eav_idx` (
  `entity_id` int(10) unsigned NOT NULL COMMENT 'Entity ID',
  `attribute_id` smallint(5) unsigned NOT NULL COMMENT 'Attribute ID',
  `store_id` smallint(5) unsigned NOT NULL COMMENT 'Store ID',
  `value` int(10) unsigned NOT NULL COMMENT 'Value',
  `source_id` int(10) unsigned NOT NULL DEFAULT '0' COMMENT 'Original entity Id for attribute value',
  PRIMARY KEY (`entity_id`,`attribute_id`,`store_id`,`value`,`source_id`),
  KEY `CATALOG_PRODUCT_INDEX_EAV_IDX_ATTRIBUTE_ID` (`attribute_id`),
  KEY `CATALOG_PRODUCT_INDEX_EAV_IDX_STORE_ID` (`store_id`),
  KEY `CATALOG_PRODUCT_INDEX_EAV_IDX_VALUE` (`value`)
) ENGINE=InnoDB DEFAULT CHARSET=utf8 COMMENT='Catalog Product EAV Indexer Index Table';

--
-- Table structure for table `catalog_product_index_eav_replica`
--

CREATE TABLE `catalog_product_index_eav_replica` (
  `entity_id` int(10) unsigned NOT NULL COMMENT 'Entity ID',
  `attribute_id` smallint(5) unsigned NOT NULL COMMENT 'Attribute ID',
  `store_id` smallint(5) unsigned NOT NULL COMMENT 'Store ID',
  `value` int(10) unsigned NOT NULL COMMENT 'Value',
  `source_id` int(10) unsigned NOT NULL DEFAULT '0' COMMENT 'Original entity Id for attribute value',
  PRIMARY KEY (`entity_id`,`attribute_id`,`store_id`,`value`,`source_id`),
  KEY `CATALOG_PRODUCT_INDEX_EAV_ATTRIBUTE_ID` (`attribute_id`),
  KEY `CATALOG_PRODUCT_INDEX_EAV_STORE_ID` (`store_id`),
  KEY `CATALOG_PRODUCT_INDEX_EAV_VALUE` (`value`)
) ENGINE=InnoDB DEFAULT CHARSET=utf8 COMMENT='Catalog Product EAV Index Table';

--
-- Dumping data for table `catalog_product_index_eav_replica`
--

INSERT INTO `catalog_product_index_eav_replica` VALUES ('1',96,1,'4','1'),('2',96,1,'4','2'),('3',96,1,'4','3'),('4',96,1,'4','4'),('5',96,1,'4','5'),('6',96,1,'4','6'),('7',96,1,'4','7'),('8',96,1,'4','8'),('9',96,1,'4','9'),('10',96,1,'4','10'),('11',96,1,'4','11'),('12',96,1,'4','12'),('13',96,1,'4','13'),('14',96,1,'4','14'),('15',96,1,'4','15'),('16',96,1,'1','21'),('16',96,1,'1','22'),('16',96,1,'1','23'),('16',96,1,'4','16'),('17',96,1,'1','24'),('17',96,1,'1','25'),('17',96,1,'1','26'),('17',96,1,'4','17'),('18',96,1,'1','27'),('18',96,1,'1','28'),('18',96,1,'1','29'),('18',96,1,'4','18'),('19',96,1,'1','30'),('19',96,1,'1','31'),('19',96,1,'1','32'),('19',96,1,'4','19'),('20',96,1,'1','33'),('20',96,1,'1','34'),('20',96,1,'1','35'),('20',96,1,'4','20'),('1',137,1,'4','1'),('2',137,1,'4','2'),('3',137,1,'4','3'),('4',137,1,'4','4'),('5',137,1,'4','5'),('6',137,1,'4','6'),('7',137,1,'4','7'),('8',137,1,'4','8'),('9',137,1,'4','9'),('10',137,1,'4','10'),('11',137,1,'6','11'),('12',137,1,'6','12'),('13',137,1,'4','13'),('14',137,1,'6','14'),('15',137,1,'6','15'),('16',137,1,'4','16'),('16',137,1,'4','21'),('16',137,1,'4','22'),('16',137,1,'4','23'),('17',137,1,'4','17'),('17',137,1,'4','24'),('17',137,1,'4','25'),('17',137,1,'4','26'),('18',137,1,'6','18'),('18',137,1,'6','27'),('18',137,1,'6','28'),('18',137,1,'6','29'),('19',137,1,'4','19'),('19',137,1,'4','30'),('19',137,1,'4','31'),('19',137,1,'4','32'),('20',137,1,'4','20'),('20',137,1,'4','33'),('20',137,1,'4','34'),('20',137,1,'4','35'),('1',140,1,'13','1'),('2',140,1,'14','2'),('3',140,1,'13','3'),('4',140,1,'15','4'),('5',140,1,'15','5'),('6',140,1,'14','6'),('7',140,1,'12','7'),('8',140,1,'15','8'),('9',140,1,'15','9'),('10',140,1,'13','10'),('11',140,1,'13','11'),('12',140,1,'12','12'),('13',140,1,'15','13'),('14',140,1,'15','14'),('15',140,1,'14','15'),('16',140,1,'14','16'),('16',140,1,'14','21'),('16',140,1,'14','22'),('16',140,1,'14','23'),('17',140,1,'12','17'),('17',140,1,'12','24'),('17',140,1,'12','25'),('17',140,1,'12','26'),('18',140,1,'12','18'),('18',140,1,'12','27'),('18',140,1,'12','28'),('18',140,1,'12','29'),('19',140,1,'14','19'),('19',140,1,'14','30'),('19',140,1,'14','31'),('19',140,1,'14','32'),('20',140,1,'13','20'),('20',140,1,'13','33'),('20',140,1,'13','34'),('20',140,1,'13','35'),('1',142,1,'19','1'),('2',142,1,'20','2'),('3',142,1,'18','3'),('4',142,1,'20','4'),('5',142,1,'20','5'),('6',142,1,'20','6'),('7',142,1,'19','7'),('8',142,1,'19','8'),('9',142,1,'19','9'),('10',142,1,'19','10'),('11',142,1,'20','11'),('12',142,1,'18','12'),('13',142,1,'19','13'),('14',142,1,'20','14'),('15',142,1,'20','15'),('16',142,1,'18','16'),('16',142,1,'18','21'),('16',142,1,'18','22'),('16',142,1,'18','23'),('17',142,1,'19','17'),('17',142,1,'19','24'),('17',142,1,'19','25'),('17',142,1,'19','26'),('18',142,1,'19','18'),('18',142,1,'19','27'),('18',142,1,'19','28'),('18',142,1,'19','29'),('19',142,1,'18','19'),('19',142,1,'18','30'),('19',142,1,'18','31'),('19',142,1,'18','32'),('20',142,1,'18','20'),('20',142,1,'18','33'),('20',142,1,'18','34'),('20',142,1,'18','35'),('16',145,1,'26','22'),('16',145,1,'27','23'),('16',145,1,'29','21'),('17',145,1,'26','25'),('17',145,1,'28','24'),('17',145,1,'30','26'),('18',145,1,'26','29'),('18',145,1,'27','28'),('18',145,1,'29','27'),('19',145,1,'25','31'),('19',145,1,'26','32'),('19',145,1,'28','30'),('20',145,1,'26','35'),('20',145,1,'27','34'),('20',145,1,'30','33');

--
-- Table structure for table `catalog_product_index_eav_tmp`
--

CREATE TABLE `catalog_product_index_eav_tmp` (
  `entity_id` int(10) unsigned NOT NULL COMMENT 'Entity ID',
  `attribute_id` smallint(5) unsigned NOT NULL COMMENT 'Attribute ID',
  `store_id` smallint(5) unsigned NOT NULL COMMENT 'Store ID',
  `value` int(10) unsigned NOT NULL COMMENT 'Value',
  `source_id` int(10) unsigned NOT NULL DEFAULT '0' COMMENT 'Original entity Id for attribute value',
  PRIMARY KEY (`entity_id`,`attribute_id`,`store_id`,`value`,`source_id`),
  KEY `CATALOG_PRODUCT_INDEX_EAV_TMP_ATTRIBUTE_ID` (`attribute_id`),
  KEY `CATALOG_PRODUCT_INDEX_EAV_TMP_STORE_ID` (`store_id`),
  KEY `CATALOG_PRODUCT_INDEX_EAV_TMP_VALUE` (`value`)
) ENGINE=MEMORY DEFAULT CHARSET=utf8 COMMENT='Catalog Product EAV Indexer Temp Table';

--
-- Table structure for table `catalog_product_index_price`
--

CREATE TABLE `catalog_product_index_price` (
  `entity_id` int(10) unsigned NOT NULL COMMENT 'Entity ID',
  `customer_group_id` int(10) unsigned NOT NULL,
  `website_id` smallint(5) unsigned NOT NULL COMMENT 'Website ID',
  `tax_class_id` smallint(5) unsigned DEFAULT '0' COMMENT 'Tax Class ID',
  `price` decimal(12,4) DEFAULT NULL COMMENT 'Price',
  `final_price` decimal(12,4) DEFAULT NULL COMMENT 'Final Price',
  `min_price` decimal(12,4) DEFAULT NULL COMMENT 'Min Price',
  `max_price` decimal(12,4) DEFAULT NULL COMMENT 'Max Price',
  `tier_price` decimal(12,4) DEFAULT NULL COMMENT 'Tier Price',
  PRIMARY KEY (`entity_id`,`customer_group_id`,`website_id`),
  KEY `CATALOG_PRODUCT_INDEX_PRICE_CUSTOMER_GROUP_ID` (`customer_group_id`),
  KEY `CATALOG_PRODUCT_INDEX_PRICE_MIN_PRICE` (`min_price`),
  KEY `CAT_PRD_IDX_PRICE_WS_ID_CSTR_GROUP_ID_MIN_PRICE` (`website_id`,`customer_group_id`,`min_price`)
) ENGINE=InnoDB DEFAULT CHARSET=utf8 COMMENT='Catalog Product Price Index Table';

--
-- Dumping data for table `catalog_product_index_price`
--

INSERT INTO `catalog_product_index_price` VALUES ('1','0',1,2,'49.0000','49.0000','49.0000','49.0000',NULL),('1','1',1,2,'49.0000','49.0000','49.0000','49.0000',NULL),('1','2',1,2,'49.0000','49.0000','49.0000','49.0000',NULL),('1','3',1,2,'49.0000','49.0000','49.0000','49.0000',NULL),('2','0',1,2,'65.0000','65.0000','65.0000','65.0000',NULL),('2','1',1,2,'65.0000','65.0000','65.0000','65.0000',NULL),('2','2',1,2,'65.0000','65.0000','65.0000','65.0000',NULL),('2','3',1,2,'65.0000','65.0000','65.0000','65.0000',NULL),('3','0',1,2,'55.0000','55.0000','55.0000','55.0000',NULL),('3','1',1,2,'55.0000','55.0000','55.0000','55.0000',NULL),('3','2',1,2,'55.0000','55.0000','55.0000','55.0000',NULL),('3','3',1,2,'55.0000','55.0000','55.0000','55.0000',NULL),('4','0',1,2,'48.0000','48.0000','48.0000','48.0000',NULL),('4','1',1,2,'48.0000','48.0000','48.0000','48.0000',NULL),('4','2',1,2,'48.0000','48.0000','48.0000','48.0000',NULL),('4','3',1,2,'48.0000','48.0000','48.0000','48.0000',NULL),('5','0',1,2,'55.0000','55.0000','55.0000','55.0000',NULL),('5','1',1,2,'55.0000','55.0000','55.0000','55.0000',NULL),('5','2',1,2,'55.0000','55.0000','55.0000','55.0000',NULL),('5','3',1,2,'55.0000','55.0000','55.0000','55.0000',NULL),('6','0',1,2,'65.0000','65.0000','65.0000','65.0000',NULL),('6','1',1,2,'65.0000','65.0000','65.0000','65.0000',NULL),('6','2',1,2,'65.0000','65.0000','65.0000','65.0000',NULL),('6','3',1,2,'65.0000','65.0000','65.0000','65.0000',NULL),('7','0',1,2,'35.0000','35.0000','35.0000','35.0000',NULL),('7','1',1,2,'35.0000','35.0000','35.0000','35.0000',NULL),('7','2',1,2,'35.0000','35.0000','35.0000','35.0000',NULL),('7','3',1,2,'35.0000','35.0000','35.0000','35.0000',NULL),('8','0',1,2,'63.0000','63.0000','63.0000','63.0000',NULL),('8','1',1,2,'63.0000','63.0000','63.0000','63.0000',NULL),('8','2',1,2,'63.0000','63.0000','63.0000','63.0000',NULL),('8','3',1,2,'63.0000','63.0000','63.0000','63.0000',NULL),('9','0',1,2,'39.0000','39.0000','39.0000','39.0000',NULL),('9','1',1,2,'39.0000','39.0000','39.0000','39.0000',NULL),('9','2',1,2,'39.0000','39.0000','39.0000','39.0000',NULL),('9','3',1,2,'39.0000','39.0000','39.0000','39.0000',NULL),('10','0',1,2,'69.0000','69.0000','69.0000','69.0000',NULL),('10','1',1,2,'69.0000','69.0000','69.0000','69.0000',NULL),('10','2',1,2,'69.0000','69.0000','69.0000','69.0000',NULL),('10','3',1,2,'69.0000','69.0000','69.0000','69.0000',NULL),('11','0',1,2,'63.0000','63.0000','79.0000','83.0000',NULL),('11','1',1,2,'63.0000','63.0000','79.0000','83.0000',NULL),('11','2',1,2,'63.0000','63.0000','79.0000','83.0000',NULL),('11','3',1,2,'63.0000','63.0000','79.0000','83.0000',NULL),('12','0',1,2,'27.0000','27.0000','43.0000','47.0000',NULL),('12','1',1,2,'27.0000','27.0000','43.0000','47.0000',NULL),('12','2',1,2,'27.0000','27.0000','43.0000','47.0000',NULL),('12','3',1,2,'27.0000','27.0000','43.0000','47.0000',NULL),('13','0',1,2,'56.0000','56.0000','72.0000','76.0000',NULL),('13','1',1,2,'56.0000','56.0000','72.0000','76.0000',NULL),('13','2',1,2,'56.0000','56.0000','72.0000','76.0000',NULL),('13','3',1,2,'56.0000','56.0000','72.0000','76.0000',NULL),('14','0',1,2,'41.0000','41.0000','57.0000','61.0000',NULL),('14','1',1,2,'41.0000','41.0000','57.0000','61.0000',NULL),('14','2',1,2,'41.0000','41.0000','57.0000','61.0000',NULL),('14','3',1,2,'41.0000','41.0000','57.0000','61.0000',NULL),('15','0',1,2,'39.0000','39.0000','55.0000','59.0000',NULL),('15','1',1,2,'39.0000','39.0000','55.0000','59.0000',NULL),('15','2',1,2,'39.0000','39.0000','55.0000','59.0000',NULL),('15','3',1,2,'39.0000','39.0000','55.0000','59.0000',NULL),('16','0',1,2,'36.0000','36.0000','40.0000','47.0000',NULL),('16','1',1,2,'36.0000','36.0000','40.0000','47.0000',NULL),('16','2',1,2,'36.0000','36.0000','40.0000','47.0000',NULL),('16','3',1,2,'36.0000','36.0000','40.0000','47.0000',NULL),('17','0',1,2,'59.0000','59.0000','63.0000','70.0000',NULL),('17','1',1,2,'59.0000','59.0000','63.0000','70.0000',NULL),('17','2',1,2,'59.0000','59.0000','63.0000','70.0000',NULL),('17','3',1,2,'59.0000','59.0000','63.0000','70.0000',NULL),('18','0',1,2,'45.0000','45.0000','49.0000','56.0000',NULL),('18','1',1,2,'45.0000','45.0000','49.0000','56.0000',NULL),('18','2',1,2,'45.0000','45.0000','49.0000','56.0000',NULL),('18','3',1,2,'45.0000','45.0000','49.0000','56.0000',NULL),('19','0',1,2,'84.0000','84.0000','84.0000','84.0000',NULL),('19','1',1,2,'84.0000','84.0000','84.0000','84.0000',NULL),('19','2',1,2,'84.0000','84.0000','84.0000','84.0000',NULL),('19','3',1,2,'84.0000','84.0000','84.0000','84.0000',NULL),('20','0',1,2,'34.0000','34.0000','34.0000','34.0000',NULL),('20','1',1,2,'34.0000','34.0000','34.0000','34.0000',NULL),('20','2',1,2,'34.0000','34.0000','34.0000','34.0000',NULL),('20','3',1,2,'34.0000','34.0000','34.0000','34.0000',NULL),('21','0',1,2,'36.0000','36.0000','36.0000','36.0000',NULL),('21','1',1,2,'36.0000','36.0000','36.0000','36.0000',NULL),('21','2',1,2,'36.0000','36.0000','36.0000','36.0000',NULL),('21','3',1,2,'36.0000','36.0000','36.0000','36.0000',NULL),('22','0',1,2,'36.0000','36.0000','36.0000','36.0000',NULL),('22','1',1,2,'36.0000','36.0000','36.0000','36.0000',NULL),('22','2',1,2,'36.0000','36.0000','36.0000','36.0000',NULL),('22','3',1,2,'36.0000','36.0000','36.0000','36.0000',NULL),('23','0',1,2,'36.0000','36.0000','36.0000','36.0000',NULL),('23','1',1,2,'36.0000','36.0000','36.0000','36.0000',NULL),('23','2',1,2,'36.0000','36.0000','36.0000','36.0000',NULL),('23','3',1,2,'36.0000','36.0000','36.0000','36.0000',NULL),('24','0',1,2,'59.0000','59.0000','59.0000','59.0000',NULL),('24','1',1,2,'59.0000','59.0000','59.0000','59.0000',NULL),('24','2',1,2,'59.0000','59.0000','59.0000','59.0000',NULL),('24','3',1,2,'59.0000','59.0000','59.0000','59.0000',NULL),('25','0',1,2,'59.0000','59.0000','59.0000','59.0000',NULL),('25','1',1,2,'59.0000','59.0000','59.0000','59.0000',NULL),('25','2',1,2,'59.0000','59.0000','59.0000','59.0000',NULL),('25','3',1,2,'59.0000','59.0000','59.0000','59.0000',NULL),('26','0',1,2,'59.0000','59.0000','59.0000','59.0000',NULL),('26','1',1,2,'59.0000','59.0000','59.0000','59.0000',NULL),('26','2',1,2,'59.0000','59.0000','59.0000','59.0000',NULL),('26','3',1,2,'59.0000','59.0000','59.0000','59.0000',NULL),('27','0',1,2,'45.0000','45.0000','45.0000','45.0000',NULL),('27','1',1,2,'45.0000','45.0000','45.0000','45.0000',NULL),('27','2',1,2,'45.0000','45.0000','45.0000','45.0000',NULL),('27','3',1,2,'45.0000','45.0000','45.0000','45.0000',NULL),('28','0',1,2,'45.0000','45.0000','45.0000','45.0000',NULL),('28','1',1,2,'45.0000','45.0000','45.0000','45.0000',NULL),('28','2',1,2,'45.0000','45.0000','45.0000','45.0000',NULL),('28','3',1,2,'45.0000','45.0000','45.0000','45.0000',NULL),('29','0',1,2,'45.0000','45.0000','45.0000','45.0000',NULL),('29','1',1,2,'45.0000','45.0000','45.0000','45.0000',NULL),('29','2',1,2,'45.0000','45.0000','45.0000','45.0000',NULL),('29','3',1,2,'45.0000','45.0000','45.0000','45.0000',NULL),('30','0',1,2,'84.0000','84.0000','84.0000','84.0000',NULL),('30','1',1,2,'84.0000','84.0000','84.0000','84.0000',NULL),('30','2',1,2,'84.0000','84.0000','84.0000','84.0000',NULL),('30','3',1,2,'84.0000','84.0000','84.0000','84.0000',NULL),('31','0',1,2,'84.0000','84.0000','84.0000','84.0000',NULL),('31','1',1,2,'84.0000','84.0000','84.0000','84.0000',NULL),('31','2',1,2,'84.0000','84.0000','84.0000','84.0000',NULL),('31','3',1,2,'84.0000','84.0000','84.0000','84.0000',NULL),('32','0',1,2,'84.0000','84.0000','84.0000','84.0000',NULL),('32','1',1,2,'84.0000','84.0000','84.0000','84.0000',NULL),('32','2',1,2,'84.0000','84.0000','84.0000','84.0000',NULL),('32','3',1,2,'84.0000','84.0000','84.0000','84.0000',NULL),('33','0',1,2,'34.0000','34.0000','34.0000','34.0000',NULL),('33','1',1,2,'34.0000','34.0000','34.0000','34.0000',NULL),('33','2',1,2,'34.0000','34.0000','34.0000','34.0000',NULL),('33','3',1,2,'34.0000','34.0000','34.0000','34.0000',NULL),('34','0',1,2,'34.0000','34.0000','34.0000','34.0000',NULL),('34','1',1,2,'34.0000','34.0000','34.0000','34.0000',NULL),('34','2',1,2,'34.0000','34.0000','34.0000','34.0000',NULL),('34','3',1,2,'34.0000','34.0000','34.0000','34.0000',NULL),('35','0',1,2,'34.0000','34.0000','34.0000','34.0000',NULL),('35','1',1,2,'34.0000','34.0000','34.0000','34.0000',NULL),('35','2',1,2,'34.0000','34.0000','34.0000','34.0000',NULL),('35','3',1,2,'34.0000','34.0000','34.0000','34.0000',NULL);

--
-- Table structure for table `catalog_product_index_price_bundle_idx`
--

CREATE TABLE `catalog_product_index_price_bundle_idx` (
  `entity_id` int(10) unsigned NOT NULL COMMENT 'Entity Id',
  `customer_group_id` int(11) NOT NULL,
  `website_id` smallint(5) unsigned NOT NULL COMMENT 'Website Id',
  `tax_class_id` smallint(5) unsigned DEFAULT '0' COMMENT 'Tax Class Id',
  `price_type` smallint(5) unsigned NOT NULL COMMENT 'Price Type',
  `special_price` decimal(12,4) DEFAULT NULL COMMENT 'Special Price',
  `tier_percent` decimal(12,4) DEFAULT NULL COMMENT 'Tier Percent',
  `orig_price` decimal(12,4) DEFAULT NULL COMMENT 'Orig Price',
  `price` decimal(12,4) DEFAULT NULL COMMENT 'Price',
  `min_price` decimal(12,4) DEFAULT NULL COMMENT 'Min Price',
  `max_price` decimal(12,4) DEFAULT NULL COMMENT 'Max Price',
  `tier_price` decimal(12,4) DEFAULT NULL COMMENT 'Tier Price',
  `base_tier` decimal(12,4) DEFAULT NULL COMMENT 'Base Tier',
  PRIMARY KEY (`entity_id`,`customer_group_id`,`website_id`)
) ENGINE=InnoDB DEFAULT CHARSET=utf8 COMMENT='Catalog Product Index Price Bundle Idx';

--
-- Table structure for table `catalog_product_index_price_bundle_opt_idx`
--

CREATE TABLE `catalog_product_index_price_bundle_opt_idx` (
  `entity_id` int(10) unsigned NOT NULL COMMENT 'Entity Id',
  `customer_group_id` int(11) NOT NULL,
  `website_id` smallint(5) unsigned NOT NULL COMMENT 'Website Id',
  `option_id` int(10) unsigned NOT NULL DEFAULT '0' COMMENT 'Option Id',
  `min_price` decimal(12,4) DEFAULT NULL COMMENT 'Min Price',
  `alt_price` decimal(12,4) DEFAULT NULL COMMENT 'Alt Price',
  `max_price` decimal(12,4) DEFAULT NULL COMMENT 'Max Price',
  `tier_price` decimal(12,4) DEFAULT NULL COMMENT 'Tier Price',
  `alt_tier_price` decimal(12,4) DEFAULT NULL COMMENT 'Alt Tier Price',
  PRIMARY KEY (`entity_id`,`customer_group_id`,`website_id`,`option_id`)
) ENGINE=InnoDB DEFAULT CHARSET=utf8 COMMENT='Catalog Product Index Price Bundle Opt Idx';

--
-- Table structure for table `catalog_product_index_price_bundle_opt_tmp`
--

CREATE TABLE `catalog_product_index_price_bundle_opt_tmp` (
  `entity_id` int(10) unsigned NOT NULL COMMENT 'Entity Id',
  `customer_group_id` int(11) NOT NULL,
  `website_id` smallint(5) unsigned NOT NULL COMMENT 'Website Id',
  `option_id` int(10) unsigned NOT NULL DEFAULT '0' COMMENT 'Option Id',
  `min_price` decimal(12,4) DEFAULT NULL COMMENT 'Min Price',
  `alt_price` decimal(12,4) DEFAULT NULL COMMENT 'Alt Price',
  `max_price` decimal(12,4) DEFAULT NULL COMMENT 'Max Price',
  `tier_price` decimal(12,4) DEFAULT NULL COMMENT 'Tier Price',
  `alt_tier_price` decimal(12,4) DEFAULT NULL COMMENT 'Alt Tier Price',
  PRIMARY KEY (`entity_id`,`customer_group_id`,`website_id`,`option_id`)
) ENGINE=MEMORY DEFAULT CHARSET=utf8 COMMENT='Catalog Product Index Price Bundle Opt Tmp';

--
-- Table structure for table `catalog_product_index_price_bundle_sel_idx`
--

CREATE TABLE `catalog_product_index_price_bundle_sel_idx` (
  `entity_id` int(10) unsigned NOT NULL COMMENT 'Entity Id',
  `customer_group_id` int(11) NOT NULL,
  `website_id` smallint(5) unsigned NOT NULL COMMENT 'Website Id',
  `option_id` int(10) unsigned NOT NULL DEFAULT '0' COMMENT 'Option Id',
  `selection_id` int(10) unsigned NOT NULL DEFAULT '0' COMMENT 'Selection Id',
  `group_type` smallint(5) unsigned DEFAULT '0' COMMENT 'Group Type',
  `is_required` smallint(5) unsigned DEFAULT '0' COMMENT 'Is Required',
  `price` decimal(12,4) DEFAULT NULL COMMENT 'Price',
  `tier_price` decimal(12,4) DEFAULT NULL COMMENT 'Tier Price',
  PRIMARY KEY (`entity_id`,`customer_group_id`,`website_id`,`option_id`,`selection_id`)
) ENGINE=InnoDB DEFAULT CHARSET=utf8 COMMENT='Catalog Product Index Price Bundle Sel Idx';

--
-- Table structure for table `catalog_product_index_price_bundle_sel_tmp`
--

CREATE TABLE `catalog_product_index_price_bundle_sel_tmp` (
  `entity_id` int(10) unsigned NOT NULL COMMENT 'Entity Id',
  `customer_group_id` int(11) NOT NULL,
  `website_id` smallint(5) unsigned NOT NULL COMMENT 'Website Id',
  `option_id` int(10) unsigned NOT NULL DEFAULT '0' COMMENT 'Option Id',
  `selection_id` int(10) unsigned NOT NULL DEFAULT '0' COMMENT 'Selection Id',
  `group_type` smallint(5) unsigned DEFAULT '0' COMMENT 'Group Type',
  `is_required` smallint(5) unsigned DEFAULT '0' COMMENT 'Is Required',
  `price` decimal(12,4) DEFAULT NULL COMMENT 'Price',
  `tier_price` decimal(12,4) DEFAULT NULL COMMENT 'Tier Price',
  PRIMARY KEY (`entity_id`,`customer_group_id`,`website_id`,`option_id`,`selection_id`)
) ENGINE=MEMORY DEFAULT CHARSET=utf8 COMMENT='Catalog Product Index Price Bundle Sel Tmp';

--
-- Table structure for table `catalog_product_index_price_bundle_tmp`
--

CREATE TABLE `catalog_product_index_price_bundle_tmp` (
  `entity_id` int(10) unsigned NOT NULL COMMENT 'Entity Id',
  `customer_group_id` int(11) NOT NULL,
  `website_id` smallint(5) unsigned NOT NULL COMMENT 'Website Id',
  `tax_class_id` smallint(5) unsigned DEFAULT '0' COMMENT 'Tax Class Id',
  `price_type` smallint(5) unsigned NOT NULL COMMENT 'Price Type',
  `special_price` decimal(12,4) DEFAULT NULL COMMENT 'Special Price',
  `tier_percent` decimal(12,4) DEFAULT NULL COMMENT 'Tier Percent',
  `orig_price` decimal(12,4) DEFAULT NULL COMMENT 'Orig Price',
  `price` decimal(12,4) DEFAULT NULL COMMENT 'Price',
  `min_price` decimal(12,4) DEFAULT NULL COMMENT 'Min Price',
  `max_price` decimal(12,4) DEFAULT NULL COMMENT 'Max Price',
  `tier_price` decimal(12,4) DEFAULT NULL COMMENT 'Tier Price',
  `base_tier` decimal(12,4) DEFAULT NULL COMMENT 'Base Tier',
  PRIMARY KEY (`entity_id`,`customer_group_id`,`website_id`)
) ENGINE=MEMORY DEFAULT CHARSET=utf8 COMMENT='Catalog Product Index Price Bundle Tmp';

--
-- Table structure for table `catalog_product_index_price_cfg_opt_agr_idx`
--

CREATE TABLE `catalog_product_index_price_cfg_opt_agr_idx` (
  `parent_id` int(10) unsigned NOT NULL COMMENT 'Parent ID',
  `child_id` int(10) unsigned NOT NULL COMMENT 'Child ID',
  `customer_group_id` int(10) unsigned NOT NULL DEFAULT '0' COMMENT 'Customer Group ID',
  `website_id` smallint(5) unsigned NOT NULL COMMENT 'Website ID',
  `price` decimal(12,4) DEFAULT NULL COMMENT 'Price',
  `tier_price` decimal(12,4) DEFAULT NULL COMMENT 'Tier Price',
  PRIMARY KEY (`parent_id`,`child_id`,`customer_group_id`,`website_id`)
) ENGINE=InnoDB DEFAULT CHARSET=utf8 COMMENT='Catalog Product Price Indexer Config Option Aggregate Index Table';

--
-- Table structure for table `catalog_product_index_price_cfg_opt_agr_tmp`
--

CREATE TABLE `catalog_product_index_price_cfg_opt_agr_tmp` (
  `parent_id` int(10) unsigned NOT NULL COMMENT 'Parent ID',
  `child_id` int(10) unsigned NOT NULL COMMENT 'Child ID',
  `customer_group_id` int(10) unsigned NOT NULL DEFAULT '0' COMMENT 'Customer Group ID',
  `website_id` smallint(5) unsigned NOT NULL COMMENT 'Website ID',
  `price` decimal(12,4) DEFAULT NULL COMMENT 'Price',
  `tier_price` decimal(12,4) DEFAULT NULL COMMENT 'Tier Price',
  PRIMARY KEY (`parent_id`,`child_id`,`customer_group_id`,`website_id`)
) ENGINE=MEMORY DEFAULT CHARSET=utf8 COMMENT='Catalog Product Price Indexer Config Option Aggregate Temp Table';

--
-- Table structure for table `catalog_product_index_price_cfg_opt_idx`
--

CREATE TABLE `catalog_product_index_price_cfg_opt_idx` (
  `entity_id` int(10) unsigned NOT NULL COMMENT 'Entity ID',
  `customer_group_id` int(10) unsigned NOT NULL DEFAULT '0' COMMENT 'Customer Group ID',
  `website_id` smallint(5) unsigned NOT NULL COMMENT 'Website ID',
  `min_price` decimal(12,4) DEFAULT NULL COMMENT 'Min Price',
  `max_price` decimal(12,4) DEFAULT NULL COMMENT 'Max Price',
  `tier_price` decimal(12,4) DEFAULT NULL COMMENT 'Tier Price',
  PRIMARY KEY (`entity_id`,`customer_group_id`,`website_id`)
) ENGINE=InnoDB DEFAULT CHARSET=utf8 COMMENT='Catalog Product Price Indexer Config Option Index Table';

--
-- Table structure for table `catalog_product_index_price_cfg_opt_tmp`
--

CREATE TABLE `catalog_product_index_price_cfg_opt_tmp` (
  `entity_id` int(10) unsigned NOT NULL COMMENT 'Entity ID',
  `customer_group_id` int(10) unsigned NOT NULL DEFAULT '0' COMMENT 'Customer Group ID',
  `website_id` smallint(5) unsigned NOT NULL COMMENT 'Website ID',
  `min_price` decimal(12,4) DEFAULT NULL COMMENT 'Min Price',
  `max_price` decimal(12,4) DEFAULT NULL COMMENT 'Max Price',
  `tier_price` decimal(12,4) DEFAULT NULL COMMENT 'Tier Price',
  PRIMARY KEY (`entity_id`,`customer_group_id`,`website_id`)
) ENGINE=MEMORY DEFAULT CHARSET=utf8 COMMENT='Catalog Product Price Indexer Config Option Temp Table';

--
-- Table structure for table `catalog_product_index_price_downlod_idx`
--

CREATE TABLE `catalog_product_index_price_downlod_idx` (
  `entity_id` int(10) unsigned NOT NULL COMMENT 'Entity ID',
  `customer_group_id` int(11) NOT NULL,
  `website_id` smallint(5) unsigned NOT NULL COMMENT 'Website ID',
  `min_price` decimal(12,4) NOT NULL DEFAULT '0.0000' COMMENT 'Minimum price',
  `max_price` decimal(12,4) NOT NULL DEFAULT '0.0000' COMMENT 'Maximum price',
  PRIMARY KEY (`entity_id`,`customer_group_id`,`website_id`)
) ENGINE=InnoDB DEFAULT CHARSET=utf8 COMMENT='Indexer Table for price of downloadable products';

--
-- Table structure for table `catalog_product_index_price_downlod_tmp`
--

CREATE TABLE `catalog_product_index_price_downlod_tmp` (
  `entity_id` int(10) unsigned NOT NULL COMMENT 'Entity ID',
  `customer_group_id` int(11) NOT NULL,
  `website_id` smallint(5) unsigned NOT NULL COMMENT 'Website ID',
  `min_price` decimal(12,4) NOT NULL DEFAULT '0.0000' COMMENT 'Minimum price',
  `max_price` decimal(12,4) NOT NULL DEFAULT '0.0000' COMMENT 'Maximum price',
  PRIMARY KEY (`entity_id`,`customer_group_id`,`website_id`)
) ENGINE=MEMORY DEFAULT CHARSET=utf8 COMMENT='Temporary Indexer Table for price of downloadable products';

--
-- Table structure for table `catalog_product_index_price_final_idx`
--

CREATE TABLE `catalog_product_index_price_final_idx` (
  `entity_id` int(10) unsigned NOT NULL COMMENT 'Entity ID',
  `customer_group_id` int(10) unsigned NOT NULL DEFAULT '0' COMMENT 'Customer Group ID',
  `website_id` smallint(5) unsigned NOT NULL COMMENT 'Website ID',
  `tax_class_id` smallint(5) unsigned DEFAULT '0' COMMENT 'Tax Class ID',
  `orig_price` decimal(12,4) DEFAULT NULL COMMENT 'Original Price',
  `price` decimal(12,4) DEFAULT NULL COMMENT 'Price',
  `min_price` decimal(12,4) DEFAULT NULL COMMENT 'Min Price',
  `max_price` decimal(12,4) DEFAULT NULL COMMENT 'Max Price',
  `tier_price` decimal(12,4) DEFAULT NULL COMMENT 'Tier Price',
  `base_tier` decimal(12,4) DEFAULT NULL COMMENT 'Base Tier',
  PRIMARY KEY (`entity_id`,`customer_group_id`,`website_id`)
) ENGINE=InnoDB DEFAULT CHARSET=utf8 COMMENT='Catalog Product Price Indexer Final Index Table';

--
-- Table structure for table `catalog_product_index_price_final_tmp`
--

CREATE TABLE `catalog_product_index_price_final_tmp` (
  `entity_id` int(10) unsigned NOT NULL COMMENT 'Entity ID',
  `customer_group_id` int(10) unsigned NOT NULL DEFAULT '0' COMMENT 'Customer Group ID',
  `website_id` smallint(5) unsigned NOT NULL COMMENT 'Website ID',
  `tax_class_id` smallint(5) unsigned DEFAULT '0' COMMENT 'Tax Class ID',
  `orig_price` decimal(12,4) DEFAULT NULL COMMENT 'Original Price',
  `price` decimal(12,4) DEFAULT NULL COMMENT 'Price',
  `min_price` decimal(12,4) DEFAULT NULL COMMENT 'Min Price',
  `max_price` decimal(12,4) DEFAULT NULL COMMENT 'Max Price',
  `tier_price` decimal(12,4) DEFAULT NULL COMMENT 'Tier Price',
  `base_tier` decimal(12,4) DEFAULT NULL COMMENT 'Base Tier',
  PRIMARY KEY (`entity_id`,`customer_group_id`,`website_id`)
) ENGINE=MEMORY DEFAULT CHARSET=utf8 COMMENT='Catalog Product Price Indexer Final Temp Table';

--
-- Table structure for table `catalog_product_index_price_idx`
--

CREATE TABLE `catalog_product_index_price_idx` (
  `entity_id` int(10) unsigned NOT NULL COMMENT 'Entity ID',
  `customer_group_id` int(10) unsigned NOT NULL DEFAULT '0' COMMENT 'Customer Group ID',
  `website_id` smallint(5) unsigned NOT NULL COMMENT 'Website ID',
  `tax_class_id` smallint(5) unsigned DEFAULT '0' COMMENT 'Tax Class ID',
  `price` decimal(12,4) DEFAULT NULL COMMENT 'Price',
  `final_price` decimal(12,4) DEFAULT NULL COMMENT 'Final Price',
  `min_price` decimal(12,4) DEFAULT NULL COMMENT 'Min Price',
  `max_price` decimal(12,4) DEFAULT NULL COMMENT 'Max Price',
  `tier_price` decimal(12,4) DEFAULT NULL COMMENT 'Tier Price',
  PRIMARY KEY (`entity_id`,`customer_group_id`,`website_id`),
  KEY `CATALOG_PRODUCT_INDEX_PRICE_IDX_CUSTOMER_GROUP_ID` (`customer_group_id`),
  KEY `CATALOG_PRODUCT_INDEX_PRICE_IDX_WEBSITE_ID` (`website_id`),
  KEY `CATALOG_PRODUCT_INDEX_PRICE_IDX_MIN_PRICE` (`min_price`)
) ENGINE=InnoDB DEFAULT CHARSET=utf8 COMMENT='Catalog Product Price Indexer Index Table';

--
-- Table structure for table `catalog_product_index_price_opt_agr_idx`
--

CREATE TABLE `catalog_product_index_price_opt_agr_idx` (
  `entity_id` int(10) unsigned NOT NULL COMMENT 'Entity ID',
  `customer_group_id` int(10) unsigned NOT NULL DEFAULT '0' COMMENT 'Customer Group ID',
  `website_id` smallint(5) unsigned NOT NULL COMMENT 'Website ID',
  `option_id` int(10) unsigned NOT NULL DEFAULT '0' COMMENT 'Option ID',
  `min_price` decimal(12,4) DEFAULT NULL COMMENT 'Min Price',
  `max_price` decimal(12,4) DEFAULT NULL COMMENT 'Max Price',
  `tier_price` decimal(12,4) DEFAULT NULL COMMENT 'Tier Price',
  PRIMARY KEY (`entity_id`,`customer_group_id`,`website_id`,`option_id`)
) ENGINE=InnoDB DEFAULT CHARSET=utf8 COMMENT='Catalog Product Price Indexer Option Aggregate Index Table';

--
-- Table structure for table `catalog_product_index_price_opt_agr_tmp`
--

CREATE TABLE `catalog_product_index_price_opt_agr_tmp` (
  `entity_id` int(10) unsigned NOT NULL COMMENT 'Entity ID',
  `customer_group_id` int(10) unsigned NOT NULL DEFAULT '0' COMMENT 'Customer Group ID',
  `website_id` smallint(5) unsigned NOT NULL COMMENT 'Website ID',
  `option_id` int(10) unsigned NOT NULL DEFAULT '0' COMMENT 'Option ID',
  `min_price` decimal(12,4) DEFAULT NULL COMMENT 'Min Price',
  `max_price` decimal(12,4) DEFAULT NULL COMMENT 'Max Price',
  `tier_price` decimal(12,4) DEFAULT NULL COMMENT 'Tier Price',
  PRIMARY KEY (`entity_id`,`customer_group_id`,`website_id`,`option_id`)
) ENGINE=MEMORY DEFAULT CHARSET=utf8 COMMENT='Catalog Product Price Indexer Option Aggregate Temp Table';

--
-- Table structure for table `catalog_product_index_price_opt_idx`
--

CREATE TABLE `catalog_product_index_price_opt_idx` (
  `entity_id` int(10) unsigned NOT NULL COMMENT 'Entity ID',
  `customer_group_id` int(10) unsigned NOT NULL DEFAULT '0' COMMENT 'Customer Group ID',
  `website_id` smallint(5) unsigned NOT NULL COMMENT 'Website ID',
  `min_price` decimal(12,4) DEFAULT NULL COMMENT 'Min Price',
  `max_price` decimal(12,4) DEFAULT NULL COMMENT 'Max Price',
  `tier_price` decimal(12,4) DEFAULT NULL COMMENT 'Tier Price',
  PRIMARY KEY (`entity_id`,`customer_group_id`,`website_id`)
) ENGINE=InnoDB DEFAULT CHARSET=utf8 COMMENT='Catalog Product Price Indexer Option Index Table';

--
-- Table structure for table `catalog_product_index_price_opt_tmp`
--

CREATE TABLE `catalog_product_index_price_opt_tmp` (
  `entity_id` int(10) unsigned NOT NULL COMMENT 'Entity ID',
  `customer_group_id` int(10) unsigned NOT NULL DEFAULT '0' COMMENT 'Customer Group ID',
  `website_id` smallint(5) unsigned NOT NULL COMMENT 'Website ID',
  `min_price` decimal(12,4) DEFAULT NULL COMMENT 'Min Price',
  `max_price` decimal(12,4) DEFAULT NULL COMMENT 'Max Price',
  `tier_price` decimal(12,4) DEFAULT NULL COMMENT 'Tier Price',
  PRIMARY KEY (`entity_id`,`customer_group_id`,`website_id`)
) ENGINE=MEMORY DEFAULT CHARSET=utf8 COMMENT='Catalog Product Price Indexer Option Temp Table';

--
-- Table structure for table `catalog_product_index_price_replica`
--

CREATE TABLE `catalog_product_index_price_replica` (
  `entity_id` int(10) unsigned NOT NULL COMMENT 'Entity ID',
  `customer_group_id` int(10) unsigned NOT NULL,
  `website_id` smallint(5) unsigned NOT NULL COMMENT 'Website ID',
  `tax_class_id` smallint(5) unsigned DEFAULT '0' COMMENT 'Tax Class ID',
  `price` decimal(12,4) DEFAULT NULL COMMENT 'Price',
  `final_price` decimal(12,4) DEFAULT NULL COMMENT 'Final Price',
  `min_price` decimal(12,4) DEFAULT NULL COMMENT 'Min Price',
  `max_price` decimal(12,4) DEFAULT NULL COMMENT 'Max Price',
  `tier_price` decimal(12,4) DEFAULT NULL COMMENT 'Tier Price',
  PRIMARY KEY (`entity_id`,`customer_group_id`,`website_id`),
  KEY `CATALOG_PRODUCT_INDEX_PRICE_CUSTOMER_GROUP_ID` (`customer_group_id`),
  KEY `CATALOG_PRODUCT_INDEX_PRICE_MIN_PRICE` (`min_price`),
  KEY `CAT_PRD_IDX_PRICE_WS_ID_CSTR_GROUP_ID_MIN_PRICE` (`website_id`,`customer_group_id`,`min_price`)
) ENGINE=InnoDB DEFAULT CHARSET=utf8 COMMENT='Catalog Product Price Index Table';

--
-- Dumping data for table `catalog_product_index_price_replica`
--

INSERT INTO `catalog_product_index_price_replica` VALUES ('1','0',1,2,'49.0000','49.0000','49.0000','49.0000',NULL),('1','1',1,2,'49.0000','49.0000','49.0000','49.0000',NULL),('1','2',1,2,'49.0000','49.0000','49.0000','49.0000',NULL),('1','3',1,2,'49.0000','49.0000','49.0000','49.0000',NULL),('2','0',1,2,'65.0000','65.0000','65.0000','65.0000',NULL),('2','1',1,2,'65.0000','65.0000','65.0000','65.0000',NULL),('2','2',1,2,'65.0000','65.0000','65.0000','65.0000',NULL),('2','3',1,2,'65.0000','65.0000','65.0000','65.0000',NULL),('3','0',1,2,'55.0000','55.0000','55.0000','55.0000',NULL),('3','1',1,2,'55.0000','55.0000','55.0000','55.0000',NULL),('3','2',1,2,'55.0000','55.0000','55.0000','55.0000',NULL),('3','3',1,2,'55.0000','55.0000','55.0000','55.0000',NULL),('4','0',1,2,'48.0000','48.0000','48.0000','48.0000',NULL),('4','1',1,2,'48.0000','48.0000','48.0000','48.0000',NULL),('4','2',1,2,'48.0000','48.0000','48.0000','48.0000',NULL),('4','3',1,2,'48.0000','48.0000','48.0000','48.0000',NULL),('5','0',1,2,'55.0000','55.0000','55.0000','55.0000',NULL),('5','1',1,2,'55.0000','55.0000','55.0000','55.0000',NULL),('5','2',1,2,'55.0000','55.0000','55.0000','55.0000',NULL),('5','3',1,2,'55.0000','55.0000','55.0000','55.0000',NULL),('6','0',1,2,'65.0000','65.0000','65.0000','65.0000',NULL),('6','1',1,2,'65.0000','65.0000','65.0000','65.0000',NULL),('6','2',1,2,'65.0000','65.0000','65.0000','65.0000',NULL),('6','3',1,2,'65.0000','65.0000','65.0000','65.0000',NULL),('7','0',1,2,'35.0000','35.0000','35.0000','35.0000',NULL),('7','1',1,2,'35.0000','35.0000','35.0000','35.0000',NULL),('7','2',1,2,'35.0000','35.0000','35.0000','35.0000',NULL),('7','3',1,2,'35.0000','35.0000','35.0000','35.0000',NULL),('8','0',1,2,'63.0000','63.0000','63.0000','63.0000',NULL),('8','1',1,2,'63.0000','63.0000','63.0000','63.0000',NULL),('8','2',1,2,'63.0000','63.0000','63.0000','63.0000',NULL),('8','3',1,2,'63.0000','63.0000','63.0000','63.0000',NULL),('9','0',1,2,'39.0000','39.0000','39.0000','39.0000',NULL),('9','1',1,2,'39.0000','39.0000','39.0000','39.0000',NULL),('9','2',1,2,'39.0000','39.0000','39.0000','39.0000',NULL),('9','3',1,2,'39.0000','39.0000','39.0000','39.0000',NULL),('10','0',1,2,'69.0000','69.0000','69.0000','69.0000',NULL),('10','1',1,2,'69.0000','69.0000','69.0000','69.0000',NULL),('10','2',1,2,'69.0000','69.0000','69.0000','69.0000',NULL),('10','3',1,2,'69.0000','69.0000','69.0000','69.0000',NULL),('11','0',1,2,'63.0000','63.0000','79.0000','83.0000',NULL),('11','1',1,2,'63.0000','63.0000','79.0000','83.0000',NULL),('11','2',1,2,'63.0000','63.0000','79.0000','83.0000',NULL),('11','3',1,2,'63.0000','63.0000','79.0000','83.0000',NULL),('12','0',1,2,'27.0000','27.0000','43.0000','47.0000',NULL),('12','1',1,2,'27.0000','27.0000','43.0000','47.0000',NULL),('12','2',1,2,'27.0000','27.0000','43.0000','47.0000',NULL),('12','3',1,2,'27.0000','27.0000','43.0000','47.0000',NULL),('13','0',1,2,'56.0000','56.0000','72.0000','76.0000',NULL),('13','1',1,2,'56.0000','56.0000','72.0000','76.0000',NULL),('13','2',1,2,'56.0000','56.0000','72.0000','76.0000',NULL),('13','3',1,2,'56.0000','56.0000','72.0000','76.0000',NULL),('14','0',1,2,'41.0000','41.0000','57.0000','61.0000',NULL),('14','1',1,2,'41.0000','41.0000','57.0000','61.0000',NULL),('14','2',1,2,'41.0000','41.0000','57.0000','61.0000',NULL),('14','3',1,2,'41.0000','41.0000','57.0000','61.0000',NULL),('15','0',1,2,'39.0000','39.0000','55.0000','59.0000',NULL),('15','1',1,2,'39.0000','39.0000','55.0000','59.0000',NULL),('15','2',1,2,'39.0000','39.0000','55.0000','59.0000',NULL),('15','3',1,2,'39.0000','39.0000','55.0000','59.0000',NULL),('16','0',1,2,'36.0000','36.0000','40.0000','47.0000',NULL),('16','1',1,2,'36.0000','36.0000','40.0000','47.0000',NULL),('16','2',1,2,'36.0000','36.0000','40.0000','47.0000',NULL),('16','3',1,2,'36.0000','36.0000','40.0000','47.0000',NULL),('17','0',1,2,'59.0000','59.0000','63.0000','70.0000',NULL),('17','1',1,2,'59.0000','59.0000','63.0000','70.0000',NULL),('17','2',1,2,'59.0000','59.0000','63.0000','70.0000',NULL),('17','3',1,2,'59.0000','59.0000','63.0000','70.0000',NULL),('18','0',1,2,'45.0000','45.0000','49.0000','56.0000',NULL),('18','1',1,2,'45.0000','45.0000','49.0000','56.0000',NULL),('18','2',1,2,'45.0000','45.0000','49.0000','56.0000',NULL),('18','3',1,2,'45.0000','45.0000','49.0000','56.0000',NULL),('19','0',1,2,'84.0000','84.0000','84.0000','84.0000',NULL),('19','1',1,2,'84.0000','84.0000','84.0000','84.0000',NULL),('19','2',1,2,'84.0000','84.0000','84.0000','84.0000',NULL),('19','3',1,2,'84.0000','84.0000','84.0000','84.0000',NULL),('20','0',1,2,'34.0000','34.0000','34.0000','34.0000',NULL),('20','1',1,2,'34.0000','34.0000','34.0000','34.0000',NULL),('20','2',1,2,'34.0000','34.0000','34.0000','34.0000',NULL),('20','3',1,2,'34.0000','34.0000','34.0000','34.0000',NULL),('21','0',1,2,'36.0000','36.0000','36.0000','36.0000',NULL),('21','1',1,2,'36.0000','36.0000','36.0000','36.0000',NULL),('21','2',1,2,'36.0000','36.0000','36.0000','36.0000',NULL),('21','3',1,2,'36.0000','36.0000','36.0000','36.0000',NULL),('22','0',1,2,'36.0000','36.0000','36.0000','36.0000',NULL),('22','1',1,2,'36.0000','36.0000','36.0000','36.0000',NULL),('22','2',1,2,'36.0000','36.0000','36.0000','36.0000',NULL),('22','3',1,2,'36.0000','36.0000','36.0000','36.0000',NULL),('23','0',1,2,'36.0000','36.0000','36.0000','36.0000',NULL),('23','1',1,2,'36.0000','36.0000','36.0000','36.0000',NULL),('23','2',1,2,'36.0000','36.0000','36.0000','36.0000',NULL),('23','3',1,2,'36.0000','36.0000','36.0000','36.0000',NULL),('24','0',1,2,'59.0000','59.0000','59.0000','59.0000',NULL),('24','1',1,2,'59.0000','59.0000','59.0000','59.0000',NULL),('24','2',1,2,'59.0000','59.0000','59.0000','59.0000',NULL),('24','3',1,2,'59.0000','59.0000','59.0000','59.0000',NULL),('25','0',1,2,'59.0000','59.0000','59.0000','59.0000',NULL),('25','1',1,2,'59.0000','59.0000','59.0000','59.0000',NULL),('25','2',1,2,'59.0000','59.0000','59.0000','59.0000',NULL),('25','3',1,2,'59.0000','59.0000','59.0000','59.0000',NULL),('26','0',1,2,'59.0000','59.0000','59.0000','59.0000',NULL),('26','1',1,2,'59.0000','59.0000','59.0000','59.0000',NULL),('26','2',1,2,'59.0000','59.0000','59.0000','59.0000',NULL),('26','3',1,2,'59.0000','59.0000','59.0000','59.0000',NULL),('27','0',1,2,'45.0000','45.0000','45.0000','45.0000',NULL),('27','1',1,2,'45.0000','45.0000','45.0000','45.0000',NULL),('27','2',1,2,'45.0000','45.0000','45.0000','45.0000',NULL),('27','3',1,2,'45.0000','45.0000','45.0000','45.0000',NULL),('28','0',1,2,'45.0000','45.0000','45.0000','45.0000',NULL),('28','1',1,2,'45.0000','45.0000','45.0000','45.0000',NULL),('28','2',1,2,'45.0000','45.0000','45.0000','45.0000',NULL),('28','3',1,2,'45.0000','45.0000','45.0000','45.0000',NULL),('29','0',1,2,'45.0000','45.0000','45.0000','45.0000',NULL),('29','1',1,2,'45.0000','45.0000','45.0000','45.0000',NULL),('29','2',1,2,'45.0000','45.0000','45.0000','45.0000',NULL),('29','3',1,2,'45.0000','45.0000','45.0000','45.0000',NULL),('30','0',1,2,'84.0000','84.0000','84.0000','84.0000',NULL),('30','1',1,2,'84.0000','84.0000','84.0000','84.0000',NULL),('30','2',1,2,'84.0000','84.0000','84.0000','84.0000',NULL),('30','3',1,2,'84.0000','84.0000','84.0000','84.0000',NULL),('31','0',1,2,'84.0000','84.0000','84.0000','84.0000',NULL),('31','1',1,2,'84.0000','84.0000','84.0000','84.0000',NULL),('31','2',1,2,'84.0000','84.0000','84.0000','84.0000',NULL),('31','3',1,2,'84.0000','84.0000','84.0000','84.0000',NULL),('32','0',1,2,'84.0000','84.0000','84.0000','84.0000',NULL),('32','1',1,2,'84.0000','84.0000','84.0000','84.0000',NULL),('32','2',1,2,'84.0000','84.0000','84.0000','84.0000',NULL),('32','3',1,2,'84.0000','84.0000','84.0000','84.0000',NULL),('33','0',1,2,'34.0000','34.0000','34.0000','34.0000',NULL),('33','1',1,2,'34.0000','34.0000','34.0000','34.0000',NULL),('33','2',1,2,'34.0000','34.0000','34.0000','34.0000',NULL),('33','3',1,2,'34.0000','34.0000','34.0000','34.0000',NULL),('34','0',1,2,'34.0000','34.0000','34.0000','34.0000',NULL),('34','1',1,2,'34.0000','34.0000','34.0000','34.0000',NULL),('34','2',1,2,'34.0000','34.0000','34.0000','34.0000',NULL),('34','3',1,2,'34.0000','34.0000','34.0000','34.0000',NULL),('35','0',1,2,'34.0000','34.0000','34.0000','34.0000',NULL),('35','1',1,2,'34.0000','34.0000','34.0000','34.0000',NULL),('35','2',1,2,'34.0000','34.0000','34.0000','34.0000',NULL),('35','3',1,2,'34.0000','34.0000','34.0000','34.0000',NULL);

--
-- Table structure for table `catalog_product_index_price_tmp`
--

CREATE TABLE `catalog_product_index_price_tmp` (
  `entity_id` int(10) unsigned NOT NULL COMMENT 'Entity ID',
  `customer_group_id` int(10) unsigned NOT NULL DEFAULT '0' COMMENT 'Customer Group ID',
  `website_id` smallint(5) unsigned NOT NULL COMMENT 'Website ID',
  `tax_class_id` smallint(5) unsigned DEFAULT '0' COMMENT 'Tax Class ID',
  `price` decimal(12,4) DEFAULT NULL COMMENT 'Price',
  `final_price` decimal(12,4) DEFAULT NULL COMMENT 'Final Price',
  `min_price` decimal(12,4) DEFAULT NULL COMMENT 'Min Price',
  `max_price` decimal(12,4) DEFAULT NULL COMMENT 'Max Price',
  `tier_price` decimal(12,4) DEFAULT NULL COMMENT 'Tier Price',
  PRIMARY KEY (`entity_id`,`customer_group_id`,`website_id`),
  KEY `CATALOG_PRODUCT_INDEX_PRICE_TMP_CUSTOMER_GROUP_ID` (`customer_group_id`),
  KEY `CATALOG_PRODUCT_INDEX_PRICE_TMP_WEBSITE_ID` (`website_id`),
  KEY `CATALOG_PRODUCT_INDEX_PRICE_TMP_MIN_PRICE` (`min_price`)
) ENGINE=MEMORY DEFAULT CHARSET=utf8 COMMENT='Catalog Product Price Indexer Temp Table';

--
-- Table structure for table `catalog_product_index_tier_price`
--

CREATE TABLE `catalog_product_index_tier_price` (
  `entity_id` int(10) unsigned NOT NULL COMMENT 'Entity ID',
  `customer_group_id` int(10) unsigned NOT NULL,
  `website_id` smallint(5) unsigned NOT NULL COMMENT 'Website ID',
  `min_price` decimal(12,4) DEFAULT NULL COMMENT 'Min Price',
  PRIMARY KEY (`entity_id`,`customer_group_id`,`website_id`),
  KEY `CATALOG_PRODUCT_INDEX_TIER_PRICE_CUSTOMER_GROUP_ID` (`customer_group_id`),
  KEY `CATALOG_PRODUCT_INDEX_TIER_PRICE_WEBSITE_ID` (`website_id`)
) ENGINE=InnoDB DEFAULT CHARSET=utf8 COMMENT='Catalog Product Tier Price Index Table';

--
-- Table structure for table `catalog_product_index_website`
--

CREATE TABLE `catalog_product_index_website` (
  `website_id` smallint(5) unsigned NOT NULL COMMENT 'Website ID',
  `website_date` date DEFAULT NULL COMMENT 'Website Date',
  `rate` float DEFAULT '1' COMMENT 'Rate',
  PRIMARY KEY (`website_id`),
  KEY `CATALOG_PRODUCT_INDEX_WEBSITE_WEBSITE_DATE` (`website_date`)
) ENGINE=InnoDB DEFAULT CHARSET=utf8 COMMENT='Catalog Product Website Index Table';

--
-- Dumping data for table `catalog_product_index_website`
--

INSERT INTO `catalog_product_index_website` VALUES (1,'2018-01-11','1');

--
-- Table structure for table `catalog_product_link`
--

CREATE TABLE `catalog_product_link` (
  `link_id` int(10) unsigned NOT NULL AUTO_INCREMENT COMMENT 'Link ID',
  `product_id` int(10) unsigned NOT NULL DEFAULT '0' COMMENT 'Product ID',
  `linked_product_id` int(10) unsigned NOT NULL DEFAULT '0' COMMENT 'Linked Product ID',
  `link_type_id` smallint(5) unsigned NOT NULL DEFAULT '0' COMMENT 'Link Type ID',
  PRIMARY KEY (`link_id`),
  UNIQUE KEY `CATALOG_PRODUCT_LINK_LINK_TYPE_ID_PRODUCT_ID_LINKED_PRODUCT_ID` (`link_type_id`,`product_id`,`linked_product_id`),
  KEY `CATALOG_PRODUCT_LINK_PRODUCT_ID` (`product_id`),
  KEY `CATALOG_PRODUCT_LINK_LINKED_PRODUCT_ID` (`linked_product_id`)
) ENGINE=InnoDB AUTO_INCREMENT=887 DEFAULT CHARSET=utf8 COMMENT='Catalog Product To Product Linkage Table';

--
-- Dumping data for table `catalog_product_link`
--

INSERT INTO `catalog_product_link` VALUES ('1','1','2',1),('2','1','3',1),('3','1','4',1),('4','1','5',1),('5','1','6',1),('877','2','1',1),('878','2','3',1),('879','2','4',1),('880','2','5',1),('881','2','6',1),('21','3','1',1),('22','3','2',1),('23','3','4',1),('24','3','5',1),('25','3','6',1),('51','4','1',1),('52','4','2',1),('53','4','3',1),('54','4','5',1),('55','4','6',1),('31','5','1',1),('32','5','2',1),('33','5','3',1),('34','5','4',1),('35','5','6',1),('41','6','1',1),('42','6','2',1),('43','6','3',1),('44','6','4',1),('45','6','5',1),('181','7','1',1),('182','7','2',1),('183','7','3',1),('184','7','4',1),('185','7','5',1),('186','7','6',1),('193','8','1',1),('194','8','2',1),('195','8','3',1),('196','8','4',1),('197','8','5',1),('198','8','6',1),('793','9','1',1),('794','9','2',1),('795','9','3',1),('796','9','4',1),('797','9','5',1),('798','9','6',1),('805','10','1',1),('806','10','2',1),('807','10','3',1),('808','10','4',1),('809','10','5',1),('810','10','6',1),('817','11','5',1),('818','11','6',1),('819','11','7',1),('820','11','8',1),('821','11','9',1),('822','11','10',1),('829','12','5',1),('830','12','6',1),('831','12','7',1),('832','12','8',1),('833','12','9',1),('834','12','10',1),('853','13','5',1),('854','13','6',1),('855','13','7',1),('856','13','8',1),('857','13','9',1),('858','13','10',1),('841','14','5',1),('842','14','6',1),('843','14','7',1),('844','14','8',1),('845','14','9',1),('846','14','10',1),('865','15','5',1),('866','15','6',1),('867','15','7',1),('868','15','8',1),('869','15','9',1),('870','15','10',1),('733','16','1',1),('734','16','2',1),('735','16','4',1),('736','16','6',1),('737','16','7',1),('738','16','8',1),('745','17','1',1),('746','17','2',1),('747','17','4',1),('748','17','6',1),('749','17','7',1),('750','17','8',1),('757','18','1',1),('758','18','2',1),('759','18','4',1),('760','18','6',1),('761','18','7',1),('762','18','8',1),('769','19','1',1),('770','19','2',1),('771','19','4',1),('772','19','6',1),('773','19','7',1),('774','19','8',1),('781','20','1',1),('782','20','2',1),('783','20','4',1),('784','20','6',1),('785','20','7',1),('786','20','8',1),('10','1','2',4),('9','1','3',4),('8','1','4',4),('7','1','5',4),('6','1','6',4),('886','2','1',4),('885','2','3',4),('884','2','4',4),('883','2','5',4),('882','2','6',4),('30','3','1',4),('29','3','2',4),('28','3','4',4),('27','3','5',4),('26','3','6',4),('60','4','1',4),('59','4','2',4),('58','4','3',4),('57','4','5',4),('56','4','6',4),('40','5','1',4),('39','5','2',4),('38','5','3',4),('37','5','4',4),('36','5','6',4),('50','6','1',4),('49','6','2',4),('48','6','3',4),('47','6','4',4),('46','6','5',4),('187','7','1',4),('188','7','2',4),('189','7','3',4),('190','7','4',4),('191','7','5',4),('192','7','6',4),('199','8','1',4),('200','8','2',4),('201','8','3',4),('202','8','4',4),('203','8','5',4),('204','8','6',4),('804','9','1',4),('803','9','2',4),('802','9','3',4),('801','9','4',4),('800','9','5',4),('799','9','6',4),('816','10','1',4),('815','10','2',4),('814','10','3',4),('813','10','4',4),('812','10','5',4),('811','10','6',4),('827','11','1',4),('826','11','2',4),('825','11','3',4),('824','11','4',4),('823','11','5',4),('828','11','7',4),('839','12','1',4),('838','12','2',4),('837','12','3',4),('836','12','4',4),('835','12','5',4),('840','12','7',4),('863','13','1',4),('862','13','2',4),('861','13','3',4),('860','13','4',4),('859','13','5',4),('864','13','7',4),('851','14','1',4),('850','14','2',4),('849','14','3',4),('848','14','4',4),('847','14','5',4),('852','14','7',4),('875','15','1',4),('874','15','2',4),('873','15','3',4),('872','15','4',4),('871','15','5',4),('876','15','7',4),('739','16','10',4),('740','16','11',4),('741','16','12',4),('742','16','13',4),('743','16','14',4),('744','16','15',4),('751','17','10',4),('752','17','11',4),('753','17','12',4),('754','17','13',4),('755','17','14',4),('756','17','15',4),('763','18','10',4),('764','18','11',4),('765','18','12',4),('766','18','13',4),('767','18','14',4),('768','18','15',4),('775','19','10',4),('776','19','11',4),('777','19','12',4),('778','19','13',4),('779','19','14',4),('780','19','15',4),('787','20','10',4),('788','20','11',4),('789','20','12',4),('790','20','13',4),('791','20','14',4),('792','20','15',4);

--
-- Table structure for table `catalog_product_link_attribute`
--

CREATE TABLE `catalog_product_link_attribute` (
  `product_link_attribute_id` smallint(5) unsigned NOT NULL AUTO_INCREMENT COMMENT 'Product Link Attribute ID',
  `link_type_id` smallint(5) unsigned NOT NULL DEFAULT '0' COMMENT 'Link Type ID',
  `product_link_attribute_code` varchar(32) DEFAULT NULL COMMENT 'Product Link Attribute Code',
  `data_type` varchar(32) DEFAULT NULL COMMENT 'Data Type',
  PRIMARY KEY (`product_link_attribute_id`),
  KEY `CATALOG_PRODUCT_LINK_ATTRIBUTE_LINK_TYPE_ID` (`link_type_id`)
) ENGINE=InnoDB AUTO_INCREMENT=6 DEFAULT CHARSET=utf8 COMMENT='Catalog Product Link Attribute Table';

--
-- Dumping data for table `catalog_product_link_attribute`
--

INSERT INTO `catalog_product_link_attribute` VALUES (1,1,'position','int'),(2,4,'position','int'),(3,5,'position','int'),(4,3,'position','int'),(5,3,'qty','decimal');

--
-- Table structure for table `catalog_product_link_attribute_decimal`
--

CREATE TABLE `catalog_product_link_attribute_decimal` (
  `value_id` int(10) unsigned NOT NULL AUTO_INCREMENT COMMENT 'Value ID',
  `product_link_attribute_id` smallint(5) unsigned DEFAULT NULL COMMENT 'Product Link Attribute ID',
  `link_id` int(10) unsigned NOT NULL COMMENT 'Link ID',
  `value` decimal(12,4) NOT NULL DEFAULT '0.0000' COMMENT 'Value',
  PRIMARY KEY (`value_id`),
  UNIQUE KEY `CAT_PRD_LNK_ATTR_DEC_PRD_LNK_ATTR_ID_LNK_ID` (`product_link_attribute_id`,`link_id`),
  KEY `CATALOG_PRODUCT_LINK_ATTRIBUTE_DECIMAL_LINK_ID` (`link_id`)
) ENGINE=InnoDB DEFAULT CHARSET=utf8 COMMENT='Catalog Product Link Decimal Attribute Table';

--
-- Table structure for table `catalog_product_link_attribute_int`
--

CREATE TABLE `catalog_product_link_attribute_int` (
  `value_id` int(10) unsigned NOT NULL AUTO_INCREMENT COMMENT 'Value ID',
  `product_link_attribute_id` smallint(5) unsigned DEFAULT NULL COMMENT 'Product Link Attribute ID',
  `link_id` int(10) unsigned NOT NULL COMMENT 'Link ID',
  `value` int(11) NOT NULL DEFAULT '0' COMMENT 'Value',
  PRIMARY KEY (`value_id`),
  UNIQUE KEY `CAT_PRD_LNK_ATTR_INT_PRD_LNK_ATTR_ID_LNK_ID` (`product_link_attribute_id`,`link_id`),
  KEY `CATALOG_PRODUCT_LINK_ATTRIBUTE_INT_LINK_ID` (`link_id`)
) ENGINE=InnoDB AUTO_INCREMENT=887 DEFAULT CHARSET=utf8 COMMENT='Catalog Product Link Integer Attribute Table';

--
-- Dumping data for table `catalog_product_link_attribute_int`
--

INSERT INTO `catalog_product_link_attribute_int` VALUES ('1',1,'1','1'),('2',1,'2','2'),('3',1,'3','3'),('4',1,'4','4'),('5',1,'5','5'),('6',2,'6','1'),('7',2,'7','2'),('8',2,'8','3'),('9',2,'9','4'),('10',2,'10','5'),('21',1,'21','1'),('22',1,'22','2'),('23',1,'23','3'),('24',1,'24','4'),('25',1,'25','5'),('26',2,'26','1'),('27',2,'27','2'),('28',2,'28','3'),('29',2,'29','4'),('30',2,'30','5'),('31',1,'31','1'),('32',1,'32','2'),('33',1,'33','3'),('34',1,'34','4'),('35',1,'35','5'),('36',2,'36','1'),('37',2,'37','2'),('38',2,'38','3'),('39',2,'39','4'),('40',2,'40','5'),('41',1,'41','1'),('42',1,'42','2'),('43',1,'43','3'),('44',1,'44','4'),('45',1,'45','5'),('46',2,'46','1'),('47',2,'47','2'),('48',2,'48','3'),('49',2,'49','4'),('50',2,'50','5'),('51',1,'51','1'),('52',1,'52','2'),('53',1,'53','3'),('54',1,'54','4'),('55',1,'55','5'),('56',2,'56','1'),('57',2,'57','2'),('58',2,'58','3'),('59',2,'59','4'),('60',2,'60','5'),('181',1,'181','1'),('182',1,'182','2'),('183',1,'183','3'),('184',1,'184','4'),('185',1,'185','5'),('186',1,'186','6'),('187',2,'187','6'),('188',2,'188','5'),('189',2,'189','4'),('190',2,'190','3'),('191',2,'191','2'),('192',2,'192','1'),('193',1,'193','1'),('194',1,'194','2'),('195',1,'195','3'),('196',1,'196','4'),('197',1,'197','5'),('198',1,'198','6'),('199',2,'199','6'),('200',2,'200','5'),('201',2,'201','4'),('202',2,'202','3'),('203',2,'203','2'),('204',2,'204','1'),('733',1,'733','1'),('734',1,'734','2'),('735',1,'735','3'),('736',1,'736','4'),('737',1,'737','5'),('738',1,'738','6'),('739',2,'739','6'),('740',2,'740','5'),('741',2,'741','4'),('742',2,'742','3'),('743',2,'743','2'),('744',2,'744','1'),('745',1,'745','1'),('746',1,'746','2'),('747',1,'747','3'),('748',1,'748','4'),('749',1,'749','5'),('750',1,'750','6'),('751',2,'751','6'),('752',2,'752','5'),('753',2,'753','4'),('754',2,'754','3'),('755',2,'755','2'),('756',2,'756','1'),('757',1,'757','1'),('758',1,'758','2'),('759',1,'759','3'),('760',1,'760','4'),('761',1,'761','5'),('762',1,'762','6'),('763',2,'763','6'),('764',2,'764','5'),('765',2,'765','4'),('766',2,'766','3'),('767',2,'767','2'),('768',2,'768','1'),('769',1,'769','1'),('770',1,'770','2'),('771',1,'771','3'),('772',1,'772','4'),('773',1,'773','5'),('774',1,'774','6'),('775',2,'775','6'),('776',2,'776','5'),('777',2,'777','4'),('778',2,'778','3'),('779',2,'779','2'),('780',2,'780','1'),('781',1,'781','1'),('782',1,'782','2'),('783',1,'783','3'),('784',1,'784','4'),('785',1,'785','5'),('786',1,'786','6'),('787',2,'787','6'),('788',2,'788','5'),('789',2,'789','4'),('790',2,'790','3'),('791',2,'791','2'),('792',2,'792','1'),('793',1,'793','1'),('794',1,'794','2'),('795',1,'795','3'),('796',1,'796','4'),('797',1,'797','5'),('798',1,'798','6'),('799',2,'799','1'),('800',2,'800','2'),('801',2,'801','3'),('802',2,'802','4'),('803',2,'803','5'),('804',2,'804','6'),('805',1,'805','1'),('806',1,'806','2'),('807',1,'807','3'),('808',1,'808','4'),('809',1,'809','5'),('810',1,'810','6'),('811',2,'811','1'),('812',2,'812','2'),('813',2,'813','3'),('814',2,'814','4'),('815',2,'815','5'),('816',2,'816','6'),('817',1,'817','1'),('818',1,'818','2'),('819',1,'819','3'),('820',1,'820','4'),('821',1,'821','5'),('822',1,'822','6'),('823',2,'823','1'),('824',2,'824','2'),('825',2,'825','3'),('826',2,'826','4'),('827',2,'827','5'),('828',2,'828','6'),('829',1,'829','1'),('830',1,'830','2'),('831',1,'831','3'),('832',1,'832','4'),('833',1,'833','5'),('834',1,'834','6'),('835',2,'835','1'),('836',2,'836','2'),('837',2,'837','3'),('838',2,'838','4'),('839',2,'839','5'),('840',2,'840','6'),('841',1,'841','1'),('842',1,'842','2'),('843',1,'843','3'),('844',1,'844','4'),('845',1,'845','5'),('846',1,'846','6'),('847',2,'847','1'),('848',2,'848','2'),('849',2,'849','3'),('850',2,'850','4'),('851',2,'851','5'),('852',2,'852','6'),('853',1,'853','1'),('854',1,'854','2'),('855',1,'855','3'),('856',1,'856','4'),('857',1,'857','5'),('858',1,'858','6'),('859',2,'859','1'),('860',2,'860','2'),('861',2,'861','3'),('862',2,'862','4'),('863',2,'863','5'),('864',2,'864','6'),('865',1,'865','1'),('866',1,'866','2'),('867',1,'867','3'),('868',1,'868','4'),('869',1,'869','5'),('870',1,'870','6'),('871',2,'871','1'),('872',2,'872','2'),('873',2,'873','3'),('874',2,'874','4'),('875',2,'875','5'),('876',2,'876','6'),('877',1,'877','1'),('878',1,'878','2'),('879',1,'879','3'),('880',1,'880','4'),('881',1,'881','5'),('882',2,'882','1'),('883',2,'883','2'),('884',2,'884','3'),('885',2,'885','4'),('886',2,'886','5');

--
-- Table structure for table `catalog_product_link_attribute_varchar`
--

CREATE TABLE `catalog_product_link_attribute_varchar` (
  `value_id` int(10) unsigned NOT NULL AUTO_INCREMENT COMMENT 'Value ID',
  `product_link_attribute_id` smallint(5) unsigned NOT NULL DEFAULT '0' COMMENT 'Product Link Attribute ID',
  `link_id` int(10) unsigned NOT NULL COMMENT 'Link ID',
  `value` varchar(255) DEFAULT NULL COMMENT 'Value',
  PRIMARY KEY (`value_id`),
  UNIQUE KEY `CAT_PRD_LNK_ATTR_VCHR_PRD_LNK_ATTR_ID_LNK_ID` (`product_link_attribute_id`,`link_id`),
  KEY `CATALOG_PRODUCT_LINK_ATTRIBUTE_VARCHAR_LINK_ID` (`link_id`)
) ENGINE=InnoDB DEFAULT CHARSET=utf8 COMMENT='Catalog Product Link Varchar Attribute Table';

--
-- Table structure for table `catalog_product_link_type`
--

CREATE TABLE `catalog_product_link_type` (
  `link_type_id` smallint(5) unsigned NOT NULL AUTO_INCREMENT COMMENT 'Link Type ID',
  `code` varchar(32) DEFAULT NULL COMMENT 'Code',
  PRIMARY KEY (`link_type_id`)
) ENGINE=InnoDB AUTO_INCREMENT=6 DEFAULT CHARSET=utf8 COMMENT='Catalog Product Link Type Table';

--
-- Dumping data for table `catalog_product_link_type`
--

INSERT INTO `catalog_product_link_type` VALUES (1,'relation'),(3,'super'),(4,'up_sell'),(5,'cross_sell');

--
-- Table structure for table `catalog_product_option`
--

CREATE TABLE `catalog_product_option` (
  `option_id` int(10) unsigned NOT NULL AUTO_INCREMENT COMMENT 'Option ID',
  `product_id` int(10) unsigned NOT NULL DEFAULT '0' COMMENT 'Product ID',
  `type` varchar(50) DEFAULT NULL COMMENT 'Type',
  `is_require` smallint(6) NOT NULL DEFAULT '1' COMMENT 'Is Required',
  `sku` varchar(64) DEFAULT NULL COMMENT 'SKU',
  `max_characters` int(10) unsigned DEFAULT NULL COMMENT 'Max Characters',
  `file_extension` varchar(50) DEFAULT NULL COMMENT 'File Extension',
  `image_size_x` smallint(5) unsigned DEFAULT NULL COMMENT 'Image Size X',
  `image_size_y` smallint(5) unsigned DEFAULT NULL COMMENT 'Image Size Y',
  `sort_order` int(10) unsigned NOT NULL DEFAULT '0' COMMENT 'Sort Order',
  PRIMARY KEY (`option_id`),
  KEY `CATALOG_PRODUCT_OPTION_PRODUCT_ID` (`product_id`)
) ENGINE=InnoDB AUTO_INCREMENT=79 DEFAULT CHARSET=utf8 COMMENT='Catalog Product Option Table';

--
-- Dumping data for table `catalog_product_option`
--

INSERT INTO `catalog_product_option` VALUES ('21','11','drop_down',1,NULL,'0',NULL,0,0,'1'),('22','11','drop_down',1,NULL,'0',NULL,0,0,'2'),('23','12','drop_down',1,NULL,'0',NULL,0,0,'1'),('24','12','drop_down',1,NULL,'0',NULL,0,0,'2'),('25','13','drop_down',1,NULL,'0',NULL,0,0,'1'),('26','13','drop_down',1,NULL,'0',NULL,0,0,'2'),('27','14','drop_down',1,NULL,'0',NULL,0,0,'1'),('28','14','drop_down',1,NULL,'0',NULL,0,0,'2'),('29','15','drop_down',1,NULL,'0',NULL,0,0,'1'),('30','15','drop_down',1,NULL,'0',NULL,0,0,'2'),('70','16','drop_down',1,NULL,'0',NULL,0,0,'1'),('71','16','drop_down',1,NULL,'0',NULL,0,0,'2'),('72','16','drop_down',1,NULL,'0',NULL,0,0,'3'),('73','17','drop_down',1,NULL,'0',NULL,0,0,'1'),('74','17','drop_down',1,NULL,'0',NULL,0,0,'2'),('75','17','drop_down',1,NULL,'0',NULL,0,0,'3'),('76','18','drop_down',1,NULL,'0',NULL,0,0,'1'),('77','18','drop_down',1,NULL,'0',NULL,0,0,'2'),('78','18','drop_down',1,NULL,'0',NULL,0,0,'3');

--
-- Table structure for table `catalog_product_option_price`
--

CREATE TABLE `catalog_product_option_price` (
  `option_price_id` int(10) unsigned NOT NULL AUTO_INCREMENT COMMENT 'Option Price ID',
  `option_id` int(10) unsigned NOT NULL DEFAULT '0' COMMENT 'Option ID',
  `store_id` smallint(5) unsigned NOT NULL DEFAULT '0' COMMENT 'Store ID',
  `price` decimal(12,4) NOT NULL DEFAULT '0.0000' COMMENT 'Price',
  `price_type` varchar(7) NOT NULL DEFAULT 'fixed' COMMENT 'Price Type',
  PRIMARY KEY (`option_price_id`),
  UNIQUE KEY `CATALOG_PRODUCT_OPTION_PRICE_OPTION_ID_STORE_ID` (`option_id`,`store_id`),
  KEY `CATALOG_PRODUCT_OPTION_PRICE_STORE_ID` (`store_id`)
) ENGINE=InnoDB DEFAULT CHARSET=utf8 COMMENT='Catalog Product Option Price Table';

--
-- Table structure for table `catalog_product_option_title`
--

CREATE TABLE `catalog_product_option_title` (
  `option_title_id` int(10) unsigned NOT NULL AUTO_INCREMENT COMMENT 'Option Title ID',
  `option_id` int(10) unsigned NOT NULL DEFAULT '0' COMMENT 'Option ID',
  `store_id` smallint(5) unsigned NOT NULL DEFAULT '0' COMMENT 'Store ID',
  `title` varchar(255) DEFAULT NULL COMMENT 'Title',
  PRIMARY KEY (`option_title_id`),
  UNIQUE KEY `CATALOG_PRODUCT_OPTION_TITLE_OPTION_ID_STORE_ID` (`option_id`,`store_id`),
  KEY `CATALOG_PRODUCT_OPTION_TITLE_STORE_ID` (`store_id`)
) ENGINE=InnoDB AUTO_INCREMENT=79 DEFAULT CHARSET=utf8 COMMENT='Catalog Product Option Title Table';

--
-- Dumping data for table `catalog_product_option_title`
--

INSERT INTO `catalog_product_option_title` VALUES ('21','21',0,'Material'),('22','22',0,'Pattern'),('23','23',0,'Material'),('24','24',0,'Pattern'),('25','25',0,'Material'),('26','26',0,'Pattern'),('27','27',0,'Material'),('28','28',0,'Pattern'),('29','29',0,'Material'),('30','30',0,'Pattern'),('70','70',0,'Size'),('71','71',0,'Material'),('72','72',0,'Pattern'),('73','73',0,'Size'),('74','74',0,'Material'),('75','75',0,'Pattern'),('76','76',0,'Size'),('77','77',0,'Material'),('78','78',0,'Pattern');

--
-- Table structure for table `catalog_product_option_type_price`
--

CREATE TABLE `catalog_product_option_type_price` (
  `option_type_price_id` int(10) unsigned NOT NULL AUTO_INCREMENT COMMENT 'Option Type Price ID',
  `option_type_id` int(10) unsigned NOT NULL DEFAULT '0' COMMENT 'Option Type ID',
  `store_id` smallint(5) unsigned NOT NULL DEFAULT '0' COMMENT 'Store ID',
  `price` decimal(12,4) NOT NULL DEFAULT '0.0000' COMMENT 'Price',
  `price_type` varchar(7) NOT NULL DEFAULT 'fixed' COMMENT 'Price Type',
  PRIMARY KEY (`option_type_price_id`),
  UNIQUE KEY `CATALOG_PRODUCT_OPTION_TYPE_PRICE_OPTION_TYPE_ID_STORE_ID` (`option_type_id`,`store_id`),
  KEY `CATALOG_PRODUCT_OPTION_TYPE_PRICE_STORE_ID` (`store_id`)
) ENGINE=InnoDB AUTO_INCREMENT=173 DEFAULT CHARSET=utf8 COMMENT='Catalog Product Option Type Price Table';

--
-- Dumping data for table `catalog_product_option_type_price`
--

INSERT INTO `catalog_product_option_type_price` VALUES ('41','51',0,'15.0000','fixed'),('42','53',0,'5.0000','fixed'),('43','54',0,'1.0000','fixed'),('44','55',0,'2.0000','fixed'),('45','56',0,'15.0000','fixed'),('46','58',0,'5.0000','fixed'),('47','59',0,'1.0000','fixed'),('48','60',0,'2.0000','fixed'),('49','61',0,'15.0000','fixed'),('50','63',0,'5.0000','fixed'),('51','64',0,'1.0000','fixed'),('52','65',0,'2.0000','fixed'),('53','66',0,'15.0000','fixed'),('54','68',0,'5.0000','fixed'),('55','69',0,'1.0000','fixed'),('56','70',0,'2.0000','fixed'),('57','71',0,'15.0000','fixed'),('58','73',0,'5.0000','fixed'),('59','74',0,'1.0000','fixed'),('60','75',0,'2.0000','fixed'),('152','223',0,'3.0000','fixed'),('153','224',0,'5.0000','fixed'),('154','225',0,'7.0000','fixed'),('155','226',0,'4.0000','fixed'),('156','227',0,'1.0000','fixed'),('157','228',0,'2.0000','fixed'),('158','229',0,'4.0000','fixed'),('159','234',0,'3.0000','fixed'),('160','235',0,'5.0000','fixed'),('161','236',0,'7.0000','fixed'),('162','237',0,'4.0000','fixed'),('163','238',0,'1.0000','fixed'),('164','239',0,'2.0000','fixed'),('165','240',0,'4.0000','fixed'),('166','245',0,'3.0000','fixed'),('167','246',0,'5.0000','fixed'),('168','247',0,'7.0000','fixed'),('169','248',0,'4.0000','fixed'),('170','249',0,'1.0000','fixed'),('171','250',0,'2.0000','fixed'),('172','251',0,'4.0000','fixed');

--
-- Table structure for table `catalog_product_option_type_title`
--

CREATE TABLE `catalog_product_option_type_title` (
  `option_type_title_id` int(10) unsigned NOT NULL AUTO_INCREMENT COMMENT 'Option Type Title ID',
  `option_type_id` int(10) unsigned NOT NULL DEFAULT '0' COMMENT 'Option Type ID',
  `store_id` smallint(5) unsigned NOT NULL DEFAULT '0' COMMENT 'Store ID',
  `title` varchar(255) DEFAULT NULL COMMENT 'Title',
  PRIMARY KEY (`option_type_title_id`),
  UNIQUE KEY `CATALOG_PRODUCT_OPTION_TYPE_TITLE_OPTION_TYPE_ID_STORE_ID` (`option_type_id`,`store_id`),
  KEY `CATALOG_PRODUCT_OPTION_TYPE_TITLE_STORE_ID` (`store_id`)
) ENGINE=InnoDB AUTO_INCREMENT=252 DEFAULT CHARSET=utf8 COMMENT='Catalog Product Option Type Title Table';

--
-- Dumping data for table `catalog_product_option_type_title`
--

INSERT INTO `catalog_product_option_type_title` VALUES ('51','51',0,'Leather'),('52','52',0,'Polyester'),('53','53',0,'Plain'),('54','54',0,'Floral'),('55','55',0,'Striped'),('56','56',0,'Leather'),('57','57',0,'Polyester'),('58','58',0,'Plain'),('59','59',0,'Floral'),('60','60',0,'Striped'),('61','61',0,'Leather'),('62','62',0,'Polyester'),('63','63',0,'Plain'),('64','64',0,'Floral'),('65','65',0,'Striped'),('66','66',0,'Leather'),('67','67',0,'Polyester'),('68','68',0,'Plain'),('69','69',0,'Floral'),('70','70',0,'Striped'),('71','71',0,'Leather'),('72','72',0,'Polyester'),('73','73',0,'Plain'),('74','74',0,'Floral'),('75','75',0,'Striped'),('219','219',0,'S'),('220','220',0,'M'),('221','221',0,'L'),('222','222',0,'Xl'),('223','223',0,'Polyester'),('224','224',0,'Cotton'),('225','225',0,'Linen'),('226','226',0,'Plain'),('227','227',0,'Polka-dot'),('228','228',0,'Striped'),('229','229',0,'Floral'),('230','230',0,'S'),('231','231',0,'M'),('232','232',0,'L'),('233','233',0,'Xl'),('234','234',0,'Polyester'),('235','235',0,'Cotton'),('236','236',0,'Linen'),('237','237',0,'Plain'),('238','238',0,'Polka-dot'),('239','239',0,'Striped'),('240','240',0,'Floral'),('241','241',0,'S'),('242','242',0,'M'),('243','243',0,'L'),('244','244',0,'Xl'),('245','245',0,'Polyester'),('246','246',0,'Cotton'),('247','247',0,'Linen'),('248','248',0,'Plain'),('249','249',0,'Polka-dot'),('250','250',0,'Striped'),('251','251',0,'Floral');

--
-- Table structure for table `catalog_product_option_type_value`
--

CREATE TABLE `catalog_product_option_type_value` (
  `option_type_id` int(10) unsigned NOT NULL AUTO_INCREMENT COMMENT 'Option Type ID',
  `option_id` int(10) unsigned NOT NULL DEFAULT '0' COMMENT 'Option ID',
  `sku` varchar(64) DEFAULT NULL COMMENT 'SKU',
  `sort_order` int(10) unsigned NOT NULL DEFAULT '0' COMMENT 'Sort Order',
  PRIMARY KEY (`option_type_id`),
  KEY `CATALOG_PRODUCT_OPTION_TYPE_VALUE_OPTION_ID` (`option_id`)
) ENGINE=InnoDB AUTO_INCREMENT=252 DEFAULT CHARSET=utf8 COMMENT='Catalog Product Option Type Value Table';

--
-- Dumping data for table `catalog_product_option_type_value`
--

INSERT INTO `catalog_product_option_type_value` VALUES ('51','21',NULL,'1'),('52','21',NULL,'2'),('53','22',NULL,'1'),('54','22',NULL,'2'),('55','22',NULL,'3'),('56','23',NULL,'1'),('57','23',NULL,'2'),('58','24',NULL,'1'),('59','24',NULL,'2'),('60','24',NULL,'3'),('61','25',NULL,'1'),('62','25',NULL,'2'),('63','26',NULL,'1'),('64','26',NULL,'2'),('65','26',NULL,'3'),('66','27',NULL,'1'),('67','27',NULL,'2'),('68','28',NULL,'1'),('69','28',NULL,'2'),('70','28',NULL,'3'),('71','29',NULL,'1'),('72','29',NULL,'2'),('73','30',NULL,'1'),('74','30',NULL,'2'),('75','30',NULL,'3'),('219','70',NULL,'1'),('220','70',NULL,'2'),('221','70',NULL,'3'),('222','70',NULL,'4'),('223','71',NULL,'1'),('224','71',NULL,'2'),('225','71',NULL,'3'),('226','72',NULL,'1'),('227','72',NULL,'2'),('228','72',NULL,'3'),('229','72',NULL,'4'),('230','73',NULL,'1'),('231','73',NULL,'2'),('232','73',NULL,'3'),('233','73',NULL,'4'),('234','74',NULL,'1'),('235','74',NULL,'2'),('236','74',NULL,'3'),('237','75',NULL,'1'),('238','75',NULL,'2'),('239','75',NULL,'3'),('240','75',NULL,'4'),('241','76',NULL,'1'),('242','76',NULL,'2'),('243','76',NULL,'3'),('244','76',NULL,'4'),('245','77',NULL,'1'),('246','77',NULL,'2'),('247','77',NULL,'3'),('248','78',NULL,'1'),('249','78',NULL,'2'),('250','78',NULL,'3'),('251','78',NULL,'4');

--
-- Table structure for table `catalog_product_relation`
--

CREATE TABLE `catalog_product_relation` (
  `parent_id` int(10) unsigned NOT NULL COMMENT 'Parent ID',
  `child_id` int(10) unsigned NOT NULL COMMENT 'Child ID',
  PRIMARY KEY (`parent_id`,`child_id`),
  KEY `CATALOG_PRODUCT_RELATION_CHILD_ID` (`child_id`)
) ENGINE=InnoDB DEFAULT CHARSET=utf8 COMMENT='Catalog Product Relation Table';

--
-- Dumping data for table `catalog_product_relation`
--

INSERT INTO `catalog_product_relation` VALUES ('16','21'),('16','22'),('16','23'),('17','24'),('17','25'),('17','26'),('18','27'),('18','28'),('18','29'),('19','30'),('19','31'),('19','32'),('20','33'),('20','34'),('20','35');

--
-- Table structure for table `catalog_product_super_attribute`
--

CREATE TABLE `catalog_product_super_attribute` (
  `product_super_attribute_id` int(10) unsigned NOT NULL AUTO_INCREMENT COMMENT 'Product Super Attribute ID',
  `product_id` int(10) unsigned NOT NULL DEFAULT '0' COMMENT 'Product ID',
  `attribute_id` smallint(5) unsigned NOT NULL DEFAULT '0' COMMENT 'Attribute ID',
  `position` smallint(5) unsigned NOT NULL DEFAULT '0' COMMENT 'Position',
  PRIMARY KEY (`product_super_attribute_id`),
  UNIQUE KEY `CATALOG_PRODUCT_SUPER_ATTRIBUTE_PRODUCT_ID_ATTRIBUTE_ID` (`product_id`,`attribute_id`)
) ENGINE=InnoDB AUTO_INCREMENT=6 DEFAULT CHARSET=utf8 COMMENT='Catalog Product Super Attribute Table';

--
-- Dumping data for table `catalog_product_super_attribute`
--

INSERT INTO `catalog_product_super_attribute` VALUES ('1','16',145,0),('2','17',145,0),('3','18',145,0),('4','19',145,0),('5','20',145,0);

--
-- Table structure for table `catalog_product_super_attribute_label`
--

CREATE TABLE `catalog_product_super_attribute_label` (
  `value_id` int(10) unsigned NOT NULL AUTO_INCREMENT COMMENT 'Value ID',
  `product_super_attribute_id` int(10) unsigned NOT NULL DEFAULT '0' COMMENT 'Product Super Attribute ID',
  `store_id` smallint(5) unsigned NOT NULL DEFAULT '0' COMMENT 'Store ID',
  `use_default` smallint(5) unsigned DEFAULT '0' COMMENT 'Use Default Value',
  `value` varchar(255) DEFAULT NULL COMMENT 'Value',
  PRIMARY KEY (`value_id`),
  UNIQUE KEY `CAT_PRD_SPR_ATTR_LBL_PRD_SPR_ATTR_ID_STORE_ID` (`product_super_attribute_id`,`store_id`),
  KEY `CATALOG_PRODUCT_SUPER_ATTRIBUTE_LABEL_STORE_ID` (`store_id`)
) ENGINE=InnoDB AUTO_INCREMENT=6 DEFAULT CHARSET=utf8 COMMENT='Catalog Product Super Attribute Label Table';

--
-- Dumping data for table `catalog_product_super_attribute_label`
--

INSERT INTO `catalog_product_super_attribute_label` VALUES ('1','1',0,0,'Color'),('2','2',0,0,'Color'),('3','3',0,0,'Color'),('4','4',0,0,'Color'),('5','5',0,0,'Color');

--
-- Table structure for table `catalog_product_super_link`
--

CREATE TABLE `catalog_product_super_link` (
  `link_id` int(10) unsigned NOT NULL AUTO_INCREMENT COMMENT 'Link ID',
  `product_id` int(10) unsigned NOT NULL DEFAULT '0' COMMENT 'Product ID',
  `parent_id` int(10) unsigned NOT NULL DEFAULT '0' COMMENT 'Parent ID',
  PRIMARY KEY (`link_id`),
  UNIQUE KEY `CATALOG_PRODUCT_SUPER_LINK_PRODUCT_ID_PARENT_ID` (`product_id`,`parent_id`),
  KEY `CATALOG_PRODUCT_SUPER_LINK_PARENT_ID` (`parent_id`)
) ENGINE=InnoDB AUTO_INCREMENT=16 DEFAULT CHARSET=utf8 COMMENT='Catalog Product Super Link Table';

--
-- Dumping data for table `catalog_product_super_link`
--

INSERT INTO `catalog_product_super_link` VALUES ('1','21','16'),('2','22','16'),('3','23','16'),('4','24','17'),('5','25','17'),('6','26','17'),('7','27','18'),('8','28','18'),('9','29','18'),('10','30','19'),('11','31','19'),('12','32','19'),('13','33','20'),('14','34','20'),('15','35','20');

--
-- Table structure for table `catalog_product_website`
--

CREATE TABLE `catalog_product_website` (
  `product_id` int(10) unsigned NOT NULL COMMENT 'Product ID',
  `website_id` smallint(5) unsigned NOT NULL COMMENT 'Website ID',
  PRIMARY KEY (`product_id`,`website_id`),
  KEY `CATALOG_PRODUCT_WEBSITE_WEBSITE_ID` (`website_id`)
) ENGINE=InnoDB DEFAULT CHARSET=utf8 COMMENT='Catalog Product To Website Linkage Table';

--
-- Dumping data for table `catalog_product_website`
--

INSERT INTO `catalog_product_website` VALUES ('1',1),('2',1),('3',1),('4',1),('5',1),('6',1),('7',1),('8',1),('9',1),('10',1),('11',1),('12',1),('13',1),('14',1),('15',1),('16',1),('17',1),('18',1),('19',1),('20',1),('21',1),('22',1),('23',1),('24',1),('25',1),('26',1),('27',1),('28',1),('29',1),('30',1),('31',1),('32',1),('33',1),('34',1),('35',1);

--
-- Table structure for table `catalog_url_rewrite_product_category`
--

CREATE TABLE `catalog_url_rewrite_product_category` (
  `url_rewrite_id` int(10) unsigned NOT NULL COMMENT 'url_rewrite_id',
  `category_id` int(10) unsigned NOT NULL COMMENT 'category_id',
  `product_id` int(10) unsigned NOT NULL COMMENT 'product_id',
  KEY `CATALOG_URL_REWRITE_PRODUCT_CATEGORY_CATEGORY_ID_PRODUCT_ID` (`category_id`,`product_id`),
  KEY `CAT_URL_REWRITE_PRD_CTGR_PRD_ID_CAT_PRD_ENTT_ENTT_ID` (`product_id`),
  KEY `FK_BB79E64705D7F17FE181F23144528FC8` (`url_rewrite_id`)
) ENGINE=InnoDB DEFAULT CHARSET=utf8 COMMENT='url_rewrite_relation';

--
-- Dumping data for table `catalog_url_rewrite_product_category`
--

INSERT INTO `catalog_url_rewrite_product_category` VALUES ('153','3','1'),('154','6','1'),('155','7','1'),('156','8','1'),('157','10','1'),('158','13','1'),('159','15','1'),('160','16','1'),('161','23','1'),('162','25','1'),('163','26','1'),('164','33','1'),('165','35','1'),('166','36','1'),('167','38','1'),('168','39','1'),('169','40','1'),('801','3','2'),('802','4','2'),('803','5','2'),('804','8','2'),('805','10','2'),('806','12','2'),('807','13','2'),('808','15','2'),('809','16','2'),('810','18','2'),('811','19','2'),('812','20','2'),('813','22','2'),('814','24','2'),('815','25','2'),('816','34','2'),('817','35','2'),('818','36','2'),('819','38','2'),('820','39','2'),('821','40','2'),('923','5','3'),('928','16','3'),('935','38','3'),('937','40','3'),('936','39','3'),('921','3','3'),('927','15','3'),('934','36','3'),('932','34','3'),('933','35','3'),('929','22','3'),('926','13','3'),('930','24','3'),('931','25','3'),('924','8','3'),('925','10','3'),('922','4','3'),('1031','5','4'),('1036','16','4'),('1043','38','4'),('1045','40','4'),('1044','39','4'),('1029','3','4'),('1035','15','4'),('1042','36','4'),('1040','34','4'),('1041','35','4'),('1037','22','4'),('1034','13','4'),('1038','24','4'),('1039','25','4'),('1032','8','4'),('1033','10','4'),('1030','4','4'),('1139','7','5'),('1145','16','5'),('1155','38','5'),('1157','40','5'),('1156','39','5'),('1137','3','5'),('1142','12','5'),('1147','19','5'),('1148','20','5'),('1146','18','5'),('1144','15','5'),('1154','36','5'),('1152','34','5'),('1153','35','5'),('1149','22','5'),('1143','13','5'),('1150','24','5'),('1151','25','5'),('1140','8','5'),('1141','10','5'),('1138','4','5'),('1256','5','6'),('1261','16','6'),('1268','38','6'),('1270','40','6'),('1269','39','6'),('1254','3','6'),('1260','15','6'),('1267','36','6'),('1265','34','6'),('1266','35','6'),('1262','22','6'),('1259','13','6'),('1263','24','6'),('1264','25','6'),('1257','8','6'),('1258','10','6'),('1255','4','6'),('1763','7','7'),('1762','5','7'),('1775','38','7'),('1768','16','7'),('1777','40','7'),('1776','39','7'),('1772','28','7'),('1767','14','7'),('1774','30','7'),('1773','29','7'),('1796','3','7'),('1769','22','7'),('1770','23','7'),('1766','13','7'),('1771','26','7'),('1764','8','7'),('1765','10','7'),('1761','4','7'),('1874','7','8'),('1873','5','8'),('1886','38','8'),('1879','16','8'),('1888','40','8'),('1887','39','8'),('1883','28','8'),('1878','14','8'),('1885','30','8'),('1884','29','8'),('1907','3','8'),('1880','22','8'),('1881','23','8'),('1877','13','8'),('1882','26','8'),('1875','8','8'),('1876','10','8'),('1872','4','8'),('1985','7','9'),('1984','5','9'),('1997','38','9'),('1999','40','9'),('1990','16','9'),('1998','39','9'),('1994','28','9'),('1996','30','9'),('1989','14','9'),('1995','29','9'),('2018','3','9'),('1991','22','9'),('1992','23','9'),('1993','26','9'),('1988','13','9'),('1986','8','9'),('1987','10','9'),('1983','4','9'),('2114','38','10'),('2116','40','10'),('2101','16','10'),('2115','39','10'),('2108','28','10'),('2110','30','10'),('2132','14','10'),('2109','29','10'),('2104','21','10'),('2103','19','10'),('2098','12','10'),('2102','18','10'),('2094','3','10'),('2113','36','10'),('2111','34','10'),('2100','15','10'),('2112','35','10'),('2105','22','10'),('2106','23','10'),('2107','26','10'),('2099','13','10'),('2097','10','10'),('2096','8','10'),('2095','6','10'),('3036','7','11'),('3035','5','11'),('3042','16','11'),('3052','40','11'),('3051','39','11'),('3033','3','11'),('3041','14','11'),('3048','27','11'),('3050','30','11'),('3049','29','11'),('3039','12','11'),('3045','21','11'),('3043','19','11'),('3044','20','11'),('3040','13','11'),('3047','26','11'),('3046','25','11'),('3037','8','11'),('3038','11','11'),('3034','4','11'),('3159','7','12'),('3158','5','12'),('3165','16','12'),('3175','40','12'),('3174','39','12'),('3156','3','12'),('3164','14','12'),('3171','27','12'),('3173','30','12'),('3172','29','12'),('3162','12','12'),('3168','21','12'),('3166','19','12'),('3167','20','12'),('3163','13','12'),('3170','26','12'),('3169','25','12'),('3160','8','12'),('3161','11','12'),('3157','4','12'),('3282','7','13'),('3281','5','13'),('3298','40','13'),('3288','16','13'),('3297','39','13'),('3294','27','13'),('3296','30','13'),('3287','14','13'),('3295','29','13'),('3291','21','13'),('3289','19','13'),('3285','12','13'),('3290','20','13'),('3279','3','13'),('3293','26','13'),('3286','13','13'),('3292','25','13'),('3283','8','13'),('3284','11','13'),('3280','4','13'),('3405','7','14'),('3404','5','14'),('3421','40','14'),('3411','16','14'),('3420','39','14'),('3417','27','14'),('3419','30','14'),('3410','14','14'),('3418','29','14'),('3414','21','14'),('3412','19','14'),('3408','12','14'),('3413','20','14'),('3402','3','14'),('3416','26','14'),('3409','13','14'),('3415','25','14'),('3407','11','14'),('3406','8','14'),('3403','4','14'),('3526','5','15'),('3543','40','15'),('3533','16','15'),('3542','39','15'),('3539','27','15'),('3541','30','15'),('3532','14','15'),('3540','29','15'),('3536','21','15'),('3534','19','15'),('3535','20','15'),('3530','12','15'),('3525','3','15'),('3538','26','15'),('3531','13','15'),('3537','25','15'),('3529','11','15'),('3528','8','15'),('3527','6','15'),('4400','5','16'),('4407','16','16'),('4418','38','16'),('4417','37','16'),('4419','39','16'),('4398','3','16'),('4414','28','16'),('4406','14','16'),('4416','31','16'),('4415','29','16'),('4408','17','16'),('4404','12','16'),('4410','21','16'),('4409','20','16'),('4411','22','16'),('4405','13','16'),('4413','26','16'),('4412','24','16'),('4402','8','16'),('4403','9','16'),('4401','6','16'),('4399','4','16'),('4538','5','17'),('4556','38','17'),('4545','16','17'),('4555','37','17'),('4557','39','17'),('4552','28','17'),('4544','14','17'),('4554','31','17'),('4553','29','17'),('4546','17','17'),('4548','21','17'),('4542','12','17'),('4547','20','17'),('4536','3','17'),('4549','22','17'),('4551','26','17'),('4543','13','17'),('4550','24','17'),('4541','9','17'),('4540','8','17'),('4539','6','17'),('4537','4','17'),('4676','5','18'),('4694','38','18'),('4683','16','18'),('4693','37','18'),('4695','39','18'),('4690','28','18'),('4682','14','18'),('4692','31','18'),('4691','29','18'),('4684','17','18'),('4686','21','18'),('4680','12','18'),('4685','20','18'),('4674','3','18'),('4687','22','18'),('4689','26','18'),('4681','13','18'),('4688','24','18'),('4679','9','18'),('4678','8','18'),('4677','6','18'),('4675','4','18'),('4814','5','19'),('4832','38','19'),('4831','37','19'),('4821','16','19'),('4833','39','19'),('4828','28','19'),('4830','31','19'),('4820','14','19'),('4829','29','19'),('4822','17','19'),('4824','21','19'),('4823','20','19'),('4818','12','19'),('4812','3','19'),('4825','22','19'),('4827','26','19'),('4826','24','19'),('4819','13','19'),('4817','9','19'),('4816','8','19'),('4815','6','19'),('4813','4','19'),('4952','5','20'),('4970','38','20'),('4969','37','20'),('4971','39','20'),('4959','16','20'),('4966','28','20'),('4968','31','20'),('4967','29','20'),('4958','14','20'),('4960','17','20'),('4962','21','20'),('4961','20','20'),('4956','12','20'),('4963','22','20'),('4965','26','20'),('4964','24','20'),('4957','13','20'),('4950','3','20'),('4955','9','20'),('4954','8','20'),('4953','6','20'),('4951','4','20');

--
-- Table structure for table `cataloginventory_stock`
--

CREATE TABLE `cataloginventory_stock` (
  `stock_id` smallint(5) unsigned NOT NULL AUTO_INCREMENT COMMENT 'Stock Id',
  `website_id` smallint(5) unsigned NOT NULL COMMENT 'Website Id',
  `stock_name` varchar(255) DEFAULT NULL COMMENT 'Stock Name',
  PRIMARY KEY (`stock_id`),
  KEY `CATALOGINVENTORY_STOCK_WEBSITE_ID` (`website_id`)
) ENGINE=InnoDB AUTO_INCREMENT=2 DEFAULT CHARSET=utf8 COMMENT='Cataloginventory Stock';

--
-- Dumping data for table `cataloginventory_stock`
--

INSERT INTO `cataloginventory_stock` VALUES (1,0,'Default');

--
-- Table structure for table `cataloginventory_stock_item`
--

CREATE TABLE `cataloginventory_stock_item` (
  `item_id` int(10) unsigned NOT NULL AUTO_INCREMENT COMMENT 'Item Id',
  `product_id` int(10) unsigned NOT NULL DEFAULT '0' COMMENT 'Product Id',
  `stock_id` smallint(5) unsigned NOT NULL DEFAULT '0' COMMENT 'Stock Id',
  `qty` decimal(12,4) DEFAULT NULL COMMENT 'Qty',
  `min_qty` decimal(12,4) NOT NULL DEFAULT '0.0000' COMMENT 'Min Qty',
  `use_config_min_qty` smallint(5) unsigned NOT NULL DEFAULT '1' COMMENT 'Use Config Min Qty',
  `is_qty_decimal` smallint(5) unsigned NOT NULL DEFAULT '0' COMMENT 'Is Qty Decimal',
  `backorders` smallint(5) unsigned NOT NULL DEFAULT '0' COMMENT 'Backorders',
  `use_config_backorders` smallint(5) unsigned NOT NULL DEFAULT '1' COMMENT 'Use Config Backorders',
  `min_sale_qty` decimal(12,4) NOT NULL DEFAULT '1.0000' COMMENT 'Min Sale Qty',
  `use_config_min_sale_qty` smallint(5) unsigned NOT NULL DEFAULT '1' COMMENT 'Use Config Min Sale Qty',
  `max_sale_qty` decimal(12,4) NOT NULL DEFAULT '0.0000' COMMENT 'Max Sale Qty',
  `use_config_max_sale_qty` smallint(5) unsigned NOT NULL DEFAULT '1' COMMENT 'Use Config Max Sale Qty',
  `is_in_stock` smallint(5) unsigned NOT NULL DEFAULT '0' COMMENT 'Is In Stock',
  `low_stock_date` timestamp NULL DEFAULT NULL COMMENT 'Low Stock Date',
  `notify_stock_qty` decimal(12,4) DEFAULT NULL COMMENT 'Notify Stock Qty',
  `use_config_notify_stock_qty` smallint(5) unsigned NOT NULL DEFAULT '1' COMMENT 'Use Config Notify Stock Qty',
  `manage_stock` smallint(5) unsigned NOT NULL DEFAULT '0' COMMENT 'Manage Stock',
  `use_config_manage_stock` smallint(5) unsigned NOT NULL DEFAULT '1' COMMENT 'Use Config Manage Stock',
  `stock_status_changed_auto` smallint(5) unsigned NOT NULL DEFAULT '0' COMMENT 'Stock Status Changed Automatically',
  `use_config_qty_increments` smallint(5) unsigned NOT NULL DEFAULT '1' COMMENT 'Use Config Qty Increments',
  `qty_increments` decimal(12,4) NOT NULL DEFAULT '0.0000' COMMENT 'Qty Increments',
  `use_config_enable_qty_inc` smallint(5) unsigned NOT NULL DEFAULT '1' COMMENT 'Use Config Enable Qty Increments',
  `enable_qty_increments` smallint(5) unsigned NOT NULL DEFAULT '0' COMMENT 'Enable Qty Increments',
  `is_decimal_divided` smallint(5) unsigned NOT NULL DEFAULT '0' COMMENT 'Is Divided into Multiple Boxes for Shipping',
  `website_id` smallint(5) unsigned NOT NULL DEFAULT '0' COMMENT 'Is Divided into Multiple Boxes for Shipping',
  PRIMARY KEY (`item_id`),
  UNIQUE KEY `CATALOGINVENTORY_STOCK_ITEM_PRODUCT_ID_STOCK_ID` (`product_id`,`stock_id`),
  KEY `CATALOGINVENTORY_STOCK_ITEM_WEBSITE_ID` (`website_id`),
  KEY `CATALOGINVENTORY_STOCK_ITEM_STOCK_ID` (`stock_id`)
) ENGINE=InnoDB AUTO_INCREMENT=36 DEFAULT CHARSET=utf8 COMMENT='Cataloginventory Stock Item';

--
-- Dumping data for table `cataloginventory_stock_item`
--

INSERT INTO `cataloginventory_stock_item` VALUES ('1','1',1,'4323.0000','0.0000',1,0,0,1,'1.0000',1,'10000.0000',1,1,NULL,'1.0000',1,1,1,0,1,'1.0000',1,0,0,0),('2','2',1,'54443.0000','0.0000',1,0,0,1,'1.0000',1,'10000.0000',1,1,NULL,'1.0000',1,1,1,0,1,'1.0000',1,0,0,0),('3','3',1,'5432.0000','0.0000',1,0,0,1,'1.0000',1,'10000.0000',1,1,NULL,'1.0000',1,1,1,0,1,'1.0000',1,0,0,0),('4','4',1,'7565.0000','0.0000',1,0,0,1,'1.0000',1,'10000.0000',1,1,NULL,'1.0000',1,1,1,0,1,'1.0000',1,0,0,0),('5','5',1,'7564.0000','0.0000',1,0,0,1,'1.0000',1,'10000.0000',1,1,NULL,'1.0000',1,1,1,0,1,'1.0000',1,0,0,0),('6','6',1,'6662.0000','0.0000',1,0,0,1,'1.0000',1,'10000.0000',1,0,NULL,'1.0000',1,1,1,0,1,'1.0000',1,0,0,0),('7','7',1,'6854.0000','0.0000',1,0,0,1,'1.0000',1,'10000.0000',1,1,NULL,'1.0000',1,1,1,0,1,'1.0000',1,0,0,0),('8','8',1,'6544.0000','0.0000',1,0,0,1,'1.0000',1,'10000.0000',1,1,NULL,'1.0000',1,1,1,0,1,'1.0000',1,0,0,0),('9','9',1,'2754.0000','0.0000',1,0,0,1,'1.0000',1,'10000.0000',1,1,NULL,'1.0000',1,1,1,0,1,'1.0000',1,0,0,0),('10','10',1,'6543.0000','0.0000',1,0,0,1,'1.0000',1,'10000.0000',1,1,NULL,'1.0000',1,1,1,0,1,'1.0000',1,0,0,0),('11','11',1,'7563.0000','0.0000',1,0,0,1,'1.0000',1,'10000.0000',1,1,NULL,'1.0000',1,1,1,0,1,'1.0000',1,0,0,0),('12','12',1,'6544.0000','0.0000',1,0,0,1,'1.0000',1,'10000.0000',1,1,NULL,'1.0000',1,1,1,0,1,'1.0000',1,0,0,0),('13','13',1,'5333.0000','0.0000',1,0,0,1,'1.0000',1,'10000.0000',1,1,NULL,'1.0000',1,1,1,0,1,'1.0000',1,0,0,0),('14','14',1,'5432.0000','0.0000',1,0,0,1,'1.0000',1,'10000.0000',1,1,NULL,'1.0000',1,1,1,0,1,'1.0000',1,0,0,0),('15','15',1,'9776.0000','0.0000',1,0,0,1,'1.0000',1,'10000.0000',1,1,NULL,'1.0000',1,1,1,0,1,'1.0000',1,0,0,0),('16','16',1,'0.0000','0.0000',1,0,0,1,'1.0000',1,'10000.0000',1,1,NULL,'1.0000',1,1,1,0,1,'1.0000',1,0,0,0),('17','17',1,'0.0000','0.0000',1,0,0,1,'1.0000',1,'10000.0000',1,1,NULL,'1.0000',1,1,1,0,1,'1.0000',1,0,0,0),('18','18',1,'0.0000','0.0000',1,0,0,1,'1.0000',1,'10000.0000',1,1,NULL,'1.0000',1,1,1,0,1,'1.0000',1,0,0,0),('19','19',1,'0.0000','0.0000',1,0,0,1,'1.0000',1,'10000.0000',1,1,NULL,'1.0000',1,1,1,0,1,'1.0000',1,0,0,0),('20','20',1,'0.0000','0.0000',1,0,0,1,'1.0000',1,'10000.0000',1,1,NULL,'1.0000',1,1,1,0,1,'1.0000',1,0,0,0),('21','21',1,'98.0000','0.0000',1,0,0,1,'1.0000',1,'10000.0000',1,1,NULL,'1.0000',1,1,1,0,1,'1.0000',1,0,0,0),('22','22',1,'89.0000','0.0000',1,0,0,1,'1.0000',1,'10000.0000',1,1,NULL,'1.0000',1,1,1,0,1,'1.0000',1,0,0,0),('23','23',1,'98.0000','0.0000',1,0,0,1,'1.0000',1,'10000.0000',1,1,NULL,'1.0000',1,1,1,0,1,'1.0000',1,0,0,0),('24','24',1,'87.0000','0.0000',1,0,0,1,'1.0000',1,'10000.0000',1,1,NULL,'1.0000',1,1,1,0,1,'1.0000',1,0,0,0),('25','25',1,'87.0000','0.0000',1,0,0,1,'1.0000',1,'10000.0000',1,1,NULL,'1.0000',1,1,1,0,1,'1.0000',1,0,0,0),('26','26',1,'87.0000','0.0000',1,0,0,1,'1.0000',1,'10000.0000',1,1,NULL,'1.0000',1,1,1,0,1,'1.0000',1,0,0,0),('27','27',1,'87.0000','0.0000',1,0,0,1,'1.0000',1,'10000.0000',1,1,NULL,'1.0000',1,1,1,0,1,'1.0000',1,0,0,0),('28','28',1,'78.0000','0.0000',1,0,0,1,'1.0000',1,'10000.0000',1,1,NULL,'1.0000',1,1,1,0,1,'1.0000',1,0,0,0),('29','29',1,'78.0000','0.0000',1,0,0,1,'1.0000',1,'10000.0000',1,1,NULL,'1.0000',1,1,1,0,1,'1.0000',1,0,0,0),('30','30',1,'76.0000','0.0000',1,0,0,1,'1.0000',1,'10000.0000',1,1,NULL,'1.0000',1,1,1,0,1,'1.0000',1,0,0,0),('31','31',1,'76.0000','0.0000',1,0,0,1,'1.0000',1,'10000.0000',1,1,NULL,'1.0000',1,1,1,0,1,'1.0000',1,0,0,0),('32','32',1,'76.0000','0.0000',1,0,0,1,'1.0000',1,'10000.0000',1,1,NULL,'1.0000',1,1,1,0,1,'1.0000',1,0,0,0),('33','33',1,'97.0000','0.0000',1,0,0,1,'1.0000',1,'10000.0000',1,1,NULL,'1.0000',1,1,1,0,1,'1.0000',1,0,0,0),('34','34',1,'98.0000','0.0000',1,0,0,1,'1.0000',1,'10000.0000',1,1,NULL,'1.0000',1,1,1,0,1,'1.0000',1,0,0,0),('35','35',1,'89.0000','0.0000',1,0,0,1,'1.0000',1,'10000.0000',1,1,NULL,'1.0000',1,1,1,0,1,'1.0000',1,0,0,0);

--
-- Table structure for table `cataloginventory_stock_status`
--

CREATE TABLE `cataloginventory_stock_status` (
  `product_id` int(10) unsigned NOT NULL COMMENT 'Product Id',
  `website_id` smallint(5) unsigned NOT NULL COMMENT 'Website Id',
  `stock_id` smallint(5) unsigned NOT NULL COMMENT 'Stock Id',
  `qty` decimal(12,4) NOT NULL DEFAULT '0.0000' COMMENT 'Qty',
  `stock_status` smallint(5) unsigned NOT NULL COMMENT 'Stock Status',
  PRIMARY KEY (`product_id`,`website_id`,`stock_id`),
  KEY `CATALOGINVENTORY_STOCK_STATUS_STOCK_ID` (`stock_id`),
  KEY `CATALOGINVENTORY_STOCK_STATUS_WEBSITE_ID` (`website_id`),
  KEY `CATALOGINVENTORY_STOCK_STATUS_STOCK_STATUS` (`stock_status`)
) ENGINE=InnoDB DEFAULT CHARSET=utf8 COMMENT='Cataloginventory Stock Status';

--
-- Dumping data for table `cataloginventory_stock_status`
--

INSERT INTO `cataloginventory_stock_status` VALUES ('1',0,1,'4323.0000',1),('2',0,1,'54443.0000',1),('3',0,1,'5432.0000',1),('4',0,1,'7565.0000',1),('5',0,1,'7564.0000',1),('6',0,1,'6662.0000',0),('7',0,1,'6854.0000',1),('8',0,1,'6544.0000',1),('9',0,1,'2754.0000',1),('10',0,1,'6543.0000',1),('11',0,1,'7563.0000',1),('12',0,1,'6544.0000',1),('13',0,1,'5333.0000',1),('14',0,1,'5432.0000',1),('15',0,1,'9776.0000',1),('16',0,1,'0.0000',1),('17',0,1,'0.0000',1),('18',0,1,'0.0000',1),('19',0,1,'0.0000',1),('20',0,1,'0.0000',1),('21',0,1,'98.0000',1),('22',0,1,'89.0000',1),('23',0,1,'98.0000',1),('24',0,1,'87.0000',1),('25',0,1,'87.0000',1),('26',0,1,'87.0000',1),('27',0,1,'87.0000',1),('28',0,1,'78.0000',1),('29',0,1,'78.0000',1),('30',0,1,'76.0000',1),('31',0,1,'76.0000',1),('32',0,1,'76.0000',1),('33',0,1,'97.0000',1),('34',0,1,'98.0000',1),('35',0,1,'89.0000',1);

--
-- Table structure for table `cataloginventory_stock_status_idx`
--

CREATE TABLE `cataloginventory_stock_status_idx` (
  `product_id` int(10) unsigned NOT NULL COMMENT 'Product Id',
  `website_id` smallint(5) unsigned NOT NULL COMMENT 'Website Id',
  `stock_id` smallint(5) unsigned NOT NULL COMMENT 'Stock Id',
  `qty` decimal(12,4) NOT NULL DEFAULT '0.0000' COMMENT 'Qty',
  `stock_status` smallint(5) unsigned NOT NULL COMMENT 'Stock Status',
  PRIMARY KEY (`product_id`,`website_id`,`stock_id`),
  KEY `CATALOGINVENTORY_STOCK_STATUS_IDX_STOCK_ID` (`stock_id`),
  KEY `CATALOGINVENTORY_STOCK_STATUS_IDX_WEBSITE_ID` (`website_id`)
) ENGINE=InnoDB DEFAULT CHARSET=utf8 COMMENT='Cataloginventory Stock Status Indexer Idx';

--
-- Table structure for table `cataloginventory_stock_status_replica`
--

CREATE TABLE `cataloginventory_stock_status_replica` (
  `product_id` int(10) unsigned NOT NULL COMMENT 'Product Id',
  `website_id` smallint(5) unsigned NOT NULL COMMENT 'Website Id',
  `stock_id` smallint(5) unsigned NOT NULL COMMENT 'Stock Id',
  `qty` decimal(12,4) NOT NULL DEFAULT '0.0000' COMMENT 'Qty',
  `stock_status` smallint(5) unsigned NOT NULL COMMENT 'Stock Status',
  PRIMARY KEY (`product_id`,`website_id`,`stock_id`),
  KEY `CATALOGINVENTORY_STOCK_STATUS_STOCK_ID` (`stock_id`),
  KEY `CATALOGINVENTORY_STOCK_STATUS_WEBSITE_ID` (`website_id`),
  KEY `CATALOGINVENTORY_STOCK_STATUS_STOCK_STATUS` (`stock_status`)
) ENGINE=InnoDB DEFAULT CHARSET=utf8 COMMENT='Cataloginventory Stock Status';

--
-- Dumping data for table `cataloginventory_stock_status_replica`
--

INSERT INTO `cataloginventory_stock_status_replica` VALUES ('1',0,1,'4323.0000',1),('2',0,1,'54443.0000',1),('3',0,1,'5432.0000',1),('4',0,1,'7565.0000',1),('5',0,1,'7564.0000',1),('6',0,1,'6662.0000',0),('7',0,1,'6854.0000',1),('8',0,1,'6544.0000',1),('9',0,1,'2754.0000',1),('10',0,1,'6543.0000',1),('11',0,1,'7563.0000',1),('12',0,1,'6544.0000',1),('13',0,1,'5333.0000',1),('14',0,1,'5432.0000',1),('15',0,1,'9776.0000',1),('16',0,1,'0.0000',1),('17',0,1,'0.0000',1),('18',0,1,'0.0000',1),('19',0,1,'0.0000',1),('20',0,1,'0.0000',1),('21',0,1,'98.0000',1),('22',0,1,'89.0000',1),('23',0,1,'98.0000',1),('24',0,1,'87.0000',1),('25',0,1,'87.0000',1),('26',0,1,'87.0000',1),('27',0,1,'87.0000',1),('28',0,1,'78.0000',1),('29',0,1,'78.0000',1),('30',0,1,'76.0000',1),('31',0,1,'76.0000',1),('32',0,1,'76.0000',1),('33',0,1,'97.0000',1),('34',0,1,'98.0000',1),('35',0,1,'89.0000',1);

--
-- Table structure for table `cataloginventory_stock_status_tmp`
--

CREATE TABLE `cataloginventory_stock_status_tmp` (
  `product_id` int(10) unsigned NOT NULL COMMENT 'Product Id',
  `website_id` smallint(5) unsigned NOT NULL COMMENT 'Website Id',
  `stock_id` smallint(5) unsigned NOT NULL COMMENT 'Stock Id',
  `qty` decimal(12,4) NOT NULL DEFAULT '0.0000' COMMENT 'Qty',
  `stock_status` smallint(5) unsigned NOT NULL COMMENT 'Stock Status',
  PRIMARY KEY (`product_id`,`website_id`,`stock_id`),
  KEY `CATALOGINVENTORY_STOCK_STATUS_TMP_STOCK_ID` (`stock_id`),
  KEY `CATALOGINVENTORY_STOCK_STATUS_TMP_WEBSITE_ID` (`website_id`)
) ENGINE=MEMORY DEFAULT CHARSET=utf8 COMMENT='Cataloginventory Stock Status Indexer Tmp';

--
-- Table structure for table `catalogrule`
--

CREATE TABLE `catalogrule` (
  `rule_id` int(10) unsigned NOT NULL AUTO_INCREMENT COMMENT 'Rule Id',
  `name` varchar(255) DEFAULT NULL COMMENT 'Name',
  `description` text COMMENT 'Description',
  `from_date` date DEFAULT NULL COMMENT 'From',
  `to_date` date DEFAULT NULL COMMENT 'To',
  `is_active` smallint(6) NOT NULL DEFAULT '0' COMMENT 'Is Active',
  `conditions_serialized` mediumtext COMMENT 'Conditions Serialized',
  `actions_serialized` mediumtext COMMENT 'Actions Serialized',
  `stop_rules_processing` smallint(6) NOT NULL DEFAULT '1' COMMENT 'Stop Rules Processing',
  `sort_order` int(10) unsigned NOT NULL DEFAULT '0' COMMENT 'Sort Order',
  `simple_action` varchar(32) DEFAULT NULL COMMENT 'Simple Action',
  `discount_amount` decimal(12,4) NOT NULL DEFAULT '0.0000' COMMENT 'Discount Amount',
  PRIMARY KEY (`rule_id`),
  KEY `CATALOGRULE_IS_ACTIVE_SORT_ORDER_TO_DATE_FROM_DATE` (`is_active`,`sort_order`,`to_date`,`from_date`)
) ENGINE=InnoDB DEFAULT CHARSET=utf8 COMMENT='CatalogRule';

--
-- Table structure for table `catalogrule_customer_group`
--

CREATE TABLE `catalogrule_customer_group` (
  `rule_id` int(10) unsigned NOT NULL COMMENT 'Rule Id',
  `customer_group_id` int(10) unsigned NOT NULL,
  PRIMARY KEY (`rule_id`,`customer_group_id`),
  KEY `CATALOGRULE_CUSTOMER_GROUP_CUSTOMER_GROUP_ID` (`customer_group_id`)
) ENGINE=InnoDB DEFAULT CHARSET=utf8 COMMENT='Catalog Rules To Customer Groups Relations';

--
-- Table structure for table `catalogrule_group_website`
--

CREATE TABLE `catalogrule_group_website` (
  `rule_id` int(10) unsigned NOT NULL DEFAULT '0' COMMENT 'Rule Id',
  `customer_group_id` int(10) unsigned NOT NULL DEFAULT '0',
  `website_id` smallint(5) unsigned NOT NULL DEFAULT '0' COMMENT 'Website Id',
  PRIMARY KEY (`rule_id`,`customer_group_id`,`website_id`),
  KEY `CATALOGRULE_GROUP_WEBSITE_CUSTOMER_GROUP_ID` (`customer_group_id`),
  KEY `CATALOGRULE_GROUP_WEBSITE_WEBSITE_ID` (`website_id`)
) ENGINE=InnoDB DEFAULT CHARSET=utf8 COMMENT='CatalogRule Group Website';

--
-- Table structure for table `catalogrule_group_website_replica`
--

CREATE TABLE `catalogrule_group_website_replica` (
  `rule_id` int(10) unsigned NOT NULL DEFAULT '0' COMMENT 'Rule Id',
  `customer_group_id` int(10) unsigned NOT NULL DEFAULT '0',
  `website_id` smallint(5) unsigned NOT NULL DEFAULT '0' COMMENT 'Website Id',
  PRIMARY KEY (`rule_id`,`customer_group_id`,`website_id`),
  KEY `CATALOGRULE_GROUP_WEBSITE_CUSTOMER_GROUP_ID` (`customer_group_id`),
  KEY `CATALOGRULE_GROUP_WEBSITE_WEBSITE_ID` (`website_id`)
) ENGINE=InnoDB DEFAULT CHARSET=utf8 COMMENT='CatalogRule Group Website';

--
-- Table structure for table `catalogrule_product`
--

CREATE TABLE `catalogrule_product` (
  `rule_product_id` int(10) unsigned NOT NULL AUTO_INCREMENT COMMENT 'Rule Product Id',
  `rule_id` int(10) unsigned NOT NULL DEFAULT '0' COMMENT 'Rule Id',
  `from_time` int(10) unsigned NOT NULL DEFAULT '0' COMMENT 'From Time',
  `to_time` int(10) unsigned NOT NULL DEFAULT '0' COMMENT 'To time',
  `customer_group_id` int(11) DEFAULT NULL,
  `product_id` int(10) unsigned NOT NULL DEFAULT '0' COMMENT 'Product Id',
  `action_operator` varchar(10) DEFAULT 'to_fixed' COMMENT 'Action Operator',
  `action_amount` decimal(12,4) NOT NULL DEFAULT '0.0000' COMMENT 'Action Amount',
  `action_stop` smallint(6) NOT NULL DEFAULT '0' COMMENT 'Action Stop',
  `sort_order` int(10) unsigned NOT NULL DEFAULT '0' COMMENT 'Sort Order',
  `website_id` smallint(5) unsigned NOT NULL COMMENT 'Website Id',
  PRIMARY KEY (`rule_product_id`),
  UNIQUE KEY `IDX_EAA51B56FF092A0DCB795D1CEF812B7B` (`rule_id`,`from_time`,`to_time`,`website_id`,`customer_group_id`,`product_id`,`sort_order`),
  KEY `CATALOGRULE_PRODUCT_CUSTOMER_GROUP_ID` (`customer_group_id`),
  KEY `CATALOGRULE_PRODUCT_WEBSITE_ID` (`website_id`),
  KEY `CATALOGRULE_PRODUCT_FROM_TIME` (`from_time`),
  KEY `CATALOGRULE_PRODUCT_TO_TIME` (`to_time`),
  KEY `CATALOGRULE_PRODUCT_PRODUCT_ID` (`product_id`)
) ENGINE=InnoDB DEFAULT CHARSET=utf8 COMMENT='CatalogRule Product';

--
-- Table structure for table `catalogrule_product_price`
--

CREATE TABLE `catalogrule_product_price` (
  `rule_product_price_id` int(10) unsigned NOT NULL AUTO_INCREMENT COMMENT 'Rule Product PriceId',
  `rule_date` date NOT NULL COMMENT 'Rule Date',
  `customer_group_id` int(11) DEFAULT NULL,
  `product_id` int(10) unsigned NOT NULL DEFAULT '0' COMMENT 'Product Id',
  `rule_price` decimal(12,4) NOT NULL DEFAULT '0.0000' COMMENT 'Rule Price',
  `website_id` smallint(5) unsigned NOT NULL COMMENT 'Website Id',
  `latest_start_date` date DEFAULT NULL COMMENT 'Latest StartDate',
  `earliest_end_date` date DEFAULT NULL COMMENT 'Earliest EndDate',
  PRIMARY KEY (`rule_product_price_id`),
  UNIQUE KEY `CATRULE_PRD_PRICE_RULE_DATE_WS_ID_CSTR_GROUP_ID_PRD_ID` (`rule_date`,`website_id`,`customer_group_id`,`product_id`),
  KEY `CATALOGRULE_PRODUCT_PRICE_CUSTOMER_GROUP_ID` (`customer_group_id`),
  KEY `CATALOGRULE_PRODUCT_PRICE_WEBSITE_ID` (`website_id`),
  KEY `CATALOGRULE_PRODUCT_PRICE_PRODUCT_ID` (`product_id`)
) ENGINE=InnoDB DEFAULT CHARSET=utf8 COMMENT='CatalogRule Product Price';

--
-- Table structure for table `catalogrule_product_price_replica`
--

CREATE TABLE `catalogrule_product_price_replica` (
  `rule_product_price_id` int(10) unsigned NOT NULL AUTO_INCREMENT COMMENT 'Rule Product PriceId',
  `rule_date` date NOT NULL COMMENT 'Rule Date',
  `customer_group_id` int(11) DEFAULT NULL,
  `product_id` int(10) unsigned NOT NULL DEFAULT '0' COMMENT 'Product Id',
  `rule_price` decimal(12,4) NOT NULL DEFAULT '0.0000' COMMENT 'Rule Price',
  `website_id` smallint(5) unsigned NOT NULL COMMENT 'Website Id',
  `latest_start_date` date DEFAULT NULL COMMENT 'Latest StartDate',
  `earliest_end_date` date DEFAULT NULL COMMENT 'Earliest EndDate',
  PRIMARY KEY (`rule_product_price_id`),
  UNIQUE KEY `CATRULE_PRD_PRICE_RULE_DATE_WS_ID_CSTR_GROUP_ID_PRD_ID` (`rule_date`,`website_id`,`customer_group_id`,`product_id`),
  KEY `CATALOGRULE_PRODUCT_PRICE_CUSTOMER_GROUP_ID` (`customer_group_id`),
  KEY `CATALOGRULE_PRODUCT_PRICE_WEBSITE_ID` (`website_id`),
  KEY `CATALOGRULE_PRODUCT_PRICE_PRODUCT_ID` (`product_id`)
) ENGINE=InnoDB DEFAULT CHARSET=utf8 COMMENT='CatalogRule Product Price';

--
-- Table structure for table `catalogrule_product_replica`
--

CREATE TABLE `catalogrule_product_replica` (
  `rule_product_id` int(10) unsigned NOT NULL AUTO_INCREMENT COMMENT 'Rule Product Id',
  `rule_id` int(10) unsigned NOT NULL DEFAULT '0' COMMENT 'Rule Id',
  `from_time` int(10) unsigned NOT NULL DEFAULT '0' COMMENT 'From Time',
  `to_time` int(10) unsigned NOT NULL DEFAULT '0' COMMENT 'To time',
  `customer_group_id` int(11) DEFAULT NULL,
  `product_id` int(10) unsigned NOT NULL DEFAULT '0' COMMENT 'Product Id',
  `action_operator` varchar(10) DEFAULT 'to_fixed' COMMENT 'Action Operator',
  `action_amount` decimal(12,4) NOT NULL DEFAULT '0.0000' COMMENT 'Action Amount',
  `action_stop` smallint(6) NOT NULL DEFAULT '0' COMMENT 'Action Stop',
  `sort_order` int(10) unsigned NOT NULL DEFAULT '0' COMMENT 'Sort Order',
  `website_id` smallint(5) unsigned NOT NULL COMMENT 'Website Id',
  PRIMARY KEY (`rule_product_id`),
  UNIQUE KEY `IDX_EAA51B56FF092A0DCB795D1CEF812B7B` (`rule_id`,`from_time`,`to_time`,`website_id`,`customer_group_id`,`product_id`,`sort_order`),
  KEY `CATALOGRULE_PRODUCT_CUSTOMER_GROUP_ID` (`customer_group_id`),
  KEY `CATALOGRULE_PRODUCT_WEBSITE_ID` (`website_id`),
  KEY `CATALOGRULE_PRODUCT_FROM_TIME` (`from_time`),
  KEY `CATALOGRULE_PRODUCT_TO_TIME` (`to_time`),
  KEY `CATALOGRULE_PRODUCT_PRODUCT_ID` (`product_id`)
) ENGINE=InnoDB DEFAULT CHARSET=utf8 COMMENT='CatalogRule Product';

--
-- Table structure for table `catalogrule_website`
--

CREATE TABLE `catalogrule_website` (
  `rule_id` int(10) unsigned NOT NULL COMMENT 'Rule Id',
  `website_id` smallint(5) unsigned NOT NULL COMMENT 'Website Id',
  PRIMARY KEY (`rule_id`,`website_id`),
  KEY `CATALOGRULE_WEBSITE_WEBSITE_ID` (`website_id`)
) ENGINE=InnoDB DEFAULT CHARSET=utf8 COMMENT='Catalog Rules To Websites Relations';

--
-- Table structure for table `catalogsearch_fulltext_scope1`
--

CREATE TABLE `catalogsearch_fulltext_scope1` (
  `entity_id` int(10) unsigned NOT NULL COMMENT 'Entity ID',
  `attribute_id` int(10) unsigned NOT NULL COMMENT 'Attribute_id',
  `data_index` longtext COMMENT 'Data index',
  PRIMARY KEY (`entity_id`,`attribute_id`),
  FULLTEXT KEY `FTI_FULLTEXT_DATA_INDEX` (`data_index`)
) ENGINE=InnoDB DEFAULT CHARSET=utf8 COMMENT='catalogsearch_fulltext_scope1_tmp';

--
-- Dumping data for table `catalogsearch_fulltext_scope1`
--

INSERT INTO `catalogsearch_fulltext_scope1` VALUES ('1','70','Torn Leg Wrap Block Heel Sandals'),('1','71','7565'),('1','72','Fashion was originally established as a source of exclusive designer clothing at affordable prices. Even though our activity has always been aimed at improving the modern fashion industry, we have never been a part of what is called \"fashion mainstream\". Our designers and stylists create more & more original clothes from year to year. We also deal with journalism in fashion industry – members of our team educate and employ new editors, photographers and journalists who promote new trends in modern fashion. While other fashion websites offer different range of clothes from various clothing manufacturers, we make a great difference in comparison with our competitors. In 2005, when our company appeared, we decided that our appearance in the world of fashion should completely change the established trends for the better. That\'s why today we value aspiring and talented people more than designers and stylists with the incredible reputation. Their reputation means nothing when it goes to creating something extraordinarily original and captivating, whether it is a new summer collection or a fresh issue of your favorite fashion magazine. As a unique solution for designers, stylists, fashion journalists and clothing manufacturers, our website provides a wide range of services and products connected with the world of fashion. Here we combined the top features of a fashion blog and made it a starting ground for aspiring journalists while also organizing an educational center for designers and stylists. For 10 years of our activity both on the Web and during various fashion shows all around the world, we have been offering members of our team a unique chance to become a part of the fashion industry and make a significant contribution to it.'),('1','73','Fashion was originally established as a source of exclusive designer clothing at affordable prices.'),('1','137','for Her'),('1','140','China'),('1','142','Office & Career'),('2','70','Avery Off Shoulder Dress'),('2','71','5654'),('2','72','Fashion was originally established as a source of exclusive designer clothing at affordable prices. Even though our activity has always been aimed at improving the modern fashion industry, we have never been a part of what is called \"fashion mainstream\". Our designers and stylists create more & more original clothes from year to year. We also deal with journalism in fashion industry – members of our team educate and employ new editors, photographers and journalists who promote new trends in modern fashion. While other fashion websites offer different range of clothes from various clothing manufacturers, we make a great difference in comparison with our competitors. In 2005, when our company appeared, we decided that our appearance in the world of fashion should completely change the established trends for the better. That\'s why today we value aspiring and talented people more than designers and stylists with the incredible reputation. Their reputation means nothing when it goes to creating something extraordinarily original and captivating, whether it is a new summer collection or a fresh issue of your favorite fashion magazine. As a unique solution for designers, stylists, fashion journalists and clothing manufacturers, our website provides a wide range of services and products connected with the world of fashion. Here we combined the top features of a fashion blog and made it a starting ground for aspiring journalists while also organizing an educational center for designers and stylists. For 10 years of our activity both on the Web and during various fashion shows all around the world, we have been offering members of our team a unique chance to become a part of the fashion industry and make a significant contribution to it.'),('2','73','Fashion was originally established as a source of exclusive designer clothing at affordable prices.'),('2','137','for Her'),('2','140','Germany'),('2','142','Evening & Cocktail'),('3','70','Bella Multi Print Skirts'),('3','71','6532'),('3','72','Fashion was originally established as a source of exclusive designer clothing at affordable prices. Even though our activity has always been aimed at improving the modern fashion industry, we have never been a part of what is called \"fashion mainstream\". Our designers and stylists create more & more original clothes from year to year. We also deal with journalism in fashion industry – members of our team educate and employ new editors, photographers and journalists who promote new trends in modern fashion. While other fashion websites offer different range of clothes from various clothing manufacturers, we make a great difference in comparison with our competitors. In 2005, when our company appeared, we decided that our appearance in the world of fashion should completely change the established trends for the better. That\'s why today we value aspiring and talented people more than designers and stylists with the incredible reputation. Their reputation means nothing when it goes to creating something extraordinarily original and captivating, whether it is a new summer collection or a fresh issue of your favorite fashion magazine. As a unique solution for designers, stylists, fashion journalists and clothing manufacturers, our website provides a wide range of services and products connected with the world of fashion. Here we combined the top features of a fashion blog and made it a starting ground for aspiring journalists while also organizing an educational center for designers and stylists. For 10 years of our activity both on the Web and during various fashion shows all around the world, we have been offering members of our team a unique chance to become a part of the fashion industry and make a significant contribution to it.'),('3','73','Fashion was originally established as a source of exclusive designer clothing at affordable prices.'),('3','137','for Her'),('3','140','China'),('3','142','Casual'),('4','70','Dina Cross Vamp Block Heels'),('4','71','9787'),('4','72','Fashion was originally established as a source of exclusive designer clothing at affordable prices. Even though our activity has always been aimed at improving the modern fashion industry, we have never been a part of what is called \"fashion mainstream\". Our designers and stylists create more & more original clothes from year to year. We also deal with journalism in fashion industry – members of our team educate and employ new editors, photographers and journalists who promote new trends in modern fashion. While other fashion websites offer different range of clothes from various clothing manufacturers, we make a great difference in comparison with our competitors. In 2005, when our company appeared, we decided that our appearance in the world of fashion should completely change the established trends for the better. That\'s why today we value aspiring and talented people more than designers and stylists with the incredible reputation. Their reputation means nothing when it goes to creating something extraordinarily original and captivating, whether it is a new summer collection or a fresh issue of your favorite fashion magazine. As a unique solution for designers, stylists, fashion journalists and clothing manufacturers, our website provides a wide range of services and products connected with the world of fashion. Here we combined the top features of a fashion blog and made it a starting ground for aspiring journalists while also organizing an educational center for designers and stylists. For 10 years of our activity both on the Web and during various fashion shows all around the world, we have been offering members of our team a unique chance to become a part of the fashion industry and make a significant contribution to it.'),('4','73','Fashion was originally established as a source of exclusive designer clothing at affordable prices.'),('4','137','for Her'),('4','140','Italy'),('4','142','Evening & Cocktail'),('5','70','Ditzy Tee Dress'),('5','71','8666'),('5','72','Fashion was originally established as a source of exclusive designer clothing at affordable prices. Even though our activity has always been aimed at improving the modern fashion industry, we have never been a part of what is called \"fashion mainstream\". Our designers and stylists create more & more original clothes from year to year. We also deal with journalism in fashion industry – members of our team educate and employ new editors, photographers and journalists who promote new trends in modern fashion. While other fashion websites offer different range of clothes from various clothing manufacturers, we make a great difference in comparison with our competitors. In 2005, when our company appeared, we decided that our appearance in the world of fashion should completely change the established trends for the better. That\'s why today we value aspiring and talented people more than designers and stylists with the incredible reputation. Their reputation means nothing when it goes to creating something extraordinarily original and captivating, whether it is a new summer collection or a fresh issue of your favorite fashion magazine. As a unique solution for designers, stylists, fashion journalists and clothing manufacturers, our website provides a wide range of services and products connected with the world of fashion. Here we combined the top features of a fashion blog and made it a starting ground for aspiring journalists while also organizing an educational center for designers and stylists. For 10 years of our activity both on the Web and during various fashion shows all around the world, we have been offering members of our team a unique chance to become a part of the fashion industry and make a significant contribution to it.'),('5','73','Fashion was originally established as a source of exclusive designer clothing at affordable prices.'),('5','137','for Her'),('5','140','Italy'),('5','142','Evening & Cocktail'),('6','70','Elouise Skirt'),('6','71','6544'),('6','72','Fashion was originally established as a source of exclusive designer clothing at affordable prices. Even though our activity has always been aimed at improving the modern fashion industry, we have never been a part of what is called \"fashion mainstream\". Our designers and stylists create more & more original clothes from year to year. We also deal with journalism in fashion industry – members of our team educate and employ new editors, photographers and journalists who promote new trends in modern fashion. While other fashion websites offer different range of clothes from various clothing manufacturers, we make a great difference in comparison with our competitors. In 2005, when our company appeared, we decided that our appearance in the world of fashion should completely change the established trends for the better. That\'s why today we value aspiring and talented people more than designers and stylists with the incredible reputation. Their reputation means nothing when it goes to creating something extraordinarily original and captivating, whether it is a new summer collection or a fresh issue of your favorite fashion magazine. As a unique solution for designers, stylists, fashion journalists and clothing manufacturers, our website provides a wide range of services and products connected with the world of fashion. Here we combined the top features of a fashion blog and made it a starting ground for aspiring journalists while also organizing an educational center for designers and stylists. For 10 years of our activity both on the Web and during various fashion shows all around the world, we have been offering members of our team a unique chance to become a part of the fashion industry and make a significant contribution to it.'),('6','73','Fashion was originally established as a source of exclusive designer clothing at affordable prices.'),('6','137','for Her'),('6','140','Germany'),('6','142','Evening & Cocktail'),('7','70','Lana Flutter Mini Dress'),('7','71','2765'),('7','72','Fashion was originally established as a source of exclusive designer clothing at affordable prices. Even though our activity has always been aimed at improving the modern fashion industry, we have never been a part of what is called \"fashion mainstream\". Our designers and stylists create more & more original clothes from year to year. We also deal with journalism in fashion industry – members of our team educate and employ new editors, photographers and journalists who promote new trends in modern fashion. While other fashion websites offer different range of clothes from various clothing manufacturers, we make a great difference in comparison with our competitors. In 2005, when our company appeared, we decided that our appearance in the world of fashion should completely change the established trends for the better. That\'s why today we value aspiring and talented people more than designers and stylists with the incredible reputation. Their reputation means nothing when it goes to creating something extraordinarily original and captivating, whether it is a new summer collection or a fresh issue of your favorite fashion magazine. As a unique solution for designers, stylists, fashion journalists and clothing manufacturers, our website provides a wide range of services and products connected with the world of fashion. Here we combined the top features of a fashion blog and made it a starting ground for aspiring journalists while also organizing an educational center for designers and stylists. For 10 years of our activity both on the Web and during various fashion shows all around the world, we have been offering members of our team a unique chance to become a part of the fashion industry and make a significant contribution to it.'),('7','73','Fashion was originally established as a source of exclusive designer clothing at affordable prices.'),('7','137','for Her'),('7','140','USA'),('7','142','Office & Career'),('8','70','Last Chance Dress'),('8','71','9322'),('8','72','Fashion was originally established as a source of exclusive designer clothing at affordable prices. Even though our activity has always been aimed at improving the modern fashion industry, we have never been a part of what is called \"fashion mainstream\". Our designers and stylists create more & more original clothes from year to year. We also deal with journalism in fashion industry – members of our team educate and employ new editors, photographers and journalists who promote new trends in modern fashion. While other fashion websites offer different range of clothes from various clothing manufacturers, we make a great difference in comparison with our competitors. In 2005, when our company appeared, we decided that our appearance in the world of fashion should completely change the established trends for the better. That\'s why today we value aspiring and talented people more than designers and stylists with the incredible reputation. Their reputation means nothing when it goes to creating something extraordinarily original and captivating, whether it is a new summer collection or a fresh issue of your favorite fashion magazine. As a unique solution for designers, stylists, fashion journalists and clothing manufacturers, our website provides a wide range of services and products connected with the world of fashion. Here we combined the top features of a fashion blog and made it a starting ground for aspiring journalists while also organizing an educational center for designers and stylists. For 10 years of our activity both on the Web and during various fashion shows all around the world, we have been offering members of our team a unique chance to become a part of the fashion industry and make a significant contribution to it.'),('8','73','Fashion was originally established as a source of exclusive designer clothing at affordable prices.'),('8','137','for Her'),('8','140','Italy'),('8','142','Office & Career'),('9','70','Olive Linen Floral Skirt'),('9','71','6521'),('9','72','Fashion was originally established as a source of exclusive designer clothing at affordable prices. Even though our activity has always been aimed at improving the modern fashion industry, we have never been a part of what is called \"fashion mainstream\". Our designers and stylists create more & more original clothes from year to year. We also deal with journalism in fashion industry – members of our team educate and employ new editors, photographers and journalists who promote new trends in modern fashion. While other fashion websites offer different range of clothes from various clothing manufacturers, we make a great difference in comparison with our competitors. In 2005, when our company appeared, we decided that our appearance in the world of fashion should completely change the established trends for the better. That\'s why today we value aspiring and talented people more than designers and stylists with the incredible reputation. Their reputation means nothing when it goes to creating something extraordinarily original and captivating, whether it is a new summer collection or a fresh issue of your favorite fashion magazine. As a unique solution for designers, stylists, fashion journalists and clothing manufacturers, our website provides a wide range of services and products connected with the world of fashion. Here we combined the top features of a fashion blog and made it a starting ground for aspiring journalists while also organizing an educational center for designers and stylists. For 10 years of our activity both on the Web and during various fashion shows all around the world, we have been offering members of our team a unique chance to become a part of the fashion industry and make a significant contribution to it.'),('9','73','Fashion was originally established as a source of exclusive designer clothing at affordable prices.'),('9','137','for Her'),('9','140','Italy'),('9','142','Office & Career'),('10','70','Skye Wrap Dress'),('10','71','1165'),('10','72','Fashion was originally established as a source of exclusive designer clothing at affordable prices. Even though our activity has always been aimed at improving the modern fashion industry, we have never been a part of what is called \"fashion mainstream\". Our designers and stylists create more & more original clothes from year to year. We also deal with journalism in fashion industry – members of our team educate and employ new editors, photographers and journalists who promote new trends in modern fashion. While other fashion websites offer different range of clothes from various clothing manufacturers, we make a great difference in comparison with our competitors. In 2005, when our company appeared, we decided that our appearance in the world of fashion should completely change the established trends for the better. That\'s why today we value aspiring and talented people more than designers and stylists with the incredible reputation. Their reputation means nothing when it goes to creating something extraordinarily original and captivating, whether it is a new summer collection or a fresh issue of your favorite fashion magazine. As a unique solution for designers, stylists, fashion journalists and clothing manufacturers, our website provides a wide range of services and products connected with the world of fashion. Here we combined the top features of a fashion blog and made it a starting ground for aspiring journalists while also organizing an educational center for designers and stylists. For 10 years of our activity both on the Web and during various fashion shows all around the world, we have been offering members of our team a unique chance to become a part of the fashion industry and make a significant contribution to it.'),('10','73','Fashion was originally established as a source of exclusive designer clothing at affordable prices.'),('10','137','for Her'),('10','140','China'),('10','142','Office & Career'),('11','70','Azalea Backpack'),('11','71','1321'),('11','72','Fashion was originally established as a source of exclusive designer clothing at affordable prices. Even though our activity has always been aimed at improving the modern fashion industry, we have never been a part of what is called \"fashion mainstream\". Our designers and stylists create more & more original clothes from year to year. We also deal with journalism in fashion industry – members of our team educate and employ new editors, photographers and journalists who promote new trends in modern fashion. While other fashion websites offer different range of clothes from various clothing manufacturers, we make a great difference in comparison with our competitors. In 2005, when our company appeared, we decided that our appearance in the world of fashion should completely change the established trends for the better. That\'s why today we value aspiring and talented people more than designers and stylists with the incredible reputation. Their reputation means nothing when it goes to creating something extraordinarily original and captivating, whether it is a new summer collection or a fresh issue of your favorite fashion magazine. As a unique solution for designers, stylists, fashion journalists and clothing manufacturers, our website provides a wide range of services and products connected with the world of fashion. Here we combined the top features of a fashion blog and made it a starting ground for aspiring journalists while also organizing an educational center for designers and stylists. For 10 years of our activity both on the Web and during various fashion shows all around the world, we have been offering members of our team a unique chance to become a part of the fashion industry and make a significant contribution to it.'),('11','73','Fashion was originally established as a source of exclusive designer clothing at affordable prices.'),('11','137','Neural'),('11','140','China'),('11','142','Evening & Cocktail'),('12','70','Black Label SuperBreak Backpack'),('12','71','3210'),('12','72','Fashion was originally established as a source of exclusive designer clothing at affordable prices. Even though our activity has always been aimed at improving the modern fashion industry, we have never been a part of what is called \"fashion mainstream\". Our designers and stylists create more & more original clothes from year to year. We also deal with journalism in fashion industry – members of our team educate and employ new editors, photographers and journalists who promote new trends in modern fashion. While other fashion websites offer different range of clothes from various clothing manufacturers, we make a great difference in comparison with our competitors. In 2005, when our company appeared, we decided that our appearance in the world of fashion should completely change the established trends for the better. That\'s why today we value aspiring and talented people more than designers and stylists with the incredible reputation. Their reputation means nothing when it goes to creating something extraordinarily original and captivating, whether it is a new summer collection or a fresh issue of your favorite fashion magazine. As a unique solution for designers, stylists, fashion journalists and clothing manufacturers, our website provides a wide range of services and products connected with the world of fashion. Here we combined the top features of a fashion blog and made it a starting ground for aspiring journalists while also organizing an educational center for designers and stylists. For 10 years of our activity both on the Web and during various fashion shows all around the world, we have been offering members of our team a unique chance to become a part of the fashion industry and make a significant contribution to it.'),('12','73','Fashion was originally established as a source of exclusive designer clothing at affordable prices.'),('12','137','Neural'),('12','140','USA'),('12','142','Casual'),('13','70','Packable Duffle'),('13','71','8877'),('13','72','Fashion was originally established as a source of exclusive designer clothing at affordable prices. Even though our activity has always been aimed at improving the modern fashion industry, we have never been a part of what is called \"fashion mainstream\". Our designers and stylists create more & more original clothes from year to year. We also deal with journalism in fashion industry – members of our team educate and employ new editors, photographers and journalists who promote new trends in modern fashion. While other fashion websites offer different range of clothes from various clothing manufacturers, we make a great difference in comparison with our competitors. In 2005, when our company appeared, we decided that our appearance in the world of fashion should completely change the established trends for the better. That\'s why today we value aspiring and talented people more than designers and stylists with the incredible reputation. Their reputation means nothing when it goes to creating something extraordinarily original and captivating, whether it is a new summer collection or a fresh issue of your favorite fashion magazine. As a unique solution for designers, stylists, fashion journalists and clothing manufacturers, our website provides a wide range of services and products connected with the world of fashion. Here we combined the top features of a fashion blog and made it a starting ground for aspiring journalists while also organizing an educational center for designers and stylists. For 10 years of our activity both on the Web and during various fashion shows all around the world, we have been offering members of our team a unique chance to become a part of the fashion industry and make a significant contribution to it.'),('13','73','Fashion was originally established as a source of exclusive designer clothing at affordable prices.'),('13','137','for Her'),('13','140','Italy'),('13','142','Office & Career'),('14','70','Soft Beach Bag'),('14','71','1197'),('14','72','Fashion was originally established as a source of exclusive designer clothing at affordable prices. Even though our activity has always been aimed at improving the modern fashion industry, we have never been a part of what is called \"fashion mainstream\". Our designers and stylists create more & more original clothes from year to year. We also deal with journalism in fashion industry – members of our team educate and employ new editors, photographers and journalists who promote new trends in modern fashion. While other fashion websites offer different range of clothes from various clothing manufacturers, we make a great difference in comparison with our competitors. In 2005, when our company appeared, we decided that our appearance in the world of fashion should completely change the established trends for the better. That\'s why today we value aspiring and talented people more than designers and stylists with the incredible reputation. Their reputation means nothing when it goes to creating something extraordinarily original and captivating, whether it is a new summer collection or a fresh issue of your favorite fashion magazine. As a unique solution for designers, stylists, fashion journalists and clothing manufacturers, our website provides a wide range of services and products connected with the world of fashion. Here we combined the top features of a fashion blog and made it a starting ground for aspiring journalists while also organizing an educational center for designers and stylists. For 10 years of our activity both on the Web and during various fashion shows all around the world, we have been offering members of our team a unique chance to become a part of the fashion industry and make a significant contribution to it.'),('14','73','Fashion was originally established as a source of exclusive designer clothing at affordable prices.'),('14','137','Neural'),('14','140','Italy'),('14','142','Evening & Cocktail'),('15','70','Town X-Small'),('15','71','8766'),('15','72','Fashion was originally established as a source of exclusive designer clothing at affordable prices. Even though our activity has always been aimed at improving the modern fashion industry, we have never been a part of what is called \"fashion mainstream\". Our designers and stylists create more & more original clothes from year to year. We also deal with journalism in fashion industry – members of our team educate and employ new editors, photographers and journalists who promote new trends in modern fashion. While other fashion websites offer different range of clothes from various clothing manufacturers, we make a great difference in comparison with our competitors. In 2005, when our company appeared, we decided that our appearance in the world of fashion should completely change the established trends for the better. That\'s why today we value aspiring and talented people more than designers and stylists with the incredible reputation. Their reputation means nothing when it goes to creating something extraordinarily original and captivating, whether it is a new summer collection or a fresh issue of your favorite fashion magazine. As a unique solution for designers, stylists, fashion journalists and clothing manufacturers, our website provides a wide range of services and products connected with the world of fashion. Here we combined the top features of a fashion blog and made it a starting ground for aspiring journalists while also organizing an educational center for designers and stylists. For 10 years of our activity both on the Web and during various fashion shows all around the world, we have been offering members of our team a unique chance to become a part of the fashion industry and make a significant contribution to it.'),('15','73','Fashion was originally established as a source of exclusive designer clothing at affordable prices.'),('15','137','Neural'),('15','140','Germany'),('15','142','Evening & Cocktail'),('16','70','Burnout Smock Dress | 4463-pink | 4463-white | 4463-blue'),('16','71','4463'),('16','72','Fashion was originally established as a source of exclusive designer clothing at affordable prices. Even though our activity has always been aimed at improving the modern fashion industry, we have never been a part of what is called \"fashion mainstream\". Our designers and stylists create more & more original clothes from year to year. We also deal with journalism in fashion industry – members of our team educate and employ new editors, photographers and journalists who promote new trends in modern fashion. While other fashion websites offer different range of clothes from various clothing manufacturers, we make a great difference in comparison with our competitors. In 2005, when our company appeared, we decided that our appearance in the world of fashion should completely change the established trends for the better. That\'s why today we value aspiring and talented people more than designers and stylists with the incredible reputation. Their reputation means nothing when it goes to creating something extraordinarily original and captivating, whether it is a new summer collection or a fresh issue of your favorite fashion magazine. As a unique solution for designers, stylists, fashion journalists and clothing manufacturers, our website provides a wide range of services and products connected with the world of fashion. Here we combined the top features of a fashion blog and made it a starting ground for aspiring journalists while also organizing an educational center for designers and stylists. For 10 years of our activity both on the Web and during various fashion shows all around the world, we have been offering members of our team a unique chance to become a part of the fashion industry and make a significant contribution to it. | Fashion was originally established as a source of exclusive designer clothing at affordable prices. Even though our activity has always been aimed at improving the modern fashion industry, we have never been a part of what is called \"fashion mainstream\". Our designers and stylists create more & more original clothes from year to year. We also deal with journalism in fashion industry – members of our team educate and employ new editors, photographers and journalists who promote new trends in modern fashion. While other fashion websites offer different range of clothes from various clothing manufacturers, we make a great difference in comparison with our competitors. In 2005, when our company appeared, we decided that our appearance in the world of fashion should completely change the established trends for the better. That\'s why today we value aspiring and talented people more than designers and stylists with the incredible reputation. Their reputation means nothing when it goes to creating something extraordinarily original and captivating, whether it is a new summer collection or a fresh issue of your favorite fashion magazine. As a unique solution for designers, stylists, fashion journalists and clothing manufacturers, our website provides a wide range of services and products connected with the world of fashion. Here we combined the top features of a fashion blog and made it a starting ground for aspiring journalists while also organizing an educational center for designers and stylists. For 10 years of our activity both on the Web and during various fashion shows all around the world, we have been offering members of our team a unique chance to become a part of the fashion industry and make a significant contribution to it. | Fashion was originally established as a source of exclusive designer clothing at affordable prices. Even though our activity has always been aimed at improving the modern fashion industry, we have never been a part of what is called \"fashion mainstream\". Our designers and stylists create more & more original clothes from year to year. We also deal with journalism in fashion industry – members of our team educate and employ new editors, photographers and journalists who promote new trends in modern fashion. While other fashion websites offer different range of clothes from various clothing manufacturers, we make a great difference in comparison with our competitors. In 2005, when our company appeared, we decided that our appearance in the world of fashion should completely change the established trends for the better. That\'s why today we value aspiring and talented people more than designers and stylists with the incredible reputation. Their reputation means nothing when it goes to creating something extraordinarily original and captivating, whether it is a new summer collection or a fresh issue of your favorite fashion magazine. As a unique solution for designers, stylists, fashion journalists and clothing manufacturers, our website provides a wide range of services and products connected with the world of fashion. Here we combined the top features of a fashion blog and made it a starting ground for aspiring journalists while also organizing an educational center for designers and stylists. For 10 years of our activity both on the Web and during various fashion shows all around the world, we have been offering members of our team a unique chance to become a part of the fashion industry and make a significant contribution to it. | Fashion was originally established as a source of exclusive designer clothing at affordable prices. Even though our activity has always been aimed at improving the modern fashion industry, we have never been a part of what is called \"fashion mainstream\". Our designers and stylists create more & more original clothes from year to year. We also deal with journalism in fashion industry – members of our team educate and employ new editors, photographers and journalists who promote new trends in modern fashion. While other fashion websites offer different range of clothes from various clothing manufacturers, we make a great difference in comparison with our competitors. In 2005, when our company appeared, we decided that our appearance in the world of fashion should completely change the established trends for the better. That\'s why today we value aspiring and talented people more than designers and stylists with the incredible reputation. Their reputation means nothing when it goes to creating something extraordinarily original and captivating, whether it is a new summer collection or a fresh issue of your favorite fashion magazine. As a unique solution for designers, stylists, fashion journalists and clothing manufacturers, our website provides a wide range of services and products connected with the world of fashion. Here we combined the top features of a fashion blog and made it a starting ground for aspiring journalists while also organizing an educational center for designers and stylists. For 10 years of our activity both on the Web and during various fashion shows all around the world, we have been offering members of our team a unique chance to become a part of the fashion industry and make a significant contribution to it.'),('16','73','Fashion was originally established as a source of exclusive designer clothing at affordable prices. | Fashion was originally established as a source of exclusive designer clothing at affordable prices. | Fashion was originally established as a source of exclusive designer clothing at affordable prices. | Fashion was originally established as a source of exclusive designer clothing at affordable prices.'),('16','137','for Her | for Her | for Her | for Her'),('16','140','Germany | Germany | Germany | Germany'),('16','142','Casual | Casual | Casual | Casual'),('16','145','pink | blue | blue');
INSERT INTO `catalogsearch_fulltext_scope1` VALUES ('17','70','Mia High Neck Dress | 8871-gray | 8871-white | 8871-green'),('17','71','8871'),('17','72','Fashion was originally established as a source of exclusive designer clothing at affordable prices. Even though our activity has always been aimed at improving the modern fashion industry, we have never been a part of what is called \"fashion mainstream\". Our designers and stylists create more & more original clothes from year to year. We also deal with journalism in fashion industry – members of our team educate and employ new editors, photographers and journalists who promote new trends in modern fashion. While other fashion websites offer different range of clothes from various clothing manufacturers, we make a great difference in comparison with our competitors. In 2005, when our company appeared, we decided that our appearance in the world of fashion should completely change the established trends for the better. That\'s why today we value aspiring and talented people more than designers and stylists with the incredible reputation. Their reputation means nothing when it goes to creating something extraordinarily original and captivating, whether it is a new summer collection or a fresh issue of your favorite fashion magazine. As a unique solution for designers, stylists, fashion journalists and clothing manufacturers, our website provides a wide range of services and products connected with the world of fashion. Here we combined the top features of a fashion blog and made it a starting ground for aspiring journalists while also organizing an educational center for designers and stylists. For 10 years of our activity both on the Web and during various fashion shows all around the world, we have been offering members of our team a unique chance to become a part of the fashion industry and make a significant contribution to it. | Fashion was originally established as a source of exclusive designer clothing at affordable prices. Even though our activity has always been aimed at improving the modern fashion industry, we have never been a part of what is called \"fashion mainstream\". Our designers and stylists create more & more original clothes from year to year. We also deal with journalism in fashion industry – members of our team educate and employ new editors, photographers and journalists who promote new trends in modern fashion. While other fashion websites offer different range of clothes from various clothing manufacturers, we make a great difference in comparison with our competitors. In 2005, when our company appeared, we decided that our appearance in the world of fashion should completely change the established trends for the better. That\'s why today we value aspiring and talented people more than designers and stylists with the incredible reputation. Their reputation means nothing when it goes to creating something extraordinarily original and captivating, whether it is a new summer collection or a fresh issue of your favorite fashion magazine. As a unique solution for designers, stylists, fashion journalists and clothing manufacturers, our website provides a wide range of services and products connected with the world of fashion. Here we combined the top features of a fashion blog and made it a starting ground for aspiring journalists while also organizing an educational center for designers and stylists. For 10 years of our activity both on the Web and during various fashion shows all around the world, we have been offering members of our team a unique chance to become a part of the fashion industry and make a significant contribution to it. | Fashion was originally established as a source of exclusive designer clothing at affordable prices. Even though our activity has always been aimed at improving the modern fashion industry, we have never been a part of what is called \"fashion mainstream\". Our designers and stylists create more & more original clothes from year to year. We also deal with journalism in fashion industry – members of our team educate and employ new editors, photographers and journalists who promote new trends in modern fashion. While other fashion websites offer different range of clothes from various clothing manufacturers, we make a great difference in comparison with our competitors. In 2005, when our company appeared, we decided that our appearance in the world of fashion should completely change the established trends for the better. That\'s why today we value aspiring and talented people more than designers and stylists with the incredible reputation. Their reputation means nothing when it goes to creating something extraordinarily original and captivating, whether it is a new summer collection or a fresh issue of your favorite fashion magazine. As a unique solution for designers, stylists, fashion journalists and clothing manufacturers, our website provides a wide range of services and products connected with the world of fashion. Here we combined the top features of a fashion blog and made it a starting ground for aspiring journalists while also organizing an educational center for designers and stylists. For 10 years of our activity both on the Web and during various fashion shows all around the world, we have been offering members of our team a unique chance to become a part of the fashion industry and make a significant contribution to it. | Fashion was originally established as a source of exclusive designer clothing at affordable prices. Even though our activity has always been aimed at improving the modern fashion industry, we have never been a part of what is called \"fashion mainstream\". Our designers and stylists create more & more original clothes from year to year. We also deal with journalism in fashion industry – members of our team educate and employ new editors, photographers and journalists who promote new trends in modern fashion. While other fashion websites offer different range of clothes from various clothing manufacturers, we make a great difference in comparison with our competitors. In 2005, when our company appeared, we decided that our appearance in the world of fashion should completely change the established trends for the better. That\'s why today we value aspiring and talented people more than designers and stylists with the incredible reputation. Their reputation means nothing when it goes to creating something extraordinarily original and captivating, whether it is a new summer collection or a fresh issue of your favorite fashion magazine. As a unique solution for designers, stylists, fashion journalists and clothing manufacturers, our website provides a wide range of services and products connected with the world of fashion. Here we combined the top features of a fashion blog and made it a starting ground for aspiring journalists while also organizing an educational center for designers and stylists. For 10 years of our activity both on the Web and during various fashion shows all around the world, we have been offering members of our team a unique chance to become a part of the fashion industry and make a significant contribution to it.'),('17','73','Fashion was originally established as a source of exclusive designer clothing at affordable prices. | Fashion was originally established as a source of exclusive designer clothing at affordable prices. | Fashion was originally established as a source of exclusive designer clothing at affordable prices. | Fashion was originally established as a source of exclusive designer clothing at affordable prices.'),('17','137','for Her | for Her | for Her | for Her'),('17','140','USA | USA | USA | USA'),('17','142','Office & Career | Office & Career | Office & Career | Office & Career'),('17','145','gray | blue | green'),('18','70','Mixed Bouquet Skirt | 8822-pink | 8822-blue | 8822-white'),('18','71','8822'),('18','72','Fashion was originally established as a source of exclusive designer clothing at affordable prices. Even though our activity has always been aimed at improving the modern fashion industry, we have never been a part of what is called \"fashion mainstream\". Our designers and stylists create more & more original clothes from year to year. We also deal with journalism in fashion industry – members of our team educate and employ new editors, photographers and journalists who promote new trends in modern fashion. While other fashion websites offer different range of clothes from various clothing manufacturers, we make a great difference in comparison with our competitors. In 2005, when our company appeared, we decided that our appearance in the world of fashion should completely change the established trends for the better. That\'s why today we value aspiring and talented people more than designers and stylists with the incredible reputation. Their reputation means nothing when it goes to creating something extraordinarily original and captivating, whether it is a new summer collection or a fresh issue of your favorite fashion magazine. As a unique solution for designers, stylists, fashion journalists and clothing manufacturers, our website provides a wide range of services and products connected with the world of fashion. Here we combined the top features of a fashion blog and made it a starting ground for aspiring journalists while also organizing an educational center for designers and stylists. For 10 years of our activity both on the Web and during various fashion shows all around the world, we have been offering members of our team a unique chance to become a part of the fashion industry and make a significant contribution to it. | Fashion was originally established as a source of exclusive designer clothing at affordable prices. Even though our activity has always been aimed at improving the modern fashion industry, we have never been a part of what is called \"fashion mainstream\". Our designers and stylists create more & more original clothes from year to year. We also deal with journalism in fashion industry – members of our team educate and employ new editors, photographers and journalists who promote new trends in modern fashion. While other fashion websites offer different range of clothes from various clothing manufacturers, we make a great difference in comparison with our competitors. In 2005, when our company appeared, we decided that our appearance in the world of fashion should completely change the established trends for the better. That\'s why today we value aspiring and talented people more than designers and stylists with the incredible reputation. Their reputation means nothing when it goes to creating something extraordinarily original and captivating, whether it is a new summer collection or a fresh issue of your favorite fashion magazine. As a unique solution for designers, stylists, fashion journalists and clothing manufacturers, our website provides a wide range of services and products connected with the world of fashion. Here we combined the top features of a fashion blog and made it a starting ground for aspiring journalists while also organizing an educational center for designers and stylists. For 10 years of our activity both on the Web and during various fashion shows all around the world, we have been offering members of our team a unique chance to become a part of the fashion industry and make a significant contribution to it. | Fashion was originally established as a source of exclusive designer clothing at affordable prices. Even though our activity has always been aimed at improving the modern fashion industry, we have never been a part of what is called \"fashion mainstream\". Our designers and stylists create more & more original clothes from year to year. We also deal with journalism in fashion industry – members of our team educate and employ new editors, photographers and journalists who promote new trends in modern fashion. While other fashion websites offer different range of clothes from various clothing manufacturers, we make a great difference in comparison with our competitors. In 2005, when our company appeared, we decided that our appearance in the world of fashion should completely change the established trends for the better. That\'s why today we value aspiring and talented people more than designers and stylists with the incredible reputation. Their reputation means nothing when it goes to creating something extraordinarily original and captivating, whether it is a new summer collection or a fresh issue of your favorite fashion magazine. As a unique solution for designers, stylists, fashion journalists and clothing manufacturers, our website provides a wide range of services and products connected with the world of fashion. Here we combined the top features of a fashion blog and made it a starting ground for aspiring journalists while also organizing an educational center for designers and stylists. For 10 years of our activity both on the Web and during various fashion shows all around the world, we have been offering members of our team a unique chance to become a part of the fashion industry and make a significant contribution to it. | Fashion was originally established as a source of exclusive designer clothing at affordable prices. Even though our activity has always been aimed at improving the modern fashion industry, we have never been a part of what is called \"fashion mainstream\". Our designers and stylists create more & more original clothes from year to year. We also deal with journalism in fashion industry – members of our team educate and employ new editors, photographers and journalists who promote new trends in modern fashion. While other fashion websites offer different range of clothes from various clothing manufacturers, we make a great difference in comparison with our competitors. In 2005, when our company appeared, we decided that our appearance in the world of fashion should completely change the established trends for the better. That\'s why today we value aspiring and talented people more than designers and stylists with the incredible reputation. Their reputation means nothing when it goes to creating something extraordinarily original and captivating, whether it is a new summer collection or a fresh issue of your favorite fashion magazine. As a unique solution for designers, stylists, fashion journalists and clothing manufacturers, our website provides a wide range of services and products connected with the world of fashion. Here we combined the top features of a fashion blog and made it a starting ground for aspiring journalists while also organizing an educational center for designers and stylists. For 10 years of our activity both on the Web and during various fashion shows all around the world, we have been offering members of our team a unique chance to become a part of the fashion industry and make a significant contribution to it.'),('18','73','Fashion was originally established as a source of exclusive designer clothing at affordable prices. | Fashion was originally established as a source of exclusive designer clothing at affordable prices. | Fashion was originally established as a source of exclusive designer clothing at affordable prices. | Fashion was originally established as a source of exclusive designer clothing at affordable prices.'),('18','137','Neural | Neural | Neural | Neural'),('18','140','USA | USA | USA | USA'),('18','142','Office & Career | Office & Career | Office & Career | Office & Career'),('18','145','pink | blue | blue'),('19','70','Violetta Ruffle Dress | 5343-gray | 5343-black | 5343-white'),('19','71','5343'),('19','72','Fashion was originally established as a source of exclusive designer clothing at affordable prices. Even though our activity has always been aimed at improving the modern fashion industry, we have never been a part of what is called \"fashion mainstream\". Our designers and stylists create more & more original clothes from year to year. We also deal with journalism in fashion industry – members of our team educate and employ new editors, photographers and journalists who promote new trends in modern fashion. While other fashion websites offer different range of clothes from various clothing manufacturers, we make a great difference in comparison with our competitors. In 2005, when our company appeared, we decided that our appearance in the world of fashion should completely change the established trends for the better. That\'s why today we value aspiring and talented people more than designers and stylists with the incredible reputation. Their reputation means nothing when it goes to creating something extraordinarily original and captivating, whether it is a new summer collection or a fresh issue of your favorite fashion magazine. As a unique solution for designers, stylists, fashion journalists and clothing manufacturers, our website provides a wide range of services and products connected with the world of fashion. Here we combined the top features of a fashion blog and made it a starting ground for aspiring journalists while also organizing an educational center for designers and stylists. For 10 years of our activity both on the Web and during various fashion shows all around the world, we have been offering members of our team a unique chance to become a part of the fashion industry and make a significant contribution to it. | Fashion was originally established as a source of exclusive designer clothing at affordable prices. Even though our activity has always been aimed at improving the modern fashion industry, we have never been a part of what is called \"fashion mainstream\". Our designers and stylists create more & more original clothes from year to year. We also deal with journalism in fashion industry – members of our team educate and employ new editors, photographers and journalists who promote new trends in modern fashion. While other fashion websites offer different range of clothes from various clothing manufacturers, we make a great difference in comparison with our competitors. In 2005, when our company appeared, we decided that our appearance in the world of fashion should completely change the established trends for the better. That\'s why today we value aspiring and talented people more than designers and stylists with the incredible reputation. Their reputation means nothing when it goes to creating something extraordinarily original and captivating, whether it is a new summer collection or a fresh issue of your favorite fashion magazine. As a unique solution for designers, stylists, fashion journalists and clothing manufacturers, our website provides a wide range of services and products connected with the world of fashion. Here we combined the top features of a fashion blog and made it a starting ground for aspiring journalists while also organizing an educational center for designers and stylists. For 10 years of our activity both on the Web and during various fashion shows all around the world, we have been offering members of our team a unique chance to become a part of the fashion industry and make a significant contribution to it. | Fashion was originally established as a source of exclusive designer clothing at affordable prices. Even though our activity has always been aimed at improving the modern fashion industry, we have never been a part of what is called \"fashion mainstream\". Our designers and stylists create more & more original clothes from year to year. We also deal with journalism in fashion industry – members of our team educate and employ new editors, photographers and journalists who promote new trends in modern fashion. While other fashion websites offer different range of clothes from various clothing manufacturers, we make a great difference in comparison with our competitors. In 2005, when our company appeared, we decided that our appearance in the world of fashion should completely change the established trends for the better. That\'s why today we value aspiring and talented people more than designers and stylists with the incredible reputation. Their reputation means nothing when it goes to creating something extraordinarily original and captivating, whether it is a new summer collection or a fresh issue of your favorite fashion magazine. As a unique solution for designers, stylists, fashion journalists and clothing manufacturers, our website provides a wide range of services and products connected with the world of fashion. Here we combined the top features of a fashion blog and made it a starting ground for aspiring journalists while also organizing an educational center for designers and stylists. For 10 years of our activity both on the Web and during various fashion shows all around the world, we have been offering members of our team a unique chance to become a part of the fashion industry and make a significant contribution to it. | Fashion was originally established as a source of exclusive designer clothing at affordable prices. Even though our activity has always been aimed at improving the modern fashion industry, we have never been a part of what is called \"fashion mainstream\". Our designers and stylists create more & more original clothes from year to year. We also deal with journalism in fashion industry – members of our team educate and employ new editors, photographers and journalists who promote new trends in modern fashion. While other fashion websites offer different range of clothes from various clothing manufacturers, we make a great difference in comparison with our competitors. In 2005, when our company appeared, we decided that our appearance in the world of fashion should completely change the established trends for the better. That\'s why today we value aspiring and talented people more than designers and stylists with the incredible reputation. Their reputation means nothing when it goes to creating something extraordinarily original and captivating, whether it is a new summer collection or a fresh issue of your favorite fashion magazine. As a unique solution for designers, stylists, fashion journalists and clothing manufacturers, our website provides a wide range of services and products connected with the world of fashion. Here we combined the top features of a fashion blog and made it a starting ground for aspiring journalists while also organizing an educational center for designers and stylists. For 10 years of our activity both on the Web and during various fashion shows all around the world, we have been offering members of our team a unique chance to become a part of the fashion industry and make a significant contribution to it.'),('19','73','Fashion was originally established as a source of exclusive designer clothing at affordable prices. | Fashion was originally established as a source of exclusive designer clothing at affordable prices. | Fashion was originally established as a source of exclusive designer clothing at affordable prices. | Fashion was originally established as a source of exclusive designer clothing at affordable prices.'),('19','137','for Her | for Her | for Her | for Her'),('19','140','Germany | Germany | Germany | Germany'),('19','142','Casual | Casual | Casual | Casual'),('19','145','gray | black | blue'),('20','70','Yes Darling Skirt | 1154-green | 1154-blue | 1154-white'),('20','71','1154'),('20','72','Fashion was originally established as a source of exclusive designer clothing at affordable prices. Even though our activity has always been aimed at improving the modern fashion industry, we have never been a part of what is called \"fashion mainstream\". Our designers and stylists create more & more original clothes from year to year. We also deal with journalism in fashion industry – members of our team educate and employ new editors, photographers and journalists who promote new trends in modern fashion. While other fashion websites offer different range of clothes from various clothing manufacturers, we make a great difference in comparison with our competitors. In 2005, when our company appeared, we decided that our appearance in the world of fashion should completely change the established trends for the better. That\'s why today we value aspiring and talented people more than designers and stylists with the incredible reputation. Their reputation means nothing when it goes to creating something extraordinarily original and captivating, whether it is a new summer collection or a fresh issue of your favorite fashion magazine. As a unique solution for designers, stylists, fashion journalists and clothing manufacturers, our website provides a wide range of services and products connected with the world of fashion. Here we combined the top features of a fashion blog and made it a starting ground for aspiring journalists while also organizing an educational center for designers and stylists. For 10 years of our activity both on the Web and during various fashion shows all around the world, we have been offering members of our team a unique chance to become a part of the fashion industry and make a significant contribution to it. | Fashion was originally established as a source of exclusive designer clothing at affordable prices. Even though our activity has always been aimed at improving the modern fashion industry, we have never been a part of what is called \"fashion mainstream\". Our designers and stylists create more & more original clothes from year to year. We also deal with journalism in fashion industry – members of our team educate and employ new editors, photographers and journalists who promote new trends in modern fashion. While other fashion websites offer different range of clothes from various clothing manufacturers, we make a great difference in comparison with our competitors. In 2005, when our company appeared, we decided that our appearance in the world of fashion should completely change the established trends for the better. That\'s why today we value aspiring and talented people more than designers and stylists with the incredible reputation. Their reputation means nothing when it goes to creating something extraordinarily original and captivating, whether it is a new summer collection or a fresh issue of your favorite fashion magazine. As a unique solution for designers, stylists, fashion journalists and clothing manufacturers, our website provides a wide range of services and products connected with the world of fashion. Here we combined the top features of a fashion blog and made it a starting ground for aspiring journalists while also organizing an educational center for designers and stylists. For 10 years of our activity both on the Web and during various fashion shows all around the world, we have been offering members of our team a unique chance to become a part of the fashion industry and make a significant contribution to it. | Fashion was originally established as a source of exclusive designer clothing at affordable prices. Even though our activity has always been aimed at improving the modern fashion industry, we have never been a part of what is called \"fashion mainstream\". Our designers and stylists create more & more original clothes from year to year. We also deal with journalism in fashion industry – members of our team educate and employ new editors, photographers and journalists who promote new trends in modern fashion. While other fashion websites offer different range of clothes from various clothing manufacturers, we make a great difference in comparison with our competitors. In 2005, when our company appeared, we decided that our appearance in the world of fashion should completely change the established trends for the better. That\'s why today we value aspiring and talented people more than designers and stylists with the incredible reputation. Their reputation means nothing when it goes to creating something extraordinarily original and captivating, whether it is a new summer collection or a fresh issue of your favorite fashion magazine. As a unique solution for designers, stylists, fashion journalists and clothing manufacturers, our website provides a wide range of services and products connected with the world of fashion. Here we combined the top features of a fashion blog and made it a starting ground for aspiring journalists while also organizing an educational center for designers and stylists. For 10 years of our activity both on the Web and during various fashion shows all around the world, we have been offering members of our team a unique chance to become a part of the fashion industry and make a significant contribution to it. | Fashion was originally established as a source of exclusive designer clothing at affordable prices. Even though our activity has always been aimed at improving the modern fashion industry, we have never been a part of what is called \"fashion mainstream\". Our designers and stylists create more & more original clothes from year to year. We also deal with journalism in fashion industry – members of our team educate and employ new editors, photographers and journalists who promote new trends in modern fashion. While other fashion websites offer different range of clothes from various clothing manufacturers, we make a great difference in comparison with our competitors. In 2005, when our company appeared, we decided that our appearance in the world of fashion should completely change the established trends for the better. That\'s why today we value aspiring and talented people more than designers and stylists with the incredible reputation. Their reputation means nothing when it goes to creating something extraordinarily original and captivating, whether it is a new summer collection or a fresh issue of your favorite fashion magazine. As a unique solution for designers, stylists, fashion journalists and clothing manufacturers, our website provides a wide range of services and products connected with the world of fashion. Here we combined the top features of a fashion blog and made it a starting ground for aspiring journalists while also organizing an educational center for designers and stylists. For 10 years of our activity both on the Web and during various fashion shows all around the world, we have been offering members of our team a unique chance to become a part of the fashion industry and make a significant contribution to it.'),('20','73','Fashion was originally established as a source of exclusive designer clothing at affordable prices. | Fashion was originally established as a source of exclusive designer clothing at affordable prices. | Fashion was originally established as a source of exclusive designer clothing at affordable prices. | Fashion was originally established as a source of exclusive designer clothing at affordable prices.'),('20','137','for Her | for Her | for Her | for Her'),('20','140','China | China | China | China'),('20','142','Casual | Casual | Casual | Casual'),('20','145','green | blue | blue');

--
-- Table structure for table `catalogsearch_fulltext_scope2`
--

CREATE TABLE `catalogsearch_fulltext_scope2` (
  `entity_id` int(10) unsigned NOT NULL COMMENT 'Entity ID',
  `attribute_id` int(10) unsigned NOT NULL COMMENT 'Attribute_id',
  `data_index` longtext COMMENT 'Data index',
  PRIMARY KEY (`entity_id`,`attribute_id`),
  FULLTEXT KEY `FTI_FULLTEXT_DATA_INDEX` (`data_index`)
) ENGINE=InnoDB DEFAULT CHARSET=utf8 COMMENT='catalogsearch_fulltext_scope2';

--
-- Dumping data for table `catalogsearch_fulltext_scope2`
--

INSERT INTO `catalogsearch_fulltext_scope2` VALUES ('1','70','Torn Leg Wrap Block Heel Sandals'),('1','71','7565'),('1','72','Fashion was originally established as a source of exclusive designer clothing at affordable prices. Even though our activity has always been aimed at improving the modern fashion industry, we have never been a part of what is called \"fashion mainstream\". Our designers and stylists create more & more original clothes from year to year. We also deal with journalism in fashion industry – members of our team educate and employ new editors, photographers and journalists who promote new trends in modern fashion. While other fashion websites offer different range of clothes from various clothing manufacturers, we make a great difference in comparison with our competitors. In 2005, when our company appeared, we decided that our appearance in the world of fashion should completely change the established trends for the better. That\'s why today we value aspiring and talented people more than designers and stylists with the incredible reputation. Their reputation means nothing when it goes to creating something extraordinarily original and captivating, whether it is a new summer collection or a fresh issue of your favorite fashion magazine. As a unique solution for designers, stylists, fashion journalists and clothing manufacturers, our website provides a wide range of services and products connected with the world of fashion. Here we combined the top features of a fashion blog and made it a starting ground for aspiring journalists while also organizing an educational center for designers and stylists. For 10 years of our activity both on the Web and during various fashion shows all around the world, we have been offering members of our team a unique chance to become a part of the fashion industry and make a significant contribution to it.'),('1','73','Fashion was originally established as a source of exclusive designer clothing at affordable prices.'),('1','137','for Her'),('2','70','Avery Off Shoulder Dress'),('2','71','5654'),('2','72','Fashion was originally established as a source of exclusive designer clothing at affordable prices. Even though our activity has always been aimed at improving the modern fashion industry, we have never been a part of what is called \"fashion mainstream\". Our designers and stylists create more & more original clothes from year to year. We also deal with journalism in fashion industry – members of our team educate and employ new editors, photographers and journalists who promote new trends in modern fashion. While other fashion websites offer different range of clothes from various clothing manufacturers, we make a great difference in comparison with our competitors. In 2005, when our company appeared, we decided that our appearance in the world of fashion should completely change the established trends for the better. That\'s why today we value aspiring and talented people more than designers and stylists with the incredible reputation. Their reputation means nothing when it goes to creating something extraordinarily original and captivating, whether it is a new summer collection or a fresh issue of your favorite fashion magazine. As a unique solution for designers, stylists, fashion journalists and clothing manufacturers, our website provides a wide range of services and products connected with the world of fashion. Here we combined the top features of a fashion blog and made it a starting ground for aspiring journalists while also organizing an educational center for designers and stylists. For 10 years of our activity both on the Web and during various fashion shows all around the world, we have been offering members of our team a unique chance to become a part of the fashion industry and make a significant contribution to it.'),('2','73','Fashion was originally established as a source of exclusive designer clothing at affordable prices.'),('2','137','for Her'),('3','70','Bella Multi Print Skirts'),('3','71','6532'),('3','72','Fashion was originally established as a source of exclusive designer clothing at affordable prices. Even though our activity has always been aimed at improving the modern fashion industry, we have never been a part of what is called \"fashion mainstream\". Our designers and stylists create more & more original clothes from year to year. We also deal with journalism in fashion industry – members of our team educate and employ new editors, photographers and journalists who promote new trends in modern fashion. While other fashion websites offer different range of clothes from various clothing manufacturers, we make a great difference in comparison with our competitors. In 2005, when our company appeared, we decided that our appearance in the world of fashion should completely change the established trends for the better. That\'s why today we value aspiring and talented people more than designers and stylists with the incredible reputation. Their reputation means nothing when it goes to creating something extraordinarily original and captivating, whether it is a new summer collection or a fresh issue of your favorite fashion magazine. As a unique solution for designers, stylists, fashion journalists and clothing manufacturers, our website provides a wide range of services and products connected with the world of fashion. Here we combined the top features of a fashion blog and made it a starting ground for aspiring journalists while also organizing an educational center for designers and stylists. For 10 years of our activity both on the Web and during various fashion shows all around the world, we have been offering members of our team a unique chance to become a part of the fashion industry and make a significant contribution to it.'),('3','73','Fashion was originally established as a source of exclusive designer clothing at affordable prices.'),('3','137','for Her'),('4','70','Dina Cross Vamp Block Heels'),('4','71','9787'),('4','72','Fashion was originally established as a source of exclusive designer clothing at affordable prices. Even though our activity has always been aimed at improving the modern fashion industry, we have never been a part of what is called \"fashion mainstream\". Our designers and stylists create more & more original clothes from year to year. We also deal with journalism in fashion industry – members of our team educate and employ new editors, photographers and journalists who promote new trends in modern fashion. While other fashion websites offer different range of clothes from various clothing manufacturers, we make a great difference in comparison with our competitors. In 2005, when our company appeared, we decided that our appearance in the world of fashion should completely change the established trends for the better. That\'s why today we value aspiring and talented people more than designers and stylists with the incredible reputation. Their reputation means nothing when it goes to creating something extraordinarily original and captivating, whether it is a new summer collection or a fresh issue of your favorite fashion magazine. As a unique solution for designers, stylists, fashion journalists and clothing manufacturers, our website provides a wide range of services and products connected with the world of fashion. Here we combined the top features of a fashion blog and made it a starting ground for aspiring journalists while also organizing an educational center for designers and stylists. For 10 years of our activity both on the Web and during various fashion shows all around the world, we have been offering members of our team a unique chance to become a part of the fashion industry and make a significant contribution to it.'),('4','73','Fashion was originally established as a source of exclusive designer clothing at affordable prices.'),('4','137','for Her'),('5','70','Ditzy Tee Dress'),('5','71','8666'),('5','72','Fashion was originally established as a source of exclusive designer clothing at affordable prices. Even though our activity has always been aimed at improving the modern fashion industry, we have never been a part of what is called \"fashion mainstream\". Our designers and stylists create more & more original clothes from year to year. We also deal with journalism in fashion industry – members of our team educate and employ new editors, photographers and journalists who promote new trends in modern fashion. While other fashion websites offer different range of clothes from various clothing manufacturers, we make a great difference in comparison with our competitors. In 2005, when our company appeared, we decided that our appearance in the world of fashion should completely change the established trends for the better. That\'s why today we value aspiring and talented people more than designers and stylists with the incredible reputation. Their reputation means nothing when it goes to creating something extraordinarily original and captivating, whether it is a new summer collection or a fresh issue of your favorite fashion magazine. As a unique solution for designers, stylists, fashion journalists and clothing manufacturers, our website provides a wide range of services and products connected with the world of fashion. Here we combined the top features of a fashion blog and made it a starting ground for aspiring journalists while also organizing an educational center for designers and stylists. For 10 years of our activity both on the Web and during various fashion shows all around the world, we have been offering members of our team a unique chance to become a part of the fashion industry and make a significant contribution to it.'),('5','73','Fashion was originally established as a source of exclusive designer clothing at affordable prices.'),('5','137','for Her'),('6','70','Elouise Skirt'),('6','71','6544'),('6','72','Fashion was originally established as a source of exclusive designer clothing at affordable prices. Even though our activity has always been aimed at improving the modern fashion industry, we have never been a part of what is called \"fashion mainstream\". Our designers and stylists create more & more original clothes from year to year. We also deal with journalism in fashion industry – members of our team educate and employ new editors, photographers and journalists who promote new trends in modern fashion. While other fashion websites offer different range of clothes from various clothing manufacturers, we make a great difference in comparison with our competitors. In 2005, when our company appeared, we decided that our appearance in the world of fashion should completely change the established trends for the better. That\'s why today we value aspiring and talented people more than designers and stylists with the incredible reputation. Their reputation means nothing when it goes to creating something extraordinarily original and captivating, whether it is a new summer collection or a fresh issue of your favorite fashion magazine. As a unique solution for designers, stylists, fashion journalists and clothing manufacturers, our website provides a wide range of services and products connected with the world of fashion. Here we combined the top features of a fashion blog and made it a starting ground for aspiring journalists while also organizing an educational center for designers and stylists. For 10 years of our activity both on the Web and during various fashion shows all around the world, we have been offering members of our team a unique chance to become a part of the fashion industry and make a significant contribution to it.'),('6','73','Fashion was originally established as a source of exclusive designer clothing at affordable prices.'),('6','137','for Her'),('7','70','Lana Flutter Mini Dress'),('7','71','2765'),('7','72','Fashion was originally established as a source of exclusive designer clothing at affordable prices. Even though our activity has always been aimed at improving the modern fashion industry, we have never been a part of what is called \"fashion mainstream\". Our designers and stylists create more & more original clothes from year to year. We also deal with journalism in fashion industry – members of our team educate and employ new editors, photographers and journalists who promote new trends in modern fashion. While other fashion websites offer different range of clothes from various clothing manufacturers, we make a great difference in comparison with our competitors. In 2005, when our company appeared, we decided that our appearance in the world of fashion should completely change the established trends for the better. That\'s why today we value aspiring and talented people more than designers and stylists with the incredible reputation. Their reputation means nothing when it goes to creating something extraordinarily original and captivating, whether it is a new summer collection or a fresh issue of your favorite fashion magazine. As a unique solution for designers, stylists, fashion journalists and clothing manufacturers, our website provides a wide range of services and products connected with the world of fashion. Here we combined the top features of a fashion blog and made it a starting ground for aspiring journalists while also organizing an educational center for designers and stylists. For 10 years of our activity both on the Web and during various fashion shows all around the world, we have been offering members of our team a unique chance to become a part of the fashion industry and make a significant contribution to it.'),('7','73','Fashion was originally established as a source of exclusive designer clothing at affordable prices.'),('7','137','for Her'),('8','70','Last Chance Dress'),('8','71','9322'),('8','72','Fashion was originally established as a source of exclusive designer clothing at affordable prices. Even though our activity has always been aimed at improving the modern fashion industry, we have never been a part of what is called \"fashion mainstream\". Our designers and stylists create more & more original clothes from year to year. We also deal with journalism in fashion industry – members of our team educate and employ new editors, photographers and journalists who promote new trends in modern fashion. While other fashion websites offer different range of clothes from various clothing manufacturers, we make a great difference in comparison with our competitors. In 2005, when our company appeared, we decided that our appearance in the world of fashion should completely change the established trends for the better. That\'s why today we value aspiring and talented people more than designers and stylists with the incredible reputation. Their reputation means nothing when it goes to creating something extraordinarily original and captivating, whether it is a new summer collection or a fresh issue of your favorite fashion magazine. As a unique solution for designers, stylists, fashion journalists and clothing manufacturers, our website provides a wide range of services and products connected with the world of fashion. Here we combined the top features of a fashion blog and made it a starting ground for aspiring journalists while also organizing an educational center for designers and stylists. For 10 years of our activity both on the Web and during various fashion shows all around the world, we have been offering members of our team a unique chance to become a part of the fashion industry and make a significant contribution to it.'),('8','73','Fashion was originally established as a source of exclusive designer clothing at affordable prices.'),('8','137','for Her'),('9','70','Olive Linen Floral Skirt'),('9','71','6521'),('9','72','Fashion was originally established as a source of exclusive designer clothing at affordable prices. Even though our activity has always been aimed at improving the modern fashion industry, we have never been a part of what is called \"fashion mainstream\". Our designers and stylists create more & more original clothes from year to year. We also deal with journalism in fashion industry – members of our team educate and employ new editors, photographers and journalists who promote new trends in modern fashion. While other fashion websites offer different range of clothes from various clothing manufacturers, we make a great difference in comparison with our competitors. In 2005, when our company appeared, we decided that our appearance in the world of fashion should completely change the established trends for the better. That\'s why today we value aspiring and talented people more than designers and stylists with the incredible reputation. Their reputation means nothing when it goes to creating something extraordinarily original and captivating, whether it is a new summer collection or a fresh issue of your favorite fashion magazine. As a unique solution for designers, stylists, fashion journalists and clothing manufacturers, our website provides a wide range of services and products connected with the world of fashion. Here we combined the top features of a fashion blog and made it a starting ground for aspiring journalists while also organizing an educational center for designers and stylists. For 10 years of our activity both on the Web and during various fashion shows all around the world, we have been offering members of our team a unique chance to become a part of the fashion industry and make a significant contribution to it.'),('9','73','Fashion was originally established as a source of exclusive designer clothing at affordable prices.'),('9','137','for Her'),('10','70','Skye Wrap Dress'),('10','71','1165'),('10','72','Fashion was originally established as a source of exclusive designer clothing at affordable prices. Even though our activity has always been aimed at improving the modern fashion industry, we have never been a part of what is called \"fashion mainstream\". Our designers and stylists create more & more original clothes from year to year. We also deal with journalism in fashion industry – members of our team educate and employ new editors, photographers and journalists who promote new trends in modern fashion. While other fashion websites offer different range of clothes from various clothing manufacturers, we make a great difference in comparison with our competitors. In 2005, when our company appeared, we decided that our appearance in the world of fashion should completely change the established trends for the better. That\'s why today we value aspiring and talented people more than designers and stylists with the incredible reputation. Their reputation means nothing when it goes to creating something extraordinarily original and captivating, whether it is a new summer collection or a fresh issue of your favorite fashion magazine. As a unique solution for designers, stylists, fashion journalists and clothing manufacturers, our website provides a wide range of services and products connected with the world of fashion. Here we combined the top features of a fashion blog and made it a starting ground for aspiring journalists while also organizing an educational center for designers and stylists. For 10 years of our activity both on the Web and during various fashion shows all around the world, we have been offering members of our team a unique chance to become a part of the fashion industry and make a significant contribution to it.'),('10','73','Fashion was originally established as a source of exclusive designer clothing at affordable prices.'),('10','137','for Her'),('11','70','Azalea Backpack'),('11','71','1321'),('11','72','Fashion was originally established as a source of exclusive designer clothing at affordable prices. Even though our activity has always been aimed at improving the modern fashion industry, we have never been a part of what is called \"fashion mainstream\". Our designers and stylists create more & more original clothes from year to year. We also deal with journalism in fashion industry – members of our team educate and employ new editors, photographers and journalists who promote new trends in modern fashion. While other fashion websites offer different range of clothes from various clothing manufacturers, we make a great difference in comparison with our competitors. In 2005, when our company appeared, we decided that our appearance in the world of fashion should completely change the established trends for the better. That\'s why today we value aspiring and talented people more than designers and stylists with the incredible reputation. Their reputation means nothing when it goes to creating something extraordinarily original and captivating, whether it is a new summer collection or a fresh issue of your favorite fashion magazine. As a unique solution for designers, stylists, fashion journalists and clothing manufacturers, our website provides a wide range of services and products connected with the world of fashion. Here we combined the top features of a fashion blog and made it a starting ground for aspiring journalists while also organizing an educational center for designers and stylists. For 10 years of our activity both on the Web and during various fashion shows all around the world, we have been offering members of our team a unique chance to become a part of the fashion industry and make a significant contribution to it.'),('11','73','Fashion was originally established as a source of exclusive designer clothing at affordable prices.'),('11','137','Neural'),('11','140','China'),('11','142','Evening & Cocktail'),('12','70','Black Label SuperBreak Backpack'),('12','71','3210'),('12','72','Fashion was originally established as a source of exclusive designer clothing at affordable prices. Even though our activity has always been aimed at improving the modern fashion industry, we have never been a part of what is called \"fashion mainstream\". Our designers and stylists create more & more original clothes from year to year. We also deal with journalism in fashion industry – members of our team educate and employ new editors, photographers and journalists who promote new trends in modern fashion. While other fashion websites offer different range of clothes from various clothing manufacturers, we make a great difference in comparison with our competitors. In 2005, when our company appeared, we decided that our appearance in the world of fashion should completely change the established trends for the better. That\'s why today we value aspiring and talented people more than designers and stylists with the incredible reputation. Their reputation means nothing when it goes to creating something extraordinarily original and captivating, whether it is a new summer collection or a fresh issue of your favorite fashion magazine. As a unique solution for designers, stylists, fashion journalists and clothing manufacturers, our website provides a wide range of services and products connected with the world of fashion. Here we combined the top features of a fashion blog and made it a starting ground for aspiring journalists while also organizing an educational center for designers and stylists. For 10 years of our activity both on the Web and during various fashion shows all around the world, we have been offering members of our team a unique chance to become a part of the fashion industry and make a significant contribution to it.'),('12','73','Fashion was originally established as a source of exclusive designer clothing at affordable prices.'),('12','137','Neural'),('12','140','USA'),('12','142','Casual'),('13','70','Packable Duffle'),('13','71','8877'),('13','72','Fashion was originally established as a source of exclusive designer clothing at affordable prices. Even though our activity has always been aimed at improving the modern fashion industry, we have never been a part of what is called \"fashion mainstream\". Our designers and stylists create more & more original clothes from year to year. We also deal with journalism in fashion industry – members of our team educate and employ new editors, photographers and journalists who promote new trends in modern fashion. While other fashion websites offer different range of clothes from various clothing manufacturers, we make a great difference in comparison with our competitors. In 2005, when our company appeared, we decided that our appearance in the world of fashion should completely change the established trends for the better. That\'s why today we value aspiring and talented people more than designers and stylists with the incredible reputation. Their reputation means nothing when it goes to creating something extraordinarily original and captivating, whether it is a new summer collection or a fresh issue of your favorite fashion magazine. As a unique solution for designers, stylists, fashion journalists and clothing manufacturers, our website provides a wide range of services and products connected with the world of fashion. Here we combined the top features of a fashion blog and made it a starting ground for aspiring journalists while also organizing an educational center for designers and stylists. For 10 years of our activity both on the Web and during various fashion shows all around the world, we have been offering members of our team a unique chance to become a part of the fashion industry and make a significant contribution to it.'),('13','73','Fashion was originally established as a source of exclusive designer clothing at affordable prices.'),('13','137','for Her'),('13','140','Italy'),('13','142','Office & Career'),('14','70','Soft Beach Bag'),('14','71','1197'),('14','72','Fashion was originally established as a source of exclusive designer clothing at affordable prices. Even though our activity has always been aimed at improving the modern fashion industry, we have never been a part of what is called \"fashion mainstream\". Our designers and stylists create more & more original clothes from year to year. We also deal with journalism in fashion industry – members of our team educate and employ new editors, photographers and journalists who promote new trends in modern fashion. While other fashion websites offer different range of clothes from various clothing manufacturers, we make a great difference in comparison with our competitors. In 2005, when our company appeared, we decided that our appearance in the world of fashion should completely change the established trends for the better. That\'s why today we value aspiring and talented people more than designers and stylists with the incredible reputation. Their reputation means nothing when it goes to creating something extraordinarily original and captivating, whether it is a new summer collection or a fresh issue of your favorite fashion magazine. As a unique solution for designers, stylists, fashion journalists and clothing manufacturers, our website provides a wide range of services and products connected with the world of fashion. Here we combined the top features of a fashion blog and made it a starting ground for aspiring journalists while also organizing an educational center for designers and stylists. For 10 years of our activity both on the Web and during various fashion shows all around the world, we have been offering members of our team a unique chance to become a part of the fashion industry and make a significant contribution to it.'),('14','73','Fashion was originally established as a source of exclusive designer clothing at affordable prices.'),('14','137','Neural'),('14','140','Italy'),('14','142','Evening & Cocktail'),('15','70','Town X-Small'),('15','71','8766'),('15','72','Fashion was originally established as a source of exclusive designer clothing at affordable prices. Even though our activity has always been aimed at improving the modern fashion industry, we have never been a part of what is called \"fashion mainstream\". Our designers and stylists create more & more original clothes from year to year. We also deal with journalism in fashion industry – members of our team educate and employ new editors, photographers and journalists who promote new trends in modern fashion. While other fashion websites offer different range of clothes from various clothing manufacturers, we make a great difference in comparison with our competitors. In 2005, when our company appeared, we decided that our appearance in the world of fashion should completely change the established trends for the better. That\'s why today we value aspiring and talented people more than designers and stylists with the incredible reputation. Their reputation means nothing when it goes to creating something extraordinarily original and captivating, whether it is a new summer collection or a fresh issue of your favorite fashion magazine. As a unique solution for designers, stylists, fashion journalists and clothing manufacturers, our website provides a wide range of services and products connected with the world of fashion. Here we combined the top features of a fashion blog and made it a starting ground for aspiring journalists while also organizing an educational center for designers and stylists. For 10 years of our activity both on the Web and during various fashion shows all around the world, we have been offering members of our team a unique chance to become a part of the fashion industry and make a significant contribution to it.'),('15','73','Fashion was originally established as a source of exclusive designer clothing at affordable prices.'),('15','137','Neural'),('15','140','Germany'),('15','142','Evening & Cocktail'),('16','70','Burnout Smock Dress | 4463-pink | 4463-white | 4463-blue'),('16','71','4463'),('16','72','Fashion was originally established as a source of exclusive designer clothing at affordable prices. Even though our activity has always been aimed at improving the modern fashion industry, we have never been a part of what is called \"fashion mainstream\". Our designers and stylists create more & more original clothes from year to year. We also deal with journalism in fashion industry – members of our team educate and employ new editors, photographers and journalists who promote new trends in modern fashion. While other fashion websites offer different range of clothes from various clothing manufacturers, we make a great difference in comparison with our competitors. In 2005, when our company appeared, we decided that our appearance in the world of fashion should completely change the established trends for the better. That\'s why today we value aspiring and talented people more than designers and stylists with the incredible reputation. Their reputation means nothing when it goes to creating something extraordinarily original and captivating, whether it is a new summer collection or a fresh issue of your favorite fashion magazine. As a unique solution for designers, stylists, fashion journalists and clothing manufacturers, our website provides a wide range of services and products connected with the world of fashion. Here we combined the top features of a fashion blog and made it a starting ground for aspiring journalists while also organizing an educational center for designers and stylists. For 10 years of our activity both on the Web and during various fashion shows all around the world, we have been offering members of our team a unique chance to become a part of the fashion industry and make a significant contribution to it. | Fashion was originally established as a source of exclusive designer clothing at affordable prices. Even though our activity has always been aimed at improving the modern fashion industry, we have never been a part of what is called \"fashion mainstream\". Our designers and stylists create more & more original clothes from year to year. We also deal with journalism in fashion industry – members of our team educate and employ new editors, photographers and journalists who promote new trends in modern fashion. While other fashion websites offer different range of clothes from various clothing manufacturers, we make a great difference in comparison with our competitors. In 2005, when our company appeared, we decided that our appearance in the world of fashion should completely change the established trends for the better. That\'s why today we value aspiring and talented people more than designers and stylists with the incredible reputation. Their reputation means nothing when it goes to creating something extraordinarily original and captivating, whether it is a new summer collection or a fresh issue of your favorite fashion magazine. As a unique solution for designers, stylists, fashion journalists and clothing manufacturers, our website provides a wide range of services and products connected with the world of fashion. Here we combined the top features of a fashion blog and made it a starting ground for aspiring journalists while also organizing an educational center for designers and stylists. For 10 years of our activity both on the Web and during various fashion shows all around the world, we have been offering members of our team a unique chance to become a part of the fashion industry and make a significant contribution to it. | Fashion was originally established as a source of exclusive designer clothing at affordable prices. Even though our activity has always been aimed at improving the modern fashion industry, we have never been a part of what is called \"fashion mainstream\". Our designers and stylists create more & more original clothes from year to year. We also deal with journalism in fashion industry – members of our team educate and employ new editors, photographers and journalists who promote new trends in modern fashion. While other fashion websites offer different range of clothes from various clothing manufacturers, we make a great difference in comparison with our competitors. In 2005, when our company appeared, we decided that our appearance in the world of fashion should completely change the established trends for the better. That\'s why today we value aspiring and talented people more than designers and stylists with the incredible reputation. Their reputation means nothing when it goes to creating something extraordinarily original and captivating, whether it is a new summer collection or a fresh issue of your favorite fashion magazine. As a unique solution for designers, stylists, fashion journalists and clothing manufacturers, our website provides a wide range of services and products connected with the world of fashion. Here we combined the top features of a fashion blog and made it a starting ground for aspiring journalists while also organizing an educational center for designers and stylists. For 10 years of our activity both on the Web and during various fashion shows all around the world, we have been offering members of our team a unique chance to become a part of the fashion industry and make a significant contribution to it. | Fashion was originally established as a source of exclusive designer clothing at affordable prices. Even though our activity has always been aimed at improving the modern fashion industry, we have never been a part of what is called \"fashion mainstream\". Our designers and stylists create more & more original clothes from year to year. We also deal with journalism in fashion industry – members of our team educate and employ new editors, photographers and journalists who promote new trends in modern fashion. While other fashion websites offer different range of clothes from various clothing manufacturers, we make a great difference in comparison with our competitors. In 2005, when our company appeared, we decided that our appearance in the world of fashion should completely change the established trends for the better. That\'s why today we value aspiring and talented people more than designers and stylists with the incredible reputation. Their reputation means nothing when it goes to creating something extraordinarily original and captivating, whether it is a new summer collection or a fresh issue of your favorite fashion magazine. As a unique solution for designers, stylists, fashion journalists and clothing manufacturers, our website provides a wide range of services and products connected with the world of fashion. Here we combined the top features of a fashion blog and made it a starting ground for aspiring journalists while also organizing an educational center for designers and stylists. For 10 years of our activity both on the Web and during various fashion shows all around the world, we have been offering members of our team a unique chance to become a part of the fashion industry and make a significant contribution to it.'),('16','73','Fashion was originally established as a source of exclusive designer clothing at affordable prices. | Fashion was originally established as a source of exclusive designer clothing at affordable prices. | Fashion was originally established as a source of exclusive designer clothing at affordable prices. | Fashion was originally established as a source of exclusive designer clothing at affordable prices.'),('16','137','for Her | for Her | for Her | for Her'),('16','140','Germany | Germany | Germany | Germany'),('16','142','Casual | Casual | Casual | Casual'),('16','145','pink | blue | blue'),('17','70','Mia High Neck Dress | 8871-gray | 8871-white | 8871-green'),('17','71','8871'),('17','72','Fashion was originally established as a source of exclusive designer clothing at affordable prices. Even though our activity has always been aimed at improving the modern fashion industry, we have never been a part of what is called \"fashion mainstream\". Our designers and stylists create more & more original clothes from year to year. We also deal with journalism in fashion industry – members of our team educate and employ new editors, photographers and journalists who promote new trends in modern fashion. While other fashion websites offer different range of clothes from various clothing manufacturers, we make a great difference in comparison with our competitors. In 2005, when our company appeared, we decided that our appearance in the world of fashion should completely change the established trends for the better. That\'s why today we value aspiring and talented people more than designers and stylists with the incredible reputation. Their reputation means nothing when it goes to creating something extraordinarily original and captivating, whether it is a new summer collection or a fresh issue of your favorite fashion magazine. As a unique solution for designers, stylists, fashion journalists and clothing manufacturers, our website provides a wide range of services and products connected with the world of fashion. Here we combined the top features of a fashion blog and made it a starting ground for aspiring journalists while also organizing an educational center for designers and stylists. For 10 years of our activity both on the Web and during various fashion shows all around the world, we have been offering members of our team a unique chance to become a part of the fashion industry and make a significant contribution to it. | Fashion was originally established as a source of exclusive designer clothing at affordable prices. Even though our activity has always been aimed at improving the modern fashion industry, we have never been a part of what is called \"fashion mainstream\". Our designers and stylists create more & more original clothes from year to year. We also deal with journalism in fashion industry – members of our team educate and employ new editors, photographers and journalists who promote new trends in modern fashion. While other fashion websites offer different range of clothes from various clothing manufacturers, we make a great difference in comparison with our competitors. In 2005, when our company appeared, we decided that our appearance in the world of fashion should completely change the established trends for the better. That\'s why today we value aspiring and talented people more than designers and stylists with the incredible reputation. Their reputation means nothing when it goes to creating something extraordinarily original and captivating, whether it is a new summer collection or a fresh issue of your favorite fashion magazine. As a unique solution for designers, stylists, fashion journalists and clothing manufacturers, our website provides a wide range of services and products connected with the world of fashion. Here we combined the top features of a fashion blog and made it a starting ground for aspiring journalists while also organizing an educational center for designers and stylists. For 10 years of our activity both on the Web and during various fashion shows all around the world, we have been offering members of our team a unique chance to become a part of the fashion industry and make a significant contribution to it. | Fashion was originally established as a source of exclusive designer clothing at affordable prices. Even though our activity has always been aimed at improving the modern fashion industry, we have never been a part of what is called \"fashion mainstream\". Our designers and stylists create more & more original clothes from year to year. We also deal with journalism in fashion industry – members of our team educate and employ new editors, photographers and journalists who promote new trends in modern fashion. While other fashion websites offer different range of clothes from various clothing manufacturers, we make a great difference in comparison with our competitors. In 2005, when our company appeared, we decided that our appearance in the world of fashion should completely change the established trends for the better. That\'s why today we value aspiring and talented people more than designers and stylists with the incredible reputation. Their reputation means nothing when it goes to creating something extraordinarily original and captivating, whether it is a new summer collection or a fresh issue of your favorite fashion magazine. As a unique solution for designers, stylists, fashion journalists and clothing manufacturers, our website provides a wide range of services and products connected with the world of fashion. Here we combined the top features of a fashion blog and made it a starting ground for aspiring journalists while also organizing an educational center for designers and stylists. For 10 years of our activity both on the Web and during various fashion shows all around the world, we have been offering members of our team a unique chance to become a part of the fashion industry and make a significant contribution to it. | Fashion was originally established as a source of exclusive designer clothing at affordable prices. Even though our activity has always been aimed at improving the modern fashion industry, we have never been a part of what is called \"fashion mainstream\". Our designers and stylists create more & more original clothes from year to year. We also deal with journalism in fashion industry – members of our team educate and employ new editors, photographers and journalists who promote new trends in modern fashion. While other fashion websites offer different range of clothes from various clothing manufacturers, we make a great difference in comparison with our competitors. In 2005, when our company appeared, we decided that our appearance in the world of fashion should completely change the established trends for the better. That\'s why today we value aspiring and talented people more than designers and stylists with the incredible reputation. Their reputation means nothing when it goes to creating something extraordinarily original and captivating, whether it is a new summer collection or a fresh issue of your favorite fashion magazine. As a unique solution for designers, stylists, fashion journalists and clothing manufacturers, our website provides a wide range of services and products connected with the world of fashion. Here we combined the top features of a fashion blog and made it a starting ground for aspiring journalists while also organizing an educational center for designers and stylists. For 10 years of our activity both on the Web and during various fashion shows all around the world, we have been offering members of our team a unique chance to become a part of the fashion industry and make a significant contribution to it.'),('17','73','Fashion was originally established as a source of exclusive designer clothing at affordable prices. | Fashion was originally established as a source of exclusive designer clothing at affordable prices. | Fashion was originally established as a source of exclusive designer clothing at affordable prices. | Fashion was originally established as a source of exclusive designer clothing at affordable prices.');
INSERT INTO `catalogsearch_fulltext_scope2` VALUES ('17','137','for Her | for Her | for Her | for Her'),('17','140','USA | USA | USA | USA'),('17','142','Office & Career | Office & Career | Office & Career | Office & Career'),('17','145','gray | blue | green'),('18','70','Mixed Bouquet Skirt | 8822-pink | 8822-blue | 8822-white'),('18','71','8822'),('18','72','Fashion was originally established as a source of exclusive designer clothing at affordable prices. Even though our activity has always been aimed at improving the modern fashion industry, we have never been a part of what is called \"fashion mainstream\". Our designers and stylists create more & more original clothes from year to year. We also deal with journalism in fashion industry – members of our team educate and employ new editors, photographers and journalists who promote new trends in modern fashion. While other fashion websites offer different range of clothes from various clothing manufacturers, we make a great difference in comparison with our competitors. In 2005, when our company appeared, we decided that our appearance in the world of fashion should completely change the established trends for the better. That\'s why today we value aspiring and talented people more than designers and stylists with the incredible reputation. Their reputation means nothing when it goes to creating something extraordinarily original and captivating, whether it is a new summer collection or a fresh issue of your favorite fashion magazine. As a unique solution for designers, stylists, fashion journalists and clothing manufacturers, our website provides a wide range of services and products connected with the world of fashion. Here we combined the top features of a fashion blog and made it a starting ground for aspiring journalists while also organizing an educational center for designers and stylists. For 10 years of our activity both on the Web and during various fashion shows all around the world, we have been offering members of our team a unique chance to become a part of the fashion industry and make a significant contribution to it. | Fashion was originally established as a source of exclusive designer clothing at affordable prices. Even though our activity has always been aimed at improving the modern fashion industry, we have never been a part of what is called \"fashion mainstream\". Our designers and stylists create more & more original clothes from year to year. We also deal with journalism in fashion industry – members of our team educate and employ new editors, photographers and journalists who promote new trends in modern fashion. While other fashion websites offer different range of clothes from various clothing manufacturers, we make a great difference in comparison with our competitors. In 2005, when our company appeared, we decided that our appearance in the world of fashion should completely change the established trends for the better. That\'s why today we value aspiring and talented people more than designers and stylists with the incredible reputation. Their reputation means nothing when it goes to creating something extraordinarily original and captivating, whether it is a new summer collection or a fresh issue of your favorite fashion magazine. As a unique solution for designers, stylists, fashion journalists and clothing manufacturers, our website provides a wide range of services and products connected with the world of fashion. Here we combined the top features of a fashion blog and made it a starting ground for aspiring journalists while also organizing an educational center for designers and stylists. For 10 years of our activity both on the Web and during various fashion shows all around the world, we have been offering members of our team a unique chance to become a part of the fashion industry and make a significant contribution to it. | Fashion was originally established as a source of exclusive designer clothing at affordable prices. Even though our activity has always been aimed at improving the modern fashion industry, we have never been a part of what is called \"fashion mainstream\". Our designers and stylists create more & more original clothes from year to year. We also deal with journalism in fashion industry – members of our team educate and employ new editors, photographers and journalists who promote new trends in modern fashion. While other fashion websites offer different range of clothes from various clothing manufacturers, we make a great difference in comparison with our competitors. In 2005, when our company appeared, we decided that our appearance in the world of fashion should completely change the established trends for the better. That\'s why today we value aspiring and talented people more than designers and stylists with the incredible reputation. Their reputation means nothing when it goes to creating something extraordinarily original and captivating, whether it is a new summer collection or a fresh issue of your favorite fashion magazine. As a unique solution for designers, stylists, fashion journalists and clothing manufacturers, our website provides a wide range of services and products connected with the world of fashion. Here we combined the top features of a fashion blog and made it a starting ground for aspiring journalists while also organizing an educational center for designers and stylists. For 10 years of our activity both on the Web and during various fashion shows all around the world, we have been offering members of our team a unique chance to become a part of the fashion industry and make a significant contribution to it. | Fashion was originally established as a source of exclusive designer clothing at affordable prices. Even though our activity has always been aimed at improving the modern fashion industry, we have never been a part of what is called \"fashion mainstream\". Our designers and stylists create more & more original clothes from year to year. We also deal with journalism in fashion industry – members of our team educate and employ new editors, photographers and journalists who promote new trends in modern fashion. While other fashion websites offer different range of clothes from various clothing manufacturers, we make a great difference in comparison with our competitors. In 2005, when our company appeared, we decided that our appearance in the world of fashion should completely change the established trends for the better. That\'s why today we value aspiring and talented people more than designers and stylists with the incredible reputation. Their reputation means nothing when it goes to creating something extraordinarily original and captivating, whether it is a new summer collection or a fresh issue of your favorite fashion magazine. As a unique solution for designers, stylists, fashion journalists and clothing manufacturers, our website provides a wide range of services and products connected with the world of fashion. Here we combined the top features of a fashion blog and made it a starting ground for aspiring journalists while also organizing an educational center for designers and stylists. For 10 years of our activity both on the Web and during various fashion shows all around the world, we have been offering members of our team a unique chance to become a part of the fashion industry and make a significant contribution to it.'),('18','73','Fashion was originally established as a source of exclusive designer clothing at affordable prices. | Fashion was originally established as a source of exclusive designer clothing at affordable prices. | Fashion was originally established as a source of exclusive designer clothing at affordable prices. | Fashion was originally established as a source of exclusive designer clothing at affordable prices.'),('18','137','Neural | Neural | Neural | Neural'),('18','140','USA | USA | USA | USA'),('18','142','Office & Career | Office & Career | Office & Career | Office & Career'),('18','145','pink | blue | blue'),('19','70','Violetta Ruffle Dress | 5343-gray | 5343-black | 5343-white'),('19','71','5343'),('19','72','Fashion was originally established as a source of exclusive designer clothing at affordable prices. Even though our activity has always been aimed at improving the modern fashion industry, we have never been a part of what is called \"fashion mainstream\". Our designers and stylists create more & more original clothes from year to year. We also deal with journalism in fashion industry – members of our team educate and employ new editors, photographers and journalists who promote new trends in modern fashion. While other fashion websites offer different range of clothes from various clothing manufacturers, we make a great difference in comparison with our competitors. In 2005, when our company appeared, we decided that our appearance in the world of fashion should completely change the established trends for the better. That\'s why today we value aspiring and talented people more than designers and stylists with the incredible reputation. Their reputation means nothing when it goes to creating something extraordinarily original and captivating, whether it is a new summer collection or a fresh issue of your favorite fashion magazine. As a unique solution for designers, stylists, fashion journalists and clothing manufacturers, our website provides a wide range of services and products connected with the world of fashion. Here we combined the top features of a fashion blog and made it a starting ground for aspiring journalists while also organizing an educational center for designers and stylists. For 10 years of our activity both on the Web and during various fashion shows all around the world, we have been offering members of our team a unique chance to become a part of the fashion industry and make a significant contribution to it. | Fashion was originally established as a source of exclusive designer clothing at affordable prices. Even though our activity has always been aimed at improving the modern fashion industry, we have never been a part of what is called \"fashion mainstream\". Our designers and stylists create more & more original clothes from year to year. We also deal with journalism in fashion industry – members of our team educate and employ new editors, photographers and journalists who promote new trends in modern fashion. While other fashion websites offer different range of clothes from various clothing manufacturers, we make a great difference in comparison with our competitors. In 2005, when our company appeared, we decided that our appearance in the world of fashion should completely change the established trends for the better. That\'s why today we value aspiring and talented people more than designers and stylists with the incredible reputation. Their reputation means nothing when it goes to creating something extraordinarily original and captivating, whether it is a new summer collection or a fresh issue of your favorite fashion magazine. As a unique solution for designers, stylists, fashion journalists and clothing manufacturers, our website provides a wide range of services and products connected with the world of fashion. Here we combined the top features of a fashion blog and made it a starting ground for aspiring journalists while also organizing an educational center for designers and stylists. For 10 years of our activity both on the Web and during various fashion shows all around the world, we have been offering members of our team a unique chance to become a part of the fashion industry and make a significant contribution to it. | Fashion was originally established as a source of exclusive designer clothing at affordable prices. Even though our activity has always been aimed at improving the modern fashion industry, we have never been a part of what is called \"fashion mainstream\". Our designers and stylists create more & more original clothes from year to year. We also deal with journalism in fashion industry – members of our team educate and employ new editors, photographers and journalists who promote new trends in modern fashion. While other fashion websites offer different range of clothes from various clothing manufacturers, we make a great difference in comparison with our competitors. In 2005, when our company appeared, we decided that our appearance in the world of fashion should completely change the established trends for the better. That\'s why today we value aspiring and talented people more than designers and stylists with the incredible reputation. Their reputation means nothing when it goes to creating something extraordinarily original and captivating, whether it is a new summer collection or a fresh issue of your favorite fashion magazine. As a unique solution for designers, stylists, fashion journalists and clothing manufacturers, our website provides a wide range of services and products connected with the world of fashion. Here we combined the top features of a fashion blog and made it a starting ground for aspiring journalists while also organizing an educational center for designers and stylists. For 10 years of our activity both on the Web and during various fashion shows all around the world, we have been offering members of our team a unique chance to become a part of the fashion industry and make a significant contribution to it. | Fashion was originally established as a source of exclusive designer clothing at affordable prices. Even though our activity has always been aimed at improving the modern fashion industry, we have never been a part of what is called \"fashion mainstream\". Our designers and stylists create more & more original clothes from year to year. We also deal with journalism in fashion industry – members of our team educate and employ new editors, photographers and journalists who promote new trends in modern fashion. While other fashion websites offer different range of clothes from various clothing manufacturers, we make a great difference in comparison with our competitors. In 2005, when our company appeared, we decided that our appearance in the world of fashion should completely change the established trends for the better. That\'s why today we value aspiring and talented people more than designers and stylists with the incredible reputation. Their reputation means nothing when it goes to creating something extraordinarily original and captivating, whether it is a new summer collection or a fresh issue of your favorite fashion magazine. As a unique solution for designers, stylists, fashion journalists and clothing manufacturers, our website provides a wide range of services and products connected with the world of fashion. Here we combined the top features of a fashion blog and made it a starting ground for aspiring journalists while also organizing an educational center for designers and stylists. For 10 years of our activity both on the Web and during various fashion shows all around the world, we have been offering members of our team a unique chance to become a part of the fashion industry and make a significant contribution to it.'),('19','73','Fashion was originally established as a source of exclusive designer clothing at affordable prices. | Fashion was originally established as a source of exclusive designer clothing at affordable prices. | Fashion was originally established as a source of exclusive designer clothing at affordable prices. | Fashion was originally established as a source of exclusive designer clothing at affordable prices.'),('19','137','for Her | for Her | for Her | for Her'),('19','140','Germany | Germany | Germany | Germany'),('19','142','Casual | Casual | Casual | Casual'),('19','145','gray | black | blue'),('20','70','Yes Darling Skirt | 1154-green | 1154-blue | 1154-white'),('20','71','1154'),('20','72','Fashion was originally established as a source of exclusive designer clothing at affordable prices. Even though our activity has always been aimed at improving the modern fashion industry, we have never been a part of what is called \"fashion mainstream\". Our designers and stylists create more & more original clothes from year to year. We also deal with journalism in fashion industry – members of our team educate and employ new editors, photographers and journalists who promote new trends in modern fashion. While other fashion websites offer different range of clothes from various clothing manufacturers, we make a great difference in comparison with our competitors. In 2005, when our company appeared, we decided that our appearance in the world of fashion should completely change the established trends for the better. That\'s why today we value aspiring and talented people more than designers and stylists with the incredible reputation. Their reputation means nothing when it goes to creating something extraordinarily original and captivating, whether it is a new summer collection or a fresh issue of your favorite fashion magazine. As a unique solution for designers, stylists, fashion journalists and clothing manufacturers, our website provides a wide range of services and products connected with the world of fashion. Here we combined the top features of a fashion blog and made it a starting ground for aspiring journalists while also organizing an educational center for designers and stylists. For 10 years of our activity both on the Web and during various fashion shows all around the world, we have been offering members of our team a unique chance to become a part of the fashion industry and make a significant contribution to it. | Fashion was originally established as a source of exclusive designer clothing at affordable prices. Even though our activity has always been aimed at improving the modern fashion industry, we have never been a part of what is called \"fashion mainstream\". Our designers and stylists create more & more original clothes from year to year. We also deal with journalism in fashion industry – members of our team educate and employ new editors, photographers and journalists who promote new trends in modern fashion. While other fashion websites offer different range of clothes from various clothing manufacturers, we make a great difference in comparison with our competitors. In 2005, when our company appeared, we decided that our appearance in the world of fashion should completely change the established trends for the better. That\'s why today we value aspiring and talented people more than designers and stylists with the incredible reputation. Their reputation means nothing when it goes to creating something extraordinarily original and captivating, whether it is a new summer collection or a fresh issue of your favorite fashion magazine. As a unique solution for designers, stylists, fashion journalists and clothing manufacturers, our website provides a wide range of services and products connected with the world of fashion. Here we combined the top features of a fashion blog and made it a starting ground for aspiring journalists while also organizing an educational center for designers and stylists. For 10 years of our activity both on the Web and during various fashion shows all around the world, we have been offering members of our team a unique chance to become a part of the fashion industry and make a significant contribution to it. | Fashion was originally established as a source of exclusive designer clothing at affordable prices. Even though our activity has always been aimed at improving the modern fashion industry, we have never been a part of what is called \"fashion mainstream\". Our designers and stylists create more & more original clothes from year to year. We also deal with journalism in fashion industry – members of our team educate and employ new editors, photographers and journalists who promote new trends in modern fashion. While other fashion websites offer different range of clothes from various clothing manufacturers, we make a great difference in comparison with our competitors. In 2005, when our company appeared, we decided that our appearance in the world of fashion should completely change the established trends for the better. That\'s why today we value aspiring and talented people more than designers and stylists with the incredible reputation. Their reputation means nothing when it goes to creating something extraordinarily original and captivating, whether it is a new summer collection or a fresh issue of your favorite fashion magazine. As a unique solution for designers, stylists, fashion journalists and clothing manufacturers, our website provides a wide range of services and products connected with the world of fashion. Here we combined the top features of a fashion blog and made it a starting ground for aspiring journalists while also organizing an educational center for designers and stylists. For 10 years of our activity both on the Web and during various fashion shows all around the world, we have been offering members of our team a unique chance to become a part of the fashion industry and make a significant contribution to it. | Fashion was originally established as a source of exclusive designer clothing at affordable prices. Even though our activity has always been aimed at improving the modern fashion industry, we have never been a part of what is called \"fashion mainstream\". Our designers and stylists create more & more original clothes from year to year. We also deal with journalism in fashion industry – members of our team educate and employ new editors, photographers and journalists who promote new trends in modern fashion. While other fashion websites offer different range of clothes from various clothing manufacturers, we make a great difference in comparison with our competitors. In 2005, when our company appeared, we decided that our appearance in the world of fashion should completely change the established trends for the better. That\'s why today we value aspiring and talented people more than designers and stylists with the incredible reputation. Their reputation means nothing when it goes to creating something extraordinarily original and captivating, whether it is a new summer collection or a fresh issue of your favorite fashion magazine. As a unique solution for designers, stylists, fashion journalists and clothing manufacturers, our website provides a wide range of services and products connected with the world of fashion. Here we combined the top features of a fashion blog and made it a starting ground for aspiring journalists while also organizing an educational center for designers and stylists. For 10 years of our activity both on the Web and during various fashion shows all around the world, we have been offering members of our team a unique chance to become a part of the fashion industry and make a significant contribution to it.'),('20','73','Fashion was originally established as a source of exclusive designer clothing at affordable prices. | Fashion was originally established as a source of exclusive designer clothing at affordable prices. | Fashion was originally established as a source of exclusive designer clothing at affordable prices. | Fashion was originally established as a source of exclusive designer clothing at affordable prices.'),('20','137','for Her | for Her | for Her | for Her'),('20','140','China | China | China | China'),('20','142','Casual | Casual | Casual | Casual'),('20','145','green | blue | blue');

--
-- Table structure for table `catalogsearch_fulltext_scope3`
--

CREATE TABLE `catalogsearch_fulltext_scope3` (
  `entity_id` int(10) unsigned NOT NULL COMMENT 'Entity ID',
  `attribute_id` int(10) unsigned NOT NULL COMMENT 'Attribute_id',
  `data_index` longtext COMMENT 'Data index',
  PRIMARY KEY (`entity_id`,`attribute_id`),
  FULLTEXT KEY `FTI_FULLTEXT_DATA_INDEX` (`data_index`)
) ENGINE=InnoDB DEFAULT CHARSET=utf8 COMMENT='catalogsearch_fulltext_scope3';

--
-- Dumping data for table `catalogsearch_fulltext_scope3`
--

INSERT INTO `catalogsearch_fulltext_scope3` VALUES ('1','70','Torn Leg Wrap Block Heel Sandals'),('1','71','7565'),('1','72','Fashion was originally established as a source of exclusive designer clothing at affordable prices. Even though our activity has always been aimed at improving the modern fashion industry, we have never been a part of what is called \"fashion mainstream\". Our designers and stylists create more & more original clothes from year to year. We also deal with journalism in fashion industry – members of our team educate and employ new editors, photographers and journalists who promote new trends in modern fashion. While other fashion websites offer different range of clothes from various clothing manufacturers, we make a great difference in comparison with our competitors. In 2005, when our company appeared, we decided that our appearance in the world of fashion should completely change the established trends for the better. That\'s why today we value aspiring and talented people more than designers and stylists with the incredible reputation. Their reputation means nothing when it goes to creating something extraordinarily original and captivating, whether it is a new summer collection or a fresh issue of your favorite fashion magazine. As a unique solution for designers, stylists, fashion journalists and clothing manufacturers, our website provides a wide range of services and products connected with the world of fashion. Here we combined the top features of a fashion blog and made it a starting ground for aspiring journalists while also organizing an educational center for designers and stylists. For 10 years of our activity both on the Web and during various fashion shows all around the world, we have been offering members of our team a unique chance to become a part of the fashion industry and make a significant contribution to it.'),('1','73','Fashion was originally established as a source of exclusive designer clothing at affordable prices.'),('1','137','for Her'),('2','70','Avery Off Shoulder Dress'),('2','71','5654'),('2','72','Fashion was originally established as a source of exclusive designer clothing at affordable prices. Even though our activity has always been aimed at improving the modern fashion industry, we have never been a part of what is called \"fashion mainstream\". Our designers and stylists create more & more original clothes from year to year. We also deal with journalism in fashion industry – members of our team educate and employ new editors, photographers and journalists who promote new trends in modern fashion. While other fashion websites offer different range of clothes from various clothing manufacturers, we make a great difference in comparison with our competitors. In 2005, when our company appeared, we decided that our appearance in the world of fashion should completely change the established trends for the better. That\'s why today we value aspiring and talented people more than designers and stylists with the incredible reputation. Their reputation means nothing when it goes to creating something extraordinarily original and captivating, whether it is a new summer collection or a fresh issue of your favorite fashion magazine. As a unique solution for designers, stylists, fashion journalists and clothing manufacturers, our website provides a wide range of services and products connected with the world of fashion. Here we combined the top features of a fashion blog and made it a starting ground for aspiring journalists while also organizing an educational center for designers and stylists. For 10 years of our activity both on the Web and during various fashion shows all around the world, we have been offering members of our team a unique chance to become a part of the fashion industry and make a significant contribution to it.'),('2','73','Fashion was originally established as a source of exclusive designer clothing at affordable prices.'),('2','137','for Her'),('3','70','Bella Multi Print Skirts'),('3','71','6532'),('3','72','Fashion was originally established as a source of exclusive designer clothing at affordable prices. Even though our activity has always been aimed at improving the modern fashion industry, we have never been a part of what is called \"fashion mainstream\". Our designers and stylists create more & more original clothes from year to year. We also deal with journalism in fashion industry – members of our team educate and employ new editors, photographers and journalists who promote new trends in modern fashion. While other fashion websites offer different range of clothes from various clothing manufacturers, we make a great difference in comparison with our competitors. In 2005, when our company appeared, we decided that our appearance in the world of fashion should completely change the established trends for the better. That\'s why today we value aspiring and talented people more than designers and stylists with the incredible reputation. Their reputation means nothing when it goes to creating something extraordinarily original and captivating, whether it is a new summer collection or a fresh issue of your favorite fashion magazine. As a unique solution for designers, stylists, fashion journalists and clothing manufacturers, our website provides a wide range of services and products connected with the world of fashion. Here we combined the top features of a fashion blog and made it a starting ground for aspiring journalists while also organizing an educational center for designers and stylists. For 10 years of our activity both on the Web and during various fashion shows all around the world, we have been offering members of our team a unique chance to become a part of the fashion industry and make a significant contribution to it.'),('3','73','Fashion was originally established as a source of exclusive designer clothing at affordable prices.'),('3','137','for Her'),('4','70','Dina Cross Vamp Block Heels'),('4','71','9787'),('4','72','Fashion was originally established as a source of exclusive designer clothing at affordable prices. Even though our activity has always been aimed at improving the modern fashion industry, we have never been a part of what is called \"fashion mainstream\". Our designers and stylists create more & more original clothes from year to year. We also deal with journalism in fashion industry – members of our team educate and employ new editors, photographers and journalists who promote new trends in modern fashion. While other fashion websites offer different range of clothes from various clothing manufacturers, we make a great difference in comparison with our competitors. In 2005, when our company appeared, we decided that our appearance in the world of fashion should completely change the established trends for the better. That\'s why today we value aspiring and talented people more than designers and stylists with the incredible reputation. Their reputation means nothing when it goes to creating something extraordinarily original and captivating, whether it is a new summer collection or a fresh issue of your favorite fashion magazine. As a unique solution for designers, stylists, fashion journalists and clothing manufacturers, our website provides a wide range of services and products connected with the world of fashion. Here we combined the top features of a fashion blog and made it a starting ground for aspiring journalists while also organizing an educational center for designers and stylists. For 10 years of our activity both on the Web and during various fashion shows all around the world, we have been offering members of our team a unique chance to become a part of the fashion industry and make a significant contribution to it.'),('4','73','Fashion was originally established as a source of exclusive designer clothing at affordable prices.'),('4','137','for Her'),('5','70','Ditzy Tee Dress'),('5','71','8666'),('5','72','Fashion was originally established as a source of exclusive designer clothing at affordable prices. Even though our activity has always been aimed at improving the modern fashion industry, we have never been a part of what is called \"fashion mainstream\". Our designers and stylists create more & more original clothes from year to year. We also deal with journalism in fashion industry – members of our team educate and employ new editors, photographers and journalists who promote new trends in modern fashion. While other fashion websites offer different range of clothes from various clothing manufacturers, we make a great difference in comparison with our competitors. In 2005, when our company appeared, we decided that our appearance in the world of fashion should completely change the established trends for the better. That\'s why today we value aspiring and talented people more than designers and stylists with the incredible reputation. Their reputation means nothing when it goes to creating something extraordinarily original and captivating, whether it is a new summer collection or a fresh issue of your favorite fashion magazine. As a unique solution for designers, stylists, fashion journalists and clothing manufacturers, our website provides a wide range of services and products connected with the world of fashion. Here we combined the top features of a fashion blog and made it a starting ground for aspiring journalists while also organizing an educational center for designers and stylists. For 10 years of our activity both on the Web and during various fashion shows all around the world, we have been offering members of our team a unique chance to become a part of the fashion industry and make a significant contribution to it.'),('5','73','Fashion was originally established as a source of exclusive designer clothing at affordable prices.'),('5','137','for Her'),('6','70','Elouise Skirt'),('6','71','6544'),('6','72','Fashion was originally established as a source of exclusive designer clothing at affordable prices. Even though our activity has always been aimed at improving the modern fashion industry, we have never been a part of what is called \"fashion mainstream\". Our designers and stylists create more & more original clothes from year to year. We also deal with journalism in fashion industry – members of our team educate and employ new editors, photographers and journalists who promote new trends in modern fashion. While other fashion websites offer different range of clothes from various clothing manufacturers, we make a great difference in comparison with our competitors. In 2005, when our company appeared, we decided that our appearance in the world of fashion should completely change the established trends for the better. That\'s why today we value aspiring and talented people more than designers and stylists with the incredible reputation. Their reputation means nothing when it goes to creating something extraordinarily original and captivating, whether it is a new summer collection or a fresh issue of your favorite fashion magazine. As a unique solution for designers, stylists, fashion journalists and clothing manufacturers, our website provides a wide range of services and products connected with the world of fashion. Here we combined the top features of a fashion blog and made it a starting ground for aspiring journalists while also organizing an educational center for designers and stylists. For 10 years of our activity both on the Web and during various fashion shows all around the world, we have been offering members of our team a unique chance to become a part of the fashion industry and make a significant contribution to it.'),('6','73','Fashion was originally established as a source of exclusive designer clothing at affordable prices.'),('6','137','for Her'),('7','70','Lana Flutter Mini Dress'),('7','71','2765'),('7','72','Fashion was originally established as a source of exclusive designer clothing at affordable prices. Even though our activity has always been aimed at improving the modern fashion industry, we have never been a part of what is called \"fashion mainstream\". Our designers and stylists create more & more original clothes from year to year. We also deal with journalism in fashion industry – members of our team educate and employ new editors, photographers and journalists who promote new trends in modern fashion. While other fashion websites offer different range of clothes from various clothing manufacturers, we make a great difference in comparison with our competitors. In 2005, when our company appeared, we decided that our appearance in the world of fashion should completely change the established trends for the better. That\'s why today we value aspiring and talented people more than designers and stylists with the incredible reputation. Their reputation means nothing when it goes to creating something extraordinarily original and captivating, whether it is a new summer collection or a fresh issue of your favorite fashion magazine. As a unique solution for designers, stylists, fashion journalists and clothing manufacturers, our website provides a wide range of services and products connected with the world of fashion. Here we combined the top features of a fashion blog and made it a starting ground for aspiring journalists while also organizing an educational center for designers and stylists. For 10 years of our activity both on the Web and during various fashion shows all around the world, we have been offering members of our team a unique chance to become a part of the fashion industry and make a significant contribution to it.'),('7','73','Fashion was originally established as a source of exclusive designer clothing at affordable prices.'),('7','137','for Her'),('8','70','Last Chance Dress'),('8','71','9322'),('8','72','Fashion was originally established as a source of exclusive designer clothing at affordable prices. Even though our activity has always been aimed at improving the modern fashion industry, we have never been a part of what is called \"fashion mainstream\". Our designers and stylists create more & more original clothes from year to year. We also deal with journalism in fashion industry – members of our team educate and employ new editors, photographers and journalists who promote new trends in modern fashion. While other fashion websites offer different range of clothes from various clothing manufacturers, we make a great difference in comparison with our competitors. In 2005, when our company appeared, we decided that our appearance in the world of fashion should completely change the established trends for the better. That\'s why today we value aspiring and talented people more than designers and stylists with the incredible reputation. Their reputation means nothing when it goes to creating something extraordinarily original and captivating, whether it is a new summer collection or a fresh issue of your favorite fashion magazine. As a unique solution for designers, stylists, fashion journalists and clothing manufacturers, our website provides a wide range of services and products connected with the world of fashion. Here we combined the top features of a fashion blog and made it a starting ground for aspiring journalists while also organizing an educational center for designers and stylists. For 10 years of our activity both on the Web and during various fashion shows all around the world, we have been offering members of our team a unique chance to become a part of the fashion industry and make a significant contribution to it.'),('8','73','Fashion was originally established as a source of exclusive designer clothing at affordable prices.'),('8','137','for Her'),('9','70','Olive Linen Floral Skirt'),('9','71','6521'),('9','72','Fashion was originally established as a source of exclusive designer clothing at affordable prices. Even though our activity has always been aimed at improving the modern fashion industry, we have never been a part of what is called \"fashion mainstream\". Our designers and stylists create more & more original clothes from year to year. We also deal with journalism in fashion industry – members of our team educate and employ new editors, photographers and journalists who promote new trends in modern fashion. While other fashion websites offer different range of clothes from various clothing manufacturers, we make a great difference in comparison with our competitors. In 2005, when our company appeared, we decided that our appearance in the world of fashion should completely change the established trends for the better. That\'s why today we value aspiring and talented people more than designers and stylists with the incredible reputation. Their reputation means nothing when it goes to creating something extraordinarily original and captivating, whether it is a new summer collection or a fresh issue of your favorite fashion magazine. As a unique solution for designers, stylists, fashion journalists and clothing manufacturers, our website provides a wide range of services and products connected with the world of fashion. Here we combined the top features of a fashion blog and made it a starting ground for aspiring journalists while also organizing an educational center for designers and stylists. For 10 years of our activity both on the Web and during various fashion shows all around the world, we have been offering members of our team a unique chance to become a part of the fashion industry and make a significant contribution to it.'),('9','73','Fashion was originally established as a source of exclusive designer clothing at affordable prices.'),('9','137','for Her'),('10','70','Skye Wrap Dress'),('10','71','1165'),('10','72','Fashion was originally established as a source of exclusive designer clothing at affordable prices. Even though our activity has always been aimed at improving the modern fashion industry, we have never been a part of what is called \"fashion mainstream\". Our designers and stylists create more & more original clothes from year to year. We also deal with journalism in fashion industry – members of our team educate and employ new editors, photographers and journalists who promote new trends in modern fashion. While other fashion websites offer different range of clothes from various clothing manufacturers, we make a great difference in comparison with our competitors. In 2005, when our company appeared, we decided that our appearance in the world of fashion should completely change the established trends for the better. That\'s why today we value aspiring and talented people more than designers and stylists with the incredible reputation. Their reputation means nothing when it goes to creating something extraordinarily original and captivating, whether it is a new summer collection or a fresh issue of your favorite fashion magazine. As a unique solution for designers, stylists, fashion journalists and clothing manufacturers, our website provides a wide range of services and products connected with the world of fashion. Here we combined the top features of a fashion blog and made it a starting ground for aspiring journalists while also organizing an educational center for designers and stylists. For 10 years of our activity both on the Web and during various fashion shows all around the world, we have been offering members of our team a unique chance to become a part of the fashion industry and make a significant contribution to it.'),('10','73','Fashion was originally established as a source of exclusive designer clothing at affordable prices.'),('10','137','for Her'),('11','70','Azalea Backpack'),('11','71','1321'),('11','72','Fashion was originally established as a source of exclusive designer clothing at affordable prices. Even though our activity has always been aimed at improving the modern fashion industry, we have never been a part of what is called \"fashion mainstream\". Our designers and stylists create more & more original clothes from year to year. We also deal with journalism in fashion industry – members of our team educate and employ new editors, photographers and journalists who promote new trends in modern fashion. While other fashion websites offer different range of clothes from various clothing manufacturers, we make a great difference in comparison with our competitors. In 2005, when our company appeared, we decided that our appearance in the world of fashion should completely change the established trends for the better. That\'s why today we value aspiring and talented people more than designers and stylists with the incredible reputation. Their reputation means nothing when it goes to creating something extraordinarily original and captivating, whether it is a new summer collection or a fresh issue of your favorite fashion magazine. As a unique solution for designers, stylists, fashion journalists and clothing manufacturers, our website provides a wide range of services and products connected with the world of fashion. Here we combined the top features of a fashion blog and made it a starting ground for aspiring journalists while also organizing an educational center for designers and stylists. For 10 years of our activity both on the Web and during various fashion shows all around the world, we have been offering members of our team a unique chance to become a part of the fashion industry and make a significant contribution to it.'),('11','73','Fashion was originally established as a source of exclusive designer clothing at affordable prices.'),('11','137','Neural'),('11','140','China'),('11','142','Evening & Cocktail'),('12','70','Black Label SuperBreak Backpack'),('12','71','3210'),('12','72','Fashion was originally established as a source of exclusive designer clothing at affordable prices. Even though our activity has always been aimed at improving the modern fashion industry, we have never been a part of what is called \"fashion mainstream\". Our designers and stylists create more & more original clothes from year to year. We also deal with journalism in fashion industry – members of our team educate and employ new editors, photographers and journalists who promote new trends in modern fashion. While other fashion websites offer different range of clothes from various clothing manufacturers, we make a great difference in comparison with our competitors. In 2005, when our company appeared, we decided that our appearance in the world of fashion should completely change the established trends for the better. That\'s why today we value aspiring and talented people more than designers and stylists with the incredible reputation. Their reputation means nothing when it goes to creating something extraordinarily original and captivating, whether it is a new summer collection or a fresh issue of your favorite fashion magazine. As a unique solution for designers, stylists, fashion journalists and clothing manufacturers, our website provides a wide range of services and products connected with the world of fashion. Here we combined the top features of a fashion blog and made it a starting ground for aspiring journalists while also organizing an educational center for designers and stylists. For 10 years of our activity both on the Web and during various fashion shows all around the world, we have been offering members of our team a unique chance to become a part of the fashion industry and make a significant contribution to it.'),('12','73','Fashion was originally established as a source of exclusive designer clothing at affordable prices.'),('12','137','Neural'),('12','140','USA'),('12','142','Casual'),('13','70','Packable Duffle'),('13','71','8877'),('13','72','Fashion was originally established as a source of exclusive designer clothing at affordable prices. Even though our activity has always been aimed at improving the modern fashion industry, we have never been a part of what is called \"fashion mainstream\". Our designers and stylists create more & more original clothes from year to year. We also deal with journalism in fashion industry – members of our team educate and employ new editors, photographers and journalists who promote new trends in modern fashion. While other fashion websites offer different range of clothes from various clothing manufacturers, we make a great difference in comparison with our competitors. In 2005, when our company appeared, we decided that our appearance in the world of fashion should completely change the established trends for the better. That\'s why today we value aspiring and talented people more than designers and stylists with the incredible reputation. Their reputation means nothing when it goes to creating something extraordinarily original and captivating, whether it is a new summer collection or a fresh issue of your favorite fashion magazine. As a unique solution for designers, stylists, fashion journalists and clothing manufacturers, our website provides a wide range of services and products connected with the world of fashion. Here we combined the top features of a fashion blog and made it a starting ground for aspiring journalists while also organizing an educational center for designers and stylists. For 10 years of our activity both on the Web and during various fashion shows all around the world, we have been offering members of our team a unique chance to become a part of the fashion industry and make a significant contribution to it.'),('13','73','Fashion was originally established as a source of exclusive designer clothing at affordable prices.'),('13','137','for Her'),('13','140','Italy'),('13','142','Office & Career'),('14','70','Soft Beach Bag'),('14','71','1197'),('14','72','Fashion was originally established as a source of exclusive designer clothing at affordable prices. Even though our activity has always been aimed at improving the modern fashion industry, we have never been a part of what is called \"fashion mainstream\". Our designers and stylists create more & more original clothes from year to year. We also deal with journalism in fashion industry – members of our team educate and employ new editors, photographers and journalists who promote new trends in modern fashion. While other fashion websites offer different range of clothes from various clothing manufacturers, we make a great difference in comparison with our competitors. In 2005, when our company appeared, we decided that our appearance in the world of fashion should completely change the established trends for the better. That\'s why today we value aspiring and talented people more than designers and stylists with the incredible reputation. Their reputation means nothing when it goes to creating something extraordinarily original and captivating, whether it is a new summer collection or a fresh issue of your favorite fashion magazine. As a unique solution for designers, stylists, fashion journalists and clothing manufacturers, our website provides a wide range of services and products connected with the world of fashion. Here we combined the top features of a fashion blog and made it a starting ground for aspiring journalists while also organizing an educational center for designers and stylists. For 10 years of our activity both on the Web and during various fashion shows all around the world, we have been offering members of our team a unique chance to become a part of the fashion industry and make a significant contribution to it.'),('14','73','Fashion was originally established as a source of exclusive designer clothing at affordable prices.'),('14','137','Neural'),('14','140','Italy'),('14','142','Evening & Cocktail'),('15','70','Town X-Small'),('15','71','8766'),('15','72','Fashion was originally established as a source of exclusive designer clothing at affordable prices. Even though our activity has always been aimed at improving the modern fashion industry, we have never been a part of what is called \"fashion mainstream\". Our designers and stylists create more & more original clothes from year to year. We also deal with journalism in fashion industry – members of our team educate and employ new editors, photographers and journalists who promote new trends in modern fashion. While other fashion websites offer different range of clothes from various clothing manufacturers, we make a great difference in comparison with our competitors. In 2005, when our company appeared, we decided that our appearance in the world of fashion should completely change the established trends for the better. That\'s why today we value aspiring and talented people more than designers and stylists with the incredible reputation. Their reputation means nothing when it goes to creating something extraordinarily original and captivating, whether it is a new summer collection or a fresh issue of your favorite fashion magazine. As a unique solution for designers, stylists, fashion journalists and clothing manufacturers, our website provides a wide range of services and products connected with the world of fashion. Here we combined the top features of a fashion blog and made it a starting ground for aspiring journalists while also organizing an educational center for designers and stylists. For 10 years of our activity both on the Web and during various fashion shows all around the world, we have been offering members of our team a unique chance to become a part of the fashion industry and make a significant contribution to it.'),('15','73','Fashion was originally established as a source of exclusive designer clothing at affordable prices.'),('15','137','Neural'),('15','140','Germany'),('15','142','Evening & Cocktail'),('16','70','Burnout Smock Dress | 4463-pink | 4463-white | 4463-blue'),('16','71','4463'),('16','72','Fashion was originally established as a source of exclusive designer clothing at affordable prices. Even though our activity has always been aimed at improving the modern fashion industry, we have never been a part of what is called \"fashion mainstream\". Our designers and stylists create more & more original clothes from year to year. We also deal with journalism in fashion industry – members of our team educate and employ new editors, photographers and journalists who promote new trends in modern fashion. While other fashion websites offer different range of clothes from various clothing manufacturers, we make a great difference in comparison with our competitors. In 2005, when our company appeared, we decided that our appearance in the world of fashion should completely change the established trends for the better. That\'s why today we value aspiring and talented people more than designers and stylists with the incredible reputation. Their reputation means nothing when it goes to creating something extraordinarily original and captivating, whether it is a new summer collection or a fresh issue of your favorite fashion magazine. As a unique solution for designers, stylists, fashion journalists and clothing manufacturers, our website provides a wide range of services and products connected with the world of fashion. Here we combined the top features of a fashion blog and made it a starting ground for aspiring journalists while also organizing an educational center for designers and stylists. For 10 years of our activity both on the Web and during various fashion shows all around the world, we have been offering members of our team a unique chance to become a part of the fashion industry and make a significant contribution to it. | Fashion was originally established as a source of exclusive designer clothing at affordable prices. Even though our activity has always been aimed at improving the modern fashion industry, we have never been a part of what is called \"fashion mainstream\". Our designers and stylists create more & more original clothes from year to year. We also deal with journalism in fashion industry – members of our team educate and employ new editors, photographers and journalists who promote new trends in modern fashion. While other fashion websites offer different range of clothes from various clothing manufacturers, we make a great difference in comparison with our competitors. In 2005, when our company appeared, we decided that our appearance in the world of fashion should completely change the established trends for the better. That\'s why today we value aspiring and talented people more than designers and stylists with the incredible reputation. Their reputation means nothing when it goes to creating something extraordinarily original and captivating, whether it is a new summer collection or a fresh issue of your favorite fashion magazine. As a unique solution for designers, stylists, fashion journalists and clothing manufacturers, our website provides a wide range of services and products connected with the world of fashion. Here we combined the top features of a fashion blog and made it a starting ground for aspiring journalists while also organizing an educational center for designers and stylists. For 10 years of our activity both on the Web and during various fashion shows all around the world, we have been offering members of our team a unique chance to become a part of the fashion industry and make a significant contribution to it. | Fashion was originally established as a source of exclusive designer clothing at affordable prices. Even though our activity has always been aimed at improving the modern fashion industry, we have never been a part of what is called \"fashion mainstream\". Our designers and stylists create more & more original clothes from year to year. We also deal with journalism in fashion industry – members of our team educate and employ new editors, photographers and journalists who promote new trends in modern fashion. While other fashion websites offer different range of clothes from various clothing manufacturers, we make a great difference in comparison with our competitors. In 2005, when our company appeared, we decided that our appearance in the world of fashion should completely change the established trends for the better. That\'s why today we value aspiring and talented people more than designers and stylists with the incredible reputation. Their reputation means nothing when it goes to creating something extraordinarily original and captivating, whether it is a new summer collection or a fresh issue of your favorite fashion magazine. As a unique solution for designers, stylists, fashion journalists and clothing manufacturers, our website provides a wide range of services and products connected with the world of fashion. Here we combined the top features of a fashion blog and made it a starting ground for aspiring journalists while also organizing an educational center for designers and stylists. For 10 years of our activity both on the Web and during various fashion shows all around the world, we have been offering members of our team a unique chance to become a part of the fashion industry and make a significant contribution to it. | Fashion was originally established as a source of exclusive designer clothing at affordable prices. Even though our activity has always been aimed at improving the modern fashion industry, we have never been a part of what is called \"fashion mainstream\". Our designers and stylists create more & more original clothes from year to year. We also deal with journalism in fashion industry – members of our team educate and employ new editors, photographers and journalists who promote new trends in modern fashion. While other fashion websites offer different range of clothes from various clothing manufacturers, we make a great difference in comparison with our competitors. In 2005, when our company appeared, we decided that our appearance in the world of fashion should completely change the established trends for the better. That\'s why today we value aspiring and talented people more than designers and stylists with the incredible reputation. Their reputation means nothing when it goes to creating something extraordinarily original and captivating, whether it is a new summer collection or a fresh issue of your favorite fashion magazine. As a unique solution for designers, stylists, fashion journalists and clothing manufacturers, our website provides a wide range of services and products connected with the world of fashion. Here we combined the top features of a fashion blog and made it a starting ground for aspiring journalists while also organizing an educational center for designers and stylists. For 10 years of our activity both on the Web and during various fashion shows all around the world, we have been offering members of our team a unique chance to become a part of the fashion industry and make a significant contribution to it.'),('16','73','Fashion was originally established as a source of exclusive designer clothing at affordable prices. | Fashion was originally established as a source of exclusive designer clothing at affordable prices. | Fashion was originally established as a source of exclusive designer clothing at affordable prices. | Fashion was originally established as a source of exclusive designer clothing at affordable prices.'),('16','137','for Her | for Her | for Her | for Her'),('16','140','Germany | Germany | Germany | Germany'),('16','142','Casual | Casual | Casual | Casual'),('16','145','pink | blue | blue'),('17','70','Mia High Neck Dress | 8871-gray | 8871-white | 8871-green'),('17','71','8871'),('17','72','Fashion was originally established as a source of exclusive designer clothing at affordable prices. Even though our activity has always been aimed at improving the modern fashion industry, we have never been a part of what is called \"fashion mainstream\". Our designers and stylists create more & more original clothes from year to year. We also deal with journalism in fashion industry – members of our team educate and employ new editors, photographers and journalists who promote new trends in modern fashion. While other fashion websites offer different range of clothes from various clothing manufacturers, we make a great difference in comparison with our competitors. In 2005, when our company appeared, we decided that our appearance in the world of fashion should completely change the established trends for the better. That\'s why today we value aspiring and talented people more than designers and stylists with the incredible reputation. Their reputation means nothing when it goes to creating something extraordinarily original and captivating, whether it is a new summer collection or a fresh issue of your favorite fashion magazine. As a unique solution for designers, stylists, fashion journalists and clothing manufacturers, our website provides a wide range of services and products connected with the world of fashion. Here we combined the top features of a fashion blog and made it a starting ground for aspiring journalists while also organizing an educational center for designers and stylists. For 10 years of our activity both on the Web and during various fashion shows all around the world, we have been offering members of our team a unique chance to become a part of the fashion industry and make a significant contribution to it. | Fashion was originally established as a source of exclusive designer clothing at affordable prices. Even though our activity has always been aimed at improving the modern fashion industry, we have never been a part of what is called \"fashion mainstream\". Our designers and stylists create more & more original clothes from year to year. We also deal with journalism in fashion industry – members of our team educate and employ new editors, photographers and journalists who promote new trends in modern fashion. While other fashion websites offer different range of clothes from various clothing manufacturers, we make a great difference in comparison with our competitors. In 2005, when our company appeared, we decided that our appearance in the world of fashion should completely change the established trends for the better. That\'s why today we value aspiring and talented people more than designers and stylists with the incredible reputation. Their reputation means nothing when it goes to creating something extraordinarily original and captivating, whether it is a new summer collection or a fresh issue of your favorite fashion magazine. As a unique solution for designers, stylists, fashion journalists and clothing manufacturers, our website provides a wide range of services and products connected with the world of fashion. Here we combined the top features of a fashion blog and made it a starting ground for aspiring journalists while also organizing an educational center for designers and stylists. For 10 years of our activity both on the Web and during various fashion shows all around the world, we have been offering members of our team a unique chance to become a part of the fashion industry and make a significant contribution to it. | Fashion was originally established as a source of exclusive designer clothing at affordable prices. Even though our activity has always been aimed at improving the modern fashion industry, we have never been a part of what is called \"fashion mainstream\". Our designers and stylists create more & more original clothes from year to year. We also deal with journalism in fashion industry – members of our team educate and employ new editors, photographers and journalists who promote new trends in modern fashion. While other fashion websites offer different range of clothes from various clothing manufacturers, we make a great difference in comparison with our competitors. In 2005, when our company appeared, we decided that our appearance in the world of fashion should completely change the established trends for the better. That\'s why today we value aspiring and talented people more than designers and stylists with the incredible reputation. Their reputation means nothing when it goes to creating something extraordinarily original and captivating, whether it is a new summer collection or a fresh issue of your favorite fashion magazine. As a unique solution for designers, stylists, fashion journalists and clothing manufacturers, our website provides a wide range of services and products connected with the world of fashion. Here we combined the top features of a fashion blog and made it a starting ground for aspiring journalists while also organizing an educational center for designers and stylists. For 10 years of our activity both on the Web and during various fashion shows all around the world, we have been offering members of our team a unique chance to become a part of the fashion industry and make a significant contribution to it. | Fashion was originally established as a source of exclusive designer clothing at affordable prices. Even though our activity has always been aimed at improving the modern fashion industry, we have never been a part of what is called \"fashion mainstream\". Our designers and stylists create more & more original clothes from year to year. We also deal with journalism in fashion industry – members of our team educate and employ new editors, photographers and journalists who promote new trends in modern fashion. While other fashion websites offer different range of clothes from various clothing manufacturers, we make a great difference in comparison with our competitors. In 2005, when our company appeared, we decided that our appearance in the world of fashion should completely change the established trends for the better. That\'s why today we value aspiring and talented people more than designers and stylists with the incredible reputation. Their reputation means nothing when it goes to creating something extraordinarily original and captivating, whether it is a new summer collection or a fresh issue of your favorite fashion magazine. As a unique solution for designers, stylists, fashion journalists and clothing manufacturers, our website provides a wide range of services and products connected with the world of fashion. Here we combined the top features of a fashion blog and made it a starting ground for aspiring journalists while also organizing an educational center for designers and stylists. For 10 years of our activity both on the Web and during various fashion shows all around the world, we have been offering members of our team a unique chance to become a part of the fashion industry and make a significant contribution to it.'),('17','73','Fashion was originally established as a source of exclusive designer clothing at affordable prices. | Fashion was originally established as a source of exclusive designer clothing at affordable prices. | Fashion was originally established as a source of exclusive designer clothing at affordable prices. | Fashion was originally established as a source of exclusive designer clothing at affordable prices.');
INSERT INTO `catalogsearch_fulltext_scope3` VALUES ('17','137','for Her | for Her | for Her | for Her'),('17','140','USA | USA | USA | USA'),('17','142','Office & Career | Office & Career | Office & Career | Office & Career'),('17','145','gray | blue | green'),('18','70','Mixed Bouquet Skirt | 8822-pink | 8822-blue | 8822-white'),('18','71','8822'),('18','72','Fashion was originally established as a source of exclusive designer clothing at affordable prices. Even though our activity has always been aimed at improving the modern fashion industry, we have never been a part of what is called \"fashion mainstream\". Our designers and stylists create more & more original clothes from year to year. We also deal with journalism in fashion industry – members of our team educate and employ new editors, photographers and journalists who promote new trends in modern fashion. While other fashion websites offer different range of clothes from various clothing manufacturers, we make a great difference in comparison with our competitors. In 2005, when our company appeared, we decided that our appearance in the world of fashion should completely change the established trends for the better. That\'s why today we value aspiring and talented people more than designers and stylists with the incredible reputation. Their reputation means nothing when it goes to creating something extraordinarily original and captivating, whether it is a new summer collection or a fresh issue of your favorite fashion magazine. As a unique solution for designers, stylists, fashion journalists and clothing manufacturers, our website provides a wide range of services and products connected with the world of fashion. Here we combined the top features of a fashion blog and made it a starting ground for aspiring journalists while also organizing an educational center for designers and stylists. For 10 years of our activity both on the Web and during various fashion shows all around the world, we have been offering members of our team a unique chance to become a part of the fashion industry and make a significant contribution to it. | Fashion was originally established as a source of exclusive designer clothing at affordable prices. Even though our activity has always been aimed at improving the modern fashion industry, we have never been a part of what is called \"fashion mainstream\". Our designers and stylists create more & more original clothes from year to year. We also deal with journalism in fashion industry – members of our team educate and employ new editors, photographers and journalists who promote new trends in modern fashion. While other fashion websites offer different range of clothes from various clothing manufacturers, we make a great difference in comparison with our competitors. In 2005, when our company appeared, we decided that our appearance in the world of fashion should completely change the established trends for the better. That\'s why today we value aspiring and talented people more than designers and stylists with the incredible reputation. Their reputation means nothing when it goes to creating something extraordinarily original and captivating, whether it is a new summer collection or a fresh issue of your favorite fashion magazine. As a unique solution for designers, stylists, fashion journalists and clothing manufacturers, our website provides a wide range of services and products connected with the world of fashion. Here we combined the top features of a fashion blog and made it a starting ground for aspiring journalists while also organizing an educational center for designers and stylists. For 10 years of our activity both on the Web and during various fashion shows all around the world, we have been offering members of our team a unique chance to become a part of the fashion industry and make a significant contribution to it. | Fashion was originally established as a source of exclusive designer clothing at affordable prices. Even though our activity has always been aimed at improving the modern fashion industry, we have never been a part of what is called \"fashion mainstream\". Our designers and stylists create more & more original clothes from year to year. We also deal with journalism in fashion industry – members of our team educate and employ new editors, photographers and journalists who promote new trends in modern fashion. While other fashion websites offer different range of clothes from various clothing manufacturers, we make a great difference in comparison with our competitors. In 2005, when our company appeared, we decided that our appearance in the world of fashion should completely change the established trends for the better. That\'s why today we value aspiring and talented people more than designers and stylists with the incredible reputation. Their reputation means nothing when it goes to creating something extraordinarily original and captivating, whether it is a new summer collection or a fresh issue of your favorite fashion magazine. As a unique solution for designers, stylists, fashion journalists and clothing manufacturers, our website provides a wide range of services and products connected with the world of fashion. Here we combined the top features of a fashion blog and made it a starting ground for aspiring journalists while also organizing an educational center for designers and stylists. For 10 years of our activity both on the Web and during various fashion shows all around the world, we have been offering members of our team a unique chance to become a part of the fashion industry and make a significant contribution to it. | Fashion was originally established as a source of exclusive designer clothing at affordable prices. Even though our activity has always been aimed at improving the modern fashion industry, we have never been a part of what is called \"fashion mainstream\". Our designers and stylists create more & more original clothes from year to year. We also deal with journalism in fashion industry – members of our team educate and employ new editors, photographers and journalists who promote new trends in modern fashion. While other fashion websites offer different range of clothes from various clothing manufacturers, we make a great difference in comparison with our competitors. In 2005, when our company appeared, we decided that our appearance in the world of fashion should completely change the established trends for the better. That\'s why today we value aspiring and talented people more than designers and stylists with the incredible reputation. Their reputation means nothing when it goes to creating something extraordinarily original and captivating, whether it is a new summer collection or a fresh issue of your favorite fashion magazine. As a unique solution for designers, stylists, fashion journalists and clothing manufacturers, our website provides a wide range of services and products connected with the world of fashion. Here we combined the top features of a fashion blog and made it a starting ground for aspiring journalists while also organizing an educational center for designers and stylists. For 10 years of our activity both on the Web and during various fashion shows all around the world, we have been offering members of our team a unique chance to become a part of the fashion industry and make a significant contribution to it.'),('18','73','Fashion was originally established as a source of exclusive designer clothing at affordable prices. | Fashion was originally established as a source of exclusive designer clothing at affordable prices. | Fashion was originally established as a source of exclusive designer clothing at affordable prices. | Fashion was originally established as a source of exclusive designer clothing at affordable prices.'),('18','137','Neural | Neural | Neural | Neural'),('18','140','USA | USA | USA | USA'),('18','142','Office & Career | Office & Career | Office & Career | Office & Career'),('18','145','pink | blue | blue'),('19','70','Violetta Ruffle Dress | 5343-gray | 5343-black | 5343-white'),('19','71','5343'),('19','72','Fashion was originally established as a source of exclusive designer clothing at affordable prices. Even though our activity has always been aimed at improving the modern fashion industry, we have never been a part of what is called \"fashion mainstream\". Our designers and stylists create more & more original clothes from year to year. We also deal with journalism in fashion industry – members of our team educate and employ new editors, photographers and journalists who promote new trends in modern fashion. While other fashion websites offer different range of clothes from various clothing manufacturers, we make a great difference in comparison with our competitors. In 2005, when our company appeared, we decided that our appearance in the world of fashion should completely change the established trends for the better. That\'s why today we value aspiring and talented people more than designers and stylists with the incredible reputation. Their reputation means nothing when it goes to creating something extraordinarily original and captivating, whether it is a new summer collection or a fresh issue of your favorite fashion magazine. As a unique solution for designers, stylists, fashion journalists and clothing manufacturers, our website provides a wide range of services and products connected with the world of fashion. Here we combined the top features of a fashion blog and made it a starting ground for aspiring journalists while also organizing an educational center for designers and stylists. For 10 years of our activity both on the Web and during various fashion shows all around the world, we have been offering members of our team a unique chance to become a part of the fashion industry and make a significant contribution to it. | Fashion was originally established as a source of exclusive designer clothing at affordable prices. Even though our activity has always been aimed at improving the modern fashion industry, we have never been a part of what is called \"fashion mainstream\". Our designers and stylists create more & more original clothes from year to year. We also deal with journalism in fashion industry – members of our team educate and employ new editors, photographers and journalists who promote new trends in modern fashion. While other fashion websites offer different range of clothes from various clothing manufacturers, we make a great difference in comparison with our competitors. In 2005, when our company appeared, we decided that our appearance in the world of fashion should completely change the established trends for the better. That\'s why today we value aspiring and talented people more than designers and stylists with the incredible reputation. Their reputation means nothing when it goes to creating something extraordinarily original and captivating, whether it is a new summer collection or a fresh issue of your favorite fashion magazine. As a unique solution for designers, stylists, fashion journalists and clothing manufacturers, our website provides a wide range of services and products connected with the world of fashion. Here we combined the top features of a fashion blog and made it a starting ground for aspiring journalists while also organizing an educational center for designers and stylists. For 10 years of our activity both on the Web and during various fashion shows all around the world, we have been offering members of our team a unique chance to become a part of the fashion industry and make a significant contribution to it. | Fashion was originally established as a source of exclusive designer clothing at affordable prices. Even though our activity has always been aimed at improving the modern fashion industry, we have never been a part of what is called \"fashion mainstream\". Our designers and stylists create more & more original clothes from year to year. We also deal with journalism in fashion industry – members of our team educate and employ new editors, photographers and journalists who promote new trends in modern fashion. While other fashion websites offer different range of clothes from various clothing manufacturers, we make a great difference in comparison with our competitors. In 2005, when our company appeared, we decided that our appearance in the world of fashion should completely change the established trends for the better. That\'s why today we value aspiring and talented people more than designers and stylists with the incredible reputation. Their reputation means nothing when it goes to creating something extraordinarily original and captivating, whether it is a new summer collection or a fresh issue of your favorite fashion magazine. As a unique solution for designers, stylists, fashion journalists and clothing manufacturers, our website provides a wide range of services and products connected with the world of fashion. Here we combined the top features of a fashion blog and made it a starting ground for aspiring journalists while also organizing an educational center for designers and stylists. For 10 years of our activity both on the Web and during various fashion shows all around the world, we have been offering members of our team a unique chance to become a part of the fashion industry and make a significant contribution to it. | Fashion was originally established as a source of exclusive designer clothing at affordable prices. Even though our activity has always been aimed at improving the modern fashion industry, we have never been a part of what is called \"fashion mainstream\". Our designers and stylists create more & more original clothes from year to year. We also deal with journalism in fashion industry – members of our team educate and employ new editors, photographers and journalists who promote new trends in modern fashion. While other fashion websites offer different range of clothes from various clothing manufacturers, we make a great difference in comparison with our competitors. In 2005, when our company appeared, we decided that our appearance in the world of fashion should completely change the established trends for the better. That\'s why today we value aspiring and talented people more than designers and stylists with the incredible reputation. Their reputation means nothing when it goes to creating something extraordinarily original and captivating, whether it is a new summer collection or a fresh issue of your favorite fashion magazine. As a unique solution for designers, stylists, fashion journalists and clothing manufacturers, our website provides a wide range of services and products connected with the world of fashion. Here we combined the top features of a fashion blog and made it a starting ground for aspiring journalists while also organizing an educational center for designers and stylists. For 10 years of our activity both on the Web and during various fashion shows all around the world, we have been offering members of our team a unique chance to become a part of the fashion industry and make a significant contribution to it.'),('19','73','Fashion was originally established as a source of exclusive designer clothing at affordable prices. | Fashion was originally established as a source of exclusive designer clothing at affordable prices. | Fashion was originally established as a source of exclusive designer clothing at affordable prices. | Fashion was originally established as a source of exclusive designer clothing at affordable prices.'),('19','137','for Her | for Her | for Her | for Her'),('19','140','Germany | Germany | Germany | Germany'),('19','142','Casual | Casual | Casual | Casual'),('19','145','gray | black | blue'),('20','70','Yes Darling Skirt | 1154-green | 1154-blue | 1154-white'),('20','71','1154'),('20','72','Fashion was originally established as a source of exclusive designer clothing at affordable prices. Even though our activity has always been aimed at improving the modern fashion industry, we have never been a part of what is called \"fashion mainstream\". Our designers and stylists create more & more original clothes from year to year. We also deal with journalism in fashion industry – members of our team educate and employ new editors, photographers and journalists who promote new trends in modern fashion. While other fashion websites offer different range of clothes from various clothing manufacturers, we make a great difference in comparison with our competitors. In 2005, when our company appeared, we decided that our appearance in the world of fashion should completely change the established trends for the better. That\'s why today we value aspiring and talented people more than designers and stylists with the incredible reputation. Their reputation means nothing when it goes to creating something extraordinarily original and captivating, whether it is a new summer collection or a fresh issue of your favorite fashion magazine. As a unique solution for designers, stylists, fashion journalists and clothing manufacturers, our website provides a wide range of services and products connected with the world of fashion. Here we combined the top features of a fashion blog and made it a starting ground for aspiring journalists while also organizing an educational center for designers and stylists. For 10 years of our activity both on the Web and during various fashion shows all around the world, we have been offering members of our team a unique chance to become a part of the fashion industry and make a significant contribution to it. | Fashion was originally established as a source of exclusive designer clothing at affordable prices. Even though our activity has always been aimed at improving the modern fashion industry, we have never been a part of what is called \"fashion mainstream\". Our designers and stylists create more & more original clothes from year to year. We also deal with journalism in fashion industry – members of our team educate and employ new editors, photographers and journalists who promote new trends in modern fashion. While other fashion websites offer different range of clothes from various clothing manufacturers, we make a great difference in comparison with our competitors. In 2005, when our company appeared, we decided that our appearance in the world of fashion should completely change the established trends for the better. That\'s why today we value aspiring and talented people more than designers and stylists with the incredible reputation. Their reputation means nothing when it goes to creating something extraordinarily original and captivating, whether it is a new summer collection or a fresh issue of your favorite fashion magazine. As a unique solution for designers, stylists, fashion journalists and clothing manufacturers, our website provides a wide range of services and products connected with the world of fashion. Here we combined the top features of a fashion blog and made it a starting ground for aspiring journalists while also organizing an educational center for designers and stylists. For 10 years of our activity both on the Web and during various fashion shows all around the world, we have been offering members of our team a unique chance to become a part of the fashion industry and make a significant contribution to it. | Fashion was originally established as a source of exclusive designer clothing at affordable prices. Even though our activity has always been aimed at improving the modern fashion industry, we have never been a part of what is called \"fashion mainstream\". Our designers and stylists create more & more original clothes from year to year. We also deal with journalism in fashion industry – members of our team educate and employ new editors, photographers and journalists who promote new trends in modern fashion. While other fashion websites offer different range of clothes from various clothing manufacturers, we make a great difference in comparison with our competitors. In 2005, when our company appeared, we decided that our appearance in the world of fashion should completely change the established trends for the better. That\'s why today we value aspiring and talented people more than designers and stylists with the incredible reputation. Their reputation means nothing when it goes to creating something extraordinarily original and captivating, whether it is a new summer collection or a fresh issue of your favorite fashion magazine. As a unique solution for designers, stylists, fashion journalists and clothing manufacturers, our website provides a wide range of services and products connected with the world of fashion. Here we combined the top features of a fashion blog and made it a starting ground for aspiring journalists while also organizing an educational center for designers and stylists. For 10 years of our activity both on the Web and during various fashion shows all around the world, we have been offering members of our team a unique chance to become a part of the fashion industry and make a significant contribution to it. | Fashion was originally established as a source of exclusive designer clothing at affordable prices. Even though our activity has always been aimed at improving the modern fashion industry, we have never been a part of what is called \"fashion mainstream\". Our designers and stylists create more & more original clothes from year to year. We also deal with journalism in fashion industry – members of our team educate and employ new editors, photographers and journalists who promote new trends in modern fashion. While other fashion websites offer different range of clothes from various clothing manufacturers, we make a great difference in comparison with our competitors. In 2005, when our company appeared, we decided that our appearance in the world of fashion should completely change the established trends for the better. That\'s why today we value aspiring and talented people more than designers and stylists with the incredible reputation. Their reputation means nothing when it goes to creating something extraordinarily original and captivating, whether it is a new summer collection or a fresh issue of your favorite fashion magazine. As a unique solution for designers, stylists, fashion journalists and clothing manufacturers, our website provides a wide range of services and products connected with the world of fashion. Here we combined the top features of a fashion blog and made it a starting ground for aspiring journalists while also organizing an educational center for designers and stylists. For 10 years of our activity both on the Web and during various fashion shows all around the world, we have been offering members of our team a unique chance to become a part of the fashion industry and make a significant contribution to it.'),('20','73','Fashion was originally established as a source of exclusive designer clothing at affordable prices. | Fashion was originally established as a source of exclusive designer clothing at affordable prices. | Fashion was originally established as a source of exclusive designer clothing at affordable prices. | Fashion was originally established as a source of exclusive designer clothing at affordable prices.'),('20','137','for Her | for Her | for Her | for Her'),('20','140','China | China | China | China'),('20','142','Casual | Casual | Casual | Casual'),('20','145','green | blue | blue');

--
